[INFO] fetching crate ielr 0.1.1...
[INFO] testing ielr-0.1.1 against nightly-2024-10-28 for randomize-layout
[INFO] extracting crate ielr 0.1.1 into /workspace/builds/worker-7-tc1/source
[INFO] validating manifest of crates.io crate ielr 0.1.1 on toolchain nightly-2024-10-28
[INFO] running `Command { std: CARGO_HOME="/workspace/cargo-home" RUSTUP_HOME="/workspace/rustup-home" "/workspace/cargo-home/bin/cargo" "+nightly-2024-10-28" "metadata" "--manifest-path" "Cargo.toml" "--no-deps", kill_on_drop: false }`
[INFO] removed /workspace/builds/worker-7-tc1/source/.cargo/config.toml
[INFO] removed /workspace/builds/worker-7-tc1/source/rust-toolchain.toml
[INFO] started tweaking crates.io crate ielr 0.1.1
[INFO] finished tweaking crates.io crate ielr 0.1.1
[INFO] tweaked toml for crates.io crate ielr 0.1.1 written to /workspace/builds/worker-7-tc1/source/Cargo.toml
[INFO] crate crates.io crate ielr 0.1.1 already has a lockfile, it will not be regenerated
[INFO] running `Command { std: CARGO_HOME="/workspace/cargo-home" RUSTUP_HOME="/workspace/rustup-home" "/workspace/cargo-home/bin/cargo" "+nightly-2024-10-28" "fetch" "--manifest-path" "Cargo.toml", kill_on_drop: false }`
[INFO] running `Command { std: "docker" "create" "-v" "/var/lib/crater-agent-workspace/builds/worker-7-tc1/target:/opt/rustwide/target:rw,Z" "-v" "/var/lib/crater-agent-workspace/builds/worker-7-tc1/source:/opt/rustwide/workdir:ro,Z" "-v" "/var/lib/crater-agent-workspace/cargo-home:/opt/rustwide/cargo-home:ro,Z" "-v" "/var/lib/crater-agent-workspace/rustup-home:/opt/rustwide/rustup-home:ro,Z" "-e" "SOURCE_DIR=/opt/rustwide/workdir" "-e" "CARGO_TARGET_DIR=/opt/rustwide/target" "-e" "CARGO_HOME=/opt/rustwide/cargo-home" "-e" "RUSTUP_HOME=/opt/rustwide/rustup-home" "-w" "/opt/rustwide/workdir" "-m" "1610612736" "--user" "0:0" "--network" "none" "ghcr.io/rust-lang/crates-build-env/linux@sha256:4a844ea9eb2546a2d2c7022eacef16ef2e8229c7fbb2c7d4d55a9ceca922f72d" "/opt/rustwide/cargo-home/bin/cargo" "+nightly-2024-10-28" "metadata" "--no-deps" "--format-version=1", kill_on_drop: false }`
[INFO] [stdout] c2605b439caa23e479d98e61985d72b956342960b176125517d60546f1bdea08
[INFO] running `Command { std: "docker" "start" "-a" "c2605b439caa23e479d98e61985d72b956342960b176125517d60546f1bdea08", kill_on_drop: false }`
[INFO] running `Command { std: "docker" "inspect" "c2605b439caa23e479d98e61985d72b956342960b176125517d60546f1bdea08", kill_on_drop: false }`
[INFO] running `Command { std: "docker" "rm" "-f" "c2605b439caa23e479d98e61985d72b956342960b176125517d60546f1bdea08", kill_on_drop: false }`
[INFO] [stdout] c2605b439caa23e479d98e61985d72b956342960b176125517d60546f1bdea08
[INFO] running `Command { std: "docker" "create" "-v" "/var/lib/crater-agent-workspace/builds/worker-7-tc1/target:/opt/rustwide/target:rw,Z" "-v" "/var/lib/crater-agent-workspace/builds/worker-7-tc1/source:/opt/rustwide/workdir:ro,Z" "-v" "/var/lib/crater-agent-workspace/cargo-home:/opt/rustwide/cargo-home:ro,Z" "-v" "/var/lib/crater-agent-workspace/rustup-home:/opt/rustwide/rustup-home:ro,Z" "-e" "SOURCE_DIR=/opt/rustwide/workdir" "-e" "CARGO_TARGET_DIR=/opt/rustwide/target" "-e" "CARGO_INCREMENTAL=0" "-e" "RUST_BACKTRACE=full" "-e" "RUSTFLAGS=--cap-lints=forbid" "-e" "RUSTDOCFLAGS=--cap-lints=forbid" "-e" "CARGO_HOME=/opt/rustwide/cargo-home" "-e" "RUSTUP_HOME=/opt/rustwide/rustup-home" "-w" "/opt/rustwide/workdir" "-m" "1610612736" "--user" "0:0" "--network" "none" "ghcr.io/rust-lang/crates-build-env/linux@sha256:4a844ea9eb2546a2d2c7022eacef16ef2e8229c7fbb2c7d4d55a9ceca922f72d" "/opt/rustwide/cargo-home/bin/cargo" "+nightly-2024-10-28" "build" "--frozen" "--message-format=json", kill_on_drop: false }`
[INFO] [stdout] e879827306fa3a3cf55bc08408d4865b90487f51d9b3be16df6afd34fecac1ba
[INFO] running `Command { std: "docker" "start" "-a" "e879827306fa3a3cf55bc08408d4865b90487f51d9b3be16df6afd34fecac1ba", kill_on_drop: false }`
[INFO] [stderr]    Compiling fnv v1.0.5
[INFO] [stderr]    Compiling ielr v0.1.1 (/opt/rustwide/workdir)
[INFO] [stderr]     Finished `dev` profile [unoptimized + debuginfo] target(s) in 1.30s
[INFO] running `Command { std: "docker" "inspect" "e879827306fa3a3cf55bc08408d4865b90487f51d9b3be16df6afd34fecac1ba", kill_on_drop: false }`
[INFO] running `Command { std: "docker" "rm" "-f" "e879827306fa3a3cf55bc08408d4865b90487f51d9b3be16df6afd34fecac1ba", kill_on_drop: false }`
[INFO] [stdout] e879827306fa3a3cf55bc08408d4865b90487f51d9b3be16df6afd34fecac1ba
[INFO] running `Command { std: "docker" "create" "-v" "/var/lib/crater-agent-workspace/builds/worker-7-tc1/target:/opt/rustwide/target:rw,Z" "-v" "/var/lib/crater-agent-workspace/builds/worker-7-tc1/source:/opt/rustwide/workdir:ro,Z" "-v" "/var/lib/crater-agent-workspace/cargo-home:/opt/rustwide/cargo-home:ro,Z" "-v" "/var/lib/crater-agent-workspace/rustup-home:/opt/rustwide/rustup-home:ro,Z" "-e" "SOURCE_DIR=/opt/rustwide/workdir" "-e" "CARGO_TARGET_DIR=/opt/rustwide/target" "-e" "CARGO_INCREMENTAL=0" "-e" "RUST_BACKTRACE=full" "-e" "RUSTFLAGS=--cap-lints=forbid" "-e" "RUSTDOCFLAGS=--cap-lints=forbid" "-e" "CARGO_HOME=/opt/rustwide/cargo-home" "-e" "RUSTUP_HOME=/opt/rustwide/rustup-home" "-w" "/opt/rustwide/workdir" "-m" "1610612736" "--user" "0:0" "--network" "none" "ghcr.io/rust-lang/crates-build-env/linux@sha256:4a844ea9eb2546a2d2c7022eacef16ef2e8229c7fbb2c7d4d55a9ceca922f72d" "/opt/rustwide/cargo-home/bin/cargo" "+nightly-2024-10-28" "test" "--frozen" "--no-run" "--message-format=json", kill_on_drop: false }`
[INFO] [stdout] a095193fae5977f8161c4e75299e2b9103da7675fc0249bfbfed6ed04fe67cb4
[INFO] running `Command { std: "docker" "start" "-a" "a095193fae5977f8161c4e75299e2b9103da7675fc0249bfbfed6ed04fe67cb4", kill_on_drop: false }`
[INFO] [stderr]    Compiling ielr v0.1.1 (/opt/rustwide/workdir)
[INFO] [stdout] warning: struct `DisplayTable` is never constructed
[INFO] [stdout]    --> tests/integration/complex_grammars.rs:286:8
[INFO] [stdout]     |
[INFO] [stdout] 286 | struct DisplayTable<'a> {
[INFO] [stdout]     |        ^^^^^^^^^^^^
[INFO] [stdout]     |
[INFO] [stdout]     = note: `#[warn(dead_code)]` on by default
[INFO] [stdout] 
[INFO] [stdout] 
[INFO] [stdout] warning: method `fmt_lookahead` is never used
[INFO] [stdout]    --> tests/integration/complex_grammars.rs:293:8
[INFO] [stdout]     |
[INFO] [stdout] 292 | impl DisplayTable<'_> {
[INFO] [stdout]     | --------------------- method in this implementation
[INFO] [stdout] 293 |     fn fmt_lookahead(&self, f: &mut fmt::Formatter<'_>, lookahead: Lookahead) -> fmt::Result {
[INFO] [stdout]     |        ^^^^^^^^^^^^^
[INFO] [stdout] 
[INFO] [stdout] 
[INFO] [stdout] warning: struct `DisplayTable` is never constructed
[INFO] [stdout]    --> src/test_common.rs:165:23
[INFO] [stdout]     |
[INFO] [stdout] 165 |     pub(crate) struct DisplayTable<'a, Kind>(&'a LRTable<Kind>);
[INFO] [stdout]     |                       ^^^^^^^^^^^^
[INFO] [stdout]     |
[INFO] [stdout]     = note: `#[warn(dead_code)]` on by default
[INFO] [stdout] 
[INFO] [stdout] 
[INFO] [stdout] warning: associated functions `token_str`, `node_str`, and `symbol_str` are never used
[INFO] [stdout]    --> src/test_common.rs:168:12
[INFO] [stdout]     |
[INFO] [stdout] 167 |     impl<Kind: 'static> DisplayTable<'_, Kind> {
[INFO] [stdout]     |     ------------------------------------------ associated functions in this implementation
[INFO] [stdout] 168 |         fn token_str(token: Token) -> &'static str {
[INFO] [stdout]     |            ^^^^^^^^^
[INFO] [stdout] ...
[INFO] [stdout] 178 |         fn node_str(node: Node) -> &'static str {
[INFO] [stdout]     |            ^^^^^^^^
[INFO] [stdout] ...
[INFO] [stdout] 186 |         fn symbol_str(symbol: Symbol) -> &'static str {
[INFO] [stdout]     |            ^^^^^^^^^^
[INFO] [stdout] 
[INFO] [stdout] 
[INFO] [stderr]     Finished `test` profile [unoptimized + debuginfo] target(s) in 1.93s
[INFO] running `Command { std: "docker" "inspect" "a095193fae5977f8161c4e75299e2b9103da7675fc0249bfbfed6ed04fe67cb4", kill_on_drop: false }`
[INFO] running `Command { std: "docker" "rm" "-f" "a095193fae5977f8161c4e75299e2b9103da7675fc0249bfbfed6ed04fe67cb4", kill_on_drop: false }`
[INFO] [stdout] a095193fae5977f8161c4e75299e2b9103da7675fc0249bfbfed6ed04fe67cb4
[INFO] running `Command { std: "docker" "create" "-v" "/var/lib/crater-agent-workspace/builds/worker-7-tc1/target:/opt/rustwide/target:rw,Z" "-v" "/var/lib/crater-agent-workspace/builds/worker-7-tc1/source:/opt/rustwide/workdir:ro,Z" "-v" "/var/lib/crater-agent-workspace/cargo-home:/opt/rustwide/cargo-home:ro,Z" "-v" "/var/lib/crater-agent-workspace/rustup-home:/opt/rustwide/rustup-home:ro,Z" "-e" "SOURCE_DIR=/opt/rustwide/workdir" "-e" "CARGO_TARGET_DIR=/opt/rustwide/target" "-e" "CARGO_INCREMENTAL=0" "-e" "RUST_BACKTRACE=full" "-e" "RUSTFLAGS=--cap-lints=forbid" "-e" "RUSTDOCFLAGS=--cap-lints=forbid" "-e" "CARGO_HOME=/opt/rustwide/cargo-home" "-e" "RUSTUP_HOME=/opt/rustwide/rustup-home" "-w" "/opt/rustwide/workdir" "-m" "1610612736" "--user" "0:0" "--network" "none" "ghcr.io/rust-lang/crates-build-env/linux@sha256:4a844ea9eb2546a2d2c7022eacef16ef2e8229c7fbb2c7d4d55a9ceca922f72d" "/opt/rustwide/cargo-home/bin/cargo" "+nightly-2024-10-28" "test" "--frozen", kill_on_drop: false }`
[INFO] [stdout] f979c3339ed0de984673f65f3c0214289b87d158415f050cf525732037d22f20
[INFO] running `Command { std: "docker" "start" "-a" "f979c3339ed0de984673f65f3c0214289b87d158415f050cf525732037d22f20", kill_on_drop: false }`
[INFO] [stderr] warning: struct `DisplayTable` is never constructed
[INFO] [stderr]    --> tests/integration/complex_grammars.rs:286:8
[INFO] [stderr]     |
[INFO] [stderr] 286 | struct DisplayTable<'a> {
[INFO] [stderr]     |        ^^^^^^^^^^^^
[INFO] [stderr]     |
[INFO] [stderr]     = note: `#[warn(dead_code)]` on by default
[INFO] [stderr] 
[INFO] [stderr] warning: method `fmt_lookahead` is never used
[INFO] [stderr]    --> tests/integration/complex_grammars.rs:293:8
[INFO] [stderr]     |
[INFO] [stderr] 292 | impl DisplayTable<'_> {
[INFO] [stderr]     | --------------------- method in this implementation
[INFO] [stderr] 293 |     fn fmt_lookahead(&self, f: &mut fmt::Formatter<'_>, lookahead: Lookahead) -> fmt::Result {
[INFO] [stderr]     |        ^^^^^^^^^^^^^
[INFO] [stderr] 
[INFO] [stderr] warning: `ielr` (test "integration") generated 2 warnings
[INFO] [stderr] warning: struct `DisplayTable` is never constructed
[INFO] [stderr]    --> src/test_common.rs:165:23
[INFO] [stderr]     |
[INFO] [stderr] 165 |     pub(crate) struct DisplayTable<'a, Kind>(&'a LRTable<Kind>);
[INFO] [stderr]     |                       ^^^^^^^^^^^^
[INFO] [stderr]     |
[INFO] [stderr]     = note: `#[warn(dead_code)]` on by default
[INFO] [stderr] 
[INFO] [stderr] warning: associated functions `token_str`, `node_str`, and `symbol_str` are never used
[INFO] [stderr]    --> src/test_common.rs:168:12
[INFO] [stderr]     |
[INFO] [stderr] 167 |     impl<Kind: 'static> DisplayTable<'_, Kind> {
[INFO] [stderr]     |     ------------------------------------------ associated functions in this implementation
[INFO] [stderr] 168 |         fn token_str(token: Token) -> &'static str {
[INFO] [stderr]     |            ^^^^^^^^^
[INFO] [stderr] ...
[INFO] [stderr] 178 |         fn node_str(node: Node) -> &'static str {
[INFO] [stderr]     |            ^^^^^^^^
[INFO] [stderr] ...
[INFO] [stderr] 186 |         fn symbol_str(symbol: Symbol) -> &'static str {
[INFO] [stderr]     |            ^^^^^^^^^^
[INFO] [stderr] 
[INFO] [stderr] warning: `ielr` (lib test) generated 2 warnings
[INFO] [stderr]     Finished `test` profile [unoptimized + debuginfo] target(s) in 0.01s
[INFO] [stderr]      Running unittests src/lib.rs (/opt/rustwide/target/debug/deps/ielr-529b4c86e125346e)
[INFO] [stdout] 
[INFO] [stdout] running 45 tests
[INFO] [stdout] test grammar_data::conflict_resolution::tests::prefer_bitor ... ok
[INFO] [stdout] test grammar_data::conflict_resolution::tests::cyclic_graphs ... ok
[INFO] [stdout] test grammar_data::conflict_resolution::tests::cycle_in_dominant_contribution ... ok
[INFO] [stdout] test grammar_data::first_set::tests::derive_tokens_expression ... ok
[INFO] [stdout] test grammar_data::conflict_resolution::tests::solution_exists ... ok
[INFO] [stdout] test grammar_data::first_set::tests::derive_tokens_items ... ok
[INFO] [stdout] test grammar_data::first_set::tests::first_nullables ... ok
[INFO] [stdout] test grammar_data::nullable::tests::nullable_symbols ... ok
[INFO] [stdout] test grammar_data::nullable::tests::nullables_nodes ... ok
[INFO] [stdout] test grammar_data::tests::cycle_error ... ok
[INFO] [stdout] test ielr::item_relation::tests::get_relations_from ... ok
[INFO] [stdout] test ielr::item_relation::tests::closure ... ok
[INFO] [stdout] test ielr::item_relation::tests::get_relations_to ... ok
[INFO] [stdout] test ielr::phase3::tests::dominant_contribution ... ok
[INFO] [stdout] test ielr::phase0::tests::successor_follows ... ok
[INFO] [stdout] test ielr::phase2::tests::annotate_predecessor_case_2_1 ... ok
[INFO] [stdout] test lr::state::tests::closure_empty_state ... ok
[INFO] [stdout] test ielr::phase2::tests::annotations_split_stable ... ok
[INFO] [stdout] test ielr::phase0::tests::gotos_follows_internal ... ok
[INFO] [stdout] test lr::state::tests::closure_with_annotations ... ok
[INFO] [stdout] test ielr::phase1::tests::always_follows ... ok
[INFO] [stdout] test ielr::phase0::tests::successor_follows2 ... ok
[INFO] [stdout] test ielr::phase1::tests::follow_kernel_items ... ok
[INFO] [stdout] test output::error::tests::conflict_contributions_len ... ok
[INFO] [stdout] test lr::state::tests::closure_with_annotations_start_state ... ok
[INFO] [stdout] test structures::bitset::tests::bucket_and_bit_conversions ... ok
[INFO] [stdout] test structures::bitset::tests::basic_contain_elements ... ok
[INFO] [stdout] test lr::state::tests::forbid_derivations ... ok
[INFO] [stdout] test ielr::phase0::tests::gotos_follows_internal_precedence ... ok
[INFO] [stdout] test structures::bitset::tests::clear_and_empty ... ok
[INFO] [stdout] test lr::state::tests::closure_without_annotations_start_state ... ok
[INFO] [stdout] test ielr::phase2::tests::annotate_predecessor ... ok
[INFO] [stdout] test lr::state::tests::closure_without_annotations ... ok
[INFO] [stdout] test structures::bitset::tests::equality ... ok
[INFO] [stdout] test structures::bitset::tests::iterator ... ok
[INFO] [stdout] test ielr::phase2::tests::compute_conflicts ... ok
[INFO] [stdout] test structures::visit::tests::visit ... ok
[INFO] [stdout] test structures::visit::tests::re_visit ... ok
[INFO] [stdout] test ielr::phase2::tests::compute_lhs_contributions ... ok
[INFO] [stdout] test tests::empty_grammar_starting_nodes ... ok
[INFO] [stdout] test tests::expression_conflict_solution ... ok
[INFO] [stdout] test tests::lalr_k_unimplemented - should panic ... ok
[INFO] [stdout] test tests::lr_k_unimplemented - should panic ... ok
[INFO] [stdout] test input::grammar::tests::grammar_errors ... ok
[INFO] [stdout] test ielr::phase0::tests::number_of_goto_items ... ok
[INFO] [stdout] 
[INFO] [stdout] test result: ok. 45 passed; 0 failed; 0 ignored; 0 measured; 0 filtered out; finished in 0.24s
[INFO] [stdout] 
[INFO] [stderr]      Running tests/integration/main.rs (/opt/rustwide/target/debug/deps/integration-4251e8f33c80ffae)
[INFO] [stdout] 
[INFO] [stdout] running 5 tests
[INFO] [stdout] test minutia::license ... ok
[INFO] [stdout] test complex_grammars::successes ... ok
[INFO] [stdout] test complex_grammars::failures ... ok
[INFO] [stdout] test minutia::doclinks ... ok
[INFO] [stdout] test minutia::formatting ... FAILED
[INFO] [stdout] 
[INFO] [stdout] failures:
[INFO] [stdout] 
[INFO] [stdout] ---- minutia::formatting stdout ----
[INFO] [stdout] thread 'minutia::formatting' panicked at tests/integration/minutia.rs:104:13:
[INFO] [stdout] incorrect formatting:
[INFO] [stdout] 
[INFO] [stdout] stack backtrace:
[INFO] [stdout]    0:     0x56c94ec21afa - std::backtrace_rs::backtrace::libunwind::trace::h207520d6e9873551
[INFO] [stdout]                                at /rustc/df4ca44d3fbc9301ee17f30f4d474e6ae4b05252/library/std/src/../../backtrace/src/backtrace/libunwind.rs:116:5
[INFO] [stdout]    1:     0x56c94ec21afa - std::backtrace_rs::backtrace::trace_unsynchronized::h2ed7433f370e3eca
[INFO] [stdout]                                at /rustc/df4ca44d3fbc9301ee17f30f4d474e6ae4b05252/library/std/src/../../backtrace/src/backtrace/mod.rs:66:5
[INFO] [stdout]    2:     0x56c94ec21afa - std::sys::backtrace::_print_fmt::h916fac51166b18d7
[INFO] [stdout]                                at /rustc/df4ca44d3fbc9301ee17f30f4d474e6ae4b05252/library/std/src/sys/backtrace.rs:66:9
[INFO] [stdout]    3:     0x56c94ec21afa - <std::sys::backtrace::BacktraceLock::print::DisplayBacktrace as core::fmt::Display>::fmt::ha0a4c9b8ce3802e6
[INFO] [stdout]                                at /rustc/df4ca44d3fbc9301ee17f30f4d474e6ae4b05252/library/std/src/sys/backtrace.rs:39:26
[INFO] [stdout]    4:     0x56c94ec488f3 - core::fmt::rt::Argument::fmt::h4cfc8587d52b3eb5
[INFO] [stdout]                                at /rustc/df4ca44d3fbc9301ee17f30f4d474e6ae4b05252/library/core/src/fmt/rt.rs:177:76
[INFO] [stdout]    5:     0x56c94ec488f3 - core::fmt::write::h522cc39e5b36ae9f
[INFO] [stdout]                                at /rustc/df4ca44d3fbc9301ee17f30f4d474e6ae4b05252/library/core/src/fmt/mod.rs:1190:21
[INFO] [stdout]    6:     0x56c94ec1e423 - std::io::Write::write_fmt::h7d3c26752da97734
[INFO] [stdout]                                at /rustc/df4ca44d3fbc9301ee17f30f4d474e6ae4b05252/library/std/src/io/mod.rs:1839:15
[INFO] [stdout]    7:     0x56c94ec21942 - std::sys::backtrace::BacktraceLock::print::h4b9e00b29e9c0942
[INFO] [stdout]                                at /rustc/df4ca44d3fbc9301ee17f30f4d474e6ae4b05252/library/std/src/sys/backtrace.rs:42:9
[INFO] [stdout]    8:     0x56c94ec22f8a - std::panicking::default_hook::{{closure}}::hb59b88280d0324d9
[INFO] [stdout]                                at /rustc/df4ca44d3fbc9301ee17f30f4d474e6ae4b05252/library/std/src/panicking.rs:268:22
[INFO] [stdout]    9:     0x56c94ec22d94 - std::panicking::default_hook::he1dd496665be4a29
[INFO] [stdout]                                at /rustc/df4ca44d3fbc9301ee17f30f4d474e6ae4b05252/library/std/src/panicking.rs:292:9
[INFO] [stdout]   10:     0x56c94eb2cd59 - <alloc::boxed::Box<F,A> as core::ops::function::Fn<Args>>::call::h4ff71de18744e1dc
[INFO] [stdout]                                at /rustc/df4ca44d3fbc9301ee17f30f4d474e6ae4b05252/library/alloc/src/boxed.rs:2468:9
[INFO] [stdout]   11:     0x56c94eb2cd59 - test::test_main::{{closure}}::hcf7c055ce117aa81
[INFO] [stdout]                                at /rustc/df4ca44d3fbc9301ee17f30f4d474e6ae4b05252/library/test/src/lib.rs:133:21
[INFO] [stdout]   12:     0x56c94ec23688 - <alloc::boxed::Box<F,A> as core::ops::function::Fn<Args>>::call::h1d66c6bbd60c9692
[INFO] [stdout]                                at /rustc/df4ca44d3fbc9301ee17f30f4d474e6ae4b05252/library/alloc/src/boxed.rs:2468:9
[INFO] [stdout]   13:     0x56c94ec23688 - std::panicking::rust_panic_with_hook::h2ff17fe8f26dfcf8
[INFO] [stdout]                                at /rustc/df4ca44d3fbc9301ee17f30f4d474e6ae4b05252/library/std/src/panicking.rs:809:13
[INFO] [stdout]   14:     0x56c94ec2344a - std::panicking::begin_panic_handler::{{closure}}::h4fad77951c07e101
[INFO] [stdout]                                at /rustc/df4ca44d3fbc9301ee17f30f4d474e6ae4b05252/library/std/src/panicking.rs:674:13
[INFO] [stdout]   15:     0x56c94ec21fd9 - std::sys::backtrace::__rust_end_short_backtrace::hb1a25b3da5d0ea08
[INFO] [stdout]                                at /rustc/df4ca44d3fbc9301ee17f30f4d474e6ae4b05252/library/std/src/sys/backtrace.rs:170:18
[INFO] [stdout]   16:     0x56c94ec230dc - rust_begin_unwind
[INFO] [stdout]                                at /rustc/df4ca44d3fbc9301ee17f30f4d474e6ae4b05252/library/std/src/panicking.rs:665:5
[INFO] [stdout]   17:     0x56c94ec472f0 - core::panicking::panic_fmt::ha9db07b529f9b256
[INFO] [stdout]                                at /rustc/df4ca44d3fbc9301ee17f30f4d474e6ae4b05252/library/core/src/panicking.rs:75:14
[INFO] [stdout]   18:     0x56c94eadc731 - integration::minutia::formatting::hdef5910ec3085d75
[INFO] [stdout]                                at /opt/rustwide/workdir/tests/integration/minutia.rs:104:13
[INFO] [stdout]   19:     0x56c94eadc3e7 - integration::minutia::formatting::{{closure}}::h96ef6246aacf6cd4
[INFO] [stdout]                                at /opt/rustwide/workdir/tests/integration/minutia.rs:99:16
[INFO] [stdout]   20:     0x56c94ead6a96 - core::ops::function::FnOnce::call_once::h743e447346a8776e
[INFO] [stdout]                                at /rustc/df4ca44d3fbc9301ee17f30f4d474e6ae4b05252/library/core/src/ops/function.rs:250:5
[INFO] [stdout]   21:     0x56c94eb3162b - core::ops::function::FnOnce::call_once::h22c3ba5715e93f05
[INFO] [stdout]                                at /rustc/df4ca44d3fbc9301ee17f30f4d474e6ae4b05252/library/core/src/ops/function.rs:250:5
[INFO] [stdout]   22:     0x56c94eb3162b - test::__rust_begin_short_backtrace::h8e82d8113d0da17f
[INFO] [stdout]                                at /rustc/df4ca44d3fbc9301ee17f30f4d474e6ae4b05252/library/test/src/lib.rs:621:18
[INFO] [stdout]   23:     0x56c94eb30fa7 - test::run_test_in_process::{{closure}}::h33235f4f20b7b7c7
[INFO] [stdout]                                at /rustc/df4ca44d3fbc9301ee17f30f4d474e6ae4b05252/library/test/src/lib.rs:644:60
[INFO] [stdout]   24:     0x56c94eb30fa7 - <core::panic::unwind_safe::AssertUnwindSafe<F> as core::ops::function::FnOnce<()>>::call_once::hb5043206310c586f
[INFO] [stdout]                                at /rustc/df4ca44d3fbc9301ee17f30f4d474e6ae4b05252/library/core/src/panic/unwind_safe.rs:272:9
[INFO] [stdout]   25:     0x56c94eb30fa7 - std::panicking::try::do_call::h9ad4731a60ab23e2
[INFO] [stdout]                                at /rustc/df4ca44d3fbc9301ee17f30f4d474e6ae4b05252/library/std/src/panicking.rs:557:40
[INFO] [stdout]   26:     0x56c94eb30fa7 - std::panicking::try::h3824d23db772a716
[INFO] [stdout]                                at /rustc/df4ca44d3fbc9301ee17f30f4d474e6ae4b05252/library/std/src/panicking.rs:520:19
[INFO] [stdout]   27:     0x56c94eb30fa7 - std::panic::catch_unwind::h5afd514605fde46b
[INFO] [stdout]                                at /rustc/df4ca44d3fbc9301ee17f30f4d474e6ae4b05252/library/std/src/panic.rs:358:14
[INFO] [stdout]   28:     0x56c94eb30fa7 - test::run_test_in_process::h0d5cbfa7067d1720
[INFO] [stdout]                                at /rustc/df4ca44d3fbc9301ee17f30f4d474e6ae4b05252/library/test/src/lib.rs:644:27
[INFO] [stdout]   29:     0x56c94eb30fa7 - test::run_test::{{closure}}::h708eb8872708115d
[INFO] [stdout]                                at /rustc/df4ca44d3fbc9301ee17f30f4d474e6ae4b05252/library/test/src/lib.rs:565:43
[INFO] [stdout]   30:     0x56c94eaf46c4 - test::run_test::{{closure}}::h392c51cee94713ab
[INFO] [stdout]                                at /rustc/df4ca44d3fbc9301ee17f30f4d474e6ae4b05252/library/test/src/lib.rs:595:41
[INFO] [stdout]   31:     0x56c94eaf46c4 - std::sys::backtrace::__rust_begin_short_backtrace::h2f40290710935a8b
[INFO] [stdout]                                at /rustc/df4ca44d3fbc9301ee17f30f4d474e6ae4b05252/library/std/src/sys/backtrace.rs:154:18
[INFO] [stdout]   32:     0x56c94eaf7e6e - std::thread::Builder::spawn_unchecked_::{{closure}}::{{closure}}::h3fd968d89053a903
[INFO] [stdout]                                at /rustc/df4ca44d3fbc9301ee17f30f4d474e6ae4b05252/library/std/src/thread/mod.rs:541:17
[INFO] [stdout]   33:     0x56c94eaf7e6e - <core::panic::unwind_safe::AssertUnwindSafe<F> as core::ops::function::FnOnce<()>>::call_once::h743f637ba4229880
[INFO] [stdout]                                at /rustc/df4ca44d3fbc9301ee17f30f4d474e6ae4b05252/library/core/src/panic/unwind_safe.rs:272:9
[INFO] [stdout]   34:     0x56c94eaf7e6e - std::panicking::try::do_call::h07440897322525a6
[INFO] [stdout]                                at /rustc/df4ca44d3fbc9301ee17f30f4d474e6ae4b05252/library/std/src/panicking.rs:557:40
[INFO] [stdout]   35:     0x56c94eaf7e6e - std::panicking::try::he5a2e00188156637
[INFO] [stdout]                                at /rustc/df4ca44d3fbc9301ee17f30f4d474e6ae4b05252/library/std/src/panicking.rs:520:19
[INFO] [stdout]   36:     0x56c94eaf7e6e - std::panic::catch_unwind::hbaf3cae49b3c6433
[INFO] [stdout]                                at /rustc/df4ca44d3fbc9301ee17f30f4d474e6ae4b05252/library/std/src/panic.rs:358:14
[INFO] [stdout]   37:     0x56c94eaf7e6e - std::thread::Builder::spawn_unchecked_::{{closure}}::h8e141ea224820bce
[INFO] [stdout]                                at /rustc/df4ca44d3fbc9301ee17f30f4d474e6ae4b05252/library/std/src/thread/mod.rs:540:30
[INFO] [stdout]   38:     0x56c94eaf7e6e - core::ops::function::FnOnce::call_once{{vtable.shim}}::h90d312fedd7b8ea8
[INFO] [stdout]                                at /rustc/df4ca44d3fbc9301ee17f30f4d474e6ae4b05252/library/core/src/ops/function.rs:250:5
[INFO] [stdout]   39:     0x56c94ec27adb - <alloc::boxed::Box<F,A> as core::ops::function::FnOnce<Args>>::call_once::h69aa08ddb6adb8b6
[INFO] [stdout]                                at /rustc/df4ca44d3fbc9301ee17f30f4d474e6ae4b05252/library/alloc/src/boxed.rs:2454:9
[INFO] [stdout]   40:     0x56c94ec27adb - <alloc::boxed::Box<F,A> as core::ops::function::FnOnce<Args>>::call_once::h5aa36efdb79c806f
[INFO] [stdout]                                at /rustc/df4ca44d3fbc9301ee17f30f4d474e6ae4b05252/library/alloc/src/boxed.rs:2454:9
[INFO] [stdout]   41:     0x56c94ec27adb - std::sys::pal::unix::thread::Thread::new::thread_start::h6cd80a1b4be5158d
[INFO] [stdout]                                at /rustc/df4ca44d3fbc9301ee17f30f4d474e6ae4b05252/library/std/src/sys/pal/unix/thread.rs:105:17
[INFO] [stdout]   42:     0x76e6d3827ac3 - <unknown>
[INFO] [stdout]   43:     0x76e6d38b8a04 - clone
[INFO] [stdout]   44:                0x0 - <unknown>
[INFO] [stdout] 
[INFO] [stdout] 
[INFO] [stdout] failures:
[INFO] [stdout]     minutia::formatting
[INFO] [stdout] 
[INFO] [stdout] test result: FAILED. 4 passed; 1 failed; 0 ignored; 0 measured; 0 filtered out; finished in 0.93s
[INFO] [stdout] 
[INFO] [stderr] error: test failed, to rerun pass `--test integration`
[INFO] running `Command { std: "docker" "inspect" "f979c3339ed0de984673f65f3c0214289b87d158415f050cf525732037d22f20", kill_on_drop: false }`
[INFO] running `Command { std: "docker" "rm" "-f" "f979c3339ed0de984673f65f3c0214289b87d158415f050cf525732037d22f20", kill_on_drop: false }`
[INFO] [stdout] f979c3339ed0de984673f65f3c0214289b87d158415f050cf525732037d22f20
