[INFO] fetching crate identity_iota 1.4.0...
[INFO] testing identity_iota-1.4.0 against nightly-2024-10-28+rustflags=-Zrandomize-layout for randomize-layout
[INFO] extracting crate identity_iota 1.4.0 into /workspace/builds/worker-5-tc2/source
[INFO] validating manifest of crates.io crate identity_iota 1.4.0 on toolchain nightly-2024-10-28
[INFO] running `Command { std: CARGO_HOME="/workspace/cargo-home" RUSTUP_HOME="/workspace/rustup-home" "/workspace/cargo-home/bin/cargo" "+nightly-2024-10-28" "metadata" "--manifest-path" "Cargo.toml" "--no-deps", kill_on_drop: false }`
[INFO] started tweaking crates.io crate identity_iota 1.4.0
[INFO] finished tweaking crates.io crate identity_iota 1.4.0
[INFO] tweaked toml for crates.io crate identity_iota 1.4.0 written to /workspace/builds/worker-5-tc2/source/Cargo.toml
[INFO] running `Command { std: CARGO_HOME="/workspace/cargo-home" RUSTUP_HOME="/workspace/rustup-home" "/workspace/cargo-home/bin/cargo" "+nightly-2024-10-28" "generate-lockfile" "--manifest-path" "Cargo.toml", kill_on_drop: false }`
[INFO] [stderr]     Updating crates.io index
[INFO] [stderr]      Locking 423 packages to latest compatible versions
[INFO] [stderr]       Adding rust-argon2 v1.0.0 (available: v1.0.1)
[INFO] running `Command { std: CARGO_HOME="/workspace/cargo-home" RUSTUP_HOME="/workspace/rustup-home" "/workspace/cargo-home/bin/cargo" "+nightly-2024-10-28" "fetch" "--manifest-path" "Cargo.toml", kill_on_drop: false }`
[INFO] running `Command { std: "docker" "create" "-v" "/var/lib/crater-agent-workspace/builds/worker-5-tc2/target:/opt/rustwide/target:rw,Z" "-v" "/var/lib/crater-agent-workspace/builds/worker-5-tc2/source:/opt/rustwide/workdir:ro,Z" "-v" "/var/lib/crater-agent-workspace/cargo-home:/opt/rustwide/cargo-home:ro,Z" "-v" "/var/lib/crater-agent-workspace/rustup-home:/opt/rustwide/rustup-home:ro,Z" "-e" "SOURCE_DIR=/opt/rustwide/workdir" "-e" "CARGO_TARGET_DIR=/opt/rustwide/target" "-e" "CARGO_HOME=/opt/rustwide/cargo-home" "-e" "RUSTUP_HOME=/opt/rustwide/rustup-home" "-w" "/opt/rustwide/workdir" "-m" "1610612736" "--user" "0:0" "--network" "none" "ghcr.io/rust-lang/crates-build-env/linux@sha256:4a844ea9eb2546a2d2c7022eacef16ef2e8229c7fbb2c7d4d55a9ceca922f72d" "/opt/rustwide/cargo-home/bin/cargo" "+nightly-2024-10-28" "metadata" "--no-deps" "--format-version=1", kill_on_drop: false }`
[INFO] [stdout] c0f1af39682d2831d1e85c99e1dea354e4fd6b3e0c6963a09752036ff581dd07
[INFO] running `Command { std: "docker" "start" "-a" "c0f1af39682d2831d1e85c99e1dea354e4fd6b3e0c6963a09752036ff581dd07", kill_on_drop: false }`
[INFO] running `Command { std: "docker" "inspect" "c0f1af39682d2831d1e85c99e1dea354e4fd6b3e0c6963a09752036ff581dd07", kill_on_drop: false }`
[INFO] running `Command { std: "docker" "rm" "-f" "c0f1af39682d2831d1e85c99e1dea354e4fd6b3e0c6963a09752036ff581dd07", kill_on_drop: false }`
[INFO] [stdout] c0f1af39682d2831d1e85c99e1dea354e4fd6b3e0c6963a09752036ff581dd07
[INFO] running `Command { std: "docker" "create" "-v" "/var/lib/crater-agent-workspace/builds/worker-5-tc2/target:/opt/rustwide/target:rw,Z" "-v" "/var/lib/crater-agent-workspace/builds/worker-5-tc2/source:/opt/rustwide/workdir:ro,Z" "-v" "/var/lib/crater-agent-workspace/cargo-home:/opt/rustwide/cargo-home:ro,Z" "-v" "/var/lib/crater-agent-workspace/rustup-home:/opt/rustwide/rustup-home:ro,Z" "-e" "SOURCE_DIR=/opt/rustwide/workdir" "-e" "CARGO_TARGET_DIR=/opt/rustwide/target" "-e" "CARGO_INCREMENTAL=0" "-e" "RUST_BACKTRACE=full" "-e" "RUSTFLAGS=--cap-lints=forbid -Zrandomize-layout" "-e" "RUSTDOCFLAGS=--cap-lints=forbid" "-e" "CARGO_HOME=/opt/rustwide/cargo-home" "-e" "RUSTUP_HOME=/opt/rustwide/rustup-home" "-w" "/opt/rustwide/workdir" "-m" "1610612736" "--user" "0:0" "--network" "none" "ghcr.io/rust-lang/crates-build-env/linux@sha256:4a844ea9eb2546a2d2c7022eacef16ef2e8229c7fbb2c7d4d55a9ceca922f72d" "/opt/rustwide/cargo-home/bin/cargo" "+nightly-2024-10-28" "build" "--frozen" "--message-format=json", kill_on_drop: false }`
[INFO] [stdout] 6e98c3d3bcef6855636263850067b411559c85a7c63c29c435d100e5c3197f46
[INFO] running `Command { std: "docker" "start" "-a" "6e98c3d3bcef6855636263850067b411559c85a7c63c29c435d100e5c3197f46", kill_on_drop: false }`
[INFO] [stderr]    Compiling serde v1.0.214
[INFO] [stderr]    Compiling subtle v2.6.1
[INFO] [stderr]    Compiling generic-array v0.14.7
[INFO] [stderr]    Compiling const-oid v0.9.6
[INFO] [stderr]    Compiling hashbrown v0.15.0
[INFO] [stderr]    Compiling getrandom v0.2.15
[INFO] [stderr]    Compiling equivalent v1.0.1
[INFO] [stderr]    Compiling zeroize_derive v1.4.2
[INFO] [stderr]    Compiling once_cell v1.20.2
[INFO] [stderr]    Compiling zerocopy-derive v0.7.35
[INFO] [stderr]    Compiling syn v1.0.109
[INFO] [stderr]    Compiling radium v0.7.0
[INFO] [stderr]    Compiling rand_core v0.6.4
[INFO] [stderr]    Compiling base64ct v1.6.0
[INFO] [stderr]    Compiling tap v1.0.1
[INFO] [stderr]    Compiling wyz v0.5.1
[INFO] [stderr]    Compiling pem-rfc7468 v0.7.0
[INFO] [stderr]    Compiling funty v2.0.0
[INFO] [stderr]    Compiling proc-macro-error-attr v1.0.4
[INFO] [stderr]    Compiling serde_json v1.0.132
[INFO] [stderr]    Compiling proc-macro-error v1.0.4
[INFO] [stderr]    Compiling base16ct v0.2.0
[INFO] [stderr]    Compiling crunchy v0.2.2
[INFO] [stderr]    Compiling cpufeatures v0.2.14
[INFO] [stderr]    Compiling thiserror-impl v1.0.66
[INFO] [stderr]    Compiling zerocopy v0.7.35
[INFO] [stderr]    Compiling heck v0.4.1
[INFO] [stderr]    Compiling bitvec v1.0.1
[INFO] [stderr]    Compiling tinyvec_macros v0.1.1
[INFO] [stderr]    Compiling tinyvec v1.8.0
[INFO] [stderr]    Compiling shlex v1.3.0
[INFO] [stderr]    Compiling percent-encoding v2.3.1
[INFO] [stderr]    Compiling form_urlencoded v1.2.1
[INFO] [stderr]    Compiling cc v1.1.31
[INFO] [stderr]    Compiling ppv-lite86 v0.2.20
[INFO] [stderr]    Compiling aho-corasick v1.1.3
[INFO] [stderr]    Compiling unicode-normalization v0.1.24
[INFO] [stderr]    Compiling rand_chacha v0.3.1
[INFO] [stderr]    Compiling thiserror v1.0.66
[INFO] [stderr]    Compiling indexmap v1.9.3
[INFO] [stderr]    Compiling rand v0.8.5
[INFO] [stderr]    Compiling camino v1.1.9
[INFO] [stderr]    Compiling semver v1.0.23
[INFO] [stderr]    Compiling regex-automata v0.4.8
[INFO] [stderr]    Compiling curve25519-dalek v4.1.3
[INFO] [stderr]    Compiling rustversion v1.0.18
[INFO] [stderr]    Compiling zeroize v1.8.1
[INFO] [stderr]    Compiling indexmap v2.6.0
[INFO] [stderr]    Compiling der v0.7.9
[INFO] [stderr]    Compiling ff v0.13.0
[INFO] [stderr]    Compiling serdect v0.2.0
[INFO] [stderr]    Compiling ring v0.17.8
[INFO] [stderr]    Compiling group v0.13.0
[INFO] [stderr]    Compiling hashbrown v0.12.3
[INFO] [stderr]    Compiling block-buffer v0.10.4
[INFO] [stderr]    Compiling crypto-common v0.1.6
[INFO] [stderr]    Compiling crypto-bigint v0.5.5
[INFO] [stderr]    Compiling digest v0.10.7
[INFO] [stderr]    Compiling hmac v0.12.1
[INFO] [stderr]    Compiling sha2 v0.10.8
[INFO] [stderr]    Compiling spki v0.7.3
[INFO] [stderr]    Compiling pkcs8 v0.10.2
[INFO] [stderr]    Compiling sec1 v0.7.3
[INFO] [stderr]    Compiling signature v2.2.0
[INFO] [stderr]    Compiling futures-core v0.3.31
[INFO] [stderr]    Compiling unicode-bidi v0.3.17
[INFO] [stderr]    Compiling bytes v1.8.0
[INFO] [stderr]    Compiling futures-sink v0.3.31
[INFO] [stderr]    Compiling os_str_bytes v6.6.1
[INFO] [stderr]    Compiling elliptic-curve v0.13.8
[INFO] [stderr]    Compiling clap_lex v0.2.4
[INFO] [stderr]    Compiling idna v0.5.0
[INFO] [stderr]    Compiling anyhow v1.0.92
[INFO] [stderr]    Compiling regex v1.11.1
[INFO] [stderr]    Compiling rfc6979 v0.4.0
[INFO] [stderr]    Compiling cargo-platform v0.1.8
[INFO] [stderr]    Compiling clap_derive v3.2.25
[INFO] [stderr]    Compiling ahash v0.8.11
[INFO] [stderr]    Compiling curve25519-dalek-derive v0.1.1
[INFO] [stderr]    Compiling csv-core v0.1.11
[INFO] [stderr]    Compiling num-traits v0.2.19
[INFO] [stderr]    Compiling data-encoding v2.6.0
[INFO] [stderr]    Compiling tiny-keccak v2.0.2
[INFO] [stderr]    Compiling strsim v0.10.0
[INFO] [stderr]    Compiling textwrap v0.16.1
[INFO] [stderr]    Compiling bitflags v1.3.2
[INFO] [stderr]    Compiling csv v1.3.0
[INFO] [stderr]    Compiling hashbrown v0.14.5
[INFO] [stderr]    Compiling cargo_metadata v0.15.4
[INFO] [stderr]    Compiling data-encoding-macro-internal v0.1.13
[INFO] [stderr]    Compiling url v2.5.2
[INFO] [stderr]    Compiling ecdsa v0.16.9
[INFO] [stderr]    Compiling futures-channel v0.3.31
[INFO] [stderr]    Compiling ed25519 v2.2.3
[INFO] [stderr]    Compiling pairing v0.23.0
[INFO] [stderr]    Compiling toml v0.5.11
[INFO] [stderr]    Compiling clap v3.2.25
[INFO] [stderr]    Compiling ff v0.10.1
[INFO] [stderr]    Compiling tokio-macros v2.4.0
[INFO] [stderr]    Compiling is-terminal v0.4.13
[INFO] [stderr]    Compiling mio v1.0.2
[INFO] [stderr]    Compiling socket2 v0.5.7
[INFO] [stderr]    Compiling iota-crypto v0.23.2
[INFO] [stderr]    Compiling arrayref v0.3.9
[INFO] [stderr]    Compiling untrusted v0.9.0
[INFO] [stderr]    Compiling ansi_term v0.12.1
[INFO] [stderr]    Compiling keccak v0.1.5
[INFO] [stderr]    Compiling spin v0.9.8
[INFO] [stderr]    Compiling humantime v2.1.0
[INFO] [stderr]    Compiling sha3 v0.10.8
[INFO] [stderr]    Compiling deranged v0.3.11
[INFO] [stderr]    Compiling tokio v1.41.0
[INFO] [stderr]    Compiling futures-util v0.3.31
[INFO] [stderr]    Compiling env_logger v0.10.2
[INFO] [stderr]    Compiling bls12_381_plus v0.8.18
[INFO] [stderr]    Compiling cargo-license v0.5.1
[INFO] [stderr]    Compiling group v0.10.0
[INFO] [stderr]    Compiling ed25519-zebra v4.0.3
[INFO] [stderr]    Compiling strum_macros v0.25.3
[INFO] [stderr]    Compiling k256 v0.13.4
[INFO] [stderr]    Compiling data-encoding-macro v0.1.15
[INFO] [stderr]    Compiling hkdf v0.12.4
[INFO] [stderr]    Compiling pbkdf2 v0.12.2
[INFO] [stderr]    Compiling blake2 v0.10.6
[INFO] [stderr]    Compiling iterator-sorted v0.1.0
[INFO] [stderr]    Compiling dotenv v0.15.0
[INFO] [stderr]    Compiling base-x v0.2.11
[INFO] [stderr]    Compiling http v0.2.12
[INFO] [stderr]    Compiling strum v0.25.0
[INFO] [stderr]    Compiling time v0.3.36
[INFO] [stderr]    Compiling zkryptium v0.2.2
[INFO] [stderr]    Compiling multibase v0.9.1
[INFO] [stderr]    Compiling json-unflattening v0.1.4
[INFO] [stderr]    Compiling tracing-core v0.1.32
[INFO] [stderr]    Compiling httparse v1.9.5
[INFO] [stderr]    Compiling static_assertions v1.1.0
[INFO] [stderr]    Compiling rustls v0.21.12
[INFO] [stderr]    Compiling tokio-util v0.7.12
[INFO] [stderr]    Compiling json-proof-token v0.3.5
[INFO] [stderr]    Compiling tracing v0.1.40
[INFO] [stderr]    Compiling sct v0.7.1
[INFO] [stderr]    Compiling rustls-webpki v0.101.7
[INFO] [stderr]    Compiling try-lock v0.2.5
[INFO] [stderr]    Compiling rustc-hex v2.1.0
[INFO] [stderr]    Compiling winnow v0.5.40
[INFO] [stderr]    Compiling fixed-hash v0.8.0
[INFO] [stderr]    Compiling h2 v0.3.26
[INFO] [stderr]    Compiling identity_core v1.4.0
[INFO] [stderr]    Compiling identity_jose v1.4.0
[INFO] [stderr]    Compiling want v0.3.1
[INFO] [stderr]    Compiling uint v0.9.5
[INFO] [stderr]    Compiling http-body v0.4.6
[INFO] [stderr]    Compiling impl-serde v0.4.0
[INFO] [stderr]    Compiling did_url_parser v0.2.0
[INFO] [stderr]    Compiling toml_edit v0.19.15
[INFO] [stderr]    Compiling httpdate v1.0.3
[INFO] [stderr]    Compiling tower-service v0.3.3
[INFO] [stderr]    Compiling either v1.13.0
[INFO] [stderr]    Compiling identity_did v1.4.0
[INFO] [stderr]    Compiling primitive-types v0.12.2
[INFO] [stderr]    Compiling proc-macro-error-attr2 v2.0.0
[INFO] [stderr]    Compiling num_cpus v1.16.0
[INFO] [stderr]    Compiling packable v0.8.3
[INFO] [stderr]    Compiling tokio-rustls v0.24.1
[INFO] [stderr]    Compiling hyper v0.14.31
[INFO] [stderr]    Compiling bytemuck v1.19.0
[INFO] [stderr]    Compiling base64 v0.21.7
[INFO] [stderr]    Compiling rustls-pemfile v1.0.4
[INFO] [stderr]    Compiling proc-macro-error2 v2.0.1
[INFO] [stderr]    Compiling proc-macro-crate v1.3.1
[INFO] [stderr]    Compiling futures-executor v0.3.31
[INFO] [stderr]    Compiling identity_verification v1.4.0
[INFO] [stderr]    Compiling serde_urlencoded v0.7.1
[INFO] [stderr]    Compiling async-trait v0.1.83
[INFO] [stderr]    Compiling serde_repr v0.1.19
[INFO] [stderr]    Compiling encoding_rs v0.8.35
[INFO] [stderr]    Compiling ref-cast v1.0.23
[INFO] [stderr]    Compiling ipnet v2.10.1
[INFO] [stderr]    Compiling webpki-roots v0.25.4
[INFO] [stderr]    Compiling sync_wrapper v0.1.2
[INFO] [stderr]    Compiling mime v0.3.17
[INFO] [stderr]    Compiling flate2 v1.0.34
[INFO] [stderr]    Compiling identity_document v1.4.0
[INFO] [stderr]    Compiling getset v0.1.3
[INFO] [stderr]    Compiling packable-derive v0.7.0
[INFO] [stderr]    Compiling futures v0.3.31
[INFO] [stderr]    Compiling prefix-hex v0.7.1
[INFO] [stderr]    Compiling roaring v0.10.6
[INFO] [stderr]    Compiling itertools v0.11.0
[INFO] [stderr]    Compiling hyper-rustls v0.24.2
[INFO] [stderr]    Compiling itertools v0.12.1
[INFO] [stderr]    Compiling reqwest v0.11.27
[INFO] [stderr]    Compiling serde-aux v4.5.0
[INFO] [stderr]    Compiling derive_more v0.99.18
[INFO] [stderr]    Compiling ref-cast-impl v1.0.23
[INFO] [stderr]    Compiling instant v0.1.13
[INFO] [stderr]    Compiling bech32 v0.9.1
[INFO] [stderr]    Compiling bitflags v2.6.0
[INFO] [stderr]    Compiling iterator-sorted v0.2.0
[INFO] [stderr]    Compiling identity_credential v1.4.0
[INFO] [stderr]    Compiling num-derive v0.4.2
[INFO] [stderr]    Compiling seahash v4.1.0
[INFO] [stderr]    Compiling iota-sdk v1.1.5
[INFO] [stderr]    Compiling identity_iota_core v1.4.0
[INFO] [stderr]    Compiling identity_resolver v1.4.0
[INFO] [stderr]    Compiling identity_storage v1.4.0
[INFO] [stderr]    Compiling identity_iota v1.4.0 (/opt/rustwide/workdir)
[INFO] [stderr]     Finished `dev` profile [unoptimized + debuginfo] target(s) in 1m 08s
[INFO] running `Command { std: "docker" "inspect" "6e98c3d3bcef6855636263850067b411559c85a7c63c29c435d100e5c3197f46", kill_on_drop: false }`
[INFO] running `Command { std: "docker" "rm" "-f" "6e98c3d3bcef6855636263850067b411559c85a7c63c29c435d100e5c3197f46", kill_on_drop: false }`
[INFO] [stdout] 6e98c3d3bcef6855636263850067b411559c85a7c63c29c435d100e5c3197f46
[INFO] running `Command { std: "docker" "create" "-v" "/var/lib/crater-agent-workspace/builds/worker-5-tc2/target:/opt/rustwide/target:rw,Z" "-v" "/var/lib/crater-agent-workspace/builds/worker-5-tc2/source:/opt/rustwide/workdir:ro,Z" "-v" "/var/lib/crater-agent-workspace/cargo-home:/opt/rustwide/cargo-home:ro,Z" "-v" "/var/lib/crater-agent-workspace/rustup-home:/opt/rustwide/rustup-home:ro,Z" "-e" "SOURCE_DIR=/opt/rustwide/workdir" "-e" "CARGO_TARGET_DIR=/opt/rustwide/target" "-e" "CARGO_INCREMENTAL=0" "-e" "RUST_BACKTRACE=full" "-e" "RUSTFLAGS=--cap-lints=forbid -Zrandomize-layout" "-e" "RUSTDOCFLAGS=--cap-lints=forbid" "-e" "CARGO_HOME=/opt/rustwide/cargo-home" "-e" "RUSTUP_HOME=/opt/rustwide/rustup-home" "-w" "/opt/rustwide/workdir" "-m" "1610612736" "--user" "0:0" "--network" "none" "ghcr.io/rust-lang/crates-build-env/linux@sha256:4a844ea9eb2546a2d2c7022eacef16ef2e8229c7fbb2c7d4d55a9ceca922f72d" "/opt/rustwide/cargo-home/bin/cargo" "+nightly-2024-10-28" "test" "--frozen" "--no-run" "--message-format=json", kill_on_drop: false }`
[INFO] [stdout] 59025b7aedf569c325407e0926aaf64c174aae2992443209b63512ea8ec6d129
[INFO] running `Command { std: "docker" "start" "-a" "59025b7aedf569c325407e0926aaf64c174aae2992443209b63512ea8ec6d129", kill_on_drop: false }`
[INFO] [stderr]    Compiling lock_api v0.4.12
[INFO] [stderr]    Compiling parking_lot_core v0.9.10
[INFO] [stderr]    Compiling smallvec v1.13.2
[INFO] [stderr]    Compiling scopeguard v1.2.0
[INFO] [stderr]    Compiling signal-hook-registry v1.4.2
[INFO] [stderr]    Compiling parking_lot v0.12.3
[INFO] [stderr]    Compiling tokio v1.41.0
[INFO] [stderr]    Compiling tokio-util v0.7.12
[INFO] [stderr]    Compiling tokio-rustls v0.24.1
[INFO] [stderr]    Compiling h2 v0.3.26
[INFO] [stderr]    Compiling hyper v0.14.31
[INFO] [stderr]    Compiling hyper-rustls v0.24.2
[INFO] [stderr]    Compiling reqwest v0.11.27
[INFO] [stderr]    Compiling iota-sdk v1.1.5
[INFO] [stderr]    Compiling identity_iota_core v1.4.0
[INFO] [stderr]    Compiling identity_resolver v1.4.0
[INFO] [stderr]    Compiling identity_storage v1.4.0
[INFO] [stderr]    Compiling identity_iota v1.4.0 (/opt/rustwide/workdir)
[INFO] [stderr]     Finished `test` profile [unoptimized + debuginfo] target(s) in 18.30s
[INFO] running `Command { std: "docker" "inspect" "59025b7aedf569c325407e0926aaf64c174aae2992443209b63512ea8ec6d129", kill_on_drop: false }`
[INFO] running `Command { std: "docker" "rm" "-f" "59025b7aedf569c325407e0926aaf64c174aae2992443209b63512ea8ec6d129", kill_on_drop: false }`
[INFO] [stdout] 59025b7aedf569c325407e0926aaf64c174aae2992443209b63512ea8ec6d129
[INFO] running `Command { std: "docker" "create" "-v" "/var/lib/crater-agent-workspace/builds/worker-5-tc2/target:/opt/rustwide/target:rw,Z" "-v" "/var/lib/crater-agent-workspace/builds/worker-5-tc2/source:/opt/rustwide/workdir:ro,Z" "-v" "/var/lib/crater-agent-workspace/cargo-home:/opt/rustwide/cargo-home:ro,Z" "-v" "/var/lib/crater-agent-workspace/rustup-home:/opt/rustwide/rustup-home:ro,Z" "-e" "SOURCE_DIR=/opt/rustwide/workdir" "-e" "CARGO_TARGET_DIR=/opt/rustwide/target" "-e" "CARGO_INCREMENTAL=0" "-e" "RUST_BACKTRACE=full" "-e" "RUSTFLAGS=--cap-lints=forbid -Zrandomize-layout" "-e" "RUSTDOCFLAGS=--cap-lints=forbid" "-e" "CARGO_HOME=/opt/rustwide/cargo-home" "-e" "RUSTUP_HOME=/opt/rustwide/rustup-home" "-w" "/opt/rustwide/workdir" "-m" "1610612736" "--user" "0:0" "--network" "none" "ghcr.io/rust-lang/crates-build-env/linux@sha256:4a844ea9eb2546a2d2c7022eacef16ef2e8229c7fbb2c7d4d55a9ceca922f72d" "/opt/rustwide/cargo-home/bin/cargo" "+nightly-2024-10-28" "test" "--frozen", kill_on_drop: false }`
[INFO] [stdout] 9507df1f1f68a4e513c0b7e9cbc19918a737528f929e5a07b1bb99f8e0ca06c0
[INFO] running `Command { std: "docker" "start" "-a" "9507df1f1f68a4e513c0b7e9cbc19918a737528f929e5a07b1bb99f8e0ca06c0", kill_on_drop: false }`
[INFO] [stderr]     Finished `test` profile [unoptimized + debuginfo] target(s) in 0.22s
[INFO] [stderr]      Running unittests src/lib.rs (/opt/rustwide/target/debug/deps/identity_iota-83f63a0ff3e3c241)
[INFO] [stdout] 
[INFO] [stdout] running 0 tests
[INFO] [stdout] 
[INFO] [stdout] test result: ok. 0 passed; 0 failed; 0 ignored; 0 measured; 0 filtered out; finished in 0.00s
[INFO] [stdout] 
[INFO] [stderr]    Doc-tests identity_iota
[INFO] [stdout] 
[INFO] [stdout] running 1 test
[INFO] [stdout] test src/./../README.md - (line 113) - compile ... FAILED
[INFO] [stdout] 
[INFO] [stdout] failures:
[INFO] [stdout] 
[INFO] [stdout] ---- src/./../README.md - (line 113) stdout ----
[INFO] [stdout] error[E0432]: unresolved import `identity_iota::storage::JwkMemStore`
[INFO] [stdout]   --> src/./../README.md:121:5
[INFO] [stdout]    |
[INFO] [stdout] 10 | use identity_iota::storage::JwkMemStore;
[INFO] [stdout]    |     ^^^^^^^^^^^^^^^^^^^^^^^^^^^^^^^^^^^ no `JwkMemStore` in `storage`
[INFO] [stdout] 
[INFO] [stdout] error[E0432]: unresolved import `identity_iota::storage::KeyIdMemstore`
[INFO] [stdout]   --> src/./../README.md:122:5
[INFO] [stdout]    |
[INFO] [stdout] 11 | use identity_iota::storage::KeyIdMemstore;
[INFO] [stdout]    |     ^^^^^^^^^^^^^^^^^^^^^^^^^^^^^^^^^^^^^ no `KeyIdMemstore` in `storage`
[INFO] [stdout] 
[INFO] [stdout] error[E0432]: unresolved import `iota_sdk::client::secret::stronghold`
[INFO] [stdout]   --> src/./../README.md:127:31
[INFO] [stdout]    |
[INFO] [stdout] 16 | use iota_sdk::client::secret::stronghold::StrongholdSecretManager;
[INFO] [stdout]    |                               ^^^^^^^^^^ could not find `stronghold` in `secret`
[INFO] [stdout]    |
[INFO] [stdout] note: found an item that was configured out
[INFO] [stdout]   --> /opt/rustwide/cargo-home/registry/src/index.crates.io-6f17d22bba15001f/iota-sdk-1.1.5/src/client/secret/mod.rs:19:9
[INFO] [stdout]    |
[INFO] [stdout] 19 | pub mod stronghold;
[INFO] [stdout]    |         ^^^^^^^^^^
[INFO] [stdout] note: the item is gated behind the `stronghold` feature
[INFO] [stdout]   --> /opt/rustwide/cargo-home/registry/src/index.crates.io-6f17d22bba15001f/iota-sdk-1.1.5/src/client/secret/mod.rs:17:7
[INFO] [stdout]    |
[INFO] [stdout] 17 | #[cfg(feature = "stronghold")]
[INFO] [stdout]    |       ^^^^^^^^^^^^^^^^^^^^^^
[INFO] [stdout] 
[INFO] [stdout] error[E0599]: no variant or associated item named `Stronghold` found for enum `SecretManager` in the current scope
[INFO] [stdout]    --> src/./../README.md:160:54
[INFO] [stdout]     |
[INFO] [stdout] 49  |   let secret_manager: SecretManager = SecretManager::Stronghold(stronghold);
[INFO] [stdout]     |                                                      ^^^^^^^^^^ variant or associated item not found in `SecretManager`
[INFO] [stdout]     |
[INFO] [stdout] note: if you're trying to build a new `SecretManager` consider using one of the following associated functions:
[INFO] [stdout]       SecretManager::try_from_mnemonic
[INFO] [stdout]       SecretManager::try_from_hex_seed
[INFO] [stdout]    --> /opt/rustwide/cargo-home/registry/src/index.crates.io-6f17d22bba15001f/iota-sdk-1.1.5/src/client/secret/mod.rs:521:5
[INFO] [stdout]     |
[INFO] [stdout] 521 |     pub fn try_from_mnemonic(mnemonic: impl Into<Mnemonic>) -> crate::client::Result<Self> {
[INFO] [stdout]     |     ^^^^^^^^^^^^^^^^^^^^^^^^^^^^^^^^^^^^^^^^^^^^^^^^^^^^^^^^^^^^^^^^^^^^^^^^^^^^^^^^^^^^^^
[INFO] [stdout] ...
[INFO] [stdout] 526 |     pub fn try_from_hex_seed(seed: impl Into<Zeroizing<String>>) -> crate::client::Result<Self> {
[INFO] [stdout]     |     ^^^^^^^^^^^^^^^^^^^^^^^^^^^^^^^^^^^^^^^^^^^^^^^^^^^^^^^^^^^^^^^^^^^^^^^^^^^^^^^^^^^^^^^^^^^
[INFO] [stdout] 
[INFO] [stdout] error: aborting due to 4 previous errors
[INFO] [stdout] 
[INFO] [stdout] Some errors have detailed explanations: E0432, E0599.
[INFO] [stdout] For more information about an error, try `rustc --explain E0432`.
[INFO] [stdout] Couldn't compile the test.
[INFO] [stdout] 
[INFO] [stdout] failures:
[INFO] [stdout]     src/./../README.md - (line 113)
[INFO] [stdout] 
[INFO] [stdout] test result: FAILED. 0 passed; 1 failed; 0 ignored; 0 measured; 0 filtered out; finished in 0.18s
[INFO] [stdout] 
[INFO] [stderr] error: doctest failed, to rerun pass `--doc`
[INFO] running `Command { std: "docker" "inspect" "9507df1f1f68a4e513c0b7e9cbc19918a737528f929e5a07b1bb99f8e0ca06c0", kill_on_drop: false }`
[INFO] running `Command { std: "docker" "rm" "-f" "9507df1f1f68a4e513c0b7e9cbc19918a737528f929e5a07b1bb99f8e0ca06c0", kill_on_drop: false }`
[INFO] [stdout] 9507df1f1f68a4e513c0b7e9cbc19918a737528f929e5a07b1bb99f8e0ca06c0
