[INFO] fetching crate icu_compactdecimal 0.2.4...
[INFO] testing icu_compactdecimal-0.2.4 against nightly-2024-10-28 for randomize-layout
[INFO] extracting crate icu_compactdecimal 0.2.4 into /workspace/builds/worker-3-tc1/source
[INFO] validating manifest of crates.io crate icu_compactdecimal 0.2.4 on toolchain nightly-2024-10-28
[INFO] running `Command { std: CARGO_HOME="/workspace/cargo-home" RUSTUP_HOME="/workspace/rustup-home" "/workspace/cargo-home/bin/cargo" "+nightly-2024-10-28" "metadata" "--manifest-path" "Cargo.toml" "--no-deps", kill_on_drop: false }`
[INFO] started tweaking crates.io crate icu_compactdecimal 0.2.4
[INFO] finished tweaking crates.io crate icu_compactdecimal 0.2.4
[INFO] tweaked toml for crates.io crate icu_compactdecimal 0.2.4 written to /workspace/builds/worker-3-tc1/source/Cargo.toml
[INFO] running `Command { std: CARGO_HOME="/workspace/cargo-home" RUSTUP_HOME="/workspace/rustup-home" "/workspace/cargo-home/bin/cargo" "+nightly-2024-10-28" "generate-lockfile" "--manifest-path" "Cargo.toml", kill_on_drop: false }`
[INFO] [stderr]     Blocking waiting for file lock on package cache
[INFO] [stderr]     Updating crates.io index
[INFO] [stderr]     Blocking waiting for file lock on package cache
[INFO] [stderr]      Locking 33 packages to latest compatible versions
[INFO] [stderr]       Adding icu_decimal v1.4.0 (available: v1.5.0)
[INFO] [stderr]       Adding icu_decimal_data v1.4.0 (available: v1.5.0)
[INFO] [stderr]       Adding icu_locid v1.4.0 (available: v1.5.0)
[INFO] [stderr]       Adding icu_locid_transform v1.4.0 (available: v1.5.0)
[INFO] [stderr]       Adding icu_locid_transform_data v1.4.0 (available: v1.5.0)
[INFO] [stderr]       Adding icu_plurals v1.4.0 (available: v1.5.0)
[INFO] [stderr]       Adding icu_plurals_data v1.4.0 (available: v1.5.0)
[INFO] [stderr]       Adding icu_provider v1.4.0 (available: v1.5.0)
[INFO] [stderr]       Adding icu_provider_macros v1.4.0 (available: v1.5.0)
[INFO] running `Command { std: CARGO_HOME="/workspace/cargo-home" RUSTUP_HOME="/workspace/rustup-home" "/workspace/cargo-home/bin/cargo" "+nightly-2024-10-28" "fetch" "--manifest-path" "Cargo.toml", kill_on_drop: false }`
[INFO] [stderr]  Downloading crates ...
[INFO] [stderr]   Downloaded zerovec-derive v0.10.3
[INFO] [stderr]   Downloaded tinystr v0.7.6
[INFO] [stderr]   Downloaded icu_provider v1.4.0
[INFO] [stderr]   Downloaded icu_provider_macros v1.4.0
[INFO] [stderr]   Downloaded icu_decimal_data v1.4.0
[INFO] [stderr]   Downloaded icu_plurals_data v1.4.0
[INFO] [stderr]   Downloaded displaydoc v0.2.5
[INFO] [stderr]   Downloaded writeable v0.5.5
[INFO] [stderr]   Downloaded icu_compactdecimal_data v1.4.0
[INFO] [stderr]   Downloaded smallvec v1.13.2
[INFO] [stderr]   Downloaded icu_locid_transform_data v1.4.0
[INFO] [stderr]   Downloaded icu_locid v1.4.0
[INFO] [stderr]   Downloaded zerovec v0.10.4
[INFO] [stderr]   Downloaded serde_derive v1.0.214
[INFO] [stderr]   Downloaded icu_locid_transform v1.4.0
[INFO] [stderr]   Downloaded icu_plurals v1.4.0
[INFO] [stderr]   Downloaded fixed_decimal v0.5.6
[INFO] [stderr]   Downloaded litemap v0.7.3
[INFO] [stderr]   Downloaded icu_decimal v1.4.0
[INFO] running `Command { std: "docker" "create" "-v" "/var/lib/crater-agent-workspace/builds/worker-3-tc1/target:/opt/rustwide/target:rw,Z" "-v" "/var/lib/crater-agent-workspace/builds/worker-3-tc1/source:/opt/rustwide/workdir:ro,Z" "-v" "/var/lib/crater-agent-workspace/cargo-home:/opt/rustwide/cargo-home:ro,Z" "-v" "/var/lib/crater-agent-workspace/rustup-home:/opt/rustwide/rustup-home:ro,Z" "-e" "SOURCE_DIR=/opt/rustwide/workdir" "-e" "CARGO_TARGET_DIR=/opt/rustwide/target" "-e" "CARGO_HOME=/opt/rustwide/cargo-home" "-e" "RUSTUP_HOME=/opt/rustwide/rustup-home" "-w" "/opt/rustwide/workdir" "-m" "1610612736" "--user" "0:0" "--network" "none" "ghcr.io/rust-lang/crates-build-env/linux@sha256:4a844ea9eb2546a2d2c7022eacef16ef2e8229c7fbb2c7d4d55a9ceca922f72d" "/opt/rustwide/cargo-home/bin/cargo" "+nightly-2024-10-28" "metadata" "--no-deps" "--format-version=1", kill_on_drop: false }`
[INFO] [stdout] 0f13d4b0567bd486e1c673557b5d3f2bdfe58cb3aa8a9c34f2fcb938f3046c4b
[INFO] running `Command { std: "docker" "start" "-a" "0f13d4b0567bd486e1c673557b5d3f2bdfe58cb3aa8a9c34f2fcb938f3046c4b", kill_on_drop: false }`
[INFO] running `Command { std: "docker" "inspect" "0f13d4b0567bd486e1c673557b5d3f2bdfe58cb3aa8a9c34f2fcb938f3046c4b", kill_on_drop: false }`
[INFO] running `Command { std: "docker" "rm" "-f" "0f13d4b0567bd486e1c673557b5d3f2bdfe58cb3aa8a9c34f2fcb938f3046c4b", kill_on_drop: false }`
[INFO] [stdout] 0f13d4b0567bd486e1c673557b5d3f2bdfe58cb3aa8a9c34f2fcb938f3046c4b
[INFO] running `Command { std: "docker" "create" "-v" "/var/lib/crater-agent-workspace/builds/worker-3-tc1/target:/opt/rustwide/target:rw,Z" "-v" "/var/lib/crater-agent-workspace/builds/worker-3-tc1/source:/opt/rustwide/workdir:ro,Z" "-v" "/var/lib/crater-agent-workspace/cargo-home:/opt/rustwide/cargo-home:ro,Z" "-v" "/var/lib/crater-agent-workspace/rustup-home:/opt/rustwide/rustup-home:ro,Z" "-e" "SOURCE_DIR=/opt/rustwide/workdir" "-e" "CARGO_TARGET_DIR=/opt/rustwide/target" "-e" "CARGO_INCREMENTAL=0" "-e" "RUST_BACKTRACE=full" "-e" "RUSTFLAGS=--cap-lints=forbid" "-e" "RUSTDOCFLAGS=--cap-lints=forbid" "-e" "CARGO_HOME=/opt/rustwide/cargo-home" "-e" "RUSTUP_HOME=/opt/rustwide/rustup-home" "-w" "/opt/rustwide/workdir" "-m" "1610612736" "--user" "0:0" "--network" "none" "ghcr.io/rust-lang/crates-build-env/linux@sha256:4a844ea9eb2546a2d2c7022eacef16ef2e8229c7fbb2c7d4d55a9ceca922f72d" "/opt/rustwide/cargo-home/bin/cargo" "+nightly-2024-10-28" "build" "--frozen" "--message-format=json", kill_on_drop: false }`
[INFO] [stdout] 1958b4fab9a4a707e8af3cb2e20aa826b18eda45ac4dda761a6002caf459e8a0
[INFO] running `Command { std: "docker" "start" "-a" "1958b4fab9a4a707e8af3cb2e20aa826b18eda45ac4dda761a6002caf459e8a0", kill_on_drop: false }`
[INFO] [stderr]    Compiling proc-macro2 v1.0.89
[INFO] [stderr]    Compiling unicode-ident v1.0.13
[INFO] [stderr]    Compiling stable_deref_trait v1.2.0
[INFO] [stderr]    Compiling writeable v0.5.5
[INFO] [stderr]    Compiling litemap v0.7.3
[INFO] [stderr]    Compiling smallvec v1.13.2
[INFO] [stderr]    Compiling icu_locid_transform_data v1.4.0
[INFO] [stderr]    Compiling icu_decimal_data v1.4.0
[INFO] [stderr]    Compiling icu_plurals_data v1.4.0
[INFO] [stderr]    Compiling icu_compactdecimal_data v1.4.0
[INFO] [stderr]    Compiling quote v1.0.37
[INFO] [stderr]    Compiling syn v2.0.86
[INFO] [stderr]    Compiling synstructure v0.13.1
[INFO] [stderr]    Compiling zerofrom-derive v0.1.4
[INFO] [stderr]    Compiling yoke-derive v0.7.4
[INFO] [stderr]    Compiling zerovec-derive v0.10.3
[INFO] [stderr]    Compiling displaydoc v0.2.5
[INFO] [stderr]    Compiling icu_provider_macros v1.4.0
[INFO] [stderr]    Compiling fixed_decimal v0.5.6
[INFO] [stderr]    Compiling zerofrom v0.1.4
[INFO] [stderr]    Compiling yoke v0.7.4
[INFO] [stderr]    Compiling zerovec v0.10.4
[INFO] [stderr]    Compiling tinystr v0.7.6
[INFO] [stderr]    Compiling icu_locid v1.4.0
[INFO] [stderr]    Compiling icu_provider v1.4.0
[INFO] [stderr]    Compiling icu_locid_transform v1.4.0
[INFO] [stderr]    Compiling icu_plurals v1.4.0
[INFO] [stderr]    Compiling icu_decimal v1.4.0
[INFO] [stderr]    Compiling icu_compactdecimal v0.2.4 (/opt/rustwide/workdir)
[INFO] [stdout] warning: unexpected `cfg` condition name: `skip`
[INFO] [stdout]    --> src/compactdecimal.rs:147:15
[INFO] [stdout]     |
[INFO] [stdout] 147 |         #[cfg(skip)]
[INFO] [stdout]     |               ^^^^
[INFO] [stdout]     |
[INFO] [stdout]     = help: expected names are: `clippy`, `debug_assertions`, `doc`, `docsrs`, `doctest`, `feature`, `fmt_debug`, `miri`, `overflow_checks`, `panic`, `proc_macro`, `relocation_model`, `rustfmt`, `sanitize`, `sanitizer_cfi_generalize_pointers`, `sanitizer_cfi_normalize_integers`, `target_abi`, `target_arch`, `target_endian`, `target_env`, `target_family`, `target_feature`, `target_has_atomic`, `target_has_atomic_equal_alignment`, `target_has_atomic_load_store`, `target_os`, `target_pointer_width`, `target_thread_local`, `target_vendor`, `test`, `ub_checks`, `unix`, and `windows`
[INFO] [stdout]     = help: consider using a Cargo feature instead
[INFO] [stdout]     = help: or consider adding in `Cargo.toml` the `check-cfg` lint config for the lint:
[INFO] [stdout]              [lints.rust]
[INFO] [stdout]              unexpected_cfgs = { level = "warn", check-cfg = ['cfg(skip)'] }
[INFO] [stdout]     = help: or consider adding `println!("cargo::rustc-check-cfg=cfg(skip)");` to the top of the `build.rs`
[INFO] [stdout]     = note: see <https://doc.rust-lang.org/nightly/rustc/check-cfg/cargo-specifics.html> for more information about checking conditional configuration
[INFO] [stdout]     = note: `#[warn(unexpected_cfgs)]` on by default
[INFO] [stdout] 
[INFO] [stdout] 
[INFO] [stdout] warning: unexpected `cfg` condition name: `skip`
[INFO] [stdout]    --> src/compactdecimal.rs:234:15
[INFO] [stdout]     |
[INFO] [stdout] 234 |         #[cfg(skip)]
[INFO] [stdout]     |               ^^^^
[INFO] [stdout]     |
[INFO] [stdout]     = help: consider using a Cargo feature instead
[INFO] [stdout]     = help: or consider adding in `Cargo.toml` the `check-cfg` lint config for the lint:
[INFO] [stdout]              [lints.rust]
[INFO] [stdout]              unexpected_cfgs = { level = "warn", check-cfg = ['cfg(skip)'] }
[INFO] [stdout]     = help: or consider adding `println!("cargo::rustc-check-cfg=cfg(skip)");` to the top of the `build.rs`
[INFO] [stdout]     = note: see <https://doc.rust-lang.org/nightly/rustc/check-cfg/cargo-specifics.html> for more information about checking conditional configuration
[INFO] [stdout] 
[INFO] [stdout] 
[INFO] [stderr]     Finished `dev` profile [unoptimized + debuginfo] target(s) in 7.68s
[INFO] running `Command { std: "docker" "inspect" "1958b4fab9a4a707e8af3cb2e20aa826b18eda45ac4dda761a6002caf459e8a0", kill_on_drop: false }`
[INFO] running `Command { std: "docker" "rm" "-f" "1958b4fab9a4a707e8af3cb2e20aa826b18eda45ac4dda761a6002caf459e8a0", kill_on_drop: false }`
[INFO] [stdout] 1958b4fab9a4a707e8af3cb2e20aa826b18eda45ac4dda761a6002caf459e8a0
[INFO] running `Command { std: "docker" "create" "-v" "/var/lib/crater-agent-workspace/builds/worker-3-tc1/target:/opt/rustwide/target:rw,Z" "-v" "/var/lib/crater-agent-workspace/builds/worker-3-tc1/source:/opt/rustwide/workdir:ro,Z" "-v" "/var/lib/crater-agent-workspace/cargo-home:/opt/rustwide/cargo-home:ro,Z" "-v" "/var/lib/crater-agent-workspace/rustup-home:/opt/rustwide/rustup-home:ro,Z" "-e" "SOURCE_DIR=/opt/rustwide/workdir" "-e" "CARGO_TARGET_DIR=/opt/rustwide/target" "-e" "CARGO_INCREMENTAL=0" "-e" "RUST_BACKTRACE=full" "-e" "RUSTFLAGS=--cap-lints=forbid" "-e" "RUSTDOCFLAGS=--cap-lints=forbid" "-e" "CARGO_HOME=/opt/rustwide/cargo-home" "-e" "RUSTUP_HOME=/opt/rustwide/rustup-home" "-w" "/opt/rustwide/workdir" "-m" "1610612736" "--user" "0:0" "--network" "none" "ghcr.io/rust-lang/crates-build-env/linux@sha256:4a844ea9eb2546a2d2c7022eacef16ef2e8229c7fbb2c7d4d55a9ceca922f72d" "/opt/rustwide/cargo-home/bin/cargo" "+nightly-2024-10-28" "test" "--frozen" "--no-run" "--message-format=json", kill_on_drop: false }`
[INFO] [stdout] f3d4c42d6867123134265253f264ca4a48b38aac3fe7cb1a6585134bbed54081
[INFO] running `Command { std: "docker" "start" "-a" "f3d4c42d6867123134265253f264ca4a48b38aac3fe7cb1a6585134bbed54081", kill_on_drop: false }`
[INFO] [stdout] warning: unexpected `cfg` condition name: `skip`
[INFO] [stdout]    --> src/compactdecimal.rs:147:15
[INFO] [stdout]     |
[INFO] [stdout] 147 |         #[cfg(skip)]
[INFO] [stdout]     |               ^^^^
[INFO] [stdout]     |
[INFO] [stdout]     = help: expected names are: `clippy`, `debug_assertions`, `doc`, `docsrs`, `doctest`, `feature`, `fmt_debug`, `miri`, `overflow_checks`, `panic`, `proc_macro`, `relocation_model`, `rustfmt`, `sanitize`, `sanitizer_cfi_generalize_pointers`, `sanitizer_cfi_normalize_integers`, `target_abi`, `target_arch`, `target_endian`, `target_env`, `target_family`, `target_feature`, `target_has_atomic`, `target_has_atomic_equal_alignment`, `target_has_atomic_load_store`, `target_os`, `target_pointer_width`, `target_thread_local`, `target_vendor`, `test`, `ub_checks`, `unix`, and `windows`
[INFO] [stdout]     = help: consider using a Cargo feature instead
[INFO] [stdout]     = help: or consider adding in `Cargo.toml` the `check-cfg` lint config for the lint:
[INFO] [stdout]              [lints.rust]
[INFO] [stdout]              unexpected_cfgs = { level = "warn", check-cfg = ['cfg(skip)'] }
[INFO] [stdout]     = help: or consider adding `println!("cargo::rustc-check-cfg=cfg(skip)");` to the top of the `build.rs`
[INFO] [stdout]     = note: see <https://doc.rust-lang.org/nightly/rustc/check-cfg/cargo-specifics.html> for more information about checking conditional configuration
[INFO] [stdout]     = note: `#[warn(unexpected_cfgs)]` on by default
[INFO] [stdout] 
[INFO] [stdout] 
[INFO] [stderr]    Compiling icu_compactdecimal v0.2.4 (/opt/rustwide/workdir)
[INFO] [stdout] warning: unexpected `cfg` condition name: `skip`
[INFO] [stdout]    --> src/compactdecimal.rs:234:15
[INFO] [stdout]     |
[INFO] [stdout] 234 |         #[cfg(skip)]
[INFO] [stdout]     |               ^^^^
[INFO] [stdout]     |
[INFO] [stdout]     = help: consider using a Cargo feature instead
[INFO] [stdout]     = help: or consider adding in `Cargo.toml` the `check-cfg` lint config for the lint:
[INFO] [stdout]              [lints.rust]
[INFO] [stdout]              unexpected_cfgs = { level = "warn", check-cfg = ['cfg(skip)'] }
[INFO] [stdout]     = help: or consider adding `println!("cargo::rustc-check-cfg=cfg(skip)");` to the top of the `build.rs`
[INFO] [stdout]     = note: see <https://doc.rust-lang.org/nightly/rustc/check-cfg/cargo-specifics.html> for more information about checking conditional configuration
[INFO] [stdout] 
[INFO] [stdout] 
[INFO] [stdout] warning: unexpected `cfg` condition name: `skip`
[INFO] [stdout]    --> src/compactdecimal.rs:147:15
[INFO] [stdout]     |
[INFO] [stdout] 147 |         #[cfg(skip)]
[INFO] [stdout]     |               ^^^^
[INFO] [stdout]     |
[INFO] [stdout]     = help: expected names are: `clippy`, `debug_assertions`, `doc`, `docsrs`, `doctest`, `feature`, `fmt_debug`, `miri`, `overflow_checks`, `panic`, `proc_macro`, `relocation_model`, `rustfmt`, `sanitize`, `sanitizer_cfi_generalize_pointers`, `sanitizer_cfi_normalize_integers`, `target_abi`, `target_arch`, `target_endian`, `target_env`, `target_family`, `target_feature`, `target_has_atomic`, `target_has_atomic_equal_alignment`, `target_has_atomic_load_store`, `target_os`, `target_pointer_width`, `target_thread_local`, `target_vendor`, `test`, `ub_checks`, `unix`, and `windows`
[INFO] [stdout]     = help: consider using a Cargo feature instead
[INFO] [stdout]     = help: or consider adding in `Cargo.toml` the `check-cfg` lint config for the lint:
[INFO] [stdout]              [lints.rust]
[INFO] [stdout]              unexpected_cfgs = { level = "warn", check-cfg = ['cfg(skip)'] }
[INFO] [stdout]     = help: or consider adding `println!("cargo::rustc-check-cfg=cfg(skip)");` to the top of the `build.rs`
[INFO] [stdout]     = note: see <https://doc.rust-lang.org/nightly/rustc/check-cfg/cargo-specifics.html> for more information about checking conditional configuration
[INFO] [stdout]     = note: `#[warn(unexpected_cfgs)]` on by default
[INFO] [stdout] 
[INFO] [stdout] 
[INFO] [stdout] warning: unexpected `cfg` condition name: `skip`
[INFO] [stdout]    --> src/compactdecimal.rs:234:15
[INFO] [stdout]     |
[INFO] [stdout] 234 |         #[cfg(skip)]
[INFO] [stdout]     |               ^^^^
[INFO] [stdout]     |
[INFO] [stdout]     = help: consider using a Cargo feature instead
[INFO] [stdout]     = help: or consider adding in `Cargo.toml` the `check-cfg` lint config for the lint:
[INFO] [stdout]              [lints.rust]
[INFO] [stdout]              unexpected_cfgs = { level = "warn", check-cfg = ['cfg(skip)'] }
[INFO] [stdout]     = help: or consider adding `println!("cargo::rustc-check-cfg=cfg(skip)");` to the top of the `build.rs`
[INFO] [stdout]     = note: see <https://doc.rust-lang.org/nightly/rustc/check-cfg/cargo-specifics.html> for more information about checking conditional configuration
[INFO] [stdout] 
[INFO] [stdout] 
[INFO] [stderr]     Finished `test` profile [unoptimized + debuginfo] target(s) in 0.43s
[INFO] running `Command { std: "docker" "inspect" "f3d4c42d6867123134265253f264ca4a48b38aac3fe7cb1a6585134bbed54081", kill_on_drop: false }`
[INFO] running `Command { std: "docker" "rm" "-f" "f3d4c42d6867123134265253f264ca4a48b38aac3fe7cb1a6585134bbed54081", kill_on_drop: false }`
[INFO] [stdout] f3d4c42d6867123134265253f264ca4a48b38aac3fe7cb1a6585134bbed54081
[INFO] running `Command { std: "docker" "create" "-v" "/var/lib/crater-agent-workspace/builds/worker-3-tc1/target:/opt/rustwide/target:rw,Z" "-v" "/var/lib/crater-agent-workspace/builds/worker-3-tc1/source:/opt/rustwide/workdir:ro,Z" "-v" "/var/lib/crater-agent-workspace/cargo-home:/opt/rustwide/cargo-home:ro,Z" "-v" "/var/lib/crater-agent-workspace/rustup-home:/opt/rustwide/rustup-home:ro,Z" "-e" "SOURCE_DIR=/opt/rustwide/workdir" "-e" "CARGO_TARGET_DIR=/opt/rustwide/target" "-e" "CARGO_INCREMENTAL=0" "-e" "RUST_BACKTRACE=full" "-e" "RUSTFLAGS=--cap-lints=forbid" "-e" "RUSTDOCFLAGS=--cap-lints=forbid" "-e" "CARGO_HOME=/opt/rustwide/cargo-home" "-e" "RUSTUP_HOME=/opt/rustwide/rustup-home" "-w" "/opt/rustwide/workdir" "-m" "1610612736" "--user" "0:0" "--network" "none" "ghcr.io/rust-lang/crates-build-env/linux@sha256:4a844ea9eb2546a2d2c7022eacef16ef2e8229c7fbb2c7d4d55a9ceca922f72d" "/opt/rustwide/cargo-home/bin/cargo" "+nightly-2024-10-28" "test" "--frozen", kill_on_drop: false }`
[INFO] [stdout] dd3cc05dbfcd35c4ad2f100f7c6d9b5f93748ff7869d19d7adabe8a2f22048b0
[INFO] running `Command { std: "docker" "start" "-a" "dd3cc05dbfcd35c4ad2f100f7c6d9b5f93748ff7869d19d7adabe8a2f22048b0", kill_on_drop: false }`
[INFO] [stderr] warning: unexpected `cfg` condition name: `skip`
[INFO] [stderr]    --> src/compactdecimal.rs:147:15
[INFO] [stderr]     |
[INFO] [stderr] 147 |         #[cfg(skip)]
[INFO] [stderr]     |               ^^^^
[INFO] [stderr]     |
[INFO] [stderr]     = help: expected names are: `clippy`, `debug_assertions`, `doc`, `docsrs`, `doctest`, `feature`, `fmt_debug`, `miri`, `overflow_checks`, `panic`, `proc_macro`, `relocation_model`, `rustfmt`, `sanitize`, `sanitizer_cfi_generalize_pointers`, `sanitizer_cfi_normalize_integers`, `target_abi`, `target_arch`, `target_endian`, `target_env`, `target_family`, `target_feature`, `target_has_atomic`, `target_has_atomic_equal_alignment`, `target_has_atomic_load_store`, `target_os`, `target_pointer_width`, `target_thread_local`, `target_vendor`, `test`, `ub_checks`, `unix`, and `windows`
[INFO] [stderr]     = help: consider using a Cargo feature instead
[INFO] [stderr]     = help: or consider adding in `Cargo.toml` the `check-cfg` lint config for the lint:
[INFO] [stderr]              [lints.rust]
[INFO] [stderr]              unexpected_cfgs = { level = "warn", check-cfg = ['cfg(skip)'] }
[INFO] [stderr]     = help: or consider adding `println!("cargo::rustc-check-cfg=cfg(skip)");` to the top of the `build.rs`
[INFO] [stderr]     = note: see <https://doc.rust-lang.org/nightly/rustc/check-cfg/cargo-specifics.html> for more information about checking conditional configuration
[INFO] [stderr]     = note: `#[warn(unexpected_cfgs)]` on by default
[INFO] [stderr] 
[INFO] [stderr] warning: unexpected `cfg` condition name: `skip`
[INFO] [stderr]    --> src/compactdecimal.rs:234:15
[INFO] [stderr]     |
[INFO] [stderr] 234 |         #[cfg(skip)]
[INFO] [stderr]     |               ^^^^
[INFO] [stderr]     |
[INFO] [stderr]     = help: consider using a Cargo feature instead
[INFO] [stderr]     = help: or consider adding in `Cargo.toml` the `check-cfg` lint config for the lint:
[INFO] [stderr]              [lints.rust]
[INFO] [stderr]              unexpected_cfgs = { level = "warn", check-cfg = ['cfg(skip)'] }
[INFO] [stderr]     = help: or consider adding `println!("cargo::rustc-check-cfg=cfg(skip)");` to the top of the `build.rs`
[INFO] [stderr]     = note: see <https://doc.rust-lang.org/nightly/rustc/check-cfg/cargo-specifics.html> for more information about checking conditional configuration
[INFO] [stderr] 
[INFO] [stderr] warning: `icu_compactdecimal` (lib) generated 2 warnings
[INFO] [stderr] warning: `icu_compactdecimal` (lib test) generated 2 warnings (2 duplicates)
[INFO] [stderr]     Finished `test` profile [unoptimized + debuginfo] target(s) in 0.02s
[INFO] [stderr]      Running unittests src/lib.rs (/opt/rustwide/target/debug/deps/icu_compactdecimal-0025798d14a88373)
[INFO] [stdout] 
[INFO] [stdout] running 0 tests
[INFO] [stdout] 
[INFO] [stdout] test result: ok. 0 passed; 0 failed; 0 ignored; 0 measured; 0 filtered out; finished in 0.00s
[INFO] [stdout] 
[INFO] [stderr]    Doc-tests icu_compactdecimal
[INFO] [stdout] 
[INFO] [stdout] running 10 tests
[INFO] [stdout] test src/compactdecimal.rs - compactdecimal::CompactDecimalFormatter::try_new_short (line 111) ... FAILED
[INFO] [stdout] test src/compactdecimal.rs - compactdecimal::CompactDecimalFormatter::try_new_long (line 198) ... FAILED
[INFO] [stdout] test src/compactdecimal.rs - compactdecimal::CompactDecimalFormatter::compact_exponent_for_magnitude (line 657) ... FAILED
[INFO] [stdout] test src/format.rs - format::FormattedCompactDecimal<'_>::get_compact_decimal (line 27) ... FAILED
[INFO] [stdout] test src/compactdecimal.rs - compactdecimal::CompactDecimalFormatter::format_fixed_decimal (line 457) ... FAILED
[INFO] [stdout] test src/compactdecimal.rs - compactdecimal::CompactDecimalFormatter::format_i64 (line 307) ... FAILED
[INFO] [stdout] test src/compactdecimal.rs - compactdecimal::CompactDecimalFormatter::format_compact_decimal (line 552) ... FAILED
[INFO] [stdout] test src/compactdecimal.rs - compactdecimal::CompactDecimalFormatter (line 62) ... FAILED
[INFO] [stdout] test src/compactdecimal.rs - compactdecimal::CompactDecimalFormatter::format_i64 (line 284) ... FAILED
[INFO] [stdout] test src/compactdecimal.rs - compactdecimal::CompactDecimalFormatter::format_fixed_decimal (line 403) ... FAILED
[INFO] [stdout] 
[INFO] [stdout] failures:
[INFO] [stdout] 
[INFO] [stdout] ---- src/compactdecimal.rs - compactdecimal::CompactDecimalFormatter::try_new_short (line 111) stdout ----
[INFO] [stdout] error[E0432]: unresolved import `icu_locid`
[INFO] [stdout]  --> src/compactdecimal.rs:114:5
[INFO] [stdout]   |
[INFO] [stdout] 6 | use icu_locid::locale;
[INFO] [stdout]   |     ^^^^^^^^^ use of undeclared crate or module `icu_locid`
[INFO] [stdout] 
[INFO] [stdout] error: aborting due to 1 previous error
[INFO] [stdout] 
[INFO] [stdout] For more information about this error, try `rustc --explain E0432`.
[INFO] [stdout] Couldn't compile the test.
[INFO] [stdout] ---- src/compactdecimal.rs - compactdecimal::CompactDecimalFormatter::try_new_long (line 198) stdout ----
[INFO] [stdout] error[E0432]: unresolved import `icu_locid`
[INFO] [stdout]  --> src/compactdecimal.rs:201:5
[INFO] [stdout]   |
[INFO] [stdout] 6 | use icu_locid::locale;
[INFO] [stdout]   |     ^^^^^^^^^ use of undeclared crate or module `icu_locid`
[INFO] [stdout] 
[INFO] [stdout] error: aborting due to 1 previous error
[INFO] [stdout] 
[INFO] [stdout] For more information about this error, try `rustc --explain E0432`.
[INFO] [stdout] Couldn't compile the test.
[INFO] [stdout] ---- src/compactdecimal.rs - compactdecimal::CompactDecimalFormatter::compact_exponent_for_magnitude (line 657) stdout ----
[INFO] [stdout] error[E0432]: unresolved import `icu_locid`
[INFO] [stdout]  --> src/compactdecimal.rs:660:5
[INFO] [stdout]   |
[INFO] [stdout] 6 | use icu_locid::locale;
[INFO] [stdout]   |     ^^^^^^^^^ use of undeclared crate or module `icu_locid`
[INFO] [stdout] 
[INFO] [stdout] error: aborting due to 1 previous error
[INFO] [stdout] 
[INFO] [stdout] For more information about this error, try `rustc --explain E0432`.
[INFO] [stdout] Couldn't compile the test.
[INFO] [stdout] ---- src/format.rs - format::FormattedCompactDecimal<'_>::get_compact_decimal (line 27) stdout ----
[INFO] [stdout] error[E0432]: unresolved import `icu_locid`
[INFO] [stdout]  --> src/format.rs:31:5
[INFO] [stdout]   |
[INFO] [stdout] 7 | use icu_locid::locale;
[INFO] [stdout]   |     ^^^^^^^^^ use of undeclared crate or module `icu_locid`
[INFO] [stdout] 
[INFO] [stdout] error: aborting due to 1 previous error
[INFO] [stdout] 
[INFO] [stdout] For more information about this error, try `rustc --explain E0432`.
[INFO] [stdout] Couldn't compile the test.
[INFO] [stdout] ---- src/compactdecimal.rs - compactdecimal::CompactDecimalFormatter::format_fixed_decimal (line 457) stdout ----
[INFO] [stdout] error[E0432]: unresolved import `icu_locid`
[INFO] [stdout]  --> src/compactdecimal.rs:461:5
[INFO] [stdout]   |
[INFO] [stdout] 7 | use icu_locid::locale;
[INFO] [stdout]   |     ^^^^^^^^^ use of undeclared crate or module `icu_locid`
[INFO] [stdout] 
[INFO] [stdout] error: aborting due to 1 previous error
[INFO] [stdout] 
[INFO] [stdout] For more information about this error, try `rustc --explain E0432`.
[INFO] [stdout] Couldn't compile the test.
[INFO] [stdout] ---- src/compactdecimal.rs - compactdecimal::CompactDecimalFormatter::format_i64 (line 307) stdout ----
[INFO] [stdout] error[E0432]: unresolved import `icu_locid`
[INFO] [stdout]  --> src/compactdecimal.rs:310:5
[INFO] [stdout]   |
[INFO] [stdout] 6 | use icu_locid::locale;
[INFO] [stdout]   |     ^^^^^^^^^ use of undeclared crate or module `icu_locid`
[INFO] [stdout] 
[INFO] [stdout] error: aborting due to 1 previous error
[INFO] [stdout] 
[INFO] [stdout] For more information about this error, try `rustc --explain E0432`.
[INFO] [stdout] Couldn't compile the test.
[INFO] [stdout] ---- src/compactdecimal.rs - compactdecimal::CompactDecimalFormatter::format_compact_decimal (line 552) stdout ----
[INFO] [stdout] error[E0432]: unresolved import `icu_locid`
[INFO] [stdout]  --> src/compactdecimal.rs:555:5
[INFO] [stdout]   |
[INFO] [stdout] 6 | use icu_locid::locale;
[INFO] [stdout]   |     ^^^^^^^^^ use of undeclared crate or module `icu_locid`
[INFO] [stdout] 
[INFO] [stdout] error: aborting due to 1 previous error
[INFO] [stdout] 
[INFO] [stdout] For more information about this error, try `rustc --explain E0432`.
[INFO] [stdout] Couldn't compile the test.
[INFO] [stdout] ---- src/compactdecimal.rs - compactdecimal::CompactDecimalFormatter (line 62) stdout ----
[INFO] [stdout] error[E0432]: unresolved import `icu_locid`
[INFO] [stdout]  --> src/compactdecimal.rs:65:5
[INFO] [stdout]   |
[INFO] [stdout] 6 | use icu_locid::locale;
[INFO] [stdout]   |     ^^^^^^^^^ use of undeclared crate or module `icu_locid`
[INFO] [stdout] 
[INFO] [stdout] error: aborting due to 1 previous error
[INFO] [stdout] 
[INFO] [stdout] For more information about this error, try `rustc --explain E0432`.
[INFO] [stdout] Couldn't compile the test.
[INFO] [stdout] ---- src/compactdecimal.rs - compactdecimal::CompactDecimalFormatter::format_i64 (line 284) stdout ----
[INFO] [stdout] error[E0432]: unresolved import `icu_locid`
[INFO] [stdout]  --> src/compactdecimal.rs:287:5
[INFO] [stdout]   |
[INFO] [stdout] 6 | use icu_locid::locale;
[INFO] [stdout]   |     ^^^^^^^^^ use of undeclared crate or module `icu_locid`
[INFO] [stdout] 
[INFO] [stdout] error: aborting due to 1 previous error
[INFO] [stdout] 
[INFO] [stdout] For more information about this error, try `rustc --explain E0432`.
[INFO] [stdout] Couldn't compile the test.
[INFO] [stdout] ---- src/compactdecimal.rs - compactdecimal::CompactDecimalFormatter::format_fixed_decimal (line 403) stdout ----
[INFO] [stdout] error[E0432]: unresolved import `icu_locid`
[INFO] [stdout]  --> src/compactdecimal.rs:407:5
[INFO] [stdout]   |
[INFO] [stdout] 7 | use icu_locid::locale;
[INFO] [stdout]   |     ^^^^^^^^^ use of undeclared crate or module `icu_locid`
[INFO] [stdout] 
[INFO] [stdout] error: aborting due to 1 previous error
[INFO] [stdout] 
[INFO] [stdout] For more information about this error, try `rustc --explain E0432`.
[INFO] [stdout] Couldn't compile the test.
[INFO] [stdout] 
[INFO] [stdout] failures:
[INFO] [stdout]     src/compactdecimal.rs - compactdecimal::CompactDecimalFormatter (line 62)
[INFO] [stdout]     src/compactdecimal.rs - compactdecimal::CompactDecimalFormatter::compact_exponent_for_magnitude (line 657)
[INFO] [stdout]     src/compactdecimal.rs - compactdecimal::CompactDecimalFormatter::format_compact_decimal (line 552)
[INFO] [stdout]     src/compactdecimal.rs - compactdecimal::CompactDecimalFormatter::format_fixed_decimal (line 403)
[INFO] [stdout]     src/compactdecimal.rs - compactdecimal::CompactDecimalFormatter::format_fixed_decimal (line 457)
[INFO] [stdout]     src/compactdecimal.rs - compactdecimal::CompactDecimalFormatter::format_i64 (line 284)
[INFO] [stdout]     src/compactdecimal.rs - compactdecimal::CompactDecimalFormatter::format_i64 (line 307)
[INFO] [stdout]     src/compactdecimal.rs - compactdecimal::CompactDecimalFormatter::try_new_long (line 198)
[INFO] [stdout]     src/compactdecimal.rs - compactdecimal::CompactDecimalFormatter::try_new_short (line 111)
[INFO] [stdout]     src/format.rs - format::FormattedCompactDecimal<'_>::get_compact_decimal (line 27)
[INFO] [stdout] 
[INFO] [stdout] test result: FAILED. 0 passed; 10 failed; 0 ignored; 0 measured; 0 filtered out; finished in 0.06s
[INFO] [stdout] 
[INFO] [stderr] error: doctest failed, to rerun pass `--doc`
[INFO] running `Command { std: "docker" "inspect" "dd3cc05dbfcd35c4ad2f100f7c6d9b5f93748ff7869d19d7adabe8a2f22048b0", kill_on_drop: false }`
[INFO] running `Command { std: "docker" "rm" "-f" "dd3cc05dbfcd35c4ad2f100f7c6d9b5f93748ff7869d19d7adabe8a2f22048b0", kill_on_drop: false }`
[INFO] [stdout] dd3cc05dbfcd35c4ad2f100f7c6d9b5f93748ff7869d19d7adabe8a2f22048b0
