[INFO] fetching crate iced_futures 0.13.2...
[INFO] testing iced_futures-0.13.2 against nightly-2024-10-28+rustflags=-Zrandomize-layout for randomize-layout
[INFO] extracting crate iced_futures 0.13.2 into /workspace/builds/worker-5-tc2/source
[INFO] validating manifest of crates.io crate iced_futures 0.13.2 on toolchain nightly-2024-10-28
[INFO] running `Command { std: CARGO_HOME="/workspace/cargo-home" RUSTUP_HOME="/workspace/rustup-home" "/workspace/cargo-home/bin/cargo" "+nightly-2024-10-28" "metadata" "--manifest-path" "Cargo.toml" "--no-deps", kill_on_drop: false }`
[INFO] started tweaking crates.io crate iced_futures 0.13.2
[INFO] finished tweaking crates.io crate iced_futures 0.13.2
[INFO] tweaked toml for crates.io crate iced_futures 0.13.2 written to /workspace/builds/worker-5-tc2/source/Cargo.toml
[INFO] running `Command { std: CARGO_HOME="/workspace/cargo-home" RUSTUP_HOME="/workspace/rustup-home" "/workspace/cargo-home/bin/cargo" "+nightly-2024-10-28" "generate-lockfile" "--manifest-path" "Cargo.toml", kill_on_drop: false }`
[INFO] [stderr]     Updating crates.io index
[INFO] [stderr]      Locking 144 packages to latest compatible versions
[INFO] [stderr]       Adding smol v1.3.0 (available: v2.0.2)
[INFO] running `Command { std: CARGO_HOME="/workspace/cargo-home" RUSTUP_HOME="/workspace/rustup-home" "/workspace/cargo-home/bin/cargo" "+nightly-2024-10-28" "fetch" "--manifest-path" "Cargo.toml", kill_on_drop: false }`
[INFO] running `Command { std: "docker" "create" "-v" "/var/lib/crater-agent-workspace/builds/worker-5-tc2/target:/opt/rustwide/target:rw,Z" "-v" "/var/lib/crater-agent-workspace/builds/worker-5-tc2/source:/opt/rustwide/workdir:ro,Z" "-v" "/var/lib/crater-agent-workspace/cargo-home:/opt/rustwide/cargo-home:ro,Z" "-v" "/var/lib/crater-agent-workspace/rustup-home:/opt/rustwide/rustup-home:ro,Z" "-e" "SOURCE_DIR=/opt/rustwide/workdir" "-e" "CARGO_TARGET_DIR=/opt/rustwide/target" "-e" "CARGO_HOME=/opt/rustwide/cargo-home" "-e" "RUSTUP_HOME=/opt/rustwide/rustup-home" "-w" "/opt/rustwide/workdir" "-m" "1610612736" "--user" "0:0" "--network" "none" "ghcr.io/rust-lang/crates-build-env/linux@sha256:4a844ea9eb2546a2d2c7022eacef16ef2e8229c7fbb2c7d4d55a9ceca922f72d" "/opt/rustwide/cargo-home/bin/cargo" "+nightly-2024-10-28" "metadata" "--no-deps" "--format-version=1", kill_on_drop: false }`
[INFO] [stdout] 15af4bf2bf20cee1a25804caab9ea401c18a33c70495c69e861cc0072fcd8b38
[INFO] running `Command { std: "docker" "start" "-a" "15af4bf2bf20cee1a25804caab9ea401c18a33c70495c69e861cc0072fcd8b38", kill_on_drop: false }`
[INFO] running `Command { std: "docker" "inspect" "15af4bf2bf20cee1a25804caab9ea401c18a33c70495c69e861cc0072fcd8b38", kill_on_drop: false }`
[INFO] running `Command { std: "docker" "rm" "-f" "15af4bf2bf20cee1a25804caab9ea401c18a33c70495c69e861cc0072fcd8b38", kill_on_drop: false }`
[INFO] [stdout] 15af4bf2bf20cee1a25804caab9ea401c18a33c70495c69e861cc0072fcd8b38
[INFO] running `Command { std: "docker" "create" "-v" "/var/lib/crater-agent-workspace/builds/worker-5-tc2/target:/opt/rustwide/target:rw,Z" "-v" "/var/lib/crater-agent-workspace/builds/worker-5-tc2/source:/opt/rustwide/workdir:ro,Z" "-v" "/var/lib/crater-agent-workspace/cargo-home:/opt/rustwide/cargo-home:ro,Z" "-v" "/var/lib/crater-agent-workspace/rustup-home:/opt/rustwide/rustup-home:ro,Z" "-e" "SOURCE_DIR=/opt/rustwide/workdir" "-e" "CARGO_TARGET_DIR=/opt/rustwide/target" "-e" "CARGO_INCREMENTAL=0" "-e" "RUST_BACKTRACE=full" "-e" "RUSTFLAGS=--cap-lints=forbid -Zrandomize-layout" "-e" "RUSTDOCFLAGS=--cap-lints=forbid" "-e" "CARGO_HOME=/opt/rustwide/cargo-home" "-e" "RUSTUP_HOME=/opt/rustwide/rustup-home" "-w" "/opt/rustwide/workdir" "-m" "1610612736" "--user" "0:0" "--network" "none" "ghcr.io/rust-lang/crates-build-env/linux@sha256:4a844ea9eb2546a2d2c7022eacef16ef2e8229c7fbb2c7d4d55a9ceca922f72d" "/opt/rustwide/cargo-home/bin/cargo" "+nightly-2024-10-28" "build" "--frozen" "--message-format=json", kill_on_drop: false }`
[INFO] [stdout] 0b5baeb336e1fac242d29d660ff2c3d442327edc7a8c092f1284b9e7606049f5
[INFO] running `Command { std: "docker" "start" "-a" "0b5baeb336e1fac242d29d660ff2c3d442327edc7a8c092f1284b9e7606049f5", kill_on_drop: false }`
[INFO] [stderr]    Compiling syn v2.0.86
[INFO] [stderr]    Compiling futures-sink v0.3.31
[INFO] [stderr]    Compiling futures-core v0.3.31
[INFO] [stderr]    Compiling phf_shared v0.11.2
[INFO] [stderr]    Compiling by_address v1.2.1
[INFO] [stderr]    Compiling palette v0.7.6
[INFO] [stderr]    Compiling approx v0.5.1
[INFO] [stderr]    Compiling fast-srgb8 v1.0.0
[INFO] [stderr]    Compiling smol_str v0.2.2
[INFO] [stderr]    Compiling bitflags v2.6.0
[INFO] [stderr]    Compiling glam v0.25.0
[INFO] [stderr]    Compiling futures-channel v0.3.31
[INFO] [stderr]    Compiling rustc-hash v2.0.0
[INFO] [stderr]    Compiling phf_generator v0.11.2
[INFO] [stderr]    Compiling web-time v1.1.0
[INFO] [stderr]    Compiling futures-macro v0.3.31
[INFO] [stderr]    Compiling phf_macros v0.11.2
[INFO] [stderr]    Compiling thiserror-impl v1.0.66
[INFO] [stderr]    Compiling palette_derive v0.7.6
[INFO] [stderr]    Compiling phf v0.11.2
[INFO] [stderr]    Compiling futures-util v0.3.31
[INFO] [stderr]    Compiling thiserror v1.0.66
[INFO] [stderr]    Compiling futures-executor v0.3.31
[INFO] [stderr]    Compiling futures v0.3.31
[INFO] [stderr]    Compiling iced_core v0.13.2
[INFO] [stderr]    Compiling iced_futures v0.13.2 (/opt/rustwide/workdir)
[INFO] [stderr]     Finished `dev` profile [unoptimized + debuginfo] target(s) in 22.57s
[INFO] running `Command { std: "docker" "inspect" "0b5baeb336e1fac242d29d660ff2c3d442327edc7a8c092f1284b9e7606049f5", kill_on_drop: false }`
[INFO] running `Command { std: "docker" "rm" "-f" "0b5baeb336e1fac242d29d660ff2c3d442327edc7a8c092f1284b9e7606049f5", kill_on_drop: false }`
[INFO] [stdout] 0b5baeb336e1fac242d29d660ff2c3d442327edc7a8c092f1284b9e7606049f5
[INFO] running `Command { std: "docker" "create" "-v" "/var/lib/crater-agent-workspace/builds/worker-5-tc2/target:/opt/rustwide/target:rw,Z" "-v" "/var/lib/crater-agent-workspace/builds/worker-5-tc2/source:/opt/rustwide/workdir:ro,Z" "-v" "/var/lib/crater-agent-workspace/cargo-home:/opt/rustwide/cargo-home:ro,Z" "-v" "/var/lib/crater-agent-workspace/rustup-home:/opt/rustwide/rustup-home:ro,Z" "-e" "SOURCE_DIR=/opt/rustwide/workdir" "-e" "CARGO_TARGET_DIR=/opt/rustwide/target" "-e" "CARGO_INCREMENTAL=0" "-e" "RUST_BACKTRACE=full" "-e" "RUSTFLAGS=--cap-lints=forbid -Zrandomize-layout" "-e" "RUSTDOCFLAGS=--cap-lints=forbid" "-e" "CARGO_HOME=/opt/rustwide/cargo-home" "-e" "RUSTUP_HOME=/opt/rustwide/rustup-home" "-w" "/opt/rustwide/workdir" "-m" "1610612736" "--user" "0:0" "--network" "none" "ghcr.io/rust-lang/crates-build-env/linux@sha256:4a844ea9eb2546a2d2c7022eacef16ef2e8229c7fbb2c7d4d55a9ceca922f72d" "/opt/rustwide/cargo-home/bin/cargo" "+nightly-2024-10-28" "test" "--frozen" "--no-run" "--message-format=json", kill_on_drop: false }`
[INFO] [stdout] 7aff2984471d0a867cbbc590082ac5b1657136d67659b288d1b81ea449ef33e8
[INFO] running `Command { std: "docker" "start" "-a" "7aff2984471d0a867cbbc590082ac5b1657136d67659b288d1b81ea449ef33e8", kill_on_drop: false }`
[INFO] [stderr]    Compiling iced_futures v0.13.2 (/opt/rustwide/workdir)
[INFO] [stderr]     Finished `test` profile [unoptimized + debuginfo] target(s) in 0.55s
[INFO] running `Command { std: "docker" "inspect" "7aff2984471d0a867cbbc590082ac5b1657136d67659b288d1b81ea449ef33e8", kill_on_drop: false }`
[INFO] running `Command { std: "docker" "rm" "-f" "7aff2984471d0a867cbbc590082ac5b1657136d67659b288d1b81ea449ef33e8", kill_on_drop: false }`
[INFO] [stdout] 7aff2984471d0a867cbbc590082ac5b1657136d67659b288d1b81ea449ef33e8
[INFO] running `Command { std: "docker" "create" "-v" "/var/lib/crater-agent-workspace/builds/worker-5-tc2/target:/opt/rustwide/target:rw,Z" "-v" "/var/lib/crater-agent-workspace/builds/worker-5-tc2/source:/opt/rustwide/workdir:ro,Z" "-v" "/var/lib/crater-agent-workspace/cargo-home:/opt/rustwide/cargo-home:ro,Z" "-v" "/var/lib/crater-agent-workspace/rustup-home:/opt/rustwide/rustup-home:ro,Z" "-e" "SOURCE_DIR=/opt/rustwide/workdir" "-e" "CARGO_TARGET_DIR=/opt/rustwide/target" "-e" "CARGO_INCREMENTAL=0" "-e" "RUST_BACKTRACE=full" "-e" "RUSTFLAGS=--cap-lints=forbid -Zrandomize-layout" "-e" "RUSTDOCFLAGS=--cap-lints=forbid" "-e" "CARGO_HOME=/opt/rustwide/cargo-home" "-e" "RUSTUP_HOME=/opt/rustwide/rustup-home" "-w" "/opt/rustwide/workdir" "-m" "1610612736" "--user" "0:0" "--network" "none" "ghcr.io/rust-lang/crates-build-env/linux@sha256:4a844ea9eb2546a2d2c7022eacef16ef2e8229c7fbb2c7d4d55a9ceca922f72d" "/opt/rustwide/cargo-home/bin/cargo" "+nightly-2024-10-28" "test" "--frozen", kill_on_drop: false }`
[INFO] [stdout] 23ae105c8d47fb3759baa47bc1a0e93641f4dd520e269a7d8f443f27bdb5066a
[INFO] running `Command { std: "docker" "start" "-a" "23ae105c8d47fb3759baa47bc1a0e93641f4dd520e269a7d8f443f27bdb5066a", kill_on_drop: false }`
[INFO] [stderr]     Finished `test` profile [unoptimized + debuginfo] target(s) in 0.09s
[INFO] [stderr]      Running unittests src/lib.rs (/opt/rustwide/target/debug/deps/iced_futures-bf235c8c32bc0ce0)
[INFO] [stdout] 
[INFO] [stdout] running 0 tests
[INFO] [stdout] 
[INFO] [stdout] test result: ok. 0 passed; 0 failed; 0 ignored; 0 measured; 0 filtered out; finished in 0.00s
[INFO] [stdout] 
[INFO] [stderr]    Doc-tests iced_futures
[INFO] [stdout] 
[INFO] [stdout] running 2 tests
[INFO] [stdout] test src/subscription.rs - subscription::Subscription (line 69) ... FAILED
[INFO] [stdout] test src/subscription.rs - subscription::Subscription<T>::run (line 119) ... ok
[INFO] [stdout] 
[INFO] [stdout] failures:
[INFO] [stdout] 
[INFO] [stdout] ---- src/subscription.rs - subscription::Subscription (line 69) stdout ----
[INFO] [stdout] error[E0432]: unresolved import `iced_futures::backend::default::time::every`
[INFO] [stdout]  --> src/subscription.rs:73:17
[INFO] [stdout]   |
[INFO] [stdout] 7 |         pub use iced_futures::backend::default::time::every;
[INFO] [stdout]   |                 ^^^^^^^^^^^^^^^^^^^^^^^^^^^^^^^^^^^^^^^^^^^ no `every` in `backend::null::time`
[INFO] [stdout] 
[INFO] [stdout] error: aborting due to 1 previous error
[INFO] [stdout] 
[INFO] [stdout] For more information about this error, try `rustc --explain E0432`.
[INFO] [stdout] Couldn't compile the test.
[INFO] [stdout] 
[INFO] [stdout] failures:
[INFO] [stdout]     src/subscription.rs - subscription::Subscription (line 69)
[INFO] [stdout] 
[INFO] [stdout] test result: FAILED. 1 passed; 1 failed; 0 ignored; 0 measured; 0 filtered out; finished in 0.29s
[INFO] [stdout] 
[INFO] [stderr] error: doctest failed, to rerun pass `--doc`
[INFO] running `Command { std: "docker" "inspect" "23ae105c8d47fb3759baa47bc1a0e93641f4dd520e269a7d8f443f27bdb5066a", kill_on_drop: false }`
[INFO] running `Command { std: "docker" "rm" "-f" "23ae105c8d47fb3759baa47bc1a0e93641f4dd520e269a7d8f443f27bdb5066a", kill_on_drop: false }`
[INFO] [stdout] 23ae105c8d47fb3759baa47bc1a0e93641f4dd520e269a7d8f443f27bdb5066a
