[INFO] fetching crate ic-pluto 0.3.3...
[INFO] testing ic-pluto-0.3.3 against nightly-2024-10-28 for randomize-layout
[INFO] extracting crate ic-pluto 0.3.3 into /workspace/builds/worker-6-tc1/source
[INFO] validating manifest of crates.io crate ic-pluto 0.3.3 on toolchain nightly-2024-10-28
[INFO] running `Command { std: CARGO_HOME="/workspace/cargo-home" RUSTUP_HOME="/workspace/rustup-home" "/workspace/cargo-home/bin/cargo" "+nightly-2024-10-28" "metadata" "--manifest-path" "Cargo.toml" "--no-deps", kill_on_drop: false }`
[INFO] started tweaking crates.io crate ic-pluto 0.3.3
[INFO] finished tweaking crates.io crate ic-pluto 0.3.3
[INFO] tweaked toml for crates.io crate ic-pluto 0.3.3 written to /workspace/builds/worker-6-tc1/source/Cargo.toml
[INFO] running `Command { std: CARGO_HOME="/workspace/cargo-home" RUSTUP_HOME="/workspace/rustup-home" "/workspace/cargo-home/bin/cargo" "+nightly-2024-10-28" "generate-lockfile" "--manifest-path" "Cargo.toml", kill_on_drop: false }`
[INFO] [stderr]     Updating crates.io index
[INFO] [stderr]      Locking 91 packages to latest compatible versions
[INFO] [stderr]       Adding ic-cdk v0.13.5 (available: v0.16.0)
[INFO] [stderr]       Adding ic-cdk-macros v0.13.2 (available: v0.13.3)
[INFO] running `Command { std: CARGO_HOME="/workspace/cargo-home" RUSTUP_HOME="/workspace/rustup-home" "/workspace/cargo-home/bin/cargo" "+nightly-2024-10-28" "fetch" "--manifest-path" "Cargo.toml", kill_on_drop: false }`
[INFO] [stderr]  Downloading crates ...
[INFO] [stderr]   Downloaded ic-cdk-macros v0.13.2
[INFO] [stderr]   Downloaded matchit v0.8.4
[INFO] [stderr]   Downloaded ic0 v0.21.1
[INFO] [stderr]   Downloaded ic-cdk v0.13.5
[INFO] running `Command { std: "docker" "create" "-v" "/var/lib/crater-agent-workspace/builds/worker-6-tc1/target:/opt/rustwide/target:rw,Z" "-v" "/var/lib/crater-agent-workspace/builds/worker-6-tc1/source:/opt/rustwide/workdir:ro,Z" "-v" "/var/lib/crater-agent-workspace/cargo-home:/opt/rustwide/cargo-home:ro,Z" "-v" "/var/lib/crater-agent-workspace/rustup-home:/opt/rustwide/rustup-home:ro,Z" "-e" "SOURCE_DIR=/opt/rustwide/workdir" "-e" "CARGO_TARGET_DIR=/opt/rustwide/target" "-e" "CARGO_HOME=/opt/rustwide/cargo-home" "-e" "RUSTUP_HOME=/opt/rustwide/rustup-home" "-w" "/opt/rustwide/workdir" "-m" "1610612736" "--user" "0:0" "--network" "none" "ghcr.io/rust-lang/crates-build-env/linux@sha256:4a844ea9eb2546a2d2c7022eacef16ef2e8229c7fbb2c7d4d55a9ceca922f72d" "/opt/rustwide/cargo-home/bin/cargo" "+nightly-2024-10-28" "metadata" "--no-deps" "--format-version=1", kill_on_drop: false }`
[INFO] [stdout] 5d416f31f2c4066a1af67e2d6ac93fb373e909f0e13532db70bd13629b7049ef
[INFO] running `Command { std: "docker" "start" "-a" "5d416f31f2c4066a1af67e2d6ac93fb373e909f0e13532db70bd13629b7049ef", kill_on_drop: false }`
[INFO] running `Command { std: "docker" "inspect" "5d416f31f2c4066a1af67e2d6ac93fb373e909f0e13532db70bd13629b7049ef", kill_on_drop: false }`
[INFO] running `Command { std: "docker" "rm" "-f" "5d416f31f2c4066a1af67e2d6ac93fb373e909f0e13532db70bd13629b7049ef", kill_on_drop: false }`
[INFO] [stdout] 5d416f31f2c4066a1af67e2d6ac93fb373e909f0e13532db70bd13629b7049ef
[INFO] running `Command { std: "docker" "create" "-v" "/var/lib/crater-agent-workspace/builds/worker-6-tc1/target:/opt/rustwide/target:rw,Z" "-v" "/var/lib/crater-agent-workspace/builds/worker-6-tc1/source:/opt/rustwide/workdir:ro,Z" "-v" "/var/lib/crater-agent-workspace/cargo-home:/opt/rustwide/cargo-home:ro,Z" "-v" "/var/lib/crater-agent-workspace/rustup-home:/opt/rustwide/rustup-home:ro,Z" "-e" "SOURCE_DIR=/opt/rustwide/workdir" "-e" "CARGO_TARGET_DIR=/opt/rustwide/target" "-e" "CARGO_INCREMENTAL=0" "-e" "RUST_BACKTRACE=full" "-e" "RUSTFLAGS=--cap-lints=forbid" "-e" "RUSTDOCFLAGS=--cap-lints=forbid" "-e" "CARGO_HOME=/opt/rustwide/cargo-home" "-e" "RUSTUP_HOME=/opt/rustwide/rustup-home" "-w" "/opt/rustwide/workdir" "-m" "1610612736" "--user" "0:0" "--network" "none" "ghcr.io/rust-lang/crates-build-env/linux@sha256:4a844ea9eb2546a2d2c7022eacef16ef2e8229c7fbb2c7d4d55a9ceca922f72d" "/opt/rustwide/cargo-home/bin/cargo" "+nightly-2024-10-28" "build" "--frozen" "--message-format=json", kill_on_drop: false }`
[INFO] [stdout] 8db91b511c0534dced8a0f99257308ef430e22d32fd2ff303a7080880599cce0
[INFO] running `Command { std: "docker" "start" "-a" "8db91b511c0534dced8a0f99257308ef430e22d32fd2ff303a7080880599cce0", kill_on_drop: false }`
[INFO] [stderr]    Compiling syn v1.0.109
[INFO] [stderr]    Compiling rustversion v1.0.18
[INFO] [stderr]    Compiling cpufeatures v0.2.14
[INFO] [stderr]    Compiling either v1.13.0
[INFO] [stderr]    Compiling typed-arena v2.0.2
[INFO] [stderr]    Compiling arrayvec v0.5.2
[INFO] [stderr]    Compiling syn v2.0.86
[INFO] [stderr]    Compiling leb128 v0.2.5
[INFO] [stderr]    Compiling matchit v0.8.4
[INFO] [stderr]    Compiling sha2 v0.10.8
[INFO] [stderr]    Compiling pretty v0.12.3
[INFO] [stderr]    Compiling serde_derive v1.0.214
[INFO] [stderr]    Compiling thiserror-impl v1.0.66
[INFO] [stderr]    Compiling candid_derive v0.6.6
[INFO] [stderr]    Compiling binread_derive v2.1.0
[INFO] [stderr]    Compiling thiserror v1.0.66
[INFO] [stderr]    Compiling binread v2.2.0
[INFO] [stderr]    Compiling serde v1.0.214
[INFO] [stderr]    Compiling serde_bytes v0.11.15
[INFO] [stderr]    Compiling ic_principal v0.1.1
[INFO] [stderr]    Compiling num-bigint v0.4.6
[INFO] [stderr]    Compiling serde_json v1.0.132
[INFO] [stderr]    Compiling candid v0.10.10
[INFO] [stderr]    Compiling ic-pluto v0.3.3 (/opt/rustwide/workdir)
[INFO] [stdout] warning: elided lifetime has a name
[INFO] [stdout]    --> src/router.rs:120:22
[INFO] [stdout]     |
[INFO] [stdout] 116 |     pub(crate) fn lookup<'a>(
[INFO] [stdout]     |                          -- lifetime `'a` declared here
[INFO] [stdout] ...
[INFO] [stdout] 120 |     ) -> Result<Match<&HandlerContainer>, String> {
[INFO] [stdout]     |                      ^ this elided lifetime gets resolved as `'a`
[INFO] [stdout]     |
[INFO] [stdout]     = note: `#[warn(elided_named_lifetimes)]` on by default
[INFO] [stdout] 
[INFO] [stdout] 
[INFO] [stdout] warning: elided lifetime has a name
[INFO] [stdout]    --> src/router.rs:120:23
[INFO] [stdout]     |
[INFO] [stdout] 116 |     pub(crate) fn lookup<'a>(
[INFO] [stdout]     |                          -- lifetime `'a` declared here
[INFO] [stdout] ...
[INFO] [stdout] 120 |     ) -> Result<Match<&HandlerContainer>, String> {
[INFO] [stdout]     |                       ^ this elided lifetime gets resolved as `'a`
[INFO] [stdout] 
[INFO] [stdout] 
[INFO] [stdout] warning: methods `is_safe` and `is_idempotent` are never used
[INFO] [stdout]    --> src/method.rs:149:19
[INFO] [stdout]     |
[INFO] [stdout] 70  | impl Method {
[INFO] [stdout]     | ----------- methods in this implementation
[INFO] [stdout] ...
[INFO] [stdout] 149 |     pub(crate) fn is_safe(&self) -> bool {
[INFO] [stdout]     |                   ^^^^^^^
[INFO] [stdout] ...
[INFO] [stdout] 161 |     pub(crate) fn is_idempotent(&self) -> bool {
[INFO] [stdout]     |                   ^^^^^^^^^^^^^
[INFO] [stdout]     |
[INFO] [stdout]     = note: `#[warn(dead_code)]` on by default
[INFO] [stdout] 
[INFO] [stdout] 
[INFO] [stderr]     Finished `dev` profile [unoptimized + debuginfo] target(s) in 13.30s
[INFO] running `Command { std: "docker" "inspect" "8db91b511c0534dced8a0f99257308ef430e22d32fd2ff303a7080880599cce0", kill_on_drop: false }`
[INFO] running `Command { std: "docker" "rm" "-f" "8db91b511c0534dced8a0f99257308ef430e22d32fd2ff303a7080880599cce0", kill_on_drop: false }`
[INFO] [stdout] 8db91b511c0534dced8a0f99257308ef430e22d32fd2ff303a7080880599cce0
[INFO] running `Command { std: "docker" "create" "-v" "/var/lib/crater-agent-workspace/builds/worker-6-tc1/target:/opt/rustwide/target:rw,Z" "-v" "/var/lib/crater-agent-workspace/builds/worker-6-tc1/source:/opt/rustwide/workdir:ro,Z" "-v" "/var/lib/crater-agent-workspace/cargo-home:/opt/rustwide/cargo-home:ro,Z" "-v" "/var/lib/crater-agent-workspace/rustup-home:/opt/rustwide/rustup-home:ro,Z" "-e" "SOURCE_DIR=/opt/rustwide/workdir" "-e" "CARGO_TARGET_DIR=/opt/rustwide/target" "-e" "CARGO_INCREMENTAL=0" "-e" "RUST_BACKTRACE=full" "-e" "RUSTFLAGS=--cap-lints=forbid" "-e" "RUSTDOCFLAGS=--cap-lints=forbid" "-e" "CARGO_HOME=/opt/rustwide/cargo-home" "-e" "RUSTUP_HOME=/opt/rustwide/rustup-home" "-w" "/opt/rustwide/workdir" "-m" "1610612736" "--user" "0:0" "--network" "none" "ghcr.io/rust-lang/crates-build-env/linux@sha256:4a844ea9eb2546a2d2c7022eacef16ef2e8229c7fbb2c7d4d55a9ceca922f72d" "/opt/rustwide/cargo-home/bin/cargo" "+nightly-2024-10-28" "test" "--frozen" "--no-run" "--message-format=json", kill_on_drop: false }`
[INFO] [stdout] 548ea31b33c68f9a40929eea09762d8d8ea0fa22f84f6f18a7e5abc5b921e8ee
[INFO] running `Command { std: "docker" "start" "-a" "548ea31b33c68f9a40929eea09762d8d8ea0fa22f84f6f18a7e5abc5b921e8ee", kill_on_drop: false }`
[INFO] [stderr]    Compiling syn v1.0.109
[INFO] [stderr]    Compiling parking_lot_core v0.9.10
[INFO] [stderr]    Compiling tokio-macros v2.4.0
[INFO] [stderr]    Compiling ic0 v0.21.1
[INFO] [stderr]    Compiling parking_lot v0.12.3
[INFO] [stderr]    Compiling tokio v1.41.0
[INFO] [stderr]    Compiling serde_tokenstream v0.1.7
[INFO] [stderr]    Compiling binread_derive v2.1.0
[INFO] [stderr]    Compiling binread v2.2.0
[INFO] [stderr]    Compiling candid v0.10.10
[INFO] [stderr]    Compiling ic-cdk-macros v0.13.2
[INFO] [stderr]    Compiling ic-pluto v0.3.3 (/opt/rustwide/workdir)
[INFO] [stdout] warning: elided lifetime has a name
[INFO] [stdout]    --> src/router.rs:120:22
[INFO] [stdout]     |
[INFO] [stdout] 116 |     pub(crate) fn lookup<'a>(
[INFO] [stdout]     |                          -- lifetime `'a` declared here
[INFO] [stdout] ...
[INFO] [stdout] 120 |     ) -> Result<Match<&HandlerContainer>, String> {
[INFO] [stdout]     |                      ^ this elided lifetime gets resolved as `'a`
[INFO] [stdout]     |
[INFO] [stdout]     = note: `#[warn(elided_named_lifetimes)]` on by default
[INFO] [stdout] 
[INFO] [stdout] 
[INFO] [stdout] warning: elided lifetime has a name
[INFO] [stdout]    --> src/router.rs:120:23
[INFO] [stdout]     |
[INFO] [stdout] 116 |     pub(crate) fn lookup<'a>(
[INFO] [stdout]     |                          -- lifetime `'a` declared here
[INFO] [stdout] ...
[INFO] [stdout] 120 |     ) -> Result<Match<&HandlerContainer>, String> {
[INFO] [stdout]     |                       ^ this elided lifetime gets resolved as `'a`
[INFO] [stdout] 
[INFO] [stdout] 
[INFO] [stdout] warning: methods `is_safe` and `is_idempotent` are never used
[INFO] [stdout]    --> src/method.rs:149:19
[INFO] [stdout]     |
[INFO] [stdout] 70  | impl Method {
[INFO] [stdout]     | ----------- methods in this implementation
[INFO] [stdout] ...
[INFO] [stdout] 149 |     pub(crate) fn is_safe(&self) -> bool {
[INFO] [stdout]     |                   ^^^^^^^
[INFO] [stdout] ...
[INFO] [stdout] 161 |     pub(crate) fn is_idempotent(&self) -> bool {
[INFO] [stdout]     |                   ^^^^^^^^^^^^^
[INFO] [stdout]     |
[INFO] [stdout]     = note: `#[warn(dead_code)]` on by default
[INFO] [stdout] 
[INFO] [stdout] 
[INFO] [stderr]    Compiling ic-cdk v0.13.5
[INFO] [stdout] warning: elided lifetime has a name
[INFO] [stdout]    --> src/router.rs:120:22
[INFO] [stdout]     |
[INFO] [stdout] 116 |     pub(crate) fn lookup<'a>(
[INFO] [stdout]     |                          -- lifetime `'a` declared here
[INFO] [stdout] ...
[INFO] [stdout] 120 |     ) -> Result<Match<&HandlerContainer>, String> {
[INFO] [stdout]     |                      ^ this elided lifetime gets resolved as `'a`
[INFO] [stdout]     |
[INFO] [stdout]     = note: `#[warn(elided_named_lifetimes)]` on by default
[INFO] [stdout] 
[INFO] [stdout] 
[INFO] [stdout] warning: elided lifetime has a name
[INFO] [stdout]    --> src/router.rs:120:23
[INFO] [stdout]     |
[INFO] [stdout] 116 |     pub(crate) fn lookup<'a>(
[INFO] [stdout]     |                          -- lifetime `'a` declared here
[INFO] [stdout] ...
[INFO] [stdout] 120 |     ) -> Result<Match<&HandlerContainer>, String> {
[INFO] [stdout]     |                       ^ this elided lifetime gets resolved as `'a`
[INFO] [stdout] 
[INFO] [stdout] 
[INFO] [stdout] warning: unused variable: `response`
[INFO] [stdout]    --> src/router.rs:701:13
[INFO] [stdout]     |
[INFO] [stdout] 701 |         let response = HttpResponse {
[INFO] [stdout]     |             ^^^^^^^^ help: if this is intentional, prefix it with an underscore: `_response`
[INFO] [stdout]     |
[INFO] [stdout]     = note: `#[warn(unused_variables)]` on by default
[INFO] [stdout] 
[INFO] [stdout] 
[INFO] [stderr]     Finished `test` profile [unoptimized + debuginfo] target(s) in 12.28s
[INFO] running `Command { std: "docker" "inspect" "548ea31b33c68f9a40929eea09762d8d8ea0fa22f84f6f18a7e5abc5b921e8ee", kill_on_drop: false }`
[INFO] running `Command { std: "docker" "rm" "-f" "548ea31b33c68f9a40929eea09762d8d8ea0fa22f84f6f18a7e5abc5b921e8ee", kill_on_drop: false }`
[INFO] [stdout] 548ea31b33c68f9a40929eea09762d8d8ea0fa22f84f6f18a7e5abc5b921e8ee
[INFO] running `Command { std: "docker" "create" "-v" "/var/lib/crater-agent-workspace/builds/worker-6-tc1/target:/opt/rustwide/target:rw,Z" "-v" "/var/lib/crater-agent-workspace/builds/worker-6-tc1/source:/opt/rustwide/workdir:ro,Z" "-v" "/var/lib/crater-agent-workspace/cargo-home:/opt/rustwide/cargo-home:ro,Z" "-v" "/var/lib/crater-agent-workspace/rustup-home:/opt/rustwide/rustup-home:ro,Z" "-e" "SOURCE_DIR=/opt/rustwide/workdir" "-e" "CARGO_TARGET_DIR=/opt/rustwide/target" "-e" "CARGO_INCREMENTAL=0" "-e" "RUST_BACKTRACE=full" "-e" "RUSTFLAGS=--cap-lints=forbid" "-e" "RUSTDOCFLAGS=--cap-lints=forbid" "-e" "CARGO_HOME=/opt/rustwide/cargo-home" "-e" "RUSTUP_HOME=/opt/rustwide/rustup-home" "-w" "/opt/rustwide/workdir" "-m" "1610612736" "--user" "0:0" "--network" "none" "ghcr.io/rust-lang/crates-build-env/linux@sha256:4a844ea9eb2546a2d2c7022eacef16ef2e8229c7fbb2c7d4d55a9ceca922f72d" "/opt/rustwide/cargo-home/bin/cargo" "+nightly-2024-10-28" "test" "--frozen", kill_on_drop: false }`
[INFO] [stdout] d187b74f4cda49c6494e0eceb728ab9bc268b7cc29b23dbda899dbb69b6229a2
[INFO] running `Command { std: "docker" "start" "-a" "d187b74f4cda49c6494e0eceb728ab9bc268b7cc29b23dbda899dbb69b6229a2", kill_on_drop: false }`
[INFO] [stderr] warning: elided lifetime has a name
[INFO] [stderr]    --> src/router.rs:120:22
[INFO] [stderr]     |
[INFO] [stderr] 116 |     pub(crate) fn lookup<'a>(
[INFO] [stderr]     |                          -- lifetime `'a` declared here
[INFO] [stderr] ...
[INFO] [stderr] 120 |     ) -> Result<Match<&HandlerContainer>, String> {
[INFO] [stderr]     |                      ^ this elided lifetime gets resolved as `'a`
[INFO] [stderr]     |
[INFO] [stderr]     = note: `#[warn(elided_named_lifetimes)]` on by default
[INFO] [stderr] 
[INFO] [stderr] warning: elided lifetime has a name
[INFO] [stderr]    --> src/router.rs:120:23
[INFO] [stderr]     |
[INFO] [stderr] 116 |     pub(crate) fn lookup<'a>(
[INFO] [stderr]     |                          -- lifetime `'a` declared here
[INFO] [stderr] ...
[INFO] [stderr] 120 |     ) -> Result<Match<&HandlerContainer>, String> {
[INFO] [stderr]     |                       ^ this elided lifetime gets resolved as `'a`
[INFO] [stderr] 
[INFO] [stderr] warning: methods `is_safe` and `is_idempotent` are never used
[INFO] [stderr]    --> src/method.rs:149:19
[INFO] [stderr]     |
[INFO] [stderr] 70  | impl Method {
[INFO] [stderr]     | ----------- methods in this implementation
[INFO] [stderr] ...
[INFO] [stderr] 149 |     pub(crate) fn is_safe(&self) -> bool {
[INFO] [stderr]     |                   ^^^^^^^
[INFO] [stderr] ...
[INFO] [stderr] 161 |     pub(crate) fn is_idempotent(&self) -> bool {
[INFO] [stderr]     |                   ^^^^^^^^^^^^^
[INFO] [stderr]     |
[INFO] [stderr]     = note: `#[warn(dead_code)]` on by default
[INFO] [stderr] 
[INFO] [stderr] warning: `ic-pluto` (lib) generated 3 warnings
[INFO] [stderr] warning: unused variable: `response`
[INFO] [stderr]    --> src/router.rs:701:13
[INFO] [stderr]     |
[INFO] [stderr] 701 |         let response = HttpResponse {
[INFO] [stderr]     |             ^^^^^^^^ help: if this is intentional, prefix it with an underscore: `_response`
[INFO] [stderr]     |
[INFO] [stderr]     = note: `#[warn(unused_variables)]` on by default
[INFO] [stderr] 
[INFO] [stderr] warning: `ic-pluto` (lib test) generated 3 warnings (2 duplicates)
[INFO] [stderr]     Finished `test` profile [unoptimized + debuginfo] target(s) in 0.06s
[INFO] [stderr]      Running unittests src/lib.rs (/opt/rustwide/target/debug/deps/ic_pluto-6d8cedcdeaa4cecc)
[INFO] [stdout] 
[INFO] [stdout] running 8 tests
[INFO] [stdout] test all_or_some::tests ... ok
[INFO] [stdout] test method::test::test_extention_method ... ok
[INFO] [stdout] test method::test::test_invalid_method ... ok
[INFO] [stdout] test method::test::test_is_idempotent ... ok
[INFO] [stdout] test method::test::test_method_eq ... ok
[INFO] [stdout] test router::test::test_router ... ok
[INFO] [stdout] test router::test::test_router_prefix ... ok
[INFO] [stdout] test router::test::test_lookup_works ... ok
[INFO] [stdout] 
[INFO] [stdout] test result: ok. 8 passed; 0 failed; 0 ignored; 0 measured; 0 filtered out; finished in 0.00s
[INFO] [stdout] 
[INFO] [stderr]    Doc-tests ic_pluto
[INFO] [stdout] 
[INFO] [stdout] running 20 tests
[INFO] [stdout] test src/method.rs - method (line 12) ... FAILED
[INFO] [stdout] test src/router.rs - router::Router::patch (line 292) ... FAILED
[INFO] [stdout] test src/method.rs - method::Method (line 39) ... FAILED
[INFO] [stdout] test src/router.rs - router::Router::options (line 198) ... FAILED
[INFO] [stdout] test src/router.rs - router::Router::delete (line 325) ... FAILED
[INFO] [stdout] test src/router.rs - router::Router::handle_options (line 359) ... FAILED
[INFO] [stdout] test src/http.rs - http::HttpServe::serve (line 467) ... FAILED
[INFO] [stdout] test src/router.rs - router::Router::get (line 137) ... FAILED
[INFO] [stdout] test src/http.rs - http::http_serve (line 242) ... FAILED
[INFO] [stdout] test src/router.rs - router::Router::new (line 34) ... FAILED
[INFO] [stdout] test src/router.rs - router::Router::handle (line 66) ... FAILED
[INFO] [stdout] test src/router.rs - router::Router::global_options (line 373) ... FAILED
[INFO] [stdout] test src/router.rs - router::Router::allowed (line 403) ... FAILED
[INFO] [stdout] test src/router.rs - router::Router::head (line 165) ... FAILED
[INFO] [stdout] test src/http.rs - http::http_serve_router (line 191) ... FAILED
[INFO] [stdout] test src/router.rs - router::Router::put (line 264) ... FAILED
[INFO] [stdout] test src/router.rs - router::Router::set_global_prefix (line 51) ... FAILED
[INFO] [stdout] test src/router.rs - router::Router::post (line 231) ... FAILED
[INFO] [stdout] test src/static_files.rs - static_files::use_static_files (line 10) ... FAILED
[INFO] [stdout] test src/http.rs - http::HttpServe::use_cors (line 426) ... FAILED
[INFO] [stdout] 
[INFO] [stdout] failures:
[INFO] [stdout] 
[INFO] [stdout] ---- src/method.rs - method (line 12) stdout ----
[INFO] [stdout] error[E0433]: failed to resolve: use of undeclared crate or module `pluto`
[INFO] [stdout]  --> src/method.rs:13:5
[INFO] [stdout]   |
[INFO] [stdout] 3 | use pluto::method::Method;
[INFO] [stdout]   |     ^^^^^ use of undeclared crate or module `pluto`
[INFO] [stdout] 
[INFO] [stdout] error: aborting due to 1 previous error
[INFO] [stdout] 
[INFO] [stdout] For more information about this error, try `rustc --explain E0433`.
[INFO] [stdout] Couldn't compile the test.
[INFO] [stdout] ---- src/router.rs - router::Router::patch (line 292) stdout ----
[INFO] [stdout] error[E0433]: failed to resolve: use of undeclared crate or module `pluto`
[INFO] [stdout]  --> src/router.rs:293:5
[INFO] [stdout]   |
[INFO] [stdout] 3 | use pluto::router::Router;
[INFO] [stdout]   |     ^^^^^ use of undeclared crate or module `pluto`
[INFO] [stdout] 
[INFO] [stdout] error[E0433]: failed to resolve: use of undeclared crate or module `pluto`
[INFO] [stdout]  --> src/router.rs:294:5
[INFO] [stdout]   |
[INFO] [stdout] 4 | use pluto::http::{HttpRequest, HttpResponse};
[INFO] [stdout]   |     ^^^^^ use of undeclared crate or module `pluto`
[INFO] [stdout] 
[INFO] [stdout] error[E0433]: failed to resolve: use of undeclared crate or module `pluto`
[INFO] [stdout]  --> src/router.rs:295:5
[INFO] [stdout]   |
[INFO] [stdout] 5 | use pluto::method::Method;
[INFO] [stdout]   |     ^^^^^ use of undeclared crate or module `pluto`
[INFO] [stdout] 
[INFO] [stdout] error: aborting due to 3 previous errors
[INFO] [stdout] 
[INFO] [stdout] For more information about this error, try `rustc --explain E0433`.
[INFO] [stdout] Couldn't compile the test.
[INFO] [stdout] ---- src/method.rs - method::Method (line 39) stdout ----
[INFO] [stdout] error[E0433]: failed to resolve: use of undeclared crate or module `pluto`
[INFO] [stdout]  --> src/method.rs:40:5
[INFO] [stdout]   |
[INFO] [stdout] 3 | use pluto::method::Method;
[INFO] [stdout]   |     ^^^^^ use of undeclared crate or module `pluto`
[INFO] [stdout] 
[INFO] [stdout] error: aborting due to 1 previous error
[INFO] [stdout] 
[INFO] [stdout] For more information about this error, try `rustc --explain E0433`.
[INFO] [stdout] Couldn't compile the test.
[INFO] [stdout] ---- src/router.rs - router::Router::options (line 198) stdout ----
[INFO] [stdout] error[E0433]: failed to resolve: use of undeclared crate or module `pluto`
[INFO] [stdout]  --> src/router.rs:199:5
[INFO] [stdout]   |
[INFO] [stdout] 3 | use pluto::router::Router;
[INFO] [stdout]   |     ^^^^^ use of undeclared crate or module `pluto`
[INFO] [stdout] 
[INFO] [stdout] error[E0433]: failed to resolve: use of undeclared crate or module `pluto`
[INFO] [stdout]  --> src/router.rs:200:5
[INFO] [stdout]   |
[INFO] [stdout] 4 | use pluto::http::{HttpRequest, HttpResponse};
[INFO] [stdout]   |     ^^^^^ use of undeclared crate or module `pluto`
[INFO] [stdout] 
[INFO] [stdout] error[E0433]: failed to resolve: use of undeclared crate or module `pluto`
[INFO] [stdout]  --> src/router.rs:201:5
[INFO] [stdout]   |
[INFO] [stdout] 5 | use pluto::method::Method;
[INFO] [stdout]   |     ^^^^^ use of undeclared crate or module `pluto`
[INFO] [stdout] 
[INFO] [stdout] error: aborting due to 3 previous errors
[INFO] [stdout] 
[INFO] [stdout] For more information about this error, try `rustc --explain E0433`.
[INFO] [stdout] Couldn't compile the test.
[INFO] [stdout] ---- src/router.rs - router::Router::delete (line 325) stdout ----
[INFO] [stdout] error[E0433]: failed to resolve: use of undeclared crate or module `pluto`
[INFO] [stdout]  --> src/router.rs:326:5
[INFO] [stdout]   |
[INFO] [stdout] 3 | use pluto::router::Router;
[INFO] [stdout]   |     ^^^^^ use of undeclared crate or module `pluto`
[INFO] [stdout] 
[INFO] [stdout] error[E0433]: failed to resolve: use of undeclared crate or module `pluto`
[INFO] [stdout]  --> src/router.rs:327:5
[INFO] [stdout]   |
[INFO] [stdout] 4 | use pluto::http::{HttpRequest, HttpResponse};
[INFO] [stdout]   |     ^^^^^ use of undeclared crate or module `pluto`
[INFO] [stdout] 
[INFO] [stdout] error[E0433]: failed to resolve: use of undeclared crate or module `pluto`
[INFO] [stdout]  --> src/router.rs:328:5
[INFO] [stdout]   |
[INFO] [stdout] 5 | use pluto::method::Method;
[INFO] [stdout]   |     ^^^^^ use of undeclared crate or module `pluto`
[INFO] [stdout] 
[INFO] [stdout] error: aborting due to 3 previous errors
[INFO] [stdout] 
[INFO] [stdout] For more information about this error, try `rustc --explain E0433`.
[INFO] [stdout] Couldn't compile the test.
[INFO] [stdout] ---- src/router.rs - router::Router::handle_options (line 359) stdout ----
[INFO] [stdout] error[E0433]: failed to resolve: use of undeclared crate or module `pluto`
[INFO] [stdout]  --> src/router.rs:360:5
[INFO] [stdout]   |
[INFO] [stdout] 3 | use pluto::router::Router;
[INFO] [stdout]   |     ^^^^^ use of undeclared crate or module `pluto`
[INFO] [stdout] 
[INFO] [stdout] error: aborting due to 1 previous error
[INFO] [stdout] 
[INFO] [stdout] For more information about this error, try `rustc --explain E0433`.
[INFO] [stdout] Couldn't compile the test.
[INFO] [stdout] ---- src/http.rs - http::HttpServe::serve (line 467) stdout ----
[INFO] [stdout] error[E0433]: failed to resolve: use of undeclared crate or module `pluto`
[INFO] [stdout]  --> src/http.rs:470:5
[INFO] [stdout]   |
[INFO] [stdout] 5 | use pluto::router::Router;
[INFO] [stdout]   |     ^^^^^ use of undeclared crate or module `pluto`
[INFO] [stdout] 
[INFO] [stdout] error[E0433]: failed to resolve: use of undeclared crate or module `pluto`
[INFO] [stdout]  --> src/http.rs:472:5
[INFO] [stdout]   |
[INFO] [stdout] 7 | use pluto::http::{RawHttpRequest, RawHttpResponse};
[INFO] [stdout]   |     ^^^^^ use of undeclared crate or module `pluto`
[INFO] [stdout] 
[INFO] [stdout] error[E0433]: failed to resolve: use of undeclared crate or module `pluto`
[INFO] [stdout]  --> src/http.rs:473:5
[INFO] [stdout]   |
[INFO] [stdout] 8 | use pluto::http::HttpServe;
[INFO] [stdout]   |     ^^^^^ use of undeclared crate or module `pluto`
[INFO] [stdout] 
[INFO] [stdout] error[E0432]: unresolved import `pluto`
[INFO] [stdout]  --> src/http.rs:471:5
[INFO] [stdout]   |
[INFO] [stdout] 6 | use pluto::http_serve;
[INFO] [stdout]   |     ^^^^^ use of undeclared crate or module `pluto`
[INFO] [stdout] 
[INFO] [stdout] error: aborting due to 4 previous errors
[INFO] [stdout] 
[INFO] [stdout] Some errors have detailed explanations: E0432, E0433.
[INFO] [stdout] For more information about an error, try `rustc --explain E0432`.
[INFO] [stdout] Couldn't compile the test.
[INFO] [stdout] ---- src/router.rs - router::Router::get (line 137) stdout ----
[INFO] [stdout] error[E0433]: failed to resolve: use of undeclared crate or module `pluto`
[INFO] [stdout]  --> src/router.rs:138:5
[INFO] [stdout]   |
[INFO] [stdout] 3 | use pluto::router::Router;
[INFO] [stdout]   |     ^^^^^ use of undeclared crate or module `pluto`
[INFO] [stdout] 
[INFO] [stdout] error[E0433]: failed to resolve: use of undeclared crate or module `pluto`
[INFO] [stdout]  --> src/router.rs:139:5
[INFO] [stdout]   |
[INFO] [stdout] 4 | use pluto::http::{HttpRequest, HttpResponse};
[INFO] [stdout]   |     ^^^^^ use of undeclared crate or module `pluto`
[INFO] [stdout] 
[INFO] [stdout] error[E0433]: failed to resolve: use of undeclared crate or module `pluto`
[INFO] [stdout]  --> src/router.rs:140:5
[INFO] [stdout]   |
[INFO] [stdout] 5 | use pluto::method::Method;
[INFO] [stdout]   |     ^^^^^ use of undeclared crate or module `pluto`
[INFO] [stdout] 
[INFO] [stdout] error: aborting due to 3 previous errors
[INFO] [stdout] 
[INFO] [stdout] For more information about this error, try `rustc --explain E0433`.
[INFO] [stdout] Couldn't compile the test.
[INFO] [stdout] ---- src/http.rs - http::http_serve (line 242) stdout ----
[INFO] [stdout] error[E0433]: failed to resolve: use of undeclared crate or module `pluto`
[INFO] [stdout]  --> src/http.rs:245:5
[INFO] [stdout]   |
[INFO] [stdout] 5 | use pluto::router::Router;
[INFO] [stdout]   |     ^^^^^ use of undeclared crate or module `pluto`
[INFO] [stdout] 
[INFO] [stdout] error[E0433]: failed to resolve: use of undeclared crate or module `pluto`
[INFO] [stdout]  --> src/http.rs:247:5
[INFO] [stdout]   |
[INFO] [stdout] 7 | use pluto::http::{RawHttpRequest, RawHttpResponse};
[INFO] [stdout]   |     ^^^^^ use of undeclared crate or module `pluto`
[INFO] [stdout] 
[INFO] [stdout] error[E0433]: failed to resolve: use of undeclared crate or module `pluto`
[INFO] [stdout]  --> src/http.rs:248:5
[INFO] [stdout]   |
[INFO] [stdout] 8 | use pluto::http::HttpServe;
[INFO] [stdout]   |     ^^^^^ use of undeclared crate or module `pluto`
[INFO] [stdout] 
[INFO] [stdout] error[E0432]: unresolved import `pluto`
[INFO] [stdout]  --> src/http.rs:246:5
[INFO] [stdout]   |
[INFO] [stdout] 6 | use pluto::http_serve;
[INFO] [stdout]   |     ^^^^^ use of undeclared crate or module `pluto`
[INFO] [stdout] 
[INFO] [stdout] error: aborting due to 4 previous errors
[INFO] [stdout] 
[INFO] [stdout] Some errors have detailed explanations: E0432, E0433.
[INFO] [stdout] For more information about an error, try `rustc --explain E0432`.
[INFO] [stdout] Couldn't compile the test.
[INFO] [stdout] ---- src/router.rs - router::Router::new (line 34) stdout ----
[INFO] [stdout] error[E0433]: failed to resolve: use of undeclared crate or module `pluto`
[INFO] [stdout]  --> src/router.rs:35:5
[INFO] [stdout]   |
[INFO] [stdout] 3 | use pluto::router::Router;
[INFO] [stdout]   |     ^^^^^ use of undeclared crate or module `pluto`
[INFO] [stdout] 
[INFO] [stdout] error: aborting due to 1 previous error
[INFO] [stdout] 
[INFO] [stdout] For more information about this error, try `rustc --explain E0433`.
[INFO] [stdout] Couldn't compile the test.
[INFO] [stdout] ---- src/router.rs - router::Router::handle (line 66) stdout ----
[INFO] [stdout] error[E0433]: failed to resolve: use of undeclared crate or module `pluto`
[INFO] [stdout]  --> src/router.rs:67:5
[INFO] [stdout]   |
[INFO] [stdout] 3 | use pluto::router::Router;
[INFO] [stdout]   |     ^^^^^ use of undeclared crate or module `pluto`
[INFO] [stdout] 
[INFO] [stdout] error[E0433]: failed to resolve: use of undeclared crate or module `pluto`
[INFO] [stdout]  --> src/router.rs:68:5
[INFO] [stdout]   |
[INFO] [stdout] 4 | use pluto::http::{HttpRequest, HttpResponse};
[INFO] [stdout]   |     ^^^^^ use of undeclared crate or module `pluto`
[INFO] [stdout] 
[INFO] [stdout] error[E0433]: failed to resolve: use of undeclared crate or module `pluto`
[INFO] [stdout]  --> src/router.rs:69:5
[INFO] [stdout]   |
[INFO] [stdout] 5 | use pluto::method::Method;
[INFO] [stdout]   |     ^^^^^ use of undeclared crate or module `pluto`
[INFO] [stdout] 
[INFO] [stdout] error: aborting due to 3 previous errors
[INFO] [stdout] 
[INFO] [stdout] For more information about this error, try `rustc --explain E0433`.
[INFO] [stdout] Couldn't compile the test.
[INFO] [stdout] ---- src/router.rs - router::Router::global_options (line 373) stdout ----
[INFO] [stdout] error[E0433]: failed to resolve: use of undeclared crate or module `pluto`
[INFO] [stdout]  --> src/router.rs:374:5
[INFO] [stdout]   |
[INFO] [stdout] 3 | use pluto::router::Router;
[INFO] [stdout]   |     ^^^^^ use of undeclared crate or module `pluto`
[INFO] [stdout] 
[INFO] [stdout] error[E0433]: failed to resolve: use of undeclared crate or module `pluto`
[INFO] [stdout]  --> src/router.rs:375:5
[INFO] [stdout]   |
[INFO] [stdout] 4 | use pluto::http::{HttpRequest, HttpResponse};
[INFO] [stdout]   |     ^^^^^ use of undeclared crate or module `pluto`
[INFO] [stdout] 
[INFO] [stdout] error: aborting due to 2 previous errors
[INFO] [stdout] 
[INFO] [stdout] For more information about this error, try `rustc --explain E0433`.
[INFO] [stdout] Couldn't compile the test.
[INFO] [stdout] ---- src/router.rs - router::Router::allowed (line 403) stdout ----
[INFO] [stdout] error[E0433]: failed to resolve: use of undeclared crate or module `pluto`
[INFO] [stdout]  --> src/router.rs:404:5
[INFO] [stdout]   |
[INFO] [stdout] 3 | use pluto::router::Router;
[INFO] [stdout]   |     ^^^^^ use of undeclared crate or module `pluto`
[INFO] [stdout] 
[INFO] [stdout] error[E0433]: failed to resolve: use of undeclared crate or module `pluto`
[INFO] [stdout]  --> src/router.rs:405:5
[INFO] [stdout]   |
[INFO] [stdout] 4 | use pluto::http::{HttpRequest, HttpResponse};
[INFO] [stdout]   |     ^^^^^ use of undeclared crate or module `pluto`
[INFO] [stdout] 
[INFO] [stdout] error: aborting due to 2 previous errors
[INFO] [stdout] 
[INFO] [stdout] For more information about this error, try `rustc --explain E0433`.
[INFO] [stdout] Couldn't compile the test.
[INFO] [stdout] ---- src/router.rs - router::Router::head (line 165) stdout ----
[INFO] [stdout] error[E0433]: failed to resolve: use of undeclared crate or module `pluto`
[INFO] [stdout]  --> src/router.rs:166:5
[INFO] [stdout]   |
[INFO] [stdout] 3 | use pluto::router::Router;
[INFO] [stdout]   |     ^^^^^ use of undeclared crate or module `pluto`
[INFO] [stdout] 
[INFO] [stdout] error[E0433]: failed to resolve: use of undeclared crate or module `pluto`
[INFO] [stdout]  --> src/router.rs:167:5
[INFO] [stdout]   |
[INFO] [stdout] 4 | use pluto::http::{HttpRequest, HttpResponse};
[INFO] [stdout]   |     ^^^^^ use of undeclared crate or module `pluto`
[INFO] [stdout] 
[INFO] [stdout] error[E0433]: failed to resolve: use of undeclared crate or module `pluto`
[INFO] [stdout]  --> src/router.rs:168:5
[INFO] [stdout]   |
[INFO] [stdout] 5 | use pluto::method::Method;
[INFO] [stdout]   |     ^^^^^ use of undeclared crate or module `pluto`
[INFO] [stdout] 
[INFO] [stdout] error: aborting due to 3 previous errors
[INFO] [stdout] 
[INFO] [stdout] For more information about this error, try `rustc --explain E0433`.
[INFO] [stdout] Couldn't compile the test.
[INFO] [stdout] ---- src/http.rs - http::http_serve_router (line 191) stdout ----
[INFO] [stdout] error[E0433]: failed to resolve: use of undeclared crate or module `pluto`
[INFO] [stdout]  --> src/http.rs:194:5
[INFO] [stdout]   |
[INFO] [stdout] 5 | use pluto::router::Router;
[INFO] [stdout]   |     ^^^^^ use of undeclared crate or module `pluto`
[INFO] [stdout] 
[INFO] [stdout] error[E0433]: failed to resolve: use of undeclared crate or module `pluto`
[INFO] [stdout]  --> src/http.rs:196:5
[INFO] [stdout]   |
[INFO] [stdout] 7 | use pluto::http::{RawHttpRequest, RawHttpResponse};
[INFO] [stdout]   |     ^^^^^ use of undeclared crate or module `pluto`
[INFO] [stdout] 
[INFO] [stdout] error[E0433]: failed to resolve: use of undeclared crate or module `pluto`
[INFO] [stdout]  --> src/http.rs:197:5
[INFO] [stdout]   |
[INFO] [stdout] 8 | use pluto::http::HttpServe;
[INFO] [stdout]   |     ^^^^^ use of undeclared crate or module `pluto`
[INFO] [stdout] 
[INFO] [stdout] error[E0432]: unresolved import `pluto`
[INFO] [stdout]  --> src/http.rs:195:5
[INFO] [stdout]   |
[INFO] [stdout] 6 | use pluto::http_serve_router;
[INFO] [stdout]   |     ^^^^^ use of undeclared crate or module `pluto`
[INFO] [stdout] 
[INFO] [stdout] error: aborting due to 4 previous errors
[INFO] [stdout] 
[INFO] [stdout] Some errors have detailed explanations: E0432, E0433.
[INFO] [stdout] For more information about an error, try `rustc --explain E0432`.
[INFO] [stdout] Couldn't compile the test.
[INFO] [stdout] ---- src/router.rs - router::Router::put (line 264) stdout ----
[INFO] [stdout] error[E0433]: failed to resolve: use of undeclared crate or module `pluto`
[INFO] [stdout]  --> src/router.rs:265:5
[INFO] [stdout]   |
[INFO] [stdout] 3 | use pluto::router::Router;
[INFO] [stdout]   |     ^^^^^ use of undeclared crate or module `pluto`
[INFO] [stdout] 
[INFO] [stdout] error[E0433]: failed to resolve: use of undeclared crate or module `pluto`
[INFO] [stdout]  --> src/router.rs:266:5
[INFO] [stdout]   |
[INFO] [stdout] 4 | use pluto::http::{HttpRequest, HttpResponse};
[INFO] [stdout]   |     ^^^^^ use of undeclared crate or module `pluto`
[INFO] [stdout] 
[INFO] [stdout] error[E0433]: failed to resolve: use of undeclared crate or module `pluto`
[INFO] [stdout]  --> src/router.rs:267:5
[INFO] [stdout]   |
[INFO] [stdout] 5 | use pluto::method::Method;
[INFO] [stdout]   |     ^^^^^ use of undeclared crate or module `pluto`
[INFO] [stdout] 
[INFO] [stdout] error: aborting due to 3 previous errors
[INFO] [stdout] 
[INFO] [stdout] For more information about this error, try `rustc --explain E0433`.
[INFO] [stdout] Couldn't compile the test.
[INFO] [stdout] ---- src/router.rs - router::Router::set_global_prefix (line 51) stdout ----
[INFO] [stdout] error[E0433]: failed to resolve: use of undeclared crate or module `pluto`
[INFO] [stdout]  --> src/router.rs:52:5
[INFO] [stdout]   |
[INFO] [stdout] 3 | use pluto::router::Router;
[INFO] [stdout]   |     ^^^^^ use of undeclared crate or module `pluto`
[INFO] [stdout] 
[INFO] [stdout] error: aborting due to 1 previous error
[INFO] [stdout] 
[INFO] [stdout] For more information about this error, try `rustc --explain E0433`.
[INFO] [stdout] Couldn't compile the test.
[INFO] [stdout] ---- src/router.rs - router::Router::post (line 231) stdout ----
[INFO] [stdout] error[E0433]: failed to resolve: use of undeclared crate or module `pluto`
[INFO] [stdout]  --> src/router.rs:232:5
[INFO] [stdout]   |
[INFO] [stdout] 3 | use pluto::router::Router;
[INFO] [stdout]   |     ^^^^^ use of undeclared crate or module `pluto`
[INFO] [stdout] 
[INFO] [stdout] error[E0433]: failed to resolve: use of undeclared crate or module `pluto`
[INFO] [stdout]  --> src/router.rs:233:5
[INFO] [stdout]   |
[INFO] [stdout] 4 | use pluto::http::{HttpRequest, HttpResponse};
[INFO] [stdout]   |     ^^^^^ use of undeclared crate or module `pluto`
[INFO] [stdout] 
[INFO] [stdout] error[E0433]: failed to resolve: use of undeclared crate or module `pluto`
[INFO] [stdout]  --> src/router.rs:234:5
[INFO] [stdout]   |
[INFO] [stdout] 5 | use pluto::method::Method;
[INFO] [stdout]   |     ^^^^^ use of undeclared crate or module `pluto`
[INFO] [stdout] 
[INFO] [stdout] error: aborting due to 3 previous errors
[INFO] [stdout] 
[INFO] [stdout] For more information about this error, try `rustc --explain E0433`.
[INFO] [stdout] Couldn't compile the test.
[INFO] [stdout] ---- src/static_files.rs - static_files::use_static_files (line 10) stdout ----
[INFO] [stdout] error[E0433]: failed to resolve: use of undeclared crate or module `pluto`
[INFO] [stdout]  --> src/static_files.rs:15:9
[INFO] [stdout]   |
[INFO] [stdout] 7 |         pluto::use_static_files!(instance);
[INFO] [stdout]   |         ^^^^^ use of undeclared crate or module `pluto`
[INFO] [stdout] 
[INFO] [stdout] error: cannot find attribute `post_upgrade` in this scope
[INFO] [stdout]  --> src/static_files.rs:11:3
[INFO] [stdout]   |
[INFO] [stdout] 3 | #[post_upgrade]
[INFO] [stdout]   |   ^^^^^^^^^^^^
[INFO] [stdout]   |
[INFO] [stdout]   = note: `post_upgrade` is in scope, but it is a function, not an attribute
[INFO] [stdout] help: consider importing this attribute macro
[INFO] [stdout]   |
[INFO] [stdout] 2 + use ic_cdk::post_upgrade;
[INFO] [stdout]   |
[INFO] [stdout] 
[INFO] [stdout] error[E0425]: cannot find value `ROUTER` in this scope
[INFO] [stdout]  --> src/static_files.rs:13:5
[INFO] [stdout]   |
[INFO] [stdout] 5 |     ROUTER.with(|r| {
[INFO] [stdout]   |     ^^^^^^ not found in this scope
[INFO] [stdout] 
[INFO] [stdout] error[E0433]: failed to resolve: use of undeclared crate or module `controller`
[INFO] [stdout]  --> src/static_files.rs:14:28
[INFO] [stdout]   |
[INFO] [stdout] 6 |         let mut instance = controller::setup();
[INFO] [stdout]   |                            ^^^^^^^^^^ use of undeclared crate or module `controller`
[INFO] [stdout] 
[INFO] [stdout] error: aborting due to 4 previous errors
[INFO] [stdout] 
[INFO] [stdout] Some errors have detailed explanations: E0425, E0433.
[INFO] [stdout] For more information about an error, try `rustc --explain E0425`.
[INFO] [stdout] Couldn't compile the test.
[INFO] [stdout] ---- src/http.rs - http::HttpServe::use_cors (line 426) stdout ----
[INFO] [stdout] error[E0433]: failed to resolve: use of undeclared crate or module `pluto`
[INFO] [stdout]  --> src/http.rs:429:5
[INFO] [stdout]   |
[INFO] [stdout] 5 | use pluto::router::Router;
[INFO] [stdout]   |     ^^^^^ use of undeclared crate or module `pluto`
[INFO] [stdout] 
[INFO] [stdout] error[E0433]: failed to resolve: use of undeclared crate or module `pluto`
[INFO] [stdout]  --> src/http.rs:431:5
[INFO] [stdout]   |
[INFO] [stdout] 7 | use pluto::http::{RawHttpRequest, RawHttpResponse};
[INFO] [stdout]   |     ^^^^^ use of undeclared crate or module `pluto`
[INFO] [stdout] 
[INFO] [stdout] error[E0433]: failed to resolve: use of undeclared crate or module `pluto`
[INFO] [stdout]  --> src/http.rs:432:5
[INFO] [stdout]   |
[INFO] [stdout] 8 | use pluto::http::HttpServe;
[INFO] [stdout]   |     ^^^^^ use of undeclared crate or module `pluto`
[INFO] [stdout] 
[INFO] [stdout] error[E0433]: failed to resolve: use of undeclared crate or module `pluto`
[INFO] [stdout]  --> src/http.rs:433:5
[INFO] [stdout]   |
[INFO] [stdout] 9 | use pluto::method::Method;
[INFO] [stdout]   |     ^^^^^ use of undeclared crate or module `pluto`
[INFO] [stdout] 
[INFO] [stdout] error[E0433]: failed to resolve: use of undeclared crate or module `pluto`
[INFO] [stdout]   --> src/http.rs:434:5
[INFO] [stdout]    |
[INFO] [stdout] 10 | use pluto::cors::Cors;
[INFO] [stdout]    |     ^^^^^ use of undeclared crate or module `pluto`
[INFO] [stdout] 
[INFO] [stdout] error[E0432]: unresolved import `pluto`
[INFO] [stdout]  --> src/http.rs:430:5
[INFO] [stdout]   |
[INFO] [stdout] 6 | use pluto::http_serve;
[INFO] [stdout]   |     ^^^^^ use of undeclared crate or module `pluto`
[INFO] [stdout] 
[INFO] [stdout] error: aborting due to 6 previous errors
[INFO] [stdout] 
[INFO] [stdout] Some errors have detailed explanations: E0432, E0433.
[INFO] [stdout] For more information about an error, try `rustc --explain E0432`.
[INFO] [stdout] Couldn't compile the test.
[INFO] [stdout] 
[INFO] [stdout] failures:
[INFO] [stdout]     src/http.rs - http::HttpServe::serve (line 467)
[INFO] [stdout]     src/http.rs - http::HttpServe::use_cors (line 426)
[INFO] [stdout]     src/http.rs - http::http_serve (line 242)
[INFO] [stdout]     src/http.rs - http::http_serve_router (line 191)
[INFO] [stdout]     src/method.rs - method (line 12)
[INFO] [stdout]     src/method.rs - method::Method (line 39)
[INFO] [stdout]     src/router.rs - router::Router::allowed (line 403)
[INFO] [stdout]     src/router.rs - router::Router::delete (line 325)
[INFO] [stdout]     src/router.rs - router::Router::get (line 137)
[INFO] [stdout]     src/router.rs - router::Router::global_options (line 373)
[INFO] [stdout]     src/router.rs - router::Router::handle (line 66)
[INFO] [stdout]     src/router.rs - router::Router::handle_options (line 359)
[INFO] [stdout]     src/router.rs - router::Router::head (line 165)
[INFO] [stdout]     src/router.rs - router::Router::new (line 34)
[INFO] [stdout]     src/router.rs - router::Router::options (line 198)
[INFO] [stdout]     src/router.rs - router::Router::patch (line 292)
[INFO] [stdout]     src/router.rs - router::Router::post (line 231)
[INFO] [stdout]     src/router.rs - router::Router::put (line 264)
[INFO] [stdout]     src/router.rs - router::Router::set_global_prefix (line 51)
[INFO] [stdout]     src/static_files.rs - static_files::use_static_files (line 10)
[INFO] [stdout] 
[INFO] [stdout] test result: FAILED. 0 passed; 20 failed; 0 ignored; 0 measured; 0 filtered out; finished in 0.16s
[INFO] [stdout] 
[INFO] [stderr] error: doctest failed, to rerun pass `--doc`
[INFO] running `Command { std: "docker" "inspect" "d187b74f4cda49c6494e0eceb728ab9bc268b7cc29b23dbda899dbb69b6229a2", kill_on_drop: false }`
[INFO] running `Command { std: "docker" "rm" "-f" "d187b74f4cda49c6494e0eceb728ab9bc268b7cc29b23dbda899dbb69b6229a2", kill_on_drop: false }`
[INFO] [stdout] d187b74f4cda49c6494e0eceb728ab9bc268b7cc29b23dbda899dbb69b6229a2
