[INFO] fetching crate ic-auth-client 0.2.1...
[INFO] testing ic-auth-client-0.2.1 against nightly-2024-10-28 for randomize-layout
[INFO] extracting crate ic-auth-client 0.2.1 into /workspace/builds/worker-4-tc1/source
[INFO] validating manifest of crates.io crate ic-auth-client 0.2.1 on toolchain nightly-2024-10-28
[INFO] running `Command { std: CARGO_HOME="/workspace/cargo-home" RUSTUP_HOME="/workspace/rustup-home" "/workspace/cargo-home/bin/cargo" "+nightly-2024-10-28" "metadata" "--manifest-path" "Cargo.toml" "--no-deps", kill_on_drop: false }`
[INFO] started tweaking crates.io crate ic-auth-client 0.2.1
[INFO] finished tweaking crates.io crate ic-auth-client 0.2.1
[INFO] tweaked toml for crates.io crate ic-auth-client 0.2.1 written to /workspace/builds/worker-4-tc1/source/Cargo.toml
[INFO] running `Command { std: CARGO_HOME="/workspace/cargo-home" RUSTUP_HOME="/workspace/rustup-home" "/workspace/cargo-home/bin/cargo" "+nightly-2024-10-28" "generate-lockfile" "--manifest-path" "Cargo.toml", kill_on_drop: false }`
[INFO] [stderr]     Updating crates.io index
[INFO] [stderr]      Locking 235 packages to latest compatible versions
[INFO] [stderr]       Adding ic-agent v0.38.2 (available: v0.39.1)
[INFO] running `Command { std: CARGO_HOME="/workspace/cargo-home" RUSTUP_HOME="/workspace/rustup-home" "/workspace/cargo-home/bin/cargo" "+nightly-2024-10-28" "fetch" "--manifest-path" "Cargo.toml", kill_on_drop: false }`
[INFO] [stderr]  Downloading crates ...
[INFO] [stderr]   Downloaded ic-transport-types v0.38.2
[INFO] [stderr]   Downloaded ic-agent v0.38.2
[INFO] running `Command { std: "docker" "create" "-v" "/var/lib/crater-agent-workspace/builds/worker-4-tc1/target:/opt/rustwide/target:rw,Z" "-v" "/var/lib/crater-agent-workspace/builds/worker-4-tc1/source:/opt/rustwide/workdir:ro,Z" "-v" "/var/lib/crater-agent-workspace/cargo-home:/opt/rustwide/cargo-home:ro,Z" "-v" "/var/lib/crater-agent-workspace/rustup-home:/opt/rustwide/rustup-home:ro,Z" "-e" "SOURCE_DIR=/opt/rustwide/workdir" "-e" "CARGO_TARGET_DIR=/opt/rustwide/target" "-e" "CARGO_HOME=/opt/rustwide/cargo-home" "-e" "RUSTUP_HOME=/opt/rustwide/rustup-home" "-w" "/opt/rustwide/workdir" "-m" "1610612736" "--user" "0:0" "--network" "none" "ghcr.io/rust-lang/crates-build-env/linux@sha256:4a844ea9eb2546a2d2c7022eacef16ef2e8229c7fbb2c7d4d55a9ceca922f72d" "/opt/rustwide/cargo-home/bin/cargo" "+nightly-2024-10-28" "metadata" "--no-deps" "--format-version=1", kill_on_drop: false }`
[INFO] [stdout] e8cf94db5b282b776c9d252eb3d3abc2f369385dae8c5415d89a9d626218928b
[INFO] running `Command { std: "docker" "start" "-a" "e8cf94db5b282b776c9d252eb3d3abc2f369385dae8c5415d89a9d626218928b", kill_on_drop: false }`
[INFO] running `Command { std: "docker" "inspect" "e8cf94db5b282b776c9d252eb3d3abc2f369385dae8c5415d89a9d626218928b", kill_on_drop: false }`
[INFO] running `Command { std: "docker" "rm" "-f" "e8cf94db5b282b776c9d252eb3d3abc2f369385dae8c5415d89a9d626218928b", kill_on_drop: false }`
[INFO] [stdout] e8cf94db5b282b776c9d252eb3d3abc2f369385dae8c5415d89a9d626218928b
[INFO] running `Command { std: "docker" "create" "-v" "/var/lib/crater-agent-workspace/builds/worker-4-tc1/target:/opt/rustwide/target:rw,Z" "-v" "/var/lib/crater-agent-workspace/builds/worker-4-tc1/source:/opt/rustwide/workdir:ro,Z" "-v" "/var/lib/crater-agent-workspace/cargo-home:/opt/rustwide/cargo-home:ro,Z" "-v" "/var/lib/crater-agent-workspace/rustup-home:/opt/rustwide/rustup-home:ro,Z" "-e" "SOURCE_DIR=/opt/rustwide/workdir" "-e" "CARGO_TARGET_DIR=/opt/rustwide/target" "-e" "CARGO_INCREMENTAL=0" "-e" "RUST_BACKTRACE=full" "-e" "RUSTFLAGS=--cap-lints=forbid" "-e" "RUSTDOCFLAGS=--cap-lints=forbid" "-e" "CARGO_HOME=/opt/rustwide/cargo-home" "-e" "RUSTUP_HOME=/opt/rustwide/rustup-home" "-w" "/opt/rustwide/workdir" "-m" "1610612736" "--user" "0:0" "--network" "none" "ghcr.io/rust-lang/crates-build-env/linux@sha256:4a844ea9eb2546a2d2c7022eacef16ef2e8229c7fbb2c7d4d55a9ceca922f72d" "/opt/rustwide/cargo-home/bin/cargo" "+nightly-2024-10-28" "build" "--frozen" "--message-format=json", kill_on_drop: false }`
[INFO] [stdout] 8867e3ea99849bf8dd7b50973385349960249955b47c2b15a403de66b45f1219
[INFO] running `Command { std: "docker" "start" "-a" "8867e3ea99849bf8dd7b50973385349960249955b47c2b15a403de66b45f1219", kill_on_drop: false }`
[INFO] [stderr]    Compiling zeroize v1.8.1
[INFO] [stderr]    Compiling subtle v2.6.1
[INFO] [stderr]    Compiling const-oid v0.9.6
[INFO] [stderr]    Compiling serde v1.0.214
[INFO] [stderr]    Compiling wasm-bindgen-shared v0.2.95
[INFO] [stderr]    Compiling typenum v1.17.0
[INFO] [stderr]    Compiling generic-array v0.14.7
[INFO] [stderr]    Compiling byteorder v1.5.0
[INFO] [stderr]    Compiling memchr v2.7.4
[INFO] [stderr]    Compiling bumpalo v3.16.0
[INFO] [stderr]    Compiling base64ct v1.6.0
[INFO] [stderr]    Compiling syn v2.0.86
[INFO] [stderr]    Compiling getrandom v0.2.15
[INFO] [stderr]    Compiling cpufeatures v0.2.14
[INFO] [stderr]    Compiling futures-channel v0.3.31
[INFO] [stderr]    Compiling futures-task v0.3.31
[INFO] [stderr]    Compiling futures-io v0.3.31
[INFO] [stderr]    Compiling wasm-bindgen v0.2.95
[INFO] [stderr]    Compiling ring v0.17.8
[INFO] [stderr]    Compiling thiserror v1.0.66
[INFO] [stderr]    Compiling rand_core v0.6.4
[INFO] [stderr]    Compiling num-traits v0.2.19
[INFO] [stderr]    Compiling smallvec v1.13.2
[INFO] [stderr]    Compiling rustls-pki-types v1.10.0
[INFO] [stderr]    Compiling http v1.1.0
[INFO] [stderr]    Compiling tokio v1.41.0
[INFO] [stderr]    Compiling crossbeam-utils v0.8.20
[INFO] [stderr]    Compiling base16ct v0.2.0
[INFO] [stderr]    Compiling pem-rfc7468 v0.7.0
[INFO] [stderr]    Compiling ff v0.13.0
[INFO] [stderr]    Compiling syn v1.0.109
[INFO] [stderr]    Compiling der v0.7.9
[INFO] [stderr]    Compiling psm v0.1.23
[INFO] [stderr]    Compiling instant v0.1.13
[INFO] [stderr]    Compiling group v0.13.0
[INFO] [stderr]    Compiling serde_json v1.0.132
[INFO] [stderr]    Compiling rustversion v1.0.18
[INFO] [stderr]    Compiling hex v0.4.3
[INFO] [stderr]    Compiling ryu v1.0.18
[INFO] [stderr]    Compiling tinyvec_macros v0.1.1
[INFO] [stderr]    Compiling lazy_static v1.5.0
[INFO] [stderr]    Compiling rustls v0.23.16
[INFO] [stderr]    Compiling tinyvec v1.8.0
[INFO] [stderr]    Compiling stacker v0.1.17
[INFO] [stderr]    Compiling ahash v0.8.11
[INFO] [stderr]    Compiling percent-encoding v2.3.1
[INFO] [stderr]    Compiling either v1.13.0
[INFO] [stderr]    Compiling anyhow v1.0.92
[INFO] [stderr]    Compiling paste v1.0.15
[INFO] [stderr]    Compiling http-body v1.0.1
[INFO] [stderr]    Compiling form_urlencoded v1.2.1
[INFO] [stderr]    Compiling crc32fast v1.4.2
[INFO] [stderr]    Compiling lock_api v0.4.12
[INFO] [stderr]    Compiling concurrent-queue v2.5.0
[INFO] [stderr]    Compiling parking_lot_core v0.8.6
[INFO] [stderr]    Compiling arrayvec v0.5.2
[INFO] [stderr]    Compiling unicode-width v0.1.14
[INFO] [stderr]    Compiling num-conv v0.1.0
[INFO] [stderr]    Compiling parking v2.2.1
[INFO] [stderr]    Compiling num-integer v0.1.46
[INFO] [stderr]    Compiling crypto-common v0.1.6
[INFO] [stderr]    Compiling block-buffer v0.10.4
[INFO] [stderr]    Compiling crypto-bigint v0.5.5
[INFO] [stderr]    Compiling digest v0.9.0
[INFO] [stderr]    Compiling data-encoding v2.6.0
[INFO] [stderr]    Compiling digest v0.10.7
[INFO] [stderr]    Compiling unicode-normalization v0.1.24
[INFO] [stderr]    Compiling unicode-bidi v0.3.17
[INFO] [stderr]    Compiling powerfmt v0.2.0
[INFO] [stderr]    Compiling time-core v0.1.2
[INFO] [stderr]    Compiling typed-arena v2.0.2
[INFO] [stderr]    Compiling time-macros v0.2.18
[INFO] [stderr]    Compiling spki v0.7.3
[INFO] [stderr]    Compiling sha2 v0.10.8
[INFO] [stderr]    Compiling hmac v0.12.1
[INFO] [stderr]    Compiling signature v2.2.0
[INFO] [stderr]    Compiling deranged v0.3.11
[INFO] [stderr]    Compiling pretty v0.12.3
[INFO] [stderr]    Compiling rfc6979 v0.4.0
[INFO] [stderr]    Compiling pkcs8 v0.10.2
[INFO] [stderr]    Compiling event-listener v5.3.1
[INFO] [stderr]    Compiling block-buffer v0.9.0
[INFO] [stderr]    Compiling sec1 v0.7.3
[INFO] [stderr]    Compiling idna v0.5.0
[INFO] [stderr]    Compiling pairing v0.23.0
[INFO] [stderr]    Compiling webpki-roots v0.26.6
[INFO] [stderr]    Compiling leb128 v0.2.5
[INFO] [stderr]    Compiling allocator-api2 v0.2.18
[INFO] [stderr]    Compiling base64 v0.22.1
[INFO] [stderr]    Compiling opaque-debug v0.3.1
[INFO] [stderr]    Compiling scopeguard v1.2.0
[INFO] [stderr]    Compiling subtle-ng v2.5.0
[INFO] [stderr]    Compiling half v1.8.3
[INFO] [stderr]    Compiling sha2 v0.9.9
[INFO] [stderr]    Compiling curve25519-dalek-ng v4.1.1
[INFO] [stderr]    Compiling url v2.5.2
[INFO] [stderr]    Compiling ic_bls12_381 v0.10.0
[INFO] [stderr]    Compiling event-listener-strategy v0.5.2
[INFO] [stderr]    Compiling rustls-pemfile v2.2.0
[INFO] [stderr]    Compiling sync_wrapper v1.0.1
[INFO] [stderr]    Compiling ipnet v2.10.1
[INFO] [stderr]    Compiling mime v0.3.17
[INFO] [stderr]    Compiling async-lock v3.4.0
[INFO] [stderr]    Compiling pem v3.0.4
[INFO] [stderr]    Compiling rangemap v1.5.1
[INFO] [stderr]    Compiling parking_lot v0.11.2
[INFO] [stderr]    Compiling wasm-bindgen-backend v0.2.95
[INFO] [stderr]    Compiling elliptic-curve v0.13.8
[INFO] [stderr]    Compiling time v0.3.36
[INFO] [stderr]    Compiling ecdsa v0.16.9
[INFO] [stderr]    Compiling primeorder v0.13.6
[INFO] [stderr]    Compiling k256 v0.13.4
[INFO] [stderr]    Compiling p256 v0.13.2
[INFO] [stderr]    Compiling wasm-bindgen-macro-support v0.2.95
[INFO] [stderr]    Compiling serde_derive v1.0.214
[INFO] [stderr]    Compiling futures-macro v0.3.31
[INFO] [stderr]    Compiling zerocopy-derive v0.7.35
[INFO] [stderr]    Compiling thiserror-impl v1.0.66
[INFO] [stderr]    Compiling candid_derive v0.6.6
[INFO] [stderr]    Compiling tokio-util v0.7.12
[INFO] [stderr]    Compiling serde_repr v0.1.19
[INFO] [stderr]    Compiling rustls-webpki v0.102.8
[INFO] [stderr]    Compiling binread_derive v2.1.0
[INFO] [stderr]    Compiling async-trait v0.1.83
[INFO] [stderr]    Compiling zerocopy v0.7.35
[INFO] [stderr]    Compiling futures-util v0.3.31
[INFO] [stderr]    Compiling wasm-bindgen-macro v0.2.95
[INFO] [stderr]    Compiling ppv-lite86 v0.2.20
[INFO] [stderr]    Compiling hashbrown v0.14.5
[INFO] [stderr]    Compiling rand_chacha v0.3.1
[INFO] [stderr]    Compiling binread v2.2.0
[INFO] [stderr]    Compiling js-sys v0.3.72
[INFO] [stderr]    Compiling rand v0.8.5
[INFO] [stderr]    Compiling cached v0.52.0
[INFO] [stderr]    Compiling backoff v0.4.0
[INFO] [stderr]    Compiling ic-verify-bls-signature v0.5.0
[INFO] [stderr]    Compiling hyper v1.5.0
[INFO] [stderr]    Compiling futures-executor v0.3.31
[INFO] [stderr]    Compiling http-body-util v0.1.2
[INFO] [stderr]    Compiling futures v0.3.31
[INFO] [stderr]    Compiling wasm-timer v0.2.5
[INFO] [stderr]    Compiling tokio-rustls v0.26.0
[INFO] [stderr]    Compiling hyper-util v0.1.10
[INFO] [stderr]    Compiling web-sys v0.3.72
[INFO] [stderr]    Compiling gloo-timers v0.3.0
[INFO] [stderr]    Compiling wasm-bindgen-futures v0.4.45
[INFO] [stderr]    Compiling hyper-rustls v0.27.3
[INFO] [stderr]    Compiling serde_bytes v0.11.15
[INFO] [stderr]    Compiling num-bigint v0.4.6
[INFO] [stderr]    Compiling ic_principal v0.1.1
[INFO] [stderr]    Compiling serde_urlencoded v0.7.1
[INFO] [stderr]    Compiling serde_cbor v0.11.2
[INFO] [stderr]    Compiling ed25519-consensus v2.1.0
[INFO] [stderr]    Compiling serde-wasm-bindgen v0.6.5
[INFO] [stderr]    Compiling ic-certification v2.6.0
[INFO] [stderr]    Compiling reqwest v0.12.9
[INFO] [stderr]    Compiling candid v0.10.10
[INFO] [stderr]    Compiling simple_asn1 v0.6.2
[INFO] [stderr]    Compiling ic-transport-types v0.38.2
[INFO] [stderr]    Compiling ic-agent v0.38.2
[INFO] [stderr]    Compiling gloo-utils v0.2.0
[INFO] [stderr]    Compiling gloo-events v0.2.0
[INFO] [stderr]    Compiling gloo-console v0.3.0
[INFO] [stderr]    Compiling ic-auth-client v0.2.1 (/opt/rustwide/workdir)
[INFO] [stderr]     Finished `dev` profile [unoptimized + debuginfo] target(s) in 24.44s
[INFO] running `Command { std: "docker" "inspect" "8867e3ea99849bf8dd7b50973385349960249955b47c2b15a403de66b45f1219", kill_on_drop: false }`
[INFO] running `Command { std: "docker" "rm" "-f" "8867e3ea99849bf8dd7b50973385349960249955b47c2b15a403de66b45f1219", kill_on_drop: false }`
[INFO] [stdout] 8867e3ea99849bf8dd7b50973385349960249955b47c2b15a403de66b45f1219
[INFO] running `Command { std: "docker" "create" "-v" "/var/lib/crater-agent-workspace/builds/worker-4-tc1/target:/opt/rustwide/target:rw,Z" "-v" "/var/lib/crater-agent-workspace/builds/worker-4-tc1/source:/opt/rustwide/workdir:ro,Z" "-v" "/var/lib/crater-agent-workspace/cargo-home:/opt/rustwide/cargo-home:ro,Z" "-v" "/var/lib/crater-agent-workspace/rustup-home:/opt/rustwide/rustup-home:ro,Z" "-e" "SOURCE_DIR=/opt/rustwide/workdir" "-e" "CARGO_TARGET_DIR=/opt/rustwide/target" "-e" "CARGO_INCREMENTAL=0" "-e" "RUST_BACKTRACE=full" "-e" "RUSTFLAGS=--cap-lints=forbid" "-e" "RUSTDOCFLAGS=--cap-lints=forbid" "-e" "CARGO_HOME=/opt/rustwide/cargo-home" "-e" "RUSTUP_HOME=/opt/rustwide/rustup-home" "-w" "/opt/rustwide/workdir" "-m" "1610612736" "--user" "0:0" "--network" "none" "ghcr.io/rust-lang/crates-build-env/linux@sha256:4a844ea9eb2546a2d2c7022eacef16ef2e8229c7fbb2c7d4d55a9ceca922f72d" "/opt/rustwide/cargo-home/bin/cargo" "+nightly-2024-10-28" "test" "--frozen" "--no-run" "--message-format=json", kill_on_drop: false }`
[INFO] [stdout] fe9512026bb3d32819e5e9ef452bca14dabb325c3e461396a7ec086176ea1cef
[INFO] running `Command { std: "docker" "start" "-a" "fe9512026bb3d32819e5e9ef452bca14dabb325c3e461396a7ec086176ea1cef", kill_on_drop: false }`
[INFO] [stderr]    Compiling console_error_panic_hook v0.1.7
[INFO] [stderr]    Compiling wasm-bindgen-test-macro v0.3.45
[INFO] [stderr]    Compiling scoped-tls v1.0.1
[INFO] [stderr]    Compiling serde_test v1.0.177
[INFO] [stderr]    Compiling wasm-bindgen-test v0.3.45
[INFO] [stderr]    Compiling ic-auth-client v0.2.1 (/opt/rustwide/workdir)
[INFO] [stdout] warning: function `test_idle_manager` is never used
[INFO] [stdout]    --> src/idle_manager.rs:203:14
[INFO] [stdout]     |
[INFO] [stdout] 203 |     async fn test_idle_manager() {
[INFO] [stdout]     |              ^^^^^^^^^^^^^^^^^
[INFO] [stdout]     |
[INFO] [stdout]     = note: `#[warn(dead_code)]` on by default
[INFO] [stdout] 
[INFO] [stdout] 
[INFO] [stdout] warning: function `test_idle_manager_with_reset_timer` is never used
[INFO] [stdout]    --> src/idle_manager.rs:225:14
[INFO] [stdout]     |
[INFO] [stdout] 225 |     async fn test_idle_manager_with_reset_timer() {
[INFO] [stdout]     |              ^^^^^^^^^^^^^^^^^^^^^^^^^^^^^^^^^^
[INFO] [stdout] 
[INFO] [stdout] 
[INFO] [stdout] warning: function `test_idle_manager_with_scroll_debounce_1` is never used
[INFO] [stdout]    --> src/idle_manager.rs:259:14
[INFO] [stdout]     |
[INFO] [stdout] 259 |     async fn test_idle_manager_with_scroll_debounce_1() {
[INFO] [stdout]     |              ^^^^^^^^^^^^^^^^^^^^^^^^^^^^^^^^^^^^^^^^
[INFO] [stdout] 
[INFO] [stdout] 
[INFO] [stdout] warning: function `test_idle_manager_with_scroll_debounce_2` is never used
[INFO] [stdout]    --> src/idle_manager.rs:289:14
[INFO] [stdout]     |
[INFO] [stdout] 289 |     async fn test_idle_manager_with_scroll_debounce_2() {
[INFO] [stdout]     |              ^^^^^^^^^^^^^^^^^^^^^^^^^^^^^^^^^^^^^^^^
[INFO] [stdout] 
[INFO] [stdout] 
[INFO] [stdout] warning: function `test_local_storage` is never used
[INFO] [stdout]    --> src/storage.rs:209:14
[INFO] [stdout]     |
[INFO] [stdout] 209 |     async fn test_local_storage() {
[INFO] [stdout]     |              ^^^^^^^^^^^^^^^^^^
[INFO] [stdout] 
[INFO] [stdout] 
[INFO] [stdout] warning: function `test_auth_client_storage_type` is never used
[INFO] [stdout]    --> src/storage.rs:220:14
[INFO] [stdout]     |
[INFO] [stdout] 220 |     async fn test_auth_client_storage_type() {
[INFO] [stdout]     |              ^^^^^^^^^^^^^^^^^^^^^^^^^^^^^
[INFO] [stdout] 
[INFO] [stdout] 
[INFO] [stdout] warning: function `test_delegation_chain` is never used
[INFO] [stdout]   --> src/util/delegation_chain.rs:73:8
[INFO] [stdout]    |
[INFO] [stdout] 73 |     fn test_delegation_chain() {
[INFO] [stdout]    |        ^^^^^^^^^^^^^^^^^^^^^
[INFO] [stdout] 
[INFO] [stdout] 
[INFO] [stdout] warning: function `test_is_delegation_valid` is never used
[INFO] [stdout]   --> src/util/delegation_chain.rs:85:8
[INFO] [stdout]    |
[INFO] [stdout] 85 |     fn test_is_delegation_valid() {
[INFO] [stdout]    |        ^^^^^^^^^^^^^^^^^^^^^^^^
[INFO] [stdout] 
[INFO] [stdout] 
[INFO] [stdout] warning: function `test_is_delegation_valid_expired` is never used
[INFO] [stdout]   --> src/util/delegation_chain.rs:94:8
[INFO] [stdout]    |
[INFO] [stdout] 94 |     fn test_is_delegation_valid_expired() {
[INFO] [stdout]    |        ^^^^^^^^^^^^^^^^^^^^^^^^^^^^^^^^
[INFO] [stdout] 
[INFO] [stdout] 
[INFO] [stdout] warning: function `test_idle_options_builder` is never used
[INFO] [stdout]     --> src/lib.rs:1073:8
[INFO] [stdout]      |
[INFO] [stdout] 1073 |     fn test_idle_options_builder() {
[INFO] [stdout]      |        ^^^^^^^^^^^^^^^^^^^^^^^^^
[INFO] [stdout] 
[INFO] [stdout] 
[INFO] [stdout] warning: function `test_idle_options_builder_chaining` is never used
[INFO] [stdout]     --> src/lib.rs:1091:8
[INFO] [stdout]      |
[INFO] [stdout] 1091 |     fn test_idle_options_builder_chaining() {
[INFO] [stdout]      |        ^^^^^^^^^^^^^^^^^^^^^^^^^^^^^^^^^^
[INFO] [stdout] 
[INFO] [stdout] 
[INFO] [stdout] warning: function `test_base_key_type_display` is never used
[INFO] [stdout]     --> src/lib.rs:1109:8
[INFO] [stdout]      |
[INFO] [stdout] 1109 |     fn test_base_key_type_display() {
[INFO] [stdout]      |        ^^^^^^^^^^^^^^^^^^^^^^^^^^
[INFO] [stdout] 
[INFO] [stdout] 
[INFO] [stdout] warning: function `test_base_key_type_default` is never used
[INFO] [stdout]     --> src/lib.rs:1114:8
[INFO] [stdout]      |
[INFO] [stdout] 1114 |     fn test_base_key_type_default() {
[INFO] [stdout]      |        ^^^^^^^^^^^^^^^^^^^^^^^^^^
[INFO] [stdout] 
[INFO] [stdout] 
[INFO] [stdout] warning: function `test_auth_client_builder` is never used
[INFO] [stdout]     --> src/lib.rs:1119:14
[INFO] [stdout]      |
[INFO] [stdout] 1119 |     async fn test_auth_client_builder() {
[INFO] [stdout]      |              ^^^^^^^^^^^^^^^^^^^^^^^^
[INFO] [stdout] 
[INFO] [stdout] 
[INFO] [stdout] warning: function `test_auth_client_login_options_builder` is never used
[INFO] [stdout]     --> src/lib.rs:1143:8
[INFO] [stdout]      |
[INFO] [stdout] 1143 |     fn test_auth_client_login_options_builder() {
[INFO] [stdout]      |        ^^^^^^^^^^^^^^^^^^^^^^^^^^^^^^^^^^^^^^
[INFO] [stdout] 
[INFO] [stdout] 
[INFO] [stderr]     Finished `test` profile [unoptimized + debuginfo] target(s) in 1.62s
[INFO] running `Command { std: "docker" "inspect" "fe9512026bb3d32819e5e9ef452bca14dabb325c3e461396a7ec086176ea1cef", kill_on_drop: false }`
[INFO] running `Command { std: "docker" "rm" "-f" "fe9512026bb3d32819e5e9ef452bca14dabb325c3e461396a7ec086176ea1cef", kill_on_drop: false }`
[INFO] [stdout] fe9512026bb3d32819e5e9ef452bca14dabb325c3e461396a7ec086176ea1cef
[INFO] running `Command { std: "docker" "create" "-v" "/var/lib/crater-agent-workspace/builds/worker-4-tc1/target:/opt/rustwide/target:rw,Z" "-v" "/var/lib/crater-agent-workspace/builds/worker-4-tc1/source:/opt/rustwide/workdir:ro,Z" "-v" "/var/lib/crater-agent-workspace/cargo-home:/opt/rustwide/cargo-home:ro,Z" "-v" "/var/lib/crater-agent-workspace/rustup-home:/opt/rustwide/rustup-home:ro,Z" "-e" "SOURCE_DIR=/opt/rustwide/workdir" "-e" "CARGO_TARGET_DIR=/opt/rustwide/target" "-e" "CARGO_INCREMENTAL=0" "-e" "RUST_BACKTRACE=full" "-e" "RUSTFLAGS=--cap-lints=forbid" "-e" "RUSTDOCFLAGS=--cap-lints=forbid" "-e" "CARGO_HOME=/opt/rustwide/cargo-home" "-e" "RUSTUP_HOME=/opt/rustwide/rustup-home" "-w" "/opt/rustwide/workdir" "-m" "1610612736" "--user" "0:0" "--network" "none" "ghcr.io/rust-lang/crates-build-env/linux@sha256:4a844ea9eb2546a2d2c7022eacef16ef2e8229c7fbb2c7d4d55a9ceca922f72d" "/opt/rustwide/cargo-home/bin/cargo" "+nightly-2024-10-28" "test" "--frozen", kill_on_drop: false }`
[INFO] [stdout] 0f342ad5bdbfd25bfb6cf61e6f22f791b8f6e2a22cca461a77d7ba56526a6e33
[INFO] running `Command { std: "docker" "start" "-a" "0f342ad5bdbfd25bfb6cf61e6f22f791b8f6e2a22cca461a77d7ba56526a6e33", kill_on_drop: false }`
[INFO] [stderr] warning: function `test_idle_manager` is never used
[INFO] [stderr]    --> src/idle_manager.rs:203:14
[INFO] [stderr]     |
[INFO] [stderr] 203 |     async fn test_idle_manager() {
[INFO] [stderr]     |              ^^^^^^^^^^^^^^^^^
[INFO] [stderr]     |
[INFO] [stderr]     = note: `#[warn(dead_code)]` on by default
[INFO] [stderr] 
[INFO] [stderr] warning: function `test_idle_manager_with_reset_timer` is never used
[INFO] [stderr]    --> src/idle_manager.rs:225:14
[INFO] [stderr]     |
[INFO] [stderr] 225 |     async fn test_idle_manager_with_reset_timer() {
[INFO] [stderr]     |              ^^^^^^^^^^^^^^^^^^^^^^^^^^^^^^^^^^
[INFO] [stderr] 
[INFO] [stderr] warning: function `test_idle_manager_with_scroll_debounce_1` is never used
[INFO] [stderr]    --> src/idle_manager.rs:259:14
[INFO] [stderr]     |
[INFO] [stderr] 259 |     async fn test_idle_manager_with_scroll_debounce_1() {
[INFO] [stderr]     |              ^^^^^^^^^^^^^^^^^^^^^^^^^^^^^^^^^^^^^^^^
[INFO] [stderr] 
[INFO] [stderr] warning: function `test_idle_manager_with_scroll_debounce_2` is never used
[INFO] [stderr]    --> src/idle_manager.rs:289:14
[INFO] [stderr]     |
[INFO] [stderr] 289 |     async fn test_idle_manager_with_scroll_debounce_2() {
[INFO] [stderr]     |              ^^^^^^^^^^^^^^^^^^^^^^^^^^^^^^^^^^^^^^^^
[INFO] [stderr] 
[INFO] [stderr] warning: function `test_local_storage` is never used
[INFO] [stderr]    --> src/storage.rs:209:14
[INFO] [stderr]     |
[INFO] [stderr] 209 |     async fn test_local_storage() {
[INFO] [stderr]     |              ^^^^^^^^^^^^^^^^^^
[INFO] [stderr] 
[INFO] [stderr] warning: function `test_auth_client_storage_type` is never used
[INFO] [stderr]    --> src/storage.rs:220:14
[INFO] [stderr]     |
[INFO] [stderr] 220 |     async fn test_auth_client_storage_type() {
[INFO] [stderr]     |              ^^^^^^^^^^^^^^^^^^^^^^^^^^^^^
[INFO] [stderr] 
[INFO] [stderr] warning: function `test_delegation_chain` is never used
[INFO] [stderr]   --> src/util/delegation_chain.rs:73:8
[INFO] [stderr]    |
[INFO] [stderr] 73 |     fn test_delegation_chain() {
[INFO] [stderr]    |        ^^^^^^^^^^^^^^^^^^^^^
[INFO] [stderr] 
[INFO] [stderr] warning: function `test_is_delegation_valid` is never used
[INFO] [stderr]   --> src/util/delegation_chain.rs:85:8
[INFO] [stderr]    |
[INFO] [stderr] 85 |     fn test_is_delegation_valid() {
[INFO] [stderr]    |        ^^^^^^^^^^^^^^^^^^^^^^^^
[INFO] [stderr] 
[INFO] [stderr] warning: function `test_is_delegation_valid_expired` is never used
[INFO] [stderr]   --> src/util/delegation_chain.rs:94:8
[INFO] [stderr]    |
[INFO] [stderr] 94 |     fn test_is_delegation_valid_expired() {
[INFO] [stderr]    |        ^^^^^^^^^^^^^^^^^^^^^^^^^^^^^^^^
[INFO] [stderr] 
[INFO] [stderr] warning: function `test_idle_options_builder` is never used
[INFO] [stderr]     --> src/lib.rs:1073:8
[INFO] [stderr]      |
[INFO] [stderr] 1073 |     fn test_idle_options_builder() {
[INFO] [stderr]      |        ^^^^^^^^^^^^^^^^^^^^^^^^^
[INFO] [stderr] 
[INFO] [stderr] warning: function `test_idle_options_builder_chaining` is never used
[INFO] [stderr]     --> src/lib.rs:1091:8
[INFO] [stderr]      |
[INFO] [stderr] 1091 |     fn test_idle_options_builder_chaining() {
[INFO] [stderr]      |        ^^^^^^^^^^^^^^^^^^^^^^^^^^^^^^^^^^
[INFO] [stderr] 
[INFO] [stderr] warning: function `test_base_key_type_display` is never used
[INFO] [stderr]     --> src/lib.rs:1109:8
[INFO] [stderr]      |
[INFO] [stderr] 1109 |     fn test_base_key_type_display() {
[INFO] [stderr]      |        ^^^^^^^^^^^^^^^^^^^^^^^^^^
[INFO] [stderr] 
[INFO] [stderr] warning: function `test_base_key_type_default` is never used
[INFO] [stderr]     --> src/lib.rs:1114:8
[INFO] [stderr]      |
[INFO] [stderr] 1114 |     fn test_base_key_type_default() {
[INFO] [stderr]      |        ^^^^^^^^^^^^^^^^^^^^^^^^^^
[INFO] [stderr] 
[INFO] [stderr] warning: function `test_auth_client_builder` is never used
[INFO] [stderr]     --> src/lib.rs:1119:14
[INFO] [stderr]      |
[INFO] [stderr] 1119 |     async fn test_auth_client_builder() {
[INFO] [stderr]      |              ^^^^^^^^^^^^^^^^^^^^^^^^
[INFO] [stderr] 
[INFO] [stderr] warning: function `test_auth_client_login_options_builder` is never used
[INFO] [stderr]     --> src/lib.rs:1143:8
[INFO] [stderr]      |
[INFO] [stderr] 1143 |     fn test_auth_client_login_options_builder() {
[INFO] [stderr]      |        ^^^^^^^^^^^^^^^^^^^^^^^^^^^^^^^^^^^^^^
[INFO] [stderr] 
[INFO] [stderr] warning: `ic-auth-client` (lib test) generated 15 warnings
[INFO] [stderr]     Finished `test` profile [unoptimized + debuginfo] target(s) in 0.24s
[INFO] [stderr]      Running unittests src/lib.rs (/opt/rustwide/target/debug/deps/ic_auth_client-0c80921d579e31f7)
[INFO] [stdout] 
[INFO] [stdout] running 0 tests
[INFO] [stdout] 
[INFO] [stdout] test result: ok. 0 passed; 0 failed; 0 ignored; 0 measured; 0 filtered out; finished in 0.00s
[INFO] [stdout] 
[INFO] [stderr]    Doc-tests ic_auth_client
[INFO] [stdout] 
[INFO] [stdout] running 2 tests
[INFO] [stdout] test src/lib.rs - AuthClientLoginOptions::window_opener_features (line 824) ... FAILED
[INFO] [stdout] test src/lib.rs - AuthClientLoginOptionsBuilder::window_opener_features (line 903) ... FAILED
[INFO] [stdout] 
[INFO] [stdout] failures:
[INFO] [stdout] 
[INFO] [stdout] ---- src/lib.rs - AuthClientLoginOptions::window_opener_features (line 824) stdout ----
[INFO] [stdout] error: expected one of `.`, `;`, `?`, `}`, or an operator, found `,`
[INFO] [stdout]  --> src/lib.rs:825:10
[INFO] [stdout]   |
[INFO] [stdout] 3 | toolbar=0,location=0,menubar=0,width=500,height=500,left=100,top=100
[INFO] [stdout]   |          ^ expected one of `.`, `;`, `?`, `}`, or an operator
[INFO] [stdout] 
[INFO] [stdout] error: aborting due to 1 previous error
[INFO] [stdout] 
[INFO] [stdout] Couldn't compile the test.
[INFO] [stdout] ---- src/lib.rs - AuthClientLoginOptionsBuilder::window_opener_features (line 903) stdout ----
[INFO] [stdout] error: expected one of `.`, `;`, `?`, `}`, or an operator, found `,`
[INFO] [stdout]  --> src/lib.rs:904:10
[INFO] [stdout]   |
[INFO] [stdout] 3 | toolbar=0,location=0,menubar=0,width=500,height=500,left=100,top=100
[INFO] [stdout]   |          ^ expected one of `.`, `;`, `?`, `}`, or an operator
[INFO] [stdout] 
[INFO] [stdout] error: aborting due to 1 previous error
[INFO] [stdout] 
[INFO] [stdout] Couldn't compile the test.
[INFO] [stdout] 
[INFO] [stdout] failures:
[INFO] [stdout]     src/lib.rs - AuthClientLoginOptions::window_opener_features (line 824)
[INFO] [stdout]     src/lib.rs - AuthClientLoginOptionsBuilder::window_opener_features (line 903)
[INFO] [stdout] 
[INFO] [stdout] test result: FAILED. 0 passed; 2 failed; 0 ignored; 0 measured; 0 filtered out; finished in 0.04s
[INFO] [stdout] 
[INFO] [stderr] error: doctest failed, to rerun pass `--doc`
[INFO] running `Command { std: "docker" "inspect" "0f342ad5bdbfd25bfb6cf61e6f22f791b8f6e2a22cca461a77d7ba56526a6e33", kill_on_drop: false }`
[INFO] running `Command { std: "docker" "rm" "-f" "0f342ad5bdbfd25bfb6cf61e6f22f791b8f6e2a22cca461a77d7ba56526a6e33", kill_on_drop: false }`
[INFO] [stdout] 0f342ad5bdbfd25bfb6cf61e6f22f791b8f6e2a22cca461a77d7ba56526a6e33
