[INFO] fetching crate ibn_battuta 0.1.1...
[INFO] testing ibn_battuta-0.1.1 against nightly-2024-10-28+rustflags=-Zrandomize-layout for randomize-layout
[INFO] extracting crate ibn_battuta 0.1.1 into /workspace/builds/worker-4-tc2/source
[INFO] validating manifest of crates.io crate ibn_battuta 0.1.1 on toolchain nightly-2024-10-28
[INFO] running `Command { std: CARGO_HOME="/workspace/cargo-home" RUSTUP_HOME="/workspace/rustup-home" "/workspace/cargo-home/bin/cargo" "+nightly-2024-10-28" "metadata" "--manifest-path" "Cargo.toml" "--no-deps", kill_on_drop: false }`
[INFO] started tweaking crates.io crate ibn_battuta 0.1.1
[INFO] finished tweaking crates.io crate ibn_battuta 0.1.1
[INFO] tweaked toml for crates.io crate ibn_battuta 0.1.1 written to /workspace/builds/worker-4-tc2/source/Cargo.toml
[INFO] crate crates.io crate ibn_battuta 0.1.1 already has a lockfile, it will not be regenerated
[INFO] running `Command { std: CARGO_HOME="/workspace/cargo-home" RUSTUP_HOME="/workspace/rustup-home" "/workspace/cargo-home/bin/cargo" "+nightly-2024-10-28" "fetch" "--manifest-path" "Cargo.toml", kill_on_drop: false }`
[INFO] running `Command { std: "docker" "create" "-v" "/var/lib/crater-agent-workspace/builds/worker-4-tc2/target:/opt/rustwide/target:rw,Z" "-v" "/var/lib/crater-agent-workspace/builds/worker-4-tc2/source:/opt/rustwide/workdir:ro,Z" "-v" "/var/lib/crater-agent-workspace/cargo-home:/opt/rustwide/cargo-home:ro,Z" "-v" "/var/lib/crater-agent-workspace/rustup-home:/opt/rustwide/rustup-home:ro,Z" "-e" "SOURCE_DIR=/opt/rustwide/workdir" "-e" "CARGO_TARGET_DIR=/opt/rustwide/target" "-e" "CARGO_HOME=/opt/rustwide/cargo-home" "-e" "RUSTUP_HOME=/opt/rustwide/rustup-home" "-w" "/opt/rustwide/workdir" "-m" "1610612736" "--user" "0:0" "--network" "none" "ghcr.io/rust-lang/crates-build-env/linux@sha256:4a844ea9eb2546a2d2c7022eacef16ef2e8229c7fbb2c7d4d55a9ceca922f72d" "/opt/rustwide/cargo-home/bin/cargo" "+nightly-2024-10-28" "metadata" "--no-deps" "--format-version=1", kill_on_drop: false }`
[INFO] [stdout] e90a5b3856fb4b535facc3d2a074b9e8a762eec1a220dfa32ddd09750f67bef6
[INFO] running `Command { std: "docker" "start" "-a" "e90a5b3856fb4b535facc3d2a074b9e8a762eec1a220dfa32ddd09750f67bef6", kill_on_drop: false }`
[INFO] running `Command { std: "docker" "inspect" "e90a5b3856fb4b535facc3d2a074b9e8a762eec1a220dfa32ddd09750f67bef6", kill_on_drop: false }`
[INFO] running `Command { std: "docker" "rm" "-f" "e90a5b3856fb4b535facc3d2a074b9e8a762eec1a220dfa32ddd09750f67bef6", kill_on_drop: false }`
[INFO] [stdout] e90a5b3856fb4b535facc3d2a074b9e8a762eec1a220dfa32ddd09750f67bef6
[INFO] running `Command { std: "docker" "create" "-v" "/var/lib/crater-agent-workspace/builds/worker-4-tc2/target:/opt/rustwide/target:rw,Z" "-v" "/var/lib/crater-agent-workspace/builds/worker-4-tc2/source:/opt/rustwide/workdir:ro,Z" "-v" "/var/lib/crater-agent-workspace/cargo-home:/opt/rustwide/cargo-home:ro,Z" "-v" "/var/lib/crater-agent-workspace/rustup-home:/opt/rustwide/rustup-home:ro,Z" "-e" "SOURCE_DIR=/opt/rustwide/workdir" "-e" "CARGO_TARGET_DIR=/opt/rustwide/target" "-e" "CARGO_INCREMENTAL=0" "-e" "RUST_BACKTRACE=full" "-e" "RUSTFLAGS=--cap-lints=forbid -Zrandomize-layout" "-e" "RUSTDOCFLAGS=--cap-lints=forbid" "-e" "CARGO_HOME=/opt/rustwide/cargo-home" "-e" "RUSTUP_HOME=/opt/rustwide/rustup-home" "-w" "/opt/rustwide/workdir" "-m" "1610612736" "--user" "0:0" "--network" "none" "ghcr.io/rust-lang/crates-build-env/linux@sha256:4a844ea9eb2546a2d2c7022eacef16ef2e8229c7fbb2c7d4d55a9ceca922f72d" "/opt/rustwide/cargo-home/bin/cargo" "+nightly-2024-10-28" "build" "--frozen" "--message-format=json", kill_on_drop: false }`
[INFO] [stdout] 774b11671bd1bd09b1c2d2c37dc71f221d571049699596d280e6d371ddac715a
[INFO] running `Command { std: "docker" "start" "-a" "774b11671bd1bd09b1c2d2c37dc71f221d571049699596d280e6d371ddac715a", kill_on_drop: false }`
[INFO] [stderr]    Compiling libc v0.2.158
[INFO] [stderr]    Compiling byteorder v1.5.0
[INFO] [stderr]    Compiling proc-macro2 v1.0.86
[INFO] [stderr]    Compiling anstyle-parse v0.2.5
[INFO] [stderr]    Compiling anstyle v1.0.8
[INFO] [stderr]    Compiling anstyle-query v1.1.1
[INFO] [stderr]    Compiling colorchoice v1.0.2
[INFO] [stderr]    Compiling either v1.13.0
[INFO] [stderr]    Compiling approx v0.5.1
[INFO] [stderr]    Compiling rayon v1.10.0
[INFO] [stderr]    Compiling anstream v0.6.15
[INFO] [stderr]    Compiling clap_builder v4.5.17
[INFO] [stderr]    Compiling quote v1.0.37
[INFO] [stderr]    Compiling syn v2.0.77
[INFO] [stderr]    Compiling proc-macro-error-attr2 v2.0.0
[INFO] [stderr]    Compiling getrandom v0.2.15
[INFO] [stderr]    Compiling rand_core v0.6.4
[INFO] [stderr]    Compiling proc-macro-error2 v2.0.1
[INFO] [stderr]    Compiling zerocopy-derive v0.7.35
[INFO] [stderr]    Compiling clap_derive v4.5.13
[INFO] [stderr]    Compiling getset v0.1.3
[INFO] [stderr]    Compiling zerocopy v0.7.35
[INFO] [stderr]    Compiling ppv-lite86 v0.2.20
[INFO] [stderr]    Compiling clap v4.5.17
[INFO] [stderr]    Compiling rand_chacha v0.3.1
[INFO] [stderr]    Compiling rand v0.8.5
[INFO] [stderr]    Compiling ibn_battuta v0.1.1 (/opt/rustwide/workdir)
[INFO] [stderr]     Finished `dev` profile [unoptimized + debuginfo] target(s) in 5.09s
[INFO] running `Command { std: "docker" "inspect" "774b11671bd1bd09b1c2d2c37dc71f221d571049699596d280e6d371ddac715a", kill_on_drop: false }`
[INFO] running `Command { std: "docker" "rm" "-f" "774b11671bd1bd09b1c2d2c37dc71f221d571049699596d280e6d371ddac715a", kill_on_drop: false }`
[INFO] [stdout] 774b11671bd1bd09b1c2d2c37dc71f221d571049699596d280e6d371ddac715a
[INFO] running `Command { std: "docker" "create" "-v" "/var/lib/crater-agent-workspace/builds/worker-4-tc2/target:/opt/rustwide/target:rw,Z" "-v" "/var/lib/crater-agent-workspace/builds/worker-4-tc2/source:/opt/rustwide/workdir:ro,Z" "-v" "/var/lib/crater-agent-workspace/cargo-home:/opt/rustwide/cargo-home:ro,Z" "-v" "/var/lib/crater-agent-workspace/rustup-home:/opt/rustwide/rustup-home:ro,Z" "-e" "SOURCE_DIR=/opt/rustwide/workdir" "-e" "CARGO_TARGET_DIR=/opt/rustwide/target" "-e" "CARGO_INCREMENTAL=0" "-e" "RUST_BACKTRACE=full" "-e" "RUSTFLAGS=--cap-lints=forbid -Zrandomize-layout" "-e" "RUSTDOCFLAGS=--cap-lints=forbid" "-e" "CARGO_HOME=/opt/rustwide/cargo-home" "-e" "RUSTUP_HOME=/opt/rustwide/rustup-home" "-w" "/opt/rustwide/workdir" "-m" "1610612736" "--user" "0:0" "--network" "none" "ghcr.io/rust-lang/crates-build-env/linux@sha256:4a844ea9eb2546a2d2c7022eacef16ef2e8229c7fbb2c7d4d55a9ceca922f72d" "/opt/rustwide/cargo-home/bin/cargo" "+nightly-2024-10-28" "test" "--frozen" "--no-run" "--message-format=json", kill_on_drop: false }`
[INFO] [stdout] 688ec1f5ccb46af445424e3eb000fec68991a9c0cffd6600bcb2cf99f0083540
[INFO] running `Command { std: "docker" "start" "-a" "688ec1f5ccb46af445424e3eb000fec68991a9c0cffd6600bcb2cf99f0083540", kill_on_drop: false }`
[INFO] [stderr]    Compiling ibn_battuta v0.1.1 (/opt/rustwide/workdir)
[INFO] [stderr]     Finished `test` profile [unoptimized + debuginfo] target(s) in 1.36s
[INFO] running `Command { std: "docker" "inspect" "688ec1f5ccb46af445424e3eb000fec68991a9c0cffd6600bcb2cf99f0083540", kill_on_drop: false }`
[INFO] running `Command { std: "docker" "rm" "-f" "688ec1f5ccb46af445424e3eb000fec68991a9c0cffd6600bcb2cf99f0083540", kill_on_drop: false }`
[INFO] [stdout] 688ec1f5ccb46af445424e3eb000fec68991a9c0cffd6600bcb2cf99f0083540
[INFO] running `Command { std: "docker" "create" "-v" "/var/lib/crater-agent-workspace/builds/worker-4-tc2/target:/opt/rustwide/target:rw,Z" "-v" "/var/lib/crater-agent-workspace/builds/worker-4-tc2/source:/opt/rustwide/workdir:ro,Z" "-v" "/var/lib/crater-agent-workspace/cargo-home:/opt/rustwide/cargo-home:ro,Z" "-v" "/var/lib/crater-agent-workspace/rustup-home:/opt/rustwide/rustup-home:ro,Z" "-e" "SOURCE_DIR=/opt/rustwide/workdir" "-e" "CARGO_TARGET_DIR=/opt/rustwide/target" "-e" "CARGO_INCREMENTAL=0" "-e" "RUST_BACKTRACE=full" "-e" "RUSTFLAGS=--cap-lints=forbid -Zrandomize-layout" "-e" "RUSTDOCFLAGS=--cap-lints=forbid" "-e" "CARGO_HOME=/opt/rustwide/cargo-home" "-e" "RUSTUP_HOME=/opt/rustwide/rustup-home" "-w" "/opt/rustwide/workdir" "-m" "1610612736" "--user" "0:0" "--network" "none" "ghcr.io/rust-lang/crates-build-env/linux@sha256:4a844ea9eb2546a2d2c7022eacef16ef2e8229c7fbb2c7d4d55a9ceca922f72d" "/opt/rustwide/cargo-home/bin/cargo" "+nightly-2024-10-28" "test" "--frozen", kill_on_drop: false }`
[INFO] [stdout] 5283ffd82ca09c55e2bfe2187accc55d4eda51360b61ca35d291528c4c3d5afa
[INFO] running `Command { std: "docker" "start" "-a" "5283ffd82ca09c55e2bfe2187accc55d4eda51360b61ca35d291528c4c3d5afa", kill_on_drop: false }`
[INFO] [stderr]     Finished `test` profile [unoptimized + debuginfo] target(s) in 0.05s
[INFO] [stderr]      Running unittests src/lib.rs (/opt/rustwide/target/debug/deps/ibn_battuta-03ae7608408825c4)
[INFO] [stdout] 
[INFO] [stdout] running 63 tests
[INFO] [stdout] test algorithms::exact::bellman_held_karp::tests::handles_single_node ... ok
[INFO] [stdout] test algorithms::exact::bellman_held_karp::tests::handles_two_nodes ... ok
[INFO] [stdout] test algorithms::exact::bellman_held_karp::tests::solves_simple_tsp ... ok
[INFO] [stdout] test algorithms::exact::branch_and_bound::tests::handles_two_nodes_with_branch_and_bound ... ok
[INFO] [stdout] test algorithms::exact::branch_and_bound::tests::solves_simple_tsp_with_branch_and_bound ... ok
[INFO] [stdout] test algorithms::exact::brute_force::tests::handles_single_node_with_brute_force ... ok
[INFO] [stdout] test algorithms::exact::brute_force::tests::handles_two_nodes_with_brute_force ... ok
[INFO] [stdout] test algorithms::exact::brute_force::tests::solves_simple_tsp_with_brute_force ... ok
[INFO] [stdout] test algorithms::exact::branch_and_bound::tests::handles_single_node_with_branch_and_bound ... ok
[INFO] [stdout] test algorithms::heuristic::local_search::lin_kernighan::tests::lin_kernighan_improve_tour ... ok
[INFO] [stdout] test algorithms::heuristic::local_search::three_opt::tests::three_opt_handles_single_node_tour ... ok
[INFO] [stdout] test algorithms::heuristic::local_search::three_opt::tests::three_opt_initial_tour_cost ... ok
[INFO] [stdout] test algorithms::heuristic::local_search::lin_kernighan::tests::lin_kernighan_initial_tour_randomized ... ok
[INFO] [stdout] test algorithms::heuristic::local_search::lin_kernighan::tests::lin_kernighan_no_improvement ... ok
[INFO] [stdout] test algorithms::heuristic::local_search::three_opt::tests::three_opt_handles_empty_tour ... ok
[INFO] [stdout] test algorithms::heuristic::local_search::two_opt::tests::test_gr17 ... ok
[INFO] [stdout] test algorithms::heuristic::local_search::two_opt::tests::two_opt_handles_empty_tour ... ok
[INFO] [stdout] test algorithms::heuristic::local_search::two_opt::tests::two_opt_handles_single_node_tour ... ok
[INFO] [stdout] test algorithms::heuristic::local_search::two_opt::tests::two_opt_handles_two_node_tour ... ok
[INFO] [stdout] test algorithms::heuristic::nearest_neighbor::tests::nearest_neighbor_handles_non_euclidean_distances ... ok
[INFO] [stdout] test algorithms::heuristic::nearest_neighbor::tests::nearest_neighbor_handles_single_city ... ok
[INFO] [stdout] test algorithms::heuristic::local_search::two_opt::tests::two_opt_optimizes_tour ... ok
[INFO] [stdout] test algorithms::heuristic::nearest_neighbor::tests::nearest_neighbor_handles_two_cities ... ok
[INFO] [stdout] test algorithms::heuristic::local_search::lin_kernighan::tests::lin_kernighan_solve ... ok
[INFO] [stdout] test algorithms::heuristic::local_search::three_opt::tests::three_opt_optimization_reduces_cost ... FAILED
[INFO] [stdout] test algorithms::metaheuristic::ant_colony::ant_colony_system::tests::test_pheromone_update ... ok
[INFO] [stdout] test algorithms::metaheuristic::ant_colony::acs_two_opt::tests::handles_non_euclidean_distances_with_acs2opt ... ok
[INFO] [stdout] test algorithms::metaheuristic::ant_colony::acs_two_opt::tests::handles_single_node_with_acs2opt ... ok
[INFO] [stdout] test algorithms::metaheuristic::ant_colony::ant_colony_system::tests::test_example ... ok
[INFO] [stdout] test algorithms::metaheuristic::ant_colony::acs_two_opt::tests::handles_two_nodes_with_acs2opt ... ok
[INFO] [stdout] test algorithms::metaheuristic::ant_colony::ant_system::tests::handles_non_euclidean_distances_with_ant_system ... ok
[INFO] [stdout] test algorithms::metaheuristic::ant_colony::ant_system::tests::handles_single_node_with_ant_system ... ok
[INFO] [stdout] test algorithms::metaheuristic::ant_colony::acs_two_opt::tests::solves_simple_tsp_with_acs2opt ... ok
[INFO] [stdout] test algorithms::metaheuristic::ant_colony::ant_system::tests::handles_two_nodes_with_ant_system ... ok
[INFO] [stdout] test algorithms::metaheuristic::ant_colony::rbacs_two_opt::tests::handles_non_euclidean_distances_with_rbacs2opt ... ok
[INFO] [stdout] test algorithms::metaheuristic::ant_colony::red_black_ant_colony_system::tests::test_construct_solution ... ok
[INFO] [stdout] test algorithms::metaheuristic::ant_colony::red_black_ant_colony_system::tests::test_global_pheromone_update ... ok
[INFO] [stdout] test algorithms::metaheuristic::ant_colony::red_black_ant_colony_system::tests::test_initialization ... ok
[INFO] [stdout] test algorithms::metaheuristic::ant_colony::red_black_ant_colony_system::tests::test_local_pheromone_update ... ok
[INFO] [stdout] test algorithms::metaheuristic::ant_colony::rbacs_two_opt::tests::handles_single_node_with_rbacs2opt ... ok
[INFO] [stdout] test algorithms::metaheuristic::ant_colony::red_black_ant_colony_system::tests::test_update_best_solution ... ok
[INFO] [stdout] test algorithms::metaheuristic::ga_two_opt::tests::test_format_name ... ok
[INFO] [stdout] test algorithms::metaheuristic::ant_colony::red_black_ant_colony_system::tests::test_solve_simple_tsp ... ok
[INFO] [stdout] test algorithms::metaheuristic::ant_colony::rbacs_two_opt::tests::handles_two_nodes_with_rbacs2opt ... ok
[INFO] [stdout] test algorithms::metaheuristic::ant_colony::rbacs_two_opt::tests::solves_simple_tsp_with_rbacs2opt ... ok
[INFO] [stdout] test algorithms::metaheuristic::genetic_algorithm::tests::test_crossover ... ok
[INFO] [stdout] test algorithms::metaheuristic::genetic_algorithm::tests::test_genetic_algorithm_creation ... ok
[INFO] [stdout] test algorithms::metaheuristic::genetic_algorithm::tests::test_tour_cost_calculation ... ok
[INFO] [stdout] test algorithms::metaheuristic::ant_colony::ant_system::tests::solves_simple_tsp_with_ant_system ... ok
[INFO] [stdout] test algorithms::metaheuristic::sa_two_opt::tests::test_gr17 ... ok
[INFO] [stdout] test algorithms::metaheuristic::ant_colony::ant_colony_system::tests::test_gr17 ... ok
[INFO] [stdout] test algorithms::metaheuristic::sa_two_opt::tests::test_custom_small_instance ... ok
[INFO] [stdout] test algorithms::metaheuristic::ga_two_opt::tests::test_gr17 ... ok
[INFO] [stdout] test algorithms::metaheuristic::simulated_annealing::tests::test_get_new_fire ... ok
[INFO] [stdout] test algorithms::metaheuristic::ga_two_opt::tests::test_tour_and_cost ... ok
[INFO] [stdout] test algorithms::metaheuristic::simulated_annealing::tests::test_greedy_init ... ok
[INFO] [stdout] test algorithms::metaheuristic::simulated_annealing::tests::test_example ... ok
[INFO] [stdout] test algorithms::metaheuristic::ant_colony::ant_colony_system::tests::test_berlin52 ... ok
[INFO] [stdout] test algorithms::metaheuristic::ant_colony::ant_colony_system::tests::test_st70 ... ok
[INFO] [stdout] test algorithms::metaheuristic::ga_two_opt::tests::test_p43 ... ok
[INFO] [stdout] test algorithms::metaheuristic::sa_two_opt::tests::test_p43 ... ok
[INFO] [stdout] test algorithms::metaheuristic::sa_two_opt::tests::test_gr666 ... ok
[INFO] [stdout] test algorithms::metaheuristic::simulated_annealing::tests::test_gr17 ... ok
[INFO] [stdout] 
[INFO] [stdout] failures:
[INFO] [stdout] 
[INFO] [stdout] ---- algorithms::heuristic::local_search::three_opt::tests::three_opt_optimization_reduces_cost stdout ----
[INFO] [stdout] thread 'algorithms::heuristic::local_search::three_opt::tests::three_opt_optimization_reduces_cost' panicked at src/algorithms/heuristic/local_search/three_opt.rs:244:9:
[INFO] [stdout] assertion failed: solver.cost < solver.calculate_tour_cost_with(&solver.base_tour)
[INFO] [stdout] stack backtrace:
[INFO] [stdout]    0:     0x5f8f4bdc6b1a - std::backtrace_rs::backtrace::libunwind::trace::h207520d6e9873551
[INFO] [stdout]                                at /rustc/df4ca44d3fbc9301ee17f30f4d474e6ae4b05252/library/std/src/../../backtrace/src/backtrace/libunwind.rs:116:5
[INFO] [stdout]    1:     0x5f8f4bdc6b1a - std::backtrace_rs::backtrace::trace_unsynchronized::h2ed7433f370e3eca
[INFO] [stdout]                                at /rustc/df4ca44d3fbc9301ee17f30f4d474e6ae4b05252/library/std/src/../../backtrace/src/backtrace/mod.rs:66:5
[INFO] [stdout]    2:     0x5f8f4bdc6b1a - std::sys::backtrace::_print_fmt::h916fac51166b18d7
[INFO] [stdout]                                at /rustc/df4ca44d3fbc9301ee17f30f4d474e6ae4b05252/library/std/src/sys/backtrace.rs:66:9
[INFO] [stdout]    3:     0x5f8f4bdc6b1a - <std::sys::backtrace::BacktraceLock::print::DisplayBacktrace as core::fmt::Display>::fmt::ha0a4c9b8ce3802e6
[INFO] [stdout]                                at /rustc/df4ca44d3fbc9301ee17f30f4d474e6ae4b05252/library/std/src/sys/backtrace.rs:39:26
[INFO] [stdout]    4:     0x5f8f4bdeea63 - core::fmt::rt::Argument::fmt::h4cfc8587d52b3eb5
[INFO] [stdout]                                at /rustc/df4ca44d3fbc9301ee17f30f4d474e6ae4b05252/library/core/src/fmt/rt.rs:177:76
[INFO] [stdout]    5:     0x5f8f4bdeea63 - core::fmt::write::h522cc39e5b36ae9f
[INFO] [stdout]                                at /rustc/df4ca44d3fbc9301ee17f30f4d474e6ae4b05252/library/core/src/fmt/mod.rs:1190:21
[INFO] [stdout]    6:     0x5f8f4bdc3783 - std::io::Write::write_fmt::h7d3c26752da97734
[INFO] [stdout]                                at /rustc/df4ca44d3fbc9301ee17f30f4d474e6ae4b05252/library/std/src/io/mod.rs:1839:15
[INFO] [stdout]    7:     0x5f8f4bdc6962 - std::sys::backtrace::BacktraceLock::print::h4b9e00b29e9c0942
[INFO] [stdout]                                at /rustc/df4ca44d3fbc9301ee17f30f4d474e6ae4b05252/library/std/src/sys/backtrace.rs:42:9
[INFO] [stdout]    8:     0x5f8f4bdc7faa - std::panicking::default_hook::{{closure}}::hb59b88280d0324d9
[INFO] [stdout]                                at /rustc/df4ca44d3fbc9301ee17f30f4d474e6ae4b05252/library/std/src/panicking.rs:268:22
[INFO] [stdout]    9:     0x5f8f4bdc7db4 - std::panicking::default_hook::he1dd496665be4a29
[INFO] [stdout]                                at /rustc/df4ca44d3fbc9301ee17f30f4d474e6ae4b05252/library/std/src/panicking.rs:292:9
[INFO] [stdout]   10:     0x5f8f4bd58179 - <alloc::boxed::Box<F,A> as core::ops::function::Fn<Args>>::call::h4ff71de18744e1dc
[INFO] [stdout]                                at /rustc/df4ca44d3fbc9301ee17f30f4d474e6ae4b05252/library/alloc/src/boxed.rs:2468:9
[INFO] [stdout]   11:     0x5f8f4bd58179 - test::test_main::{{closure}}::hcf7c055ce117aa81
[INFO] [stdout]                                at /rustc/df4ca44d3fbc9301ee17f30f4d474e6ae4b05252/library/test/src/lib.rs:133:21
[INFO] [stdout]   12:     0x5f8f4bdc86a8 - <alloc::boxed::Box<F,A> as core::ops::function::Fn<Args>>::call::h1d66c6bbd60c9692
[INFO] [stdout]                                at /rustc/df4ca44d3fbc9301ee17f30f4d474e6ae4b05252/library/alloc/src/boxed.rs:2468:9
[INFO] [stdout]   13:     0x5f8f4bdc86a8 - std::panicking::rust_panic_with_hook::h2ff17fe8f26dfcf8
[INFO] [stdout]                                at /rustc/df4ca44d3fbc9301ee17f30f4d474e6ae4b05252/library/std/src/panicking.rs:809:13
[INFO] [stdout]   14:     0x5f8f4bdc8436 - std::panicking::begin_panic_handler::{{closure}}::h4fad77951c07e101
[INFO] [stdout]                                at /rustc/df4ca44d3fbc9301ee17f30f4d474e6ae4b05252/library/std/src/panicking.rs:667:13
[INFO] [stdout]   15:     0x5f8f4bdc6ff9 - std::sys::backtrace::__rust_end_short_backtrace::hb1a25b3da5d0ea08
[INFO] [stdout]                                at /rustc/df4ca44d3fbc9301ee17f30f4d474e6ae4b05252/library/std/src/sys/backtrace.rs:170:18
[INFO] [stdout]   16:     0x5f8f4bdc80fc - rust_begin_unwind
[INFO] [stdout]                                at /rustc/df4ca44d3fbc9301ee17f30f4d474e6ae4b05252/library/std/src/panicking.rs:665:5
[INFO] [stdout]   17:     0x5f8f4bded1a0 - core::panicking::panic_fmt::ha9db07b529f9b256
[INFO] [stdout]                                at /rustc/df4ca44d3fbc9301ee17f30f4d474e6ae4b05252/library/core/src/panicking.rs:75:14
[INFO] [stdout]   18:     0x5f8f4bded22c - core::panicking::panic::h993086813d94accc
[INFO] [stdout]                                at /rustc/df4ca44d3fbc9301ee17f30f4d474e6ae4b05252/library/core/src/panicking.rs:152:5
[INFO] [stdout]   19:     0x5f8f4bd1bedd - ibn_battuta::algorithms::heuristic::local_search::three_opt::tests::three_opt_optimization_reduces_cost::hed954eb7852414ff
[INFO] [stdout]                                at /opt/rustwide/workdir/src/algorithms/heuristic/local_search/three_opt.rs:244:3
[INFO] [stdout]   20:     0x5f8f4bd1bcc7 - ibn_battuta::algorithms::heuristic::local_search::three_opt::tests::three_opt_optimization_reduces_cost::{{closure}}::hb677c668727e284f
[INFO] [stdout]                                at /opt/rustwide/workdir/src/algorithms/heuristic/local_search/three_opt.rs:225:42
[INFO] [stdout]   21:     0x5f8f4bcc5e16 - core::ops::function::FnOnce::call_once::h2e887ace01b5a72c
[INFO] [stdout]                                at /rustc/df4ca44d3fbc9301ee17f30f4d474e6ae4b05252/library/core/src/ops/function.rs:250:5
[INFO] [stdout]   22:     0x5f8f4bd5ca4b - core::ops::function::FnOnce::call_once::h22c3ba5715e93f05
[INFO] [stdout]                                at /rustc/df4ca44d3fbc9301ee17f30f4d474e6ae4b05252/library/core/src/ops/function.rs:250:5
[INFO] [stdout]   23:     0x5f8f4bd5ca4b - test::__rust_begin_short_backtrace::h8e82d8113d0da17f
[INFO] [stdout]                                at /rustc/df4ca44d3fbc9301ee17f30f4d474e6ae4b05252/library/test/src/lib.rs:621:18
[INFO] [stdout]   24:     0x5f8f4bd5c3c7 - test::run_test_in_process::{{closure}}::h33235f4f20b7b7c7
[INFO] [stdout]                                at /rustc/df4ca44d3fbc9301ee17f30f4d474e6ae4b05252/library/test/src/lib.rs:644:60
[INFO] [stdout]   25:     0x5f8f4bd5c3c7 - <core::panic::unwind_safe::AssertUnwindSafe<F> as core::ops::function::FnOnce<()>>::call_once::hb5043206310c586f
[INFO] [stdout]                                at /rustc/df4ca44d3fbc9301ee17f30f4d474e6ae4b05252/library/core/src/panic/unwind_safe.rs:272:9
[INFO] [stdout]   26:     0x5f8f4bd5c3c7 - std::panicking::try::do_call::h9ad4731a60ab23e2
[INFO] [stdout]                                at /rustc/df4ca44d3fbc9301ee17f30f4d474e6ae4b05252/library/std/src/panicking.rs:557:40
[INFO] [stdout]   27:     0x5f8f4bd5c3c7 - std::panicking::try::h3824d23db772a716
[INFO] [stdout]                                at /rustc/df4ca44d3fbc9301ee17f30f4d474e6ae4b05252/library/std/src/panicking.rs:520:19
[INFO] [stdout]   28:     0x5f8f4bd5c3c7 - std::panic::catch_unwind::h5afd514605fde46b
[INFO] [stdout]                                at /rustc/df4ca44d3fbc9301ee17f30f4d474e6ae4b05252/library/std/src/panic.rs:358:14
[INFO] [stdout]   29:     0x5f8f4bd5c3c7 - test::run_test_in_process::h0d5cbfa7067d1720
[INFO] [stdout]                                at /rustc/df4ca44d3fbc9301ee17f30f4d474e6ae4b05252/library/test/src/lib.rs:644:27
[INFO] [stdout]   30:     0x5f8f4bd5c3c7 - test::run_test::{{closure}}::h708eb8872708115d
[INFO] [stdout]                                at /rustc/df4ca44d3fbc9301ee17f30f4d474e6ae4b05252/library/test/src/lib.rs:565:43
[INFO] [stdout]   31:     0x5f8f4bd1fae4 - test::run_test::{{closure}}::h392c51cee94713ab
[INFO] [stdout]                                at /rustc/df4ca44d3fbc9301ee17f30f4d474e6ae4b05252/library/test/src/lib.rs:595:41
[INFO] [stdout]   32:     0x5f8f4bd1fae4 - std::sys::backtrace::__rust_begin_short_backtrace::h2f40290710935a8b
[INFO] [stdout]                                at /rustc/df4ca44d3fbc9301ee17f30f4d474e6ae4b05252/library/std/src/sys/backtrace.rs:154:18
[INFO] [stdout]   33:     0x5f8f4bd2328e - std::thread::Builder::spawn_unchecked_::{{closure}}::{{closure}}::h3fd968d89053a903
[INFO] [stdout]                                at /rustc/df4ca44d3fbc9301ee17f30f4d474e6ae4b05252/library/std/src/thread/mod.rs:541:17
[INFO] [stdout]   34:     0x5f8f4bd2328e - <core::panic::unwind_safe::AssertUnwindSafe<F> as core::ops::function::FnOnce<()>>::call_once::h743f637ba4229880
[INFO] [stdout]                                at /rustc/df4ca44d3fbc9301ee17f30f4d474e6ae4b05252/library/core/src/panic/unwind_safe.rs:272:9
[INFO] [stdout]   35:     0x5f8f4bd2328e - std::panicking::try::do_call::h07440897322525a6
[INFO] [stdout]                                at /rustc/df4ca44d3fbc9301ee17f30f4d474e6ae4b05252/library/std/src/panicking.rs:557:40
[INFO] [stdout]   36:     0x5f8f4bd2328e - std::panicking::try::he5a2e00188156637
[INFO] [stdout]                                at /rustc/df4ca44d3fbc9301ee17f30f4d474e6ae4b05252/library/std/src/panicking.rs:520:19
[INFO] [stdout]   37:     0x5f8f4bd2328e - std::panic::catch_unwind::hbaf3cae49b3c6433
[INFO] [stdout]                                at /rustc/df4ca44d3fbc9301ee17f30f4d474e6ae4b05252/library/std/src/panic.rs:358:14
[INFO] [stdout]   38:     0x5f8f4bd2328e - std::thread::Builder::spawn_unchecked_::{{closure}}::h8e141ea224820bce
[INFO] [stdout]                                at /rustc/df4ca44d3fbc9301ee17f30f4d474e6ae4b05252/library/std/src/thread/mod.rs:540:30
[INFO] [stdout]   39:     0x5f8f4bd2328e - core::ops::function::FnOnce::call_once{{vtable.shim}}::h90d312fedd7b8ea8
[INFO] [stdout]                                at /rustc/df4ca44d3fbc9301ee17f30f4d474e6ae4b05252/library/core/src/ops/function.rs:250:5
[INFO] [stdout]   40:     0x5f8f4bdcc4ab - <alloc::boxed::Box<F,A> as core::ops::function::FnOnce<Args>>::call_once::h69aa08ddb6adb8b6
[INFO] [stdout]                                at /rustc/df4ca44d3fbc9301ee17f30f4d474e6ae4b05252/library/alloc/src/boxed.rs:2454:9
[INFO] [stdout]   41:     0x5f8f4bdcc4ab - <alloc::boxed::Box<F,A> as core::ops::function::FnOnce<Args>>::call_once::h5aa36efdb79c806f
[INFO] [stdout]                                at /rustc/df4ca44d3fbc9301ee17f30f4d474e6ae4b05252/library/alloc/src/boxed.rs:2454:9
[INFO] [stdout]   42:     0x5f8f4bdcc4ab - std::sys::pal::unix::thread::Thread::new::thread_start::h6cd80a1b4be5158d
[INFO] [stdout]                                at /rustc/df4ca44d3fbc9301ee17f30f4d474e6ae4b05252/library/std/src/sys/pal/unix/thread.rs:105:17
[INFO] [stdout]   43:     0x76b0419fdac3 - <unknown>
[INFO] [stdout]   44:     0x76b041a8ea04 - clone
[INFO] [stdout]   45:                0x0 - <unknown>
[INFO] [stdout] 
[INFO] [stdout] 
[INFO] [stdout] failures:
[INFO] [stdout]     algorithms::heuristic::local_search::three_opt::tests::three_opt_optimization_reduces_cost
[INFO] [stdout] 
[INFO] [stdout] test result: FAILED. 62 passed; 1 failed; 0 ignored; 0 measured; 0 filtered out; finished in 12.30s
[INFO] [stdout] 
[INFO] [stderr] error: test failed, to rerun pass `--lib`
[INFO] running `Command { std: "docker" "inspect" "5283ffd82ca09c55e2bfe2187accc55d4eda51360b61ca35d291528c4c3d5afa", kill_on_drop: false }`
[INFO] running `Command { std: "docker" "rm" "-f" "5283ffd82ca09c55e2bfe2187accc55d4eda51360b61ca35d291528c4c3d5afa", kill_on_drop: false }`
[INFO] [stdout] 5283ffd82ca09c55e2bfe2187accc55d4eda51360b61ca35d291528c4c3d5afa
