[INFO] fetching crate ia7 0.1.0...
[INFO] testing ia7-0.1.0 against nightly-2024-10-28+rustflags=-Zrandomize-layout for randomize-layout
[INFO] extracting crate ia7 0.1.0 into /workspace/builds/worker-6-tc2/source
[INFO] validating manifest of crates.io crate ia7 0.1.0 on toolchain nightly-2024-10-28
[INFO] running `Command { std: CARGO_HOME="/workspace/cargo-home" RUSTUP_HOME="/workspace/rustup-home" "/workspace/cargo-home/bin/cargo" "+nightly-2024-10-28" "metadata" "--manifest-path" "Cargo.toml" "--no-deps", kill_on_drop: false }`
[INFO] started tweaking crates.io crate ia7 0.1.0
[INFO] finished tweaking crates.io crate ia7 0.1.0
[INFO] tweaked toml for crates.io crate ia7 0.1.0 written to /workspace/builds/worker-6-tc2/source/Cargo.toml
[INFO] crate crates.io crate ia7 0.1.0 already has a lockfile, it will not be regenerated
[INFO] running `Command { std: CARGO_HOME="/workspace/cargo-home" RUSTUP_HOME="/workspace/rustup-home" "/workspace/cargo-home/bin/cargo" "+nightly-2024-10-28" "fetch" "--manifest-path" "Cargo.toml", kill_on_drop: false }`
[INFO] running `Command { std: "docker" "create" "-v" "/var/lib/crater-agent-workspace/builds/worker-6-tc2/target:/opt/rustwide/target:rw,Z" "-v" "/var/lib/crater-agent-workspace/builds/worker-6-tc2/source:/opt/rustwide/workdir:ro,Z" "-v" "/var/lib/crater-agent-workspace/cargo-home:/opt/rustwide/cargo-home:ro,Z" "-v" "/var/lib/crater-agent-workspace/rustup-home:/opt/rustwide/rustup-home:ro,Z" "-e" "SOURCE_DIR=/opt/rustwide/workdir" "-e" "CARGO_TARGET_DIR=/opt/rustwide/target" "-e" "CARGO_HOME=/opt/rustwide/cargo-home" "-e" "RUSTUP_HOME=/opt/rustwide/rustup-home" "-w" "/opt/rustwide/workdir" "-m" "1610612736" "--user" "0:0" "--network" "none" "ghcr.io/rust-lang/crates-build-env/linux@sha256:4a844ea9eb2546a2d2c7022eacef16ef2e8229c7fbb2c7d4d55a9ceca922f72d" "/opt/rustwide/cargo-home/bin/cargo" "+nightly-2024-10-28" "metadata" "--no-deps" "--format-version=1", kill_on_drop: false }`
[INFO] [stdout] 86efa885be8f8a0d970b48a623ad082dea850b484093250ee7760318b1589c9d
[INFO] running `Command { std: "docker" "start" "-a" "86efa885be8f8a0d970b48a623ad082dea850b484093250ee7760318b1589c9d", kill_on_drop: false }`
[INFO] running `Command { std: "docker" "inspect" "86efa885be8f8a0d970b48a623ad082dea850b484093250ee7760318b1589c9d", kill_on_drop: false }`
[INFO] running `Command { std: "docker" "rm" "-f" "86efa885be8f8a0d970b48a623ad082dea850b484093250ee7760318b1589c9d", kill_on_drop: false }`
[INFO] [stdout] 86efa885be8f8a0d970b48a623ad082dea850b484093250ee7760318b1589c9d
[INFO] running `Command { std: "docker" "create" "-v" "/var/lib/crater-agent-workspace/builds/worker-6-tc2/target:/opt/rustwide/target:rw,Z" "-v" "/var/lib/crater-agent-workspace/builds/worker-6-tc2/source:/opt/rustwide/workdir:ro,Z" "-v" "/var/lib/crater-agent-workspace/cargo-home:/opt/rustwide/cargo-home:ro,Z" "-v" "/var/lib/crater-agent-workspace/rustup-home:/opt/rustwide/rustup-home:ro,Z" "-e" "SOURCE_DIR=/opt/rustwide/workdir" "-e" "CARGO_TARGET_DIR=/opt/rustwide/target" "-e" "CARGO_INCREMENTAL=0" "-e" "RUST_BACKTRACE=full" "-e" "RUSTFLAGS=--cap-lints=forbid -Zrandomize-layout" "-e" "RUSTDOCFLAGS=--cap-lints=forbid" "-e" "CARGO_HOME=/opt/rustwide/cargo-home" "-e" "RUSTUP_HOME=/opt/rustwide/rustup-home" "-w" "/opt/rustwide/workdir" "-m" "1610612736" "--user" "0:0" "--network" "none" "ghcr.io/rust-lang/crates-build-env/linux@sha256:4a844ea9eb2546a2d2c7022eacef16ef2e8229c7fbb2c7d4d55a9ceca922f72d" "/opt/rustwide/cargo-home/bin/cargo" "+nightly-2024-10-28" "build" "--frozen" "--message-format=json", kill_on_drop: false }`
[INFO] [stdout] 28be0a3129f46becc698308bf21c80b903e889b655fdd40f38a84ca68b8d415e
[INFO] running `Command { std: "docker" "start" "-a" "28be0a3129f46becc698308bf21c80b903e889b655fdd40f38a84ca68b8d415e", kill_on_drop: false }`
[INFO] [stderr]    Compiling libc v0.2.77
[INFO] [stderr]    Compiling rpi_embedded v0.1.0
[INFO] [stderr]    Compiling ia7 v0.1.0 (/opt/rustwide/workdir)
[INFO] [stdout] warning: enum `Bauds` is never used
[INFO] [stdout]  --> src/datagps.rs:7:10
[INFO] [stdout]   |
[INFO] [stdout] 7 | pub enum Bauds{
[INFO] [stdout]   |          ^^^^^
[INFO] [stdout]   |
[INFO] [stdout]   = note: `#[warn(dead_code)]` on by default
[INFO] [stdout] 
[INFO] [stdout] 
[INFO] [stdout] warning: method `get_value` is never used
[INFO] [stdout]   --> src/datagps.rs:14:12
[INFO] [stdout]    |
[INFO] [stdout] 13 | impl Bauds{
[INFO] [stdout]    | ---------- method in this implementation
[INFO] [stdout] 14 |     pub fn get_value(&self) -> u32{
[INFO] [stdout]    |            ^^^^^^^^^
[INFO] [stdout] 
[INFO] [stdout] 
[INFO] [stdout] warning: struct `DataGPS` is never constructed
[INFO] [stdout]   --> src/datagps.rs:27:12
[INFO] [stdout]    |
[INFO] [stdout] 27 | pub struct DataGPS{ //$GPGGA
[INFO] [stdout]    |            ^^^^^^^
[INFO] [stdout] 
[INFO] [stdout] 
[INFO] [stdout] warning: multiple associated items are never used
[INFO] [stdout]    --> src/datagps.rs:46:12
[INFO] [stdout]     |
[INFO] [stdout] 35  | impl DataGPS{
[INFO] [stdout]     | ------------ associated items in this implementation
[INFO] [stdout] ...
[INFO] [stdout] 46  |     pub fn new(baud: Bauds) -> Self{
[INFO] [stdout]     |            ^^^
[INFO] [stdout] ...
[INFO] [stdout] 64  |     pub fn read_all_data(&mut self) {
[INFO] [stdout]     |            ^^^^^^^^^^^^^
[INFO] [stdout] ...
[INFO] [stdout] 77  |     pub fn print_all_value(&mut self){
[INFO] [stdout]     |            ^^^^^^^^^^^^^^^
[INFO] [stdout] ...
[INFO] [stdout] 84  |     fn set_data(&mut self, time:String, latitude: String, longitude: String, altitude: String){
[INFO] [stdout]     |        ^^^^^^^^
[INFO] [stdout] ...
[INFO] [stdout] 94  |     pub fn get_altitude(&mut self) -> String{
[INFO] [stdout]     |            ^^^^^^^^^^^^
[INFO] [stdout] ...
[INFO] [stdout] 105 |     pub fn get_latitude(&mut self) -> String{
[INFO] [stdout]     |            ^^^^^^^^^^^^
[INFO] [stdout] ...
[INFO] [stdout] 116 |     pub fn get_time(&mut self) -> String{
[INFO] [stdout]     |            ^^^^^^^^
[INFO] [stdout] ...
[INFO] [stdout] 127 |     pub fn get_longitude(&mut self) -> String{
[INFO] [stdout]     |            ^^^^^^^^^^^^^
[INFO] [stdout] ...
[INFO] [stdout] 138 |     pub fn get_baud_rate(&self) -> u32{
[INFO] [stdout]     |            ^^^^^^^^^^^^^
[INFO] [stdout] ...
[INFO] [stdout] 145 |     pub fn get_uart_status(&self) -> rpi_embedded::uart::Status{
[INFO] [stdout]     |            ^^^^^^^^^^^^^^^
[INFO] [stdout] ...
[INFO] [stdout] 160 |     pub fn set_baud_rate(&mut self,baud_rate:&Bauds) {
[INFO] [stdout]     |            ^^^^^^^^^^^^^
[INFO] [stdout] 
[INFO] [stdout] 
[INFO] [stdout] warning: variants `Baud57600` and `Baud115200` are never constructed
[INFO] [stdout]   --> src/datagps.rs:9:5
[INFO] [stdout]    |
[INFO] [stdout] 7  | pub enum Bauds{
[INFO] [stdout]    |          ----- variants in this enum
[INFO] [stdout] 8  |     Baud9600,
[INFO] [stdout] 9  |     Baud57600,
[INFO] [stdout]    |     ^^^^^^^^^
[INFO] [stdout] 10 |     Baud115200
[INFO] [stdout]    |     ^^^^^^^^^^
[INFO] [stdout]    |
[INFO] [stdout]    = note: `#[warn(dead_code)]` on by default
[INFO] [stdout] 
[INFO] [stdout] 
[INFO] [stdout] warning: methods `get_baud_rate`, `get_uart_status`, and `set_baud_rate` are never used
[INFO] [stdout]    --> src/datagps.rs:138:12
[INFO] [stdout]     |
[INFO] [stdout] 35  | impl DataGPS{
[INFO] [stdout]     | ------------ methods in this implementation
[INFO] [stdout] ...
[INFO] [stdout] 138 |     pub fn get_baud_rate(&self) -> u32{
[INFO] [stdout]     |            ^^^^^^^^^^^^^
[INFO] [stdout] ...
[INFO] [stdout] 145 |     pub fn get_uart_status(&self) -> rpi_embedded::uart::Status{
[INFO] [stdout]     |            ^^^^^^^^^^^^^^^
[INFO] [stdout] ...
[INFO] [stdout] 160 |     pub fn set_baud_rate(&mut self,baud_rate:&Bauds) {
[INFO] [stdout]     |            ^^^^^^^^^^^^^
[INFO] [stdout] 
[INFO] [stdout] 
[INFO] [stderr]     Finished `dev` profile [unoptimized + debuginfo] target(s) in 1.68s
[INFO] running `Command { std: "docker" "inspect" "28be0a3129f46becc698308bf21c80b903e889b655fdd40f38a84ca68b8d415e", kill_on_drop: false }`
[INFO] running `Command { std: "docker" "rm" "-f" "28be0a3129f46becc698308bf21c80b903e889b655fdd40f38a84ca68b8d415e", kill_on_drop: false }`
[INFO] [stdout] 28be0a3129f46becc698308bf21c80b903e889b655fdd40f38a84ca68b8d415e
[INFO] running `Command { std: "docker" "create" "-v" "/var/lib/crater-agent-workspace/builds/worker-6-tc2/target:/opt/rustwide/target:rw,Z" "-v" "/var/lib/crater-agent-workspace/builds/worker-6-tc2/source:/opt/rustwide/workdir:ro,Z" "-v" "/var/lib/crater-agent-workspace/cargo-home:/opt/rustwide/cargo-home:ro,Z" "-v" "/var/lib/crater-agent-workspace/rustup-home:/opt/rustwide/rustup-home:ro,Z" "-e" "SOURCE_DIR=/opt/rustwide/workdir" "-e" "CARGO_TARGET_DIR=/opt/rustwide/target" "-e" "CARGO_INCREMENTAL=0" "-e" "RUST_BACKTRACE=full" "-e" "RUSTFLAGS=--cap-lints=forbid -Zrandomize-layout" "-e" "RUSTDOCFLAGS=--cap-lints=forbid" "-e" "CARGO_HOME=/opt/rustwide/cargo-home" "-e" "RUSTUP_HOME=/opt/rustwide/rustup-home" "-w" "/opt/rustwide/workdir" "-m" "1610612736" "--user" "0:0" "--network" "none" "ghcr.io/rust-lang/crates-build-env/linux@sha256:4a844ea9eb2546a2d2c7022eacef16ef2e8229c7fbb2c7d4d55a9ceca922f72d" "/opt/rustwide/cargo-home/bin/cargo" "+nightly-2024-10-28" "test" "--frozen" "--no-run" "--message-format=json", kill_on_drop: false }`
[INFO] [stdout] 0340e6a53ffbfe579adf5c3bfcf4806c811100b34db1eb3de0186cef2bb87f9e
[INFO] running `Command { std: "docker" "start" "-a" "0340e6a53ffbfe579adf5c3bfcf4806c811100b34db1eb3de0186cef2bb87f9e", kill_on_drop: false }`
[INFO] [stdout] warning: enum `Bauds` is never used
[INFO] [stdout]  --> src/datagps.rs:7:10
[INFO] [stdout]   |
[INFO] [stdout] 7 | pub enum Bauds{
[INFO] [stdout]   |          ^^^^^
[INFO] [stdout]   |
[INFO] [stdout]   = note: `#[warn(dead_code)]` on by default
[INFO] [stdout] 
[INFO] [stdout] 
[INFO] [stdout] warning: method `get_value` is never used
[INFO] [stdout]   --> src/datagps.rs:14:12
[INFO] [stdout]    |
[INFO] [stdout] 13 | impl Bauds{
[INFO] [stdout]    | ---------- method in this implementation
[INFO] [stdout] 14 |     pub fn get_value(&self) -> u32{
[INFO] [stdout]    |            ^^^^^^^^^
[INFO] [stdout] 
[INFO] [stdout] 
[INFO] [stdout] warning: struct `DataGPS` is never constructed
[INFO] [stdout]   --> src/datagps.rs:27:12
[INFO] [stdout]    |
[INFO] [stdout] 27 | pub struct DataGPS{ //$GPGGA
[INFO] [stdout]    |            ^^^^^^^
[INFO] [stdout] 
[INFO] [stdout] 
[INFO] [stderr]    Compiling ia7 v0.1.0 (/opt/rustwide/workdir)
[INFO] [stdout] warning: multiple associated items are never used
[INFO] [stdout]    --> src/datagps.rs:46:12
[INFO] [stdout]     |
[INFO] [stdout] 35  | impl DataGPS{
[INFO] [stdout]     | ------------ associated items in this implementation
[INFO] [stdout] ...
[INFO] [stdout] 46  |     pub fn new(baud: Bauds) -> Self{
[INFO] [stdout]     |            ^^^
[INFO] [stdout] ...
[INFO] [stdout] 64  |     pub fn read_all_data(&mut self) {
[INFO] [stdout]     |            ^^^^^^^^^^^^^
[INFO] [stdout] ...
[INFO] [stdout] 77  |     pub fn print_all_value(&mut self){
[INFO] [stdout]     |            ^^^^^^^^^^^^^^^
[INFO] [stdout] ...
[INFO] [stdout] 84  |     fn set_data(&mut self, time:String, latitude: String, longitude: String, altitude: String){
[INFO] [stdout]     |        ^^^^^^^^
[INFO] [stdout] ...
[INFO] [stdout] 94  |     pub fn get_altitude(&mut self) -> String{
[INFO] [stdout]     |            ^^^^^^^^^^^^
[INFO] [stdout] ...
[INFO] [stdout] 105 |     pub fn get_latitude(&mut self) -> String{
[INFO] [stdout]     |            ^^^^^^^^^^^^
[INFO] [stdout] ...
[INFO] [stdout] 116 |     pub fn get_time(&mut self) -> String{
[INFO] [stdout]     |            ^^^^^^^^
[INFO] [stdout] ...
[INFO] [stdout] 127 |     pub fn get_longitude(&mut self) -> String{
[INFO] [stdout]     |            ^^^^^^^^^^^^^
[INFO] [stdout] ...
[INFO] [stdout] 138 |     pub fn get_baud_rate(&self) -> u32{
[INFO] [stdout]     |            ^^^^^^^^^^^^^
[INFO] [stdout] ...
[INFO] [stdout] 145 |     pub fn get_uart_status(&self) -> rpi_embedded::uart::Status{
[INFO] [stdout]     |            ^^^^^^^^^^^^^^^
[INFO] [stdout] ...
[INFO] [stdout] 160 |     pub fn set_baud_rate(&mut self,baud_rate:&Bauds) {
[INFO] [stdout]     |            ^^^^^^^^^^^^^
[INFO] [stdout] 
[INFO] [stdout] 
[INFO] [stdout] warning: variants `Baud57600` and `Baud115200` are never constructed
[INFO] [stdout]   --> src/datagps.rs:9:5
[INFO] [stdout]    |
[INFO] [stdout] 7  | pub enum Bauds{
[INFO] [stdout]    |          ----- variants in this enum
[INFO] [stdout] 8  |     Baud9600,
[INFO] [stdout] 9  |     Baud57600,
[INFO] [stdout]    |     ^^^^^^^^^
[INFO] [stdout] 10 |     Baud115200
[INFO] [stdout]    |     ^^^^^^^^^^
[INFO] [stdout]    |
[INFO] [stdout]    = note: `#[warn(dead_code)]` on by default
[INFO] [stdout] 
[INFO] [stdout] 
[INFO] [stdout] warning: methods `get_baud_rate`, `get_uart_status`, and `set_baud_rate` are never used
[INFO] [stdout]    --> src/datagps.rs:138:12
[INFO] [stdout]     |
[INFO] [stdout] 35  | impl DataGPS{
[INFO] [stdout]     | ------------ methods in this implementation
[INFO] [stdout] ...
[INFO] [stdout] 138 |     pub fn get_baud_rate(&self) -> u32{
[INFO] [stdout]     |            ^^^^^^^^^^^^^
[INFO] [stdout] ...
[INFO] [stdout] 145 |     pub fn get_uart_status(&self) -> rpi_embedded::uart::Status{
[INFO] [stdout]     |            ^^^^^^^^^^^^^^^
[INFO] [stdout] ...
[INFO] [stdout] 160 |     pub fn set_baud_rate(&mut self,baud_rate:&Bauds) {
[INFO] [stdout]     |            ^^^^^^^^^^^^^
[INFO] [stdout] 
[INFO] [stdout] 
[INFO] [stdout] warning: variant `Baud115200` is never constructed
[INFO] [stdout]   --> src/datagps.rs:10:5
[INFO] [stdout]    |
[INFO] [stdout] 7  | pub enum Bauds{
[INFO] [stdout]    |          ----- variant in this enum
[INFO] [stdout] ...
[INFO] [stdout] 10 |     Baud115200
[INFO] [stdout]    |     ^^^^^^^^^^
[INFO] [stdout]    |
[INFO] [stdout]    = note: `#[warn(dead_code)]` on by default
[INFO] [stdout] 
[INFO] [stdout] 
[INFO] [stdout] warning: methods `print_all_value`, `get_altitude`, `get_latitude`, `get_time`, and `get_uart_status` are never used
[INFO] [stdout]    --> src/datagps.rs:77:12
[INFO] [stdout]     |
[INFO] [stdout] 35  | impl DataGPS{
[INFO] [stdout]     | ------------ methods in this implementation
[INFO] [stdout] ...
[INFO] [stdout] 77  |     pub fn print_all_value(&mut self){
[INFO] [stdout]     |            ^^^^^^^^^^^^^^^
[INFO] [stdout] ...
[INFO] [stdout] 94  |     pub fn get_altitude(&mut self) -> String{
[INFO] [stdout]     |            ^^^^^^^^^^^^
[INFO] [stdout] ...
[INFO] [stdout] 105 |     pub fn get_latitude(&mut self) -> String{
[INFO] [stdout]     |            ^^^^^^^^^^^^
[INFO] [stdout] ...
[INFO] [stdout] 116 |     pub fn get_time(&mut self) -> String{
[INFO] [stdout]     |            ^^^^^^^^
[INFO] [stdout] ...
[INFO] [stdout] 145 |     pub fn get_uart_status(&self) -> rpi_embedded::uart::Status{
[INFO] [stdout]     |            ^^^^^^^^^^^^^^^
[INFO] [stdout] 
[INFO] [stdout] 
[INFO] [stderr]     Finished `test` profile [unoptimized + debuginfo] target(s) in 0.19s
[INFO] running `Command { std: "docker" "inspect" "0340e6a53ffbfe579adf5c3bfcf4806c811100b34db1eb3de0186cef2bb87f9e", kill_on_drop: false }`
[INFO] running `Command { std: "docker" "rm" "-f" "0340e6a53ffbfe579adf5c3bfcf4806c811100b34db1eb3de0186cef2bb87f9e", kill_on_drop: false }`
[INFO] [stdout] 0340e6a53ffbfe579adf5c3bfcf4806c811100b34db1eb3de0186cef2bb87f9e
[INFO] running `Command { std: "docker" "create" "-v" "/var/lib/crater-agent-workspace/builds/worker-6-tc2/target:/opt/rustwide/target:rw,Z" "-v" "/var/lib/crater-agent-workspace/builds/worker-6-tc2/source:/opt/rustwide/workdir:ro,Z" "-v" "/var/lib/crater-agent-workspace/cargo-home:/opt/rustwide/cargo-home:ro,Z" "-v" "/var/lib/crater-agent-workspace/rustup-home:/opt/rustwide/rustup-home:ro,Z" "-e" "SOURCE_DIR=/opt/rustwide/workdir" "-e" "CARGO_TARGET_DIR=/opt/rustwide/target" "-e" "CARGO_INCREMENTAL=0" "-e" "RUST_BACKTRACE=full" "-e" "RUSTFLAGS=--cap-lints=forbid -Zrandomize-layout" "-e" "RUSTDOCFLAGS=--cap-lints=forbid" "-e" "CARGO_HOME=/opt/rustwide/cargo-home" "-e" "RUSTUP_HOME=/opt/rustwide/rustup-home" "-w" "/opt/rustwide/workdir" "-m" "1610612736" "--user" "0:0" "--network" "none" "ghcr.io/rust-lang/crates-build-env/linux@sha256:4a844ea9eb2546a2d2c7022eacef16ef2e8229c7fbb2c7d4d55a9ceca922f72d" "/opt/rustwide/cargo-home/bin/cargo" "+nightly-2024-10-28" "test" "--frozen", kill_on_drop: false }`
[INFO] [stdout] cca0245b79a3c828dc0107d9ed0a0c469c9b0853bf47e8f19d8e957da33858f5
[INFO] running `Command { std: "docker" "start" "-a" "cca0245b79a3c828dc0107d9ed0a0c469c9b0853bf47e8f19d8e957da33858f5", kill_on_drop: false }`
[INFO] [stderr] warning: enum `Bauds` is never used
[INFO] [stderr]  --> src/datagps.rs:7:10
[INFO] [stderr]   |
[INFO] [stderr] 7 | pub enum Bauds{
[INFO] [stderr]   |          ^^^^^
[INFO] [stderr]   |
[INFO] [stderr]   = note: `#[warn(dead_code)]` on by default
[INFO] [stderr] 
[INFO] [stderr] warning: method `get_value` is never used
[INFO] [stderr]   --> src/datagps.rs:14:12
[INFO] [stderr]    |
[INFO] [stderr] 13 | impl Bauds{
[INFO] [stderr]    | ---------- method in this implementation
[INFO] [stderr] 14 |     pub fn get_value(&self) -> u32{
[INFO] [stderr]    |            ^^^^^^^^^
[INFO] [stderr] 
[INFO] [stderr] warning: struct `DataGPS` is never constructed
[INFO] [stderr]   --> src/datagps.rs:27:12
[INFO] [stderr]    |
[INFO] [stderr] 27 | pub struct DataGPS{ //$GPGGA
[INFO] [stderr]    |            ^^^^^^^
[INFO] [stderr] 
[INFO] [stderr] warning: multiple associated items are never used
[INFO] [stderr]    --> src/datagps.rs:46:12
[INFO] [stderr]     |
[INFO] [stderr] 35  | impl DataGPS{
[INFO] [stderr]     | ------------ associated items in this implementation
[INFO] [stderr] ...
[INFO] [stderr] 46  |     pub fn new(baud: Bauds) -> Self{
[INFO] [stderr]     |            ^^^
[INFO] [stderr] ...
[INFO] [stderr] 64  |     pub fn read_all_data(&mut self) {
[INFO] [stderr]     |            ^^^^^^^^^^^^^
[INFO] [stderr] ...
[INFO] [stderr] 77  |     pub fn print_all_value(&mut self){
[INFO] [stderr]     |            ^^^^^^^^^^^^^^^
[INFO] [stderr] ...
[INFO] [stderr] 84  |     fn set_data(&mut self, time:String, latitude: String, longitude: String, altitude: String){
[INFO] [stderr]     |        ^^^^^^^^
[INFO] [stderr] ...
[INFO] [stderr] 94  |     pub fn get_altitude(&mut self) -> String{
[INFO] [stderr]     |            ^^^^^^^^^^^^
[INFO] [stderr] ...
[INFO] [stderr] 105 |     pub fn get_latitude(&mut self) -> String{
[INFO] [stderr]     |            ^^^^^^^^^^^^
[INFO] [stderr] ...
[INFO] [stderr] 116 |     pub fn get_time(&mut self) -> String{
[INFO] [stderr]     |            ^^^^^^^^
[INFO] [stderr] ...
[INFO] [stderr] 127 |     pub fn get_longitude(&mut self) -> String{
[INFO] [stderr]     |            ^^^^^^^^^^^^^
[INFO] [stderr] ...
[INFO] [stderr] 138 |     pub fn get_baud_rate(&self) -> u32{
[INFO] [stderr]     |            ^^^^^^^^^^^^^
[INFO] [stderr] ...
[INFO] [stderr] 145 |     pub fn get_uart_status(&self) -> rpi_embedded::uart::Status{
[INFO] [stderr]     |            ^^^^^^^^^^^^^^^
[INFO] [stderr] ...
[INFO] [stderr] 160 |     pub fn set_baud_rate(&mut self,baud_rate:&Bauds) {
[INFO] [stderr]     |            ^^^^^^^^^^^^^
[INFO] [stderr] 
[INFO] [stderr] warning: variant `Baud115200` is never constructed
[INFO] [stderr]   --> src/datagps.rs:10:5
[INFO] [stderr]    |
[INFO] [stderr] 7  | pub enum Bauds{
[INFO] [stderr]    |          ----- variant in this enum
[INFO] [stderr] ...
[INFO] [stderr] 10 |     Baud115200
[INFO] [stderr]    |     ^^^^^^^^^^
[INFO] [stderr]    |
[INFO] [stderr]    = note: `#[warn(dead_code)]` on by default
[INFO] [stderr] 
[INFO] [stderr] warning: methods `print_all_value`, `get_altitude`, `get_latitude`, `get_time`, and `get_uart_status` are never used
[INFO] [stderr]    --> src/datagps.rs:77:12
[INFO] [stderr]     |
[INFO] [stderr] 35  | impl DataGPS{
[INFO] [stderr]     | ------------ methods in this implementation
[INFO] [stderr] ...
[INFO] [stderr] 77  |     pub fn print_all_value(&mut self){
[INFO] [stderr]     |            ^^^^^^^^^^^^^^^
[INFO] [stderr] ...
[INFO] [stderr] 94  |     pub fn get_altitude(&mut self) -> String{
[INFO] [stderr]     |            ^^^^^^^^^^^^
[INFO] [stderr] ...
[INFO] [stderr] 105 |     pub fn get_latitude(&mut self) -> String{
[INFO] [stderr]     |            ^^^^^^^^^^^^
[INFO] [stderr] ...
[INFO] [stderr] 116 |     pub fn get_time(&mut self) -> String{
[INFO] [stderr]     |            ^^^^^^^^
[INFO] [stderr] ...
[INFO] [stderr] 145 |     pub fn get_uart_status(&self) -> rpi_embedded::uart::Status{
[INFO] [stderr]     |            ^^^^^^^^^^^^^^^
[INFO] [stderr] 
[INFO] [stderr] warning: `ia7` (lib) generated 4 warnings
[INFO] [stderr] warning: `ia7` (lib test) generated 2 warnings
[INFO] [stderr] warning: variants `Baud57600` and `Baud115200` are never constructed
[INFO] [stderr]   --> src/datagps.rs:9:5
[INFO] [stderr]    |
[INFO] [stderr] 7  | pub enum Bauds{
[INFO] [stderr]    |          ----- variants in this enum
[INFO] [stderr] 8  |     Baud9600,
[INFO] [stderr] 9  |     Baud57600,
[INFO] [stderr]    |     ^^^^^^^^^
[INFO] [stderr] 10 |     Baud115200
[INFO] [stderr]    |     ^^^^^^^^^^
[INFO] [stderr]    |
[INFO] [stderr]    = note: `#[warn(dead_code)]` on by default
[INFO] [stderr] 
[INFO] [stderr] warning: methods `get_baud_rate`, `get_uart_status`, and `set_baud_rate` are never used
[INFO] [stderr]    --> src/datagps.rs:138:12
[INFO] [stderr]     |
[INFO] [stderr] 35  | impl DataGPS{
[INFO] [stderr]     | ------------ methods in this implementation
[INFO] [stderr] ...
[INFO] [stderr] 138 |     pub fn get_baud_rate(&self) -> u32{
[INFO] [stderr]     |            ^^^^^^^^^^^^^
[INFO] [stderr] ...
[INFO] [stderr] 145 |     pub fn get_uart_status(&self) -> rpi_embedded::uart::Status{
[INFO] [stderr]     |            ^^^^^^^^^^^^^^^
[INFO] [stderr] ...
[INFO] [stderr] 160 |     pub fn set_baud_rate(&mut self,baud_rate:&Bauds) {
[INFO] [stderr]     |            ^^^^^^^^^^^^^
[INFO] [stderr] 
[INFO] [stderr] warning: `ia7` (bin "ia7" test) generated 2 warnings
[INFO] [stderr]     Finished `test` profile [unoptimized + debuginfo] target(s) in 0.01s
[INFO] [stderr]      Running unittests src/lib.rs (/opt/rustwide/target/debug/deps/tests-897c6e1a9e97f99a)
[INFO] [stdout] 
[INFO] [stdout] running 3 tests
[INFO] [stdout] test tests::check_longitude ... FAILED
[INFO] [stdout] test tests::uart_enabled - should panic ... ok
[INFO] [stdout] test tests::set_baud_uart_test ... FAILED
[INFO] [stdout] 
[INFO] [stdout] failures:
[INFO] [stdout] 
[INFO] [stdout] ---- tests::check_longitude stdout ----
[INFO] [stdout] thread 'tests::check_longitude' panicked at src/datagps.rs:48:73:
[INFO] [stdout] Error UART: Io(Os { code: 2, kind: NotFound, message: "No such file or directory" })
[INFO] [stdout] stack backtrace:
[INFO] [stdout]    0:     0x57ef9ac0ea4a - std::backtrace_rs::backtrace::libunwind::trace::h207520d6e9873551
[INFO] [stdout]                                at /rustc/df4ca44d3fbc9301ee17f30f4d474e6ae4b05252/library/std/src/../../backtrace/src/backtrace/libunwind.rs:116:5
[INFO] [stdout]    1:     0x57ef9ac0ea4a - std::backtrace_rs::backtrace::trace_unsynchronized::h2ed7433f370e3eca
[INFO] [stdout]                                at /rustc/df4ca44d3fbc9301ee17f30f4d474e6ae4b05252/library/std/src/../../backtrace/src/backtrace/mod.rs:66:5
[INFO] [stdout]    2:     0x57ef9ac0ea4a - std::sys::backtrace::_print_fmt::h916fac51166b18d7
[INFO] [stdout]                                at /rustc/df4ca44d3fbc9301ee17f30f4d474e6ae4b05252/library/std/src/sys/backtrace.rs:66:9
[INFO] [stdout]    3:     0x57ef9ac0ea4a - <std::sys::backtrace::BacktraceLock::print::DisplayBacktrace as core::fmt::Display>::fmt::ha0a4c9b8ce3802e6
[INFO] [stdout]                                at /rustc/df4ca44d3fbc9301ee17f30f4d474e6ae4b05252/library/std/src/sys/backtrace.rs:39:26
[INFO] [stdout]    4:     0x57ef9ac34f63 - core::fmt::rt::Argument::fmt::h4cfc8587d52b3eb5
[INFO] [stdout]                                at /rustc/df4ca44d3fbc9301ee17f30f4d474e6ae4b05252/library/core/src/fmt/rt.rs:177:76
[INFO] [stdout]    5:     0x57ef9ac34f63 - core::fmt::write::h522cc39e5b36ae9f
[INFO] [stdout]                                at /rustc/df4ca44d3fbc9301ee17f30f4d474e6ae4b05252/library/core/src/fmt/mod.rs:1190:21
[INFO] [stdout]    6:     0x57ef9ac0b6b3 - std::io::Write::write_fmt::h7d3c26752da97734
[INFO] [stdout]                                at /rustc/df4ca44d3fbc9301ee17f30f4d474e6ae4b05252/library/std/src/io/mod.rs:1839:15
[INFO] [stdout]    7:     0x57ef9ac0e892 - std::sys::backtrace::BacktraceLock::print::h4b9e00b29e9c0942
[INFO] [stdout]                                at /rustc/df4ca44d3fbc9301ee17f30f4d474e6ae4b05252/library/std/src/sys/backtrace.rs:42:9
[INFO] [stdout]    8:     0x57ef9ac0feda - std::panicking::default_hook::{{closure}}::hb59b88280d0324d9
[INFO] [stdout]                                at /rustc/df4ca44d3fbc9301ee17f30f4d474e6ae4b05252/library/std/src/panicking.rs:268:22
[INFO] [stdout]    9:     0x57ef9ac0fce4 - std::panicking::default_hook::he1dd496665be4a29
[INFO] [stdout]                                at /rustc/df4ca44d3fbc9301ee17f30f4d474e6ae4b05252/library/std/src/panicking.rs:292:9
[INFO] [stdout]   10:     0x57ef9abbfe69 - <alloc::boxed::Box<F,A> as core::ops::function::Fn<Args>>::call::h4ff71de18744e1dc
[INFO] [stdout]                                at /rustc/df4ca44d3fbc9301ee17f30f4d474e6ae4b05252/library/alloc/src/boxed.rs:2468:9
[INFO] [stdout]   11:     0x57ef9abbfe69 - test::test_main::{{closure}}::hcf7c055ce117aa81
[INFO] [stdout]                                at /rustc/df4ca44d3fbc9301ee17f30f4d474e6ae4b05252/library/test/src/lib.rs:133:21
[INFO] [stdout]   12:     0x57ef9ac105d8 - <alloc::boxed::Box<F,A> as core::ops::function::Fn<Args>>::call::h1d66c6bbd60c9692
[INFO] [stdout]                                at /rustc/df4ca44d3fbc9301ee17f30f4d474e6ae4b05252/library/alloc/src/boxed.rs:2468:9
[INFO] [stdout]   13:     0x57ef9ac105d8 - std::panicking::rust_panic_with_hook::h2ff17fe8f26dfcf8
[INFO] [stdout]                                at /rustc/df4ca44d3fbc9301ee17f30f4d474e6ae4b05252/library/std/src/panicking.rs:809:13
[INFO] [stdout]   14:     0x57ef9ac1039a - std::panicking::begin_panic_handler::{{closure}}::h4fad77951c07e101
[INFO] [stdout]                                at /rustc/df4ca44d3fbc9301ee17f30f4d474e6ae4b05252/library/std/src/panicking.rs:674:13
[INFO] [stdout]   15:     0x57ef9ac0ef29 - std::sys::backtrace::__rust_end_short_backtrace::hb1a25b3da5d0ea08
[INFO] [stdout]                                at /rustc/df4ca44d3fbc9301ee17f30f4d474e6ae4b05252/library/std/src/sys/backtrace.rs:170:18
[INFO] [stdout]   16:     0x57ef9ac1002c - rust_begin_unwind
[INFO] [stdout]                                at /rustc/df4ca44d3fbc9301ee17f30f4d474e6ae4b05252/library/std/src/panicking.rs:665:5
[INFO] [stdout]   17:     0x57ef9ac33a00 - core::panicking::panic_fmt::ha9db07b529f9b256
[INFO] [stdout]                                at /rustc/df4ca44d3fbc9301ee17f30f4d474e6ae4b05252/library/core/src/panicking.rs:75:14
[INFO] [stdout]   18:     0x57ef9ac33da6 - core::result::unwrap_failed::h5e8218e4d4338b8a
[INFO] [stdout]                                at /rustc/df4ca44d3fbc9301ee17f30f4d474e6ae4b05252/library/core/src/result.rs:1698:5
[INFO] [stdout]   19:     0x57ef9ab84b49 - core::result::Result<T,E>::expect::h9cb516e1a0afee9c
[INFO] [stdout]                                at /rustc/df4ca44d3fbc9301ee17f30f4d474e6ae4b05252/library/core/src/result.rs:1060:23
[INFO] [stdout]   20:     0x57ef9ab81e7e - tests::datagps::DataGPS::new::h23aa7fe0848e9d9d
[INFO] [stdout]                                at /opt/rustwide/workdir/src/datagps.rs:48:25
[INFO] [stdout]   21:     0x57ef9ab8592c - tests::tests::check_longitude::h5c870a38edbab5e8
[INFO] [stdout]                                at /opt/rustwide/workdir/src/lib.rs:27:28
[INFO] [stdout]   22:     0x57ef9ab858e7 - tests::tests::check_longitude::{{closure}}::h9fa050bdceb393b1
[INFO] [stdout]                                at /opt/rustwide/workdir/src/lib.rs:26:25
[INFO] [stdout]   23:     0x57ef9ab7ebc6 - core::ops::function::FnOnce::call_once::h566af70ede9128c9
[INFO] [stdout]                                at /rustc/df4ca44d3fbc9301ee17f30f4d474e6ae4b05252/library/core/src/ops/function.rs:250:5
[INFO] [stdout]   24:     0x57ef9abc473b - core::ops::function::FnOnce::call_once::h22c3ba5715e93f05
[INFO] [stdout]                                at /rustc/df4ca44d3fbc9301ee17f30f4d474e6ae4b05252/library/core/src/ops/function.rs:250:5
[INFO] [stdout]   25:     0x57ef9abc473b - test::__rust_begin_short_backtrace::h8e82d8113d0da17f
[INFO] [stdout]                                at /rustc/df4ca44d3fbc9301ee17f30f4d474e6ae4b05252/library/test/src/lib.rs:621:18
[INFO] [stdout]   26:     0x57ef9abc40b7 - test::run_test_in_process::{{closure}}::h33235f4f20b7b7c7
[INFO] [stdout]                                at /rustc/df4ca44d3fbc9301ee17f30f4d474e6ae4b05252/library/test/src/lib.rs:644:60
[INFO] [stdout]   27:     0x57ef9abc40b7 - <core::panic::unwind_safe::AssertUnwindSafe<F> as core::ops::function::FnOnce<()>>::call_once::hb5043206310c586f
[INFO] [stdout]                                at /rustc/df4ca44d3fbc9301ee17f30f4d474e6ae4b05252/library/core/src/panic/unwind_safe.rs:272:9
[INFO] [stdout]   28:     0x57ef9abc40b7 - std::panicking::try::do_call::h9ad4731a60ab23e2
[INFO] [stdout]                                at /rustc/df4ca44d3fbc9301ee17f30f4d474e6ae4b05252/library/std/src/panicking.rs:557:40
[INFO] [stdout]   29:     0x57ef9abc40b7 - std::panicking::try::h3824d23db772a716
[INFO] [stdout]                                at /rustc/df4ca44d3fbc9301ee17f30f4d474e6ae4b05252/library/std/src/panicking.rs:520:19
[INFO] [stdout]   30:     0x57ef9abc40b7 - std::panic::catch_unwind::h5afd514605fde46b
[INFO] [stdout]                                at /rustc/df4ca44d3fbc9301ee17f30f4d474e6ae4b05252/library/std/src/panic.rs:358:14
[INFO] [stdout]   31:     0x57ef9abc40b7 - test::run_test_in_process::h0d5cbfa7067d1720
[INFO] [stdout]                                at /rustc/df4ca44d3fbc9301ee17f30f4d474e6ae4b05252/library/test/src/lib.rs:644:27
[INFO] [stdout]   32:     0x57ef9abc40b7 - test::run_test::{{closure}}::h708eb8872708115d
[INFO] [stdout]                                at /rustc/df4ca44d3fbc9301ee17f30f4d474e6ae4b05252/library/test/src/lib.rs:565:43
[INFO] [stdout]   33:     0x57ef9ab877d4 - test::run_test::{{closure}}::h392c51cee94713ab
[INFO] [stdout]                                at /rustc/df4ca44d3fbc9301ee17f30f4d474e6ae4b05252/library/test/src/lib.rs:595:41
[INFO] [stdout]   34:     0x57ef9ab877d4 - std::sys::backtrace::__rust_begin_short_backtrace::h2f40290710935a8b
[INFO] [stdout]                                at /rustc/df4ca44d3fbc9301ee17f30f4d474e6ae4b05252/library/std/src/sys/backtrace.rs:154:18
[INFO] [stdout]   35:     0x57ef9ab8af7e - std::thread::Builder::spawn_unchecked_::{{closure}}::{{closure}}::h3fd968d89053a903
[INFO] [stdout]                                at /rustc/df4ca44d3fbc9301ee17f30f4d474e6ae4b05252/library/std/src/thread/mod.rs:541:17
[INFO] [stdout]   36:     0x57ef9ab8af7e - <core::panic::unwind_safe::AssertUnwindSafe<F> as core::ops::function::FnOnce<()>>::call_once::h743f637ba4229880
[INFO] [stdout]                                at /rustc/df4ca44d3fbc9301ee17f30f4d474e6ae4b05252/library/core/src/panic/unwind_safe.rs:272:9
[INFO] [stdout]   37:     0x57ef9ab8af7e - std::panicking::try::do_call::h07440897322525a6
[INFO] [stdout]                                at /rustc/df4ca44d3fbc9301ee17f30f4d474e6ae4b05252/library/std/src/panicking.rs:557:40
[INFO] [stdout]   38:     0x57ef9ab8af7e - std::panicking::try::he5a2e00188156637
[INFO] [stdout]                                at /rustc/df4ca44d3fbc9301ee17f30f4d474e6ae4b05252/library/std/src/panicking.rs:520:19
[INFO] [stdout]   39:     0x57ef9ab8af7e - std::panic::catch_unwind::hbaf3cae49b3c6433
[INFO] [stdout]                                at /rustc/df4ca44d3fbc9301ee17f30f4d474e6ae4b05252/library/std/src/panic.rs:358:14
[INFO] [stdout]   40:     0x57ef9ab8af7e - std::thread::Builder::spawn_unchecked_::{{closure}}::h8e141ea224820bce
[INFO] [stdout]                                at /rustc/df4ca44d3fbc9301ee17f30f4d474e6ae4b05252/library/std/src/thread/mod.rs:540:30
[INFO] [stdout]   41:     0x57ef9ab8af7e - core::ops::function::FnOnce::call_once{{vtable.shim}}::h90d312fedd7b8ea8
[INFO] [stdout]                                at /rustc/df4ca44d3fbc9301ee17f30f4d474e6ae4b05252/library/core/src/ops/function.rs:250:5
[INFO] [stdout]   42:     0x57ef9ac143db - <alloc::boxed::Box<F,A> as core::ops::function::FnOnce<Args>>::call_once::h69aa08ddb6adb8b6
[INFO] [stdout]                                at /rustc/df4ca44d3fbc9301ee17f30f4d474e6ae4b05252/library/alloc/src/boxed.rs:2454:9
[INFO] [stdout]   43:     0x57ef9ac143db - <alloc::boxed::Box<F,A> as core::ops::function::FnOnce<Args>>::call_once::h5aa36efdb79c806f
[INFO] [stdout]                                at /rustc/df4ca44d3fbc9301ee17f30f4d474e6ae4b05252/library/alloc/src/boxed.rs:2454:9
[INFO] [stdout]   44:     0x57ef9ac143db - std::sys::pal::unix::thread::Thread::new::thread_start::h6cd80a1b4be5158d
[INFO] [stdout]                                at /rustc/df4ca44d3fbc9301ee17f30f4d474e6ae4b05252/library/std/src/sys/pal/unix/thread.rs:105:17
[INFO] [stdout]   45:     0x749e56b5fac3 - <unknown>
[INFO] [stdout]   46:     0x749e56bf0a04 - clone
[INFO] [stdout]   47:                0x0 - <unknown>
[INFO] [stdout] 
[INFO] [stdout] ---- tests::set_baud_uart_test stdout ----
[INFO] [stdout] thread 'tests::set_baud_uart_test' panicked at src/datagps.rs:48:73:
[INFO] [stdout] Error UART: Io(Os { code: 2, kind: NotFound, message: "No such file or directory" })
[INFO] [stdout] stack backtrace:
[INFO] [stdout]    0:     0x57ef9ac0ea4a - std::backtrace_rs::backtrace::libunwind::trace::h207520d6e9873551
[INFO] [stdout]                                at /rustc/df4ca44d3fbc9301ee17f30f4d474e6ae4b05252/library/std/src/../../backtrace/src/backtrace/libunwind.rs:116:5
[INFO] [stdout]    1:     0x57ef9ac0ea4a - std::backtrace_rs::backtrace::trace_unsynchronized::h2ed7433f370e3eca
[INFO] [stdout]                                at /rustc/df4ca44d3fbc9301ee17f30f4d474e6ae4b05252/library/std/src/../../backtrace/src/backtrace/mod.rs:66:5
[INFO] [stdout]    2:     0x57ef9ac0ea4a - std::sys::backtrace::_print_fmt::h916fac51166b18d7
[INFO] [stdout]                                at /rustc/df4ca44d3fbc9301ee17f30f4d474e6ae4b05252/library/std/src/sys/backtrace.rs:66:9
[INFO] [stdout]    3:     0x57ef9ac0ea4a - <std::sys::backtrace::BacktraceLock::print::DisplayBacktrace as core::fmt::Display>::fmt::ha0a4c9b8ce3802e6
[INFO] [stdout]                                at /rustc/df4ca44d3fbc9301ee17f30f4d474e6ae4b05252/library/std/src/sys/backtrace.rs:39:26
[INFO] [stdout]    4:     0x57ef9ac34f63 - core::fmt::rt::Argument::fmt::h4cfc8587d52b3eb5
[INFO] [stdout]                                at /rustc/df4ca44d3fbc9301ee17f30f4d474e6ae4b05252/library/core/src/fmt/rt.rs:177:76
[INFO] [stdout]    5:     0x57ef9ac34f63 - core::fmt::write::h522cc39e5b36ae9f
[INFO] [stdout]                                at /rustc/df4ca44d3fbc9301ee17f30f4d474e6ae4b05252/library/core/src/fmt/mod.rs:1190:21
[INFO] [stdout]    6:     0x57ef9ac0b6b3 - std::io::Write::write_fmt::h7d3c26752da97734
[INFO] [stdout]                                at /rustc/df4ca44d3fbc9301ee17f30f4d474e6ae4b05252/library/std/src/io/mod.rs:1839:15
[INFO] [stdout]    7:     0x57ef9ac0e892 - std::sys::backtrace::BacktraceLock::print::h4b9e00b29e9c0942
[INFO] [stdout]                                at /rustc/df4ca44d3fbc9301ee17f30f4d474e6ae4b05252/library/std/src/sys/backtrace.rs:42:9
[INFO] [stdout]    8:     0x57ef9ac0feda - std::panicking::default_hook::{{closure}}::hb59b88280d0324d9
[INFO] [stdout]                                at /rustc/df4ca44d3fbc9301ee17f30f4d474e6ae4b05252/library/std/src/panicking.rs:268:22
[INFO] [stdout]    9:     0x57ef9ac0fce4 - std::panicking::default_hook::he1dd496665be4a29
[INFO] [stdout]                                at /rustc/df4ca44d3fbc9301ee17f30f4d474e6ae4b05252/library/std/src/panicking.rs:292:9
[INFO] [stdout]   10:     0x57ef9abbfe69 - <alloc::boxed::Box<F,A> as core::ops::function::Fn<Args>>::call::h4ff71de18744e1dc
[INFO] [stdout]                                at /rustc/df4ca44d3fbc9301ee17f30f4d474e6ae4b05252/library/alloc/src/boxed.rs:2468:9
[INFO] [stdout]   11:     0x57ef9abbfe69 - test::test_main::{{closure}}::hcf7c055ce117aa81
[INFO] [stdout]                                at /rustc/df4ca44d3fbc9301ee17f30f4d474e6ae4b05252/library/test/src/lib.rs:133:21
[INFO] [stdout]   12:     0x57ef9ac105d8 - <alloc::boxed::Box<F,A> as core::ops::function::Fn<Args>>::call::h1d66c6bbd60c9692
[INFO] [stdout]                                at /rustc/df4ca44d3fbc9301ee17f30f4d474e6ae4b05252/library/alloc/src/boxed.rs:2468:9
[INFO] [stdout]   13:     0x57ef9ac105d8 - std::panicking::rust_panic_with_hook::h2ff17fe8f26dfcf8
[INFO] [stdout]                                at /rustc/df4ca44d3fbc9301ee17f30f4d474e6ae4b05252/library/std/src/panicking.rs:809:13
[INFO] [stdout]   14:     0x57ef9ac1039a - std::panicking::begin_panic_handler::{{closure}}::h4fad77951c07e101
[INFO] [stdout]                                at /rustc/df4ca44d3fbc9301ee17f30f4d474e6ae4b05252/library/std/src/panicking.rs:674:13
[INFO] [stdout]   15:     0x57ef9ac0ef29 - std::sys::backtrace::__rust_end_short_backtrace::hb1a25b3da5d0ea08
[INFO] [stdout]                                at /rustc/df4ca44d3fbc9301ee17f30f4d474e6ae4b05252/library/std/src/sys/backtrace.rs:170:18
[INFO] [stdout]   16:     0x57ef9ac1002c - rust_begin_unwind
[INFO] [stdout]                                at /rustc/df4ca44d3fbc9301ee17f30f4d474e6ae4b05252/library/std/src/panicking.rs:665:5
[INFO] [stdout]   17:     0x57ef9ac33a00 - core::panicking::panic_fmt::ha9db07b529f9b256
[INFO] [stdout]                                at /rustc/df4ca44d3fbc9301ee17f30f4d474e6ae4b05252/library/core/src/panicking.rs:75:14
[INFO] [stdout]   18:     0x57ef9ac33da6 - core::result::unwrap_failed::h5e8218e4d4338b8a
[INFO] [stdout]                                at /rustc/df4ca44d3fbc9301ee17f30f4d474e6ae4b05252/library/core/src/result.rs:1698:5
[INFO] [stdout]   19:     0x57ef9ab84b49 - core::result::Result<T,E>::expect::h9cb516e1a0afee9c
[INFO] [stdout]                                at /rustc/df4ca44d3fbc9301ee17f30f4d474e6ae4b05252/library/core/src/result.rs:1060:23
[INFO] [stdout]   20:     0x57ef9ab81e7e - tests::datagps::DataGPS::new::h23aa7fe0848e9d9d
[INFO] [stdout]                                at /opt/rustwide/workdir/src/datagps.rs:48:25
[INFO] [stdout]   21:     0x57ef9ab85716 - tests::tests::set_baud_uart_test::h58d6db12f0ac9c53
[INFO] [stdout]                                at /opt/rustwide/workdir/src/lib.rs:10:28
[INFO] [stdout]   22:     0x57ef9ab856d7 - tests::tests::set_baud_uart_test::{{closure}}::hba3f690619826e50
[INFO] [stdout]                                at /opt/rustwide/workdir/src/lib.rs:9:28
[INFO] [stdout]   23:     0x57ef9ab7eb86 - core::ops::function::FnOnce::call_once::h4256b4e45a2b6932
[INFO] [stdout]                                at /rustc/df4ca44d3fbc9301ee17f30f4d474e6ae4b05252/library/core/src/ops/function.rs:250:5
[INFO] [stdout]   24:     0x57ef9abc473b - core::ops::function::FnOnce::call_once::h22c3ba5715e93f05
[INFO] [stdout]                                at /rustc/df4ca44d3fbc9301ee17f30f4d474e6ae4b05252/library/core/src/ops/function.rs:250:5
[INFO] [stdout]   25:     0x57ef9abc473b - test::__rust_begin_short_backtrace::h8e82d8113d0da17f
[INFO] [stdout]                                at /rustc/df4ca44d3fbc9301ee17f30f4d474e6ae4b05252/library/test/src/lib.rs:621:18
[INFO] [stdout]   26:     0x57ef9abc40b7 - test::run_test_in_process::{{closure}}::h33235f4f20b7b7c7
[INFO] [stdout]                                at /rustc/df4ca44d3fbc9301ee17f30f4d474e6ae4b05252/library/test/src/lib.rs:644:60
[INFO] [stdout]   27:     0x57ef9abc40b7 - <core::panic::unwind_safe::AssertUnwindSafe<F> as core::ops::function::FnOnce<()>>::call_once::hb5043206310c586f
[INFO] [stdout]                                at /rustc/df4ca44d3fbc9301ee17f30f4d474e6ae4b05252/library/core/src/panic/unwind_safe.rs:272:9
[INFO] [stdout]   28:     0x57ef9abc40b7 - std::panicking::try::do_call::h9ad4731a60ab23e2
[INFO] [stdout]                                at /rustc/df4ca44d3fbc9301ee17f30f4d474e6ae4b05252/library/std/src/panicking.rs:557:40
[INFO] [stdout]   29:     0x57ef9abc40b7 - std::panicking::try::h3824d23db772a716
[INFO] [stdout]                                at /rustc/df4ca44d3fbc9301ee17f30f4d474e6ae4b05252/library/std/src/panicking.rs:520:19
[INFO] [stdout]   30:     0x57ef9abc40b7 - std::panic::catch_unwind::h5afd514605fde46b
[INFO] [stdout]                                at /rustc/df4ca44d3fbc9301ee17f30f4d474e6ae4b05252/library/std/src/panic.rs:358:14
[INFO] [stdout]   31:     0x57ef9abc40b7 - test::run_test_in_process::h0d5cbfa7067d1720
[INFO] [stdout]                                at /rustc/df4ca44d3fbc9301ee17f30f4d474e6ae4b05252/library/test/src/lib.rs:644:27
[INFO] [stdout]   32:     0x57ef9abc40b7 - test::run_test::{{closure}}::h708eb8872708115d
[INFO] [stdout]                                at /rustc/df4ca44d3fbc9301ee17f30f4d474e6ae4b05252/library/test/src/lib.rs:565:43
[INFO] [stdout]   33:     0x57ef9ab877d4 - test::run_test::{{closure}}::h392c51cee94713ab
[INFO] [stdout]                                at /rustc/df4ca44d3fbc9301ee17f30f4d474e6ae4b05252/library/test/src/lib.rs:595:41
[INFO] [stdout]   34:     0x57ef9ab877d4 - std::sys::backtrace::__rust_begin_short_backtrace::h2f40290710935a8b
[INFO] [stdout]                                at /rustc/df4ca44d3fbc9301ee17f30f4d474e6ae4b05252/library/std/src/sys/backtrace.rs:154:18
[INFO] [stdout]   35:     0x57ef9ab8af7e - std::thread::Builder::spawn_unchecked_::{{closure}}::{{closure}}::h3fd968d89053a903
[INFO] [stdout]                                at /rustc/df4ca44d3fbc9301ee17f30f4d474e6ae4b05252/library/std/src/thread/mod.rs:541:17
[INFO] [stdout]   36:     0x57ef9ab8af7e - <core::panic::unwind_safe::AssertUnwindSafe<F> as core::ops::function::FnOnce<()>>::call_once::h743f637ba4229880
[INFO] [stdout]                                at /rustc/df4ca44d3fbc9301ee17f30f4d474e6ae4b05252/library/core/src/panic/unwind_safe.rs:272:9
[INFO] [stdout]   37:     0x57ef9ab8af7e - std::panicking::try::do_call::h07440897322525a6
[INFO] [stdout]                                at /rustc/df4ca44d3fbc9301ee17f30f4d474e6ae4b05252/library/std/src/panicking.rs:557:40
[INFO] [stdout]   38:     0x57ef9ab8af7e - std::panicking::try::he5a2e00188156637
[INFO] [stdout]                                at /rustc/df4ca44d3fbc9301ee17f30f4d474e6ae4b05252/library/std/src/panicking.rs:520:19
[INFO] [stdout]   39:     0x57ef9ab8af7e - std::panic::catch_unwind::hbaf3cae49b3c6433
[INFO] [stdout]                                at /rustc/df4ca44d3fbc9301ee17f30f4d474e6ae4b05252/library/std/src/panic.rs:358:14
[INFO] [stdout]   40:     0x57ef9ab8af7e - std::thread::Builder::spawn_unchecked_::{{closure}}::h8e141ea224820bce
[INFO] [stdout]                                at /rustc/df4ca44d3fbc9301ee17f30f4d474e6ae4b05252/library/std/src/thread/mod.rs:540:30
[INFO] [stdout]   41:     0x57ef9ab8af7e - core::ops::function::FnOnce::call_once{{vtable.shim}}::h90d312fedd7b8ea8
[INFO] [stdout]                                at /rustc/df4ca44d3fbc9301ee17f30f4d474e6ae4b05252/library/core/src/ops/function.rs:250:5
[INFO] [stdout]   42:     0x57ef9ac143db - <alloc::boxed::Box<F,A> as core::ops::function::FnOnce<Args>>::call_once::h69aa08ddb6adb8b6
[INFO] [stdout]                                at /rustc/df4ca44d3fbc9301ee17f30f4d474e6ae4b05252/library/alloc/src/boxed.rs:2454:9
[INFO] [stdout]   43:     0x57ef9ac143db - <alloc::boxed::Box<F,A> as core::ops::function::FnOnce<Args>>::call_once::h5aa36efdb79c806f
[INFO] [stdout]                                at /rustc/df4ca44d3fbc9301ee17f30f4d474e6ae4b05252/library/alloc/src/boxed.rs:2454:9
[INFO] [stdout]   44:     0x57ef9ac143db - std::sys::pal::unix::thread::Thread::new::thread_start::h6cd80a1b4be5158d
[INFO] [stdout]                                at /rustc/df4ca44d3fbc9301ee17f30f4d474e6ae4b05252/library/std/src/sys/pal/unix/thread.rs:105:17
[INFO] [stdout]   45:     0x749e56b5fac3 - <unknown>
[INFO] [stdout]   46:     0x749e56bf0a04 - clone
[INFO] [stdout]   47:                0x0 - <unknown>
[INFO] [stdout] 
[INFO] [stdout] 
[INFO] [stdout] failures:
[INFO] [stdout]     tests::check_longitude
[INFO] [stdout]     tests::set_baud_uart_test
[INFO] [stdout] 
[INFO] [stdout] test result: FAILED. 1 passed; 2 failed; 0 ignored; 0 measured; 0 filtered out; finished in 0.01s
[INFO] [stdout] 
[INFO] [stderr] error: test failed, to rerun pass `--lib`
[INFO] running `Command { std: "docker" "inspect" "cca0245b79a3c828dc0107d9ed0a0c469c9b0853bf47e8f19d8e957da33858f5", kill_on_drop: false }`
[INFO] running `Command { std: "docker" "rm" "-f" "cca0245b79a3c828dc0107d9ed0a0c469c9b0853bf47e8f19d8e957da33858f5", kill_on_drop: false }`
[INFO] [stdout] cca0245b79a3c828dc0107d9ed0a0c469c9b0853bf47e8f19d8e957da33858f5
