[INFO] fetching crate i3stat 0.13.1...
[INFO] testing i3stat-0.13.1 against nightly-2024-10-28+rustflags=-Zrandomize-layout for randomize-layout
[INFO] extracting crate i3stat 0.13.1 into /workspace/builds/worker-7-tc2/source
[INFO] validating manifest of crates.io crate i3stat 0.13.1 on toolchain nightly-2024-10-28
[INFO] running `Command { std: CARGO_HOME="/workspace/cargo-home" RUSTUP_HOME="/workspace/rustup-home" "/workspace/cargo-home/bin/cargo" "+nightly-2024-10-28" "metadata" "--manifest-path" "Cargo.toml" "--no-deps", kill_on_drop: false }`
[INFO] removed /workspace/builds/worker-7-tc2/source/rust-toolchain.toml
[INFO] started tweaking crates.io crate i3stat 0.13.1
[INFO] removed 0 missing tests
[INFO] finished tweaking crates.io crate i3stat 0.13.1
[INFO] tweaked toml for crates.io crate i3stat 0.13.1 written to /workspace/builds/worker-7-tc2/source/Cargo.toml
[INFO] crate crates.io crate i3stat 0.13.1 already has a lockfile, it will not be regenerated
[INFO] running `Command { std: CARGO_HOME="/workspace/cargo-home" RUSTUP_HOME="/workspace/rustup-home" "/workspace/cargo-home/bin/cargo" "+nightly-2024-10-28" "fetch" "--manifest-path" "Cargo.toml", kill_on_drop: false }`
[INFO] running `Command { std: "docker" "create" "-v" "/var/lib/crater-agent-workspace/builds/worker-7-tc2/target:/opt/rustwide/target:rw,Z" "-v" "/var/lib/crater-agent-workspace/builds/worker-7-tc2/source:/opt/rustwide/workdir:ro,Z" "-v" "/var/lib/crater-agent-workspace/cargo-home:/opt/rustwide/cargo-home:ro,Z" "-v" "/var/lib/crater-agent-workspace/rustup-home:/opt/rustwide/rustup-home:ro,Z" "-e" "SOURCE_DIR=/opt/rustwide/workdir" "-e" "CARGO_TARGET_DIR=/opt/rustwide/target" "-e" "CARGO_HOME=/opt/rustwide/cargo-home" "-e" "RUSTUP_HOME=/opt/rustwide/rustup-home" "-w" "/opt/rustwide/workdir" "-m" "1610612736" "--user" "0:0" "--network" "none" "ghcr.io/rust-lang/crates-build-env/linux@sha256:4a844ea9eb2546a2d2c7022eacef16ef2e8229c7fbb2c7d4d55a9ceca922f72d" "/opt/rustwide/cargo-home/bin/cargo" "+nightly-2024-10-28" "metadata" "--no-deps" "--format-version=1", kill_on_drop: false }`
[INFO] [stdout] a6ad0c4e3c2346414c42aa7bd81ab1b1fa6f977f2b585ee328c4e2e9f134cdac
[INFO] running `Command { std: "docker" "start" "-a" "a6ad0c4e3c2346414c42aa7bd81ab1b1fa6f977f2b585ee328c4e2e9f134cdac", kill_on_drop: false }`
[INFO] running `Command { std: "docker" "inspect" "a6ad0c4e3c2346414c42aa7bd81ab1b1fa6f977f2b585ee328c4e2e9f134cdac", kill_on_drop: false }`
[INFO] running `Command { std: "docker" "rm" "-f" "a6ad0c4e3c2346414c42aa7bd81ab1b1fa6f977f2b585ee328c4e2e9f134cdac", kill_on_drop: false }`
[INFO] [stdout] a6ad0c4e3c2346414c42aa7bd81ab1b1fa6f977f2b585ee328c4e2e9f134cdac
[INFO] running `Command { std: "docker" "create" "-v" "/var/lib/crater-agent-workspace/builds/worker-7-tc2/target:/opt/rustwide/target:rw,Z" "-v" "/var/lib/crater-agent-workspace/builds/worker-7-tc2/source:/opt/rustwide/workdir:ro,Z" "-v" "/var/lib/crater-agent-workspace/cargo-home:/opt/rustwide/cargo-home:ro,Z" "-v" "/var/lib/crater-agent-workspace/rustup-home:/opt/rustwide/rustup-home:ro,Z" "-e" "SOURCE_DIR=/opt/rustwide/workdir" "-e" "CARGO_TARGET_DIR=/opt/rustwide/target" "-e" "CARGO_INCREMENTAL=0" "-e" "RUST_BACKTRACE=full" "-e" "RUSTFLAGS=--cap-lints=forbid -Zrandomize-layout" "-e" "RUSTDOCFLAGS=--cap-lints=forbid" "-e" "CARGO_HOME=/opt/rustwide/cargo-home" "-e" "RUSTUP_HOME=/opt/rustwide/rustup-home" "-w" "/opt/rustwide/workdir" "-m" "1610612736" "--user" "0:0" "--network" "none" "ghcr.io/rust-lang/crates-build-env/linux@sha256:4a844ea9eb2546a2d2c7022eacef16ef2e8229c7fbb2c7d4d55a9ceca922f72d" "/opt/rustwide/cargo-home/bin/cargo" "+nightly-2024-10-28" "build" "--frozen" "--message-format=json", kill_on_drop: false }`
[INFO] [stdout] 96a047af0235d4af884df2297a96f023ba9e275459cd303bc7831eaf23dc6615
[INFO] running `Command { std: "docker" "start" "-a" "96a047af0235d4af884df2297a96f023ba9e275459cd303bc7831eaf23dc6615", kill_on_drop: false }`
[INFO] [stderr]    Compiling proc-macro2 v1.0.80
[INFO] [stderr]    Compiling unicode-ident v1.0.12
[INFO] [stderr]    Compiling libc v0.2.153
[INFO] [stderr]    Compiling autocfg v1.2.0
[INFO] [stderr]    Compiling syn v1.0.109
[INFO] [stderr]    Compiling version_check v0.9.4
[INFO] [stderr]    Compiling serde v1.0.197
[INFO] [stderr]    Compiling cfg-if v1.0.0
[INFO] [stderr]    Compiling pin-project-lite v0.2.14
[INFO] [stderr]    Compiling hashbrown v0.14.3
[INFO] [stderr]    Compiling equivalent v1.0.1
[INFO] [stderr]    Compiling memchr v2.7.2
[INFO] [stderr]    Compiling futures-core v0.3.30
[INFO] [stderr]    Compiling parking_lot_core v0.9.9
[INFO] [stderr]    Compiling smallvec v1.13.2
[INFO] [stderr]    Compiling scopeguard v1.2.0
[INFO] [stderr]    Compiling typenum v1.17.0
[INFO] [stderr]    Compiling generic-array v0.14.7
[INFO] [stderr]    Compiling lock_api v0.4.11
[INFO] [stderr]    Compiling strsim v0.10.0
[INFO] [stderr]    Compiling ident_case v1.0.1
[INFO] [stderr]    Compiling toml_datetime v0.6.5
[INFO] [stderr]    Compiling winnow v0.5.40
[INFO] [stderr]    Compiling fnv v1.0.7
[INFO] [stderr]    Compiling crossbeam-utils v0.8.19
[INFO] [stderr]    Compiling num-traits v0.2.18
[INFO] [stderr]    Compiling quote v1.0.36
[INFO] [stderr]    Compiling indexmap v2.2.6
[INFO] [stderr]    Compiling slab v0.4.9
[INFO] [stderr]    Compiling syn v2.0.59
[INFO] [stderr]    Compiling bytes v1.6.0
[INFO] [stderr]    Compiling futures-sink v0.3.30
[INFO] [stderr]    Compiling proc-macro-error-attr v1.0.4
[INFO] [stderr]    Compiling pkg-config v0.3.30
[INFO] [stderr]    Compiling signal-hook-registry v1.4.1
[INFO] [stderr]    Compiling parking_lot v0.12.1
[INFO] [stderr]    Compiling socket2 v0.5.6
[INFO] [stderr]    Compiling mio v0.8.11
[INFO] [stderr]    Compiling num_cpus v1.16.0
[INFO] [stderr]    Compiling toml_edit v0.21.1
[INFO] [stderr]    Compiling libpulse-sys v1.21.0
[INFO] [stderr]    Compiling aho-corasick v1.1.3
[INFO] [stderr]    Compiling getrandom v0.2.14
[INFO] [stderr]    Compiling concurrent-queue v2.4.0
[INFO] [stderr]    Compiling futures-channel v0.3.30
[INFO] [stderr]    Compiling memoffset v0.9.1
[INFO] [stderr]    Compiling proc-macro-error v1.0.4
[INFO] [stderr]    Compiling regex-syntax v0.8.3
[INFO] [stderr]    Compiling parking v2.2.0
[INFO] [stderr]    Compiling futures-io v0.3.30
[INFO] [stderr]    Compiling pin-utils v0.1.0
[INFO] [stderr]    Compiling utf8parse v0.2.1
[INFO] [stderr]    Compiling rustversion v1.0.15
[INFO] [stderr]    Compiling once_cell v1.19.0
[INFO] [stderr]    Compiling futures-task v0.3.30
[INFO] [stderr]    Compiling cfg_aliases v0.1.1
[INFO] [stderr]    Compiling nix v0.28.0
[INFO] [stderr]    Compiling regex-automata v0.4.6
[INFO] [stderr]    Compiling darling_core v0.14.4
[INFO] [stderr]    Compiling zvariant_utils v1.1.0
[INFO] [stderr]    Compiling proc-macro-crate v3.1.0
[INFO] [stderr]    Compiling anstyle-parse v0.2.3
[INFO] [stderr]    Compiling serde_derive v1.0.197
[INFO] [stderr]    Compiling tokio-macros v2.2.0
[INFO] [stderr]    Compiling futures-macro v0.3.30
[INFO] [stderr]    Compiling enumflags2_derive v0.7.9
[INFO] [stderr]    Compiling tokio v1.37.0
[INFO] [stderr]    Compiling event-listener v5.3.0
[INFO] [stderr]    Compiling zvariant_derive v4.0.2
[INFO] [stderr]    Compiling futures-util v0.3.30
[INFO] [stderr]    Compiling num-derive v0.3.3
[INFO] [stderr]    Compiling darling_macro v0.14.4
[INFO] [stderr]    Compiling rand_core v0.6.4
[INFO] [stderr]    Compiling block-buffer v0.10.4
[INFO] [stderr]    Compiling crypto-common v0.1.6
[INFO] [stderr]    Compiling darling v0.14.4
[INFO] [stderr]    Compiling uncased v0.9.10
[INFO] [stderr]    Compiling derive_builder_core v0.11.2
[INFO] [stderr]    Compiling colorchoice v1.0.0
[INFO] [stderr]    Compiling itoa v1.0.11
[INFO] [stderr]    Compiling serde_json v1.0.116
[INFO] [stderr]    Compiling log v0.4.21
[INFO] [stderr]    Compiling endi v1.1.0
[INFO] [stderr]    Compiling static_assertions v1.1.0
[INFO] [stderr]    Compiling anstyle-query v1.0.2
[INFO] [stderr]    Compiling winnow v0.6.6
[INFO] [stderr]    Compiling bitflags v2.5.0
[INFO] [stderr]    Compiling ryu v1.0.17
[INFO] [stderr]    Compiling anstyle v1.0.6
[INFO] [stderr]    Compiling humantime v2.1.0
[INFO] [stderr]    Compiling signal-hook v0.3.17
[INFO] [stderr]    Compiling ppv-lite86 v0.2.17
[INFO] [stderr]    Compiling anstream v0.6.13
[INFO] [stderr]    Compiling derive_builder_macro v0.11.2
[INFO] [stderr]    Compiling regex v1.10.4
[INFO] [stderr]    Compiling rand_chacha v0.3.1
[INFO] [stderr]    Compiling digest v0.10.7
[INFO] [stderr]    Compiling event-listener-strategy v0.5.1
[INFO] [stderr]    Compiling tracing-attributes v0.1.27
[INFO] [stderr]    Compiling tracing-core v0.1.32
[INFO] [stderr]    Compiling is-terminal v0.4.12
[INFO] [stderr]    Compiling figment v0.10.17
[INFO] [stderr]    Compiling paste v1.0.14
[INFO] [stderr]    Compiling unsafe-libyaml v0.2.11
[INFO] [stderr]    Compiling bitflags v1.3.2
[INFO] [stderr]    Compiling termcolor v1.4.1
[INFO] [stderr]    Compiling cpufeatures v0.2.12
[INFO] [stderr]    Compiling clap_lex v0.7.0
[INFO] [stderr]    Compiling heck v0.5.0
[INFO] [stderr]    Compiling option-ext v0.2.0
[INFO] [stderr]    Compiling either v1.11.0
[INFO] [stderr]    Compiling strsim v0.11.1
[INFO] [stderr]    Compiling heck v0.4.1
[INFO] [stderr]    Compiling strum_macros v0.26.2
[INFO] [stderr]    Compiling clap_builder v4.5.2
[INFO] [stderr]    Compiling tracing v0.1.40
[INFO] [stderr]    Compiling clap_derive v4.5.4
[INFO] [stderr]    Compiling dirs-sys v0.4.1
[INFO] [stderr]    Compiling sha1 v0.10.6
[INFO] [stderr]    Compiling env_logger v0.10.2
[INFO] [stderr]    Compiling libpulse-binding v2.28.1
[INFO] [stderr]    Compiling zbus_macros v4.1.2
[INFO] [stderr]    Compiling serde_spanned v0.6.5
[INFO] [stderr]    Compiling enumflags2 v0.7.9
[INFO] [stderr]    Compiling neli-proc-macros v0.2.0-rc2
[INFO] [stderr]    Compiling zvariant v4.0.2
[INFO] [stderr]    Compiling toml_edit v0.22.9
[INFO] [stderr]    Compiling serde_yaml v0.9.34+deprecated
[INFO] [stderr]    Compiling async-broadcast v0.7.0
[INFO] [stderr]    Compiling getset v0.1.2
[INFO] [stderr]    Compiling rand v0.8.5
[INFO] [stderr]    Compiling derive_builder v0.11.2
[INFO] [stderr]    Compiling futures-executor v0.3.30
[INFO] [stderr]    Compiling derivative v2.2.0
[INFO] [stderr]    Compiling serde_repr v0.1.19
[INFO] [stderr]    Compiling async-trait v0.1.80
[INFO] [stderr]    Compiling xdg-home v1.1.0
[INFO] [stderr]    Compiling ordered-stream v0.2.0
[INFO] [stderr]    Compiling zbus_names v3.0.0
[INFO] [stderr]    Compiling hex v0.4.3
[INFO] [stderr]    Compiling byteorder v1.5.0
[INFO] [stderr]    Compiling toml v0.8.12
[INFO] [stderr]    Compiling arrayvec v0.7.4
[INFO] [stderr]    Compiling iana-time-zone v0.1.60
[INFO] [stderr]    Compiling hex_color v3.0.0
[INFO] [stderr]    Compiling chrono v0.4.38
[INFO] [stderr]    Compiling neli v0.7.0-rc2
[INFO] [stderr]    Compiling signal-hook-tokio v0.3.1
[INFO] [stderr]    Compiling futures v0.3.30
[INFO] [stderr]    Compiling clap v4.5.4
[INFO] [stderr]    Compiling humantime-serde v1.1.1
[INFO] [stderr]    Compiling bytesize v1.3.0
[INFO] [stderr]    Compiling strum v0.26.2
[INFO] [stderr]    Compiling libpulse-tokio v0.1.1
[INFO] [stderr]    Compiling zbus v4.1.2
[INFO] [stderr]    Compiling pretty_env_logger v0.5.0
[INFO] [stderr]    Compiling dirs v5.0.1
[INFO] [stderr]    Compiling tokio-util v0.7.10
[INFO] [stderr]    Compiling sysinfo v0.30.10
[INFO] [stderr]    Compiling wordexp v0.1.0
[INFO] [stderr]    Compiling hound v3.5.1
[INFO] [stderr]    Compiling i3stat v0.13.1 (/opt/rustwide/workdir)
[INFO] [stdout] warning: irrefutable `if let` pattern
[INFO] [stdout]   --> src/util/netlink/route.rs:67:16
[INFO] [stdout]    |
[INFO] [stdout] 67 |             if let Err(e) = handle_manual_trigger(socket, manual_trigger, tx).await {
[INFO] [stdout]    |                ^^^^^^^^^^^^^^^^^^^^^^^^^^^^^^^^^^^^^^^^^^^^^^^^^^^^^^^^^^^^^^^^^^^^
[INFO] [stdout]    |
[INFO] [stdout]    = note: this pattern will always match, so the `if let` is useless
[INFO] [stdout]    = help: consider replacing the `if let` with a `let`
[INFO] [stdout]    = note: `#[warn(irrefutable_let_patterns)]` on by default
[INFO] [stdout] 
[INFO] [stdout] 
[INFO] [stdout] warning: irrefutable `if let` pattern
[INFO] [stdout]   --> src/util/netlink/route.rs:75:12
[INFO] [stdout]    |
[INFO] [stdout] 75 |         if let Err(e) = handle_netlink_route_messages(socket, multicast, tx).await {
[INFO] [stdout]    |            ^^^^^^^^^^^^^^^^^^^^^^^^^^^^^^^^^^^^^^^^^^^^^^^^^^^^^^^^^^^^^^^^^^^^^^^
[INFO] [stdout]    |
[INFO] [stdout]    = note: this pattern will always match, so the `if let` is useless
[INFO] [stdout]    = help: consider replacing the `if let` with a `let`
[INFO] [stdout] 
[INFO] [stdout] 
[INFO] [stderr]     Finished `dev` profile [unoptimized + debuginfo] target(s) in 2m 10s
[INFO] running `Command { std: "docker" "inspect" "96a047af0235d4af884df2297a96f023ba9e275459cd303bc7831eaf23dc6615", kill_on_drop: false }`
[INFO] running `Command { std: "docker" "rm" "-f" "96a047af0235d4af884df2297a96f023ba9e275459cd303bc7831eaf23dc6615", kill_on_drop: false }`
[INFO] [stdout] 96a047af0235d4af884df2297a96f023ba9e275459cd303bc7831eaf23dc6615
[INFO] running `Command { std: "docker" "create" "-v" "/var/lib/crater-agent-workspace/builds/worker-7-tc2/target:/opt/rustwide/target:rw,Z" "-v" "/var/lib/crater-agent-workspace/builds/worker-7-tc2/source:/opt/rustwide/workdir:ro,Z" "-v" "/var/lib/crater-agent-workspace/cargo-home:/opt/rustwide/cargo-home:ro,Z" "-v" "/var/lib/crater-agent-workspace/rustup-home:/opt/rustwide/rustup-home:ro,Z" "-e" "SOURCE_DIR=/opt/rustwide/workdir" "-e" "CARGO_TARGET_DIR=/opt/rustwide/target" "-e" "CARGO_INCREMENTAL=0" "-e" "RUST_BACKTRACE=full" "-e" "RUSTFLAGS=--cap-lints=forbid -Zrandomize-layout" "-e" "RUSTDOCFLAGS=--cap-lints=forbid" "-e" "CARGO_HOME=/opt/rustwide/cargo-home" "-e" "RUSTUP_HOME=/opt/rustwide/rustup-home" "-w" "/opt/rustwide/workdir" "-m" "1610612736" "--user" "0:0" "--network" "none" "ghcr.io/rust-lang/crates-build-env/linux@sha256:4a844ea9eb2546a2d2c7022eacef16ef2e8229c7fbb2c7d4d55a9ceca922f72d" "/opt/rustwide/cargo-home/bin/cargo" "+nightly-2024-10-28" "test" "--frozen" "--no-run" "--message-format=json", kill_on_drop: false }`
[INFO] [stdout] 30710a1c34f9ec9645f3da5b4d0a8d0354ca4dae025e0888e0c78560d14cfd7c
[INFO] running `Command { std: "docker" "start" "-a" "30710a1c34f9ec9645f3da5b4d0a8d0354ca4dae025e0888e0c78560d14cfd7c", kill_on_drop: false }`
[INFO] [stderr]    Compiling regex-automata v0.4.6
[INFO] [stderr]    Compiling clap_builder v4.5.2
[INFO] [stderr]    Compiling quick-xml v0.30.0
[INFO] [stderr]    Compiling x11 v2.21.0
[INFO] [stderr]    Compiling nix v0.26.4
[INFO] [stderr]    Compiling redhook v2.0.0
[INFO] [stderr]    Compiling roff v0.2.1
[INFO] [stderr]    Compiling automod v1.0.14
[INFO] [stderr]    Compiling fakeroot v0.4.1
[INFO] [stderr]    Compiling timeout-readwrite v0.3.3
[INFO] [stderr]    Compiling xcb v1.3.0
[INFO] [stderr]    Compiling clap v4.5.4
[INFO] [stderr]    Compiling clap_mangen v0.2.20
[INFO] [stderr]    Compiling regex v1.10.4
[INFO] [stderr]    Compiling zbus_macros v4.1.2
[INFO] [stderr]    Compiling zbus v4.1.2
[INFO] [stderr]    Compiling i3stat v0.13.1 (/opt/rustwide/workdir)
[INFO] [stdout] warning: irrefutable `if let` pattern
[INFO] [stdout]   --> src/util/netlink/route.rs:67:16
[INFO] [stdout]    |
[INFO] [stdout] 67 |             if let Err(e) = handle_manual_trigger(socket, manual_trigger, tx).await {
[INFO] [stdout]    |                ^^^^^^^^^^^^^^^^^^^^^^^^^^^^^^^^^^^^^^^^^^^^^^^^^^^^^^^^^^^^^^^^^^^^
[INFO] [stdout]    |
[INFO] [stdout]    = note: this pattern will always match, so the `if let` is useless
[INFO] [stdout]    = help: consider replacing the `if let` with a `let`
[INFO] [stdout]    = note: `#[warn(irrefutable_let_patterns)]` on by default
[INFO] [stdout] 
[INFO] [stdout] 
[INFO] [stdout] warning: irrefutable `if let` pattern
[INFO] [stdout]   --> src/util/netlink/route.rs:75:12
[INFO] [stdout]    |
[INFO] [stdout] 75 |         if let Err(e) = handle_netlink_route_messages(socket, multicast, tx).await {
[INFO] [stdout]    |            ^^^^^^^^^^^^^^^^^^^^^^^^^^^^^^^^^^^^^^^^^^^^^^^^^^^^^^^^^^^^^^^^^^^^^^^
[INFO] [stdout]    |
[INFO] [stdout]    = note: this pattern will always match, so the `if let` is useless
[INFO] [stdout]    = help: consider replacing the `if let` with a `let`
[INFO] [stdout] 
[INFO] [stdout] 
[INFO] [stdout] warning: irrefutable `if let` pattern
[INFO] [stdout]   --> src/util/netlink/route.rs:67:16
[INFO] [stdout]    |
[INFO] [stdout] 67 |             if let Err(e) = handle_manual_trigger(socket, manual_trigger, tx).await {
[INFO] [stdout]    |                ^^^^^^^^^^^^^^^^^^^^^^^^^^^^^^^^^^^^^^^^^^^^^^^^^^^^^^^^^^^^^^^^^^^^
[INFO] [stdout]    |
[INFO] [stdout]    = note: this pattern will always match, so the `if let` is useless
[INFO] [stdout]    = help: consider replacing the `if let` with a `let`
[INFO] [stdout]    = note: `#[warn(irrefutable_let_patterns)]` on by default
[INFO] [stdout] 
[INFO] [stdout] 
[INFO] [stdout] warning: irrefutable `if let` pattern
[INFO] [stdout]   --> src/util/netlink/route.rs:75:12
[INFO] [stdout]    |
[INFO] [stdout] 75 |         if let Err(e) = handle_netlink_route_messages(socket, multicast, tx).await {
[INFO] [stdout]    |            ^^^^^^^^^^^^^^^^^^^^^^^^^^^^^^^^^^^^^^^^^^^^^^^^^^^^^^^^^^^^^^^^^^^^^^^
[INFO] [stdout]    |
[INFO] [stdout]    = note: this pattern will always match, so the `if let` is useless
[INFO] [stdout]    = help: consider replacing the `if let` with a `let`
[INFO] [stdout] 
[INFO] [stdout] 
[INFO] [stderr]     Finished `test` profile [unoptimized + debuginfo] target(s) in 52.45s
[INFO] running `Command { std: "docker" "inspect" "30710a1c34f9ec9645f3da5b4d0a8d0354ca4dae025e0888e0c78560d14cfd7c", kill_on_drop: false }`
[INFO] running `Command { std: "docker" "rm" "-f" "30710a1c34f9ec9645f3da5b4d0a8d0354ca4dae025e0888e0c78560d14cfd7c", kill_on_drop: false }`
[INFO] [stdout] 30710a1c34f9ec9645f3da5b4d0a8d0354ca4dae025e0888e0c78560d14cfd7c
[INFO] running `Command { std: "docker" "create" "-v" "/var/lib/crater-agent-workspace/builds/worker-7-tc2/target:/opt/rustwide/target:rw,Z" "-v" "/var/lib/crater-agent-workspace/builds/worker-7-tc2/source:/opt/rustwide/workdir:ro,Z" "-v" "/var/lib/crater-agent-workspace/cargo-home:/opt/rustwide/cargo-home:ro,Z" "-v" "/var/lib/crater-agent-workspace/rustup-home:/opt/rustwide/rustup-home:ro,Z" "-e" "SOURCE_DIR=/opt/rustwide/workdir" "-e" "CARGO_TARGET_DIR=/opt/rustwide/target" "-e" "CARGO_INCREMENTAL=0" "-e" "RUST_BACKTRACE=full" "-e" "RUSTFLAGS=--cap-lints=forbid -Zrandomize-layout" "-e" "RUSTDOCFLAGS=--cap-lints=forbid" "-e" "CARGO_HOME=/opt/rustwide/cargo-home" "-e" "RUSTUP_HOME=/opt/rustwide/rustup-home" "-w" "/opt/rustwide/workdir" "-m" "1610612736" "--user" "0:0" "--network" "none" "ghcr.io/rust-lang/crates-build-env/linux@sha256:4a844ea9eb2546a2d2c7022eacef16ef2e8229c7fbb2c7d4d55a9ceca922f72d" "/opt/rustwide/cargo-home/bin/cargo" "+nightly-2024-10-28" "test" "--frozen", kill_on_drop: false }`
[INFO] [stdout] b76a0e3f8200bcd1aff8bbbfc73e738ae1f444ccebd613dc845883b16763e992
[INFO] running `Command { std: "docker" "start" "-a" "b76a0e3f8200bcd1aff8bbbfc73e738ae1f444ccebd613dc845883b16763e992", kill_on_drop: false }`
[INFO] [stderr] warning: irrefutable `if let` pattern
[INFO] [stderr]   --> src/util/netlink/route.rs:67:16
[INFO] [stderr]    |
[INFO] [stderr] 67 |             if let Err(e) = handle_manual_trigger(socket, manual_trigger, tx).await {
[INFO] [stderr]    |                ^^^^^^^^^^^^^^^^^^^^^^^^^^^^^^^^^^^^^^^^^^^^^^^^^^^^^^^^^^^^^^^^^^^^
[INFO] [stderr]    |
[INFO] [stderr]    = note: this pattern will always match, so the `if let` is useless
[INFO] [stderr]    = help: consider replacing the `if let` with a `let`
[INFO] [stderr]    = note: `#[warn(irrefutable_let_patterns)]` on by default
[INFO] [stderr] 
[INFO] [stderr] warning: irrefutable `if let` pattern
[INFO] [stderr]   --> src/util/netlink/route.rs:75:12
[INFO] [stderr]    |
[INFO] [stderr] 75 |         if let Err(e) = handle_netlink_route_messages(socket, multicast, tx).await {
[INFO] [stderr]    |            ^^^^^^^^^^^^^^^^^^^^^^^^^^^^^^^^^^^^^^^^^^^^^^^^^^^^^^^^^^^^^^^^^^^^^^^
[INFO] [stderr]    |
[INFO] [stderr]    = note: this pattern will always match, so the `if let` is useless
[INFO] [stderr]    = help: consider replacing the `if let` with a `let`
[INFO] [stderr] 
[INFO] [stderr] warning: `i3stat` (lib) generated 2 warnings
[INFO] [stderr] warning: `i3stat` (lib test) generated 2 warnings (2 duplicates)
[INFO] [stderr]     Finished `test` profile [unoptimized + debuginfo] target(s) in 0.30s
[INFO] [stderr]      Running unittests src/lib.rs (/opt/rustwide/target/debug/deps/i3stat-a8c24196efb7b44d)
[INFO] [stdout] 
[INFO] [stdout] running 60 tests
[INFO] [stdout] test bar_items::battery::tests::de ... ok
[INFO] [stdout] test bar::tests::format_sep_with_all_empty ... ok
[INFO] [stdout] test bar::tests::properly_format_separator_with_empty ... ok
[INFO] [stdout] test bar_items::pulse::structs::tests::dir_cycle_many ... ok
[INFO] [stdout] test bar_items::pulse::structs::tests::dir_cycle_many_filter ... ok
[INFO] [stdout] test bar_items::battery::tests::name ... ok
[INFO] [stdout] test bar_items::pulse::structs::tests::dir_cycle_none ... ok
[INFO] [stdout] test bar_items::pulse::structs::tests::dir_cycle_one ... ok
[INFO] [stdout] test bar_items::pulse::structs::tests::dir_cycle_one_filter ... ok
[INFO] [stdout] test bar_items::pulse::structs::tests::dir_cycle_start_past_end ... ok
[INFO] [stdout] test bar_items::pulse::structs::tests::port_cycling_single_port ... ok
[INFO] [stdout] test bar_items::pulse::structs::tests::port_cycling_two_ports ... ok
[INFO] [stdout] test bar_items::pulse::structs::tests::port_cycling_skip_unavailable ... ok
[INFO] [stdout] test bar_items::pulse::tests::check_code_cast ... ok
[INFO] [stdout] test config::tests::sort_one_index ... ok
[INFO] [stdout] test config::tests::sort_does_nothing ... ok
[INFO] [stdout] test config::item::tests::item_tags ... ok
[INFO] [stdout] test config::tests::sort_all_same_index ... ok
[INFO] [stdout] test config::tests::sort_oob_index ... ok
[INFO] [stdout] test config::tests::sort_reverse ... ok
[INFO] [stdout] test config::tests::validate_names ... ok
[INFO] [stdout] test i3::bar_item::tests::as_env_map ... ok
[INFO] [stdout] test ipc::protocol::tests::test_encode_ipc_msg ... ok
[INFO] [stdout] test util::cell::cell_tests::clone_and_move ... ok
[INFO] [stdout] test util::cell::cell_tests::index ... ok
[INFO] [stdout] test util::cell::cell_tests::multiple_mutable_futures ... ok
[INFO] [stdout] test ipc::protocol::tests::test_encode_ipc_reply ... ok
[INFO] [stdout] test util::cell::cell_tests::across_await_boundaries ... ok
[INFO] [stdout] test util::cell::cell_tests::deref ... ok
[INFO] [stdout] test util::format::tests::format_just_pad ... ok
[INFO] [stdout] test util::format::tests::format_all ... ok
[INFO] [stdout] test util::format::tests::format_just_pad_count ... ok
[INFO] [stdout] test util::format::tests::format_default ... ok
[INFO] [stdout] test util::format::tests::format_just_precision ... ok
[INFO] [stdout] test util::format::tests::format_precision ... ok
[INFO] [stdout] test util::net::filter::tests::interface_filter_de ... ok
[INFO] [stdout] test util::net::filter::tests::interface_filter_from_str ... ok
[INFO] [stdout] test util::net::filter::tests::interface_filter_to_string ... ok
[INFO] [stdout] test util::net::filter::tests::interface_filter_ser ... ok
[INFO] [stdout] test util::netlink::nl80211::tests::signal_strength_quality ... ok
[INFO] [stdout] test util::netlink::tests::debug ... ok
[INFO] [stdout] test util::enum_cycle::tests::empty_iterator ... ok
[INFO] [stdout] test util::format::tests::test_num_digits ... ok
[INFO] [stdout] test util::paginator::paginator_tests::backward_wrap ... ok
[INFO] [stdout] test util::path::tests::it_works ... ok
[INFO] [stdout] test util::paginator::paginator_tests::forward_wrap ... ok
[INFO] [stdout] test cli::tests::manpage ... FAILED
[INFO] [stdout] test config::tests::validate_names_duplicate - should panic ... ok
[INFO] [stdout] test util::vec::tests::non_copy_types ... ok
[INFO] [stdout] test util::vec::tests::oob_indices - should panic ... ok
[INFO] [stdout] test util::vec::tests::oob_indices2 - should panic ... ok
[INFO] [stdout] test util::vec::tests::oob_indices3 - should panic ... ok
[INFO] [stdout] test test_utils::ensure_proper_test_env ... FAILED
[INFO] [stdout] test util::vec::tests::monkey_test ... ok
[INFO] [stdout] test util::paginator::paginator_tests::set_len0 - should panic ... ok
[INFO] [stdout] test util::netlink::acpi::test::it_works ... FAILED
[INFO] [stdout] test util::path::tests::passthrough_to_wordexp - should panic ... ok
[INFO] [stdout] test util::vec::tests::duplicate_indices - should panic ... ok
[INFO] [stdout] test util::vec::tests::longer_indices - should panic ... ok
[INFO] [stdout] test util::vec::tests::shorter_indices - should panic ... ok
[INFO] [stdout] 
[INFO] [stdout] failures:
[INFO] [stdout] 
[INFO] [stdout] ---- cli::tests::manpage stdout ----
[INFO] [stdout] thread 'cli::tests::manpage' panicked at src/test_utils.rs:13:25:
[INFO] [stdout] failed to generate manpage: Os { code: 30, kind: ReadOnlyFilesystem, message: "Read-only file system" }
[INFO] [stdout] stack backtrace:
[INFO] [stdout]    0:     0x5e7db3166b7a - std::backtrace_rs::backtrace::libunwind::trace::h207520d6e9873551
[INFO] [stdout]                                at /rustc/df4ca44d3fbc9301ee17f30f4d474e6ae4b05252/library/std/src/../../backtrace/src/backtrace/libunwind.rs:116:5
[INFO] [stdout]    1:     0x5e7db3166b7a - std::backtrace_rs::backtrace::trace_unsynchronized::h2ed7433f370e3eca
[INFO] [stdout]                                at /rustc/df4ca44d3fbc9301ee17f30f4d474e6ae4b05252/library/std/src/../../backtrace/src/backtrace/mod.rs:66:5
[INFO] [stdout]    2:     0x5e7db3166b7a - std::sys::backtrace::_print_fmt::h916fac51166b18d7
[INFO] [stdout]                                at /rustc/df4ca44d3fbc9301ee17f30f4d474e6ae4b05252/library/std/src/sys/backtrace.rs:66:9
[INFO] [stdout]    3:     0x5e7db3166b7a - <std::sys::backtrace::BacktraceLock::print::DisplayBacktrace as core::fmt::Display>::fmt::ha0a4c9b8ce3802e6
[INFO] [stdout]                                at /rustc/df4ca44d3fbc9301ee17f30f4d474e6ae4b05252/library/std/src/sys/backtrace.rs:39:26
[INFO] [stdout]    4:     0x5e7db318efb3 - core::fmt::rt::Argument::fmt::h4cfc8587d52b3eb5
[INFO] [stdout]                                at /rustc/df4ca44d3fbc9301ee17f30f4d474e6ae4b05252/library/core/src/fmt/rt.rs:177:76
[INFO] [stdout]    5:     0x5e7db318efb3 - core::fmt::write::h522cc39e5b36ae9f
[INFO] [stdout]                                at /rustc/df4ca44d3fbc9301ee17f30f4d474e6ae4b05252/library/core/src/fmt/mod.rs:1190:21
[INFO] [stdout]    6:     0x5e7db3163373 - std::io::Write::write_fmt::h7d3c26752da97734
[INFO] [stdout]                                at /rustc/df4ca44d3fbc9301ee17f30f4d474e6ae4b05252/library/std/src/io/mod.rs:1839:15
[INFO] [stdout]    7:     0x5e7db31669c2 - std::sys::backtrace::BacktraceLock::print::h4b9e00b29e9c0942
[INFO] [stdout]                                at /rustc/df4ca44d3fbc9301ee17f30f4d474e6ae4b05252/library/std/src/sys/backtrace.rs:42:9
[INFO] [stdout]    8:     0x5e7db316800a - std::panicking::default_hook::{{closure}}::hb59b88280d0324d9
[INFO] [stdout]                                at /rustc/df4ca44d3fbc9301ee17f30f4d474e6ae4b05252/library/std/src/panicking.rs:268:22
[INFO] [stdout]    9:     0x5e7db3167e14 - std::panicking::default_hook::he1dd496665be4a29
[INFO] [stdout]                                at /rustc/df4ca44d3fbc9301ee17f30f4d474e6ae4b05252/library/std/src/panicking.rs:292:9
[INFO] [stdout]   10:     0x5e7db2f6faa9 - <alloc::boxed::Box<F,A> as core::ops::function::Fn<Args>>::call::h4ff71de18744e1dc
[INFO] [stdout]                                at /rustc/df4ca44d3fbc9301ee17f30f4d474e6ae4b05252/library/alloc/src/boxed.rs:2468:9
[INFO] [stdout]   11:     0x5e7db2f6faa9 - test::test_main::{{closure}}::hcf7c055ce117aa81
[INFO] [stdout]                                at /rustc/df4ca44d3fbc9301ee17f30f4d474e6ae4b05252/library/test/src/lib.rs:133:21
[INFO] [stdout]   12:     0x5e7db3168708 - <alloc::boxed::Box<F,A> as core::ops::function::Fn<Args>>::call::h1d66c6bbd60c9692
[INFO] [stdout]                                at /rustc/df4ca44d3fbc9301ee17f30f4d474e6ae4b05252/library/alloc/src/boxed.rs:2468:9
[INFO] [stdout]   13:     0x5e7db3168708 - std::panicking::rust_panic_with_hook::h2ff17fe8f26dfcf8
[INFO] [stdout]                                at /rustc/df4ca44d3fbc9301ee17f30f4d474e6ae4b05252/library/std/src/panicking.rs:809:13
[INFO] [stdout]   14:     0x5e7db31684ca - std::panicking::begin_panic_handler::{{closure}}::h4fad77951c07e101
[INFO] [stdout]                                at /rustc/df4ca44d3fbc9301ee17f30f4d474e6ae4b05252/library/std/src/panicking.rs:674:13
[INFO] [stdout]   15:     0x5e7db3167059 - std::sys::backtrace::__rust_end_short_backtrace::hb1a25b3da5d0ea08
[INFO] [stdout]                                at /rustc/df4ca44d3fbc9301ee17f30f4d474e6ae4b05252/library/std/src/sys/backtrace.rs:170:18
[INFO] [stdout]   16:     0x5e7db316815c - rust_begin_unwind
[INFO] [stdout]                                at /rustc/df4ca44d3fbc9301ee17f30f4d474e6ae4b05252/library/std/src/panicking.rs:665:5
[INFO] [stdout]   17:     0x5e7db318d5c0 - core::panicking::panic_fmt::ha9db07b529f9b256
[INFO] [stdout]                                at /rustc/df4ca44d3fbc9301ee17f30f4d474e6ae4b05252/library/core/src/panicking.rs:75:14
[INFO] [stdout]   18:     0x5e7db318daa6 - core::result::unwrap_failed::h5e8218e4d4338b8a
[INFO] [stdout]                                at /rustc/df4ca44d3fbc9301ee17f30f4d474e6ae4b05252/library/core/src/result.rs:1698:5
[INFO] [stdout]   19:     0x5e7db2e9a1ee - core::result::Result<T,E>::expect::hc031db2b20211c4a
[INFO] [stdout]                                at /rustc/df4ca44d3fbc9301ee17f30f4d474e6ae4b05252/library/core/src/result.rs:1060:23
[INFO] [stdout]   20:     0x5e7db2e625b9 - i3stat::test_utils::generate_manpage::h1d03d3d94fb7bc4b
[INFO] [stdout]                                at /opt/rustwide/workdir/src/test_utils.rs:13:5
[INFO] [stdout]   21:     0x5e7db2e472c7 - i3stat::cli::tests::manpage::hd60a7342dff3e9e4
[INFO] [stdout]                                at /opt/rustwide/workdir/src/cli.rs:29:9
[INFO] [stdout]   22:     0x5e7db2e47297 - i3stat::cli::tests::manpage::{{closure}}::hb4f97e4a6a8d4d54
[INFO] [stdout]                                at /opt/rustwide/workdir/src/cli.rs:28:17
[INFO] [stdout]   23:     0x5e7db2ec7046 - core::ops::function::FnOnce::call_once::hcbf583280c346fe2
[INFO] [stdout]                                at /rustc/df4ca44d3fbc9301ee17f30f4d474e6ae4b05252/library/core/src/ops/function.rs:250:5
[INFO] [stdout]   24:     0x5e7db2f7437b - core::ops::function::FnOnce::call_once::h22c3ba5715e93f05
[INFO] [stdout]                                at /rustc/df4ca44d3fbc9301ee17f30f4d474e6ae4b05252/library/core/src/ops/function.rs:250:5
[INFO] [stdout]   25:     0x5e7db2f7437b - test::__rust_begin_short_backtrace::h8e82d8113d0da17f
[INFO] [stdout]                                at /rustc/df4ca44d3fbc9301ee17f30f4d474e6ae4b05252/library/test/src/lib.rs:621:18
[INFO] [stdout]   26:     0x5e7db2f73cf7 - test::run_test_in_process::{{closure}}::h33235f4f20b7b7c7
[INFO] [stdout]                                at /rustc/df4ca44d3fbc9301ee17f30f4d474e6ae4b05252/library/test/src/lib.rs:644:60
[INFO] [stdout]   27:     0x5e7db2f73cf7 - <core::panic::unwind_safe::AssertUnwindSafe<F> as core::ops::function::FnOnce<()>>::call_once::hb5043206310c586f
[INFO] [stdout]                                at /rustc/df4ca44d3fbc9301ee17f30f4d474e6ae4b05252/library/core/src/panic/unwind_safe.rs:272:9
[INFO] [stdout]   28:     0x5e7db2f73cf7 - std::panicking::try::do_call::h9ad4731a60ab23e2
[INFO] [stdout]                                at /rustc/df4ca44d3fbc9301ee17f30f4d474e6ae4b05252/library/std/src/panicking.rs:557:40
[INFO] [stdout]   29:     0x5e7db2f73cf7 - std::panicking::try::h3824d23db772a716
[INFO] [stdout]                                at /rustc/df4ca44d3fbc9301ee17f30f4d474e6ae4b05252/library/std/src/panicking.rs:520:19
[INFO] [stdout]   30:     0x5e7db2f73cf7 - std::panic::catch_unwind::h5afd514605fde46b
[INFO] [stdout]                                at /rustc/df4ca44d3fbc9301ee17f30f4d474e6ae4b05252/library/std/src/panic.rs:358:14
[INFO] [stdout]   31:     0x5e7db2f73cf7 - test::run_test_in_process::h0d5cbfa7067d1720
[INFO] [stdout]                                at /rustc/df4ca44d3fbc9301ee17f30f4d474e6ae4b05252/library/test/src/lib.rs:644:27
[INFO] [stdout]   32:     0x5e7db2f73cf7 - test::run_test::{{closure}}::h708eb8872708115d
[INFO] [stdout]                                at /rustc/df4ca44d3fbc9301ee17f30f4d474e6ae4b05252/library/test/src/lib.rs:565:43
[INFO] [stdout]   33:     0x5e7db2f37414 - test::run_test::{{closure}}::h392c51cee94713ab
[INFO] [stdout]                                at /rustc/df4ca44d3fbc9301ee17f30f4d474e6ae4b05252/library/test/src/lib.rs:595:41
[INFO] [stdout]   34:     0x5e7db2f37414 - std::sys::backtrace::__rust_begin_short_backtrace::h2f40290710935a8b
[INFO] [stdout]                                at /rustc/df4ca44d3fbc9301ee17f30f4d474e6ae4b05252/library/std/src/sys/backtrace.rs:154:18
[INFO] [stdout]   35:     0x5e7db2f3abbe - std::thread::Builder::spawn_unchecked_::{{closure}}::{{closure}}::h3fd968d89053a903
[INFO] [stdout]                                at /rustc/df4ca44d3fbc9301ee17f30f4d474e6ae4b05252/library/std/src/thread/mod.rs:541:17
[INFO] [stdout]   36:     0x5e7db2f3abbe - <core::panic::unwind_safe::AssertUnwindSafe<F> as core::ops::function::FnOnce<()>>::call_once::h743f637ba4229880
[INFO] [stdout]                                at /rustc/df4ca44d3fbc9301ee17f30f4d474e6ae4b05252/library/core/src/panic/unwind_safe.rs:272:9
[INFO] [stdout]   37:     0x5e7db2f3abbe - std::panicking::try::do_call::h07440897322525a6
[INFO] [stdout]                                at /rustc/df4ca44d3fbc9301ee17f30f4d474e6ae4b05252/library/std/src/panicking.rs:557:40
[INFO] [stdout]   38:     0x5e7db2f3abbe - std::panicking::try::he5a2e00188156637
[INFO] [stdout]                                at /rustc/df4ca44d3fbc9301ee17f30f4d474e6ae4b05252/library/std/src/panicking.rs:520:19
[INFO] [stdout]   39:     0x5e7db2f3abbe - std::panic::catch_unwind::hbaf3cae49b3c6433
[INFO] [stdout]                                at /rustc/df4ca44d3fbc9301ee17f30f4d474e6ae4b05252/library/std/src/panic.rs:358:14
[INFO] [stdout]   40:     0x5e7db2f3abbe - std::thread::Builder::spawn_unchecked_::{{closure}}::h8e141ea224820bce
[INFO] [stdout]                                at /rustc/df4ca44d3fbc9301ee17f30f4d474e6ae4b05252/library/std/src/thread/mod.rs:540:30
[INFO] [stdout]   41:     0x5e7db2f3abbe - core::ops::function::FnOnce::call_once{{vtable.shim}}::h90d312fedd7b8ea8
[INFO] [stdout]                                at /rustc/df4ca44d3fbc9301ee17f30f4d474e6ae4b05252/library/core/src/ops/function.rs:250:5
[INFO] [stdout]   42:     0x5e7db316c7bb - <alloc::boxed::Box<F,A> as core::ops::function::FnOnce<Args>>::call_once::h69aa08ddb6adb8b6
[INFO] [stdout]                                at /rustc/df4ca44d3fbc9301ee17f30f4d474e6ae4b05252/library/alloc/src/boxed.rs:2454:9
[INFO] [stdout]   43:     0x5e7db316c7bb - <alloc::boxed::Box<F,A> as core::ops::function::FnOnce<Args>>::call_once::h5aa36efdb79c806f
[INFO] [stdout]                                at /rustc/df4ca44d3fbc9301ee17f30f4d474e6ae4b05252/library/alloc/src/boxed.rs:2454:9
[INFO] [stdout]   44:     0x5e7db316c7bb - std::sys::pal::unix::thread::Thread::new::thread_start::h6cd80a1b4be5158d
[INFO] [stdout]                                at /rustc/df4ca44d3fbc9301ee17f30f4d474e6ae4b05252/library/std/src/sys/pal/unix/thread.rs:105:17
[INFO] [stdout]   45:     0x7d06bda8aac3 - <unknown>
[INFO] [stdout]   46:     0x7d06bdb1ba04 - clone
[INFO] [stdout]   47:                0x0 - <unknown>
[INFO] [stdout] 
[INFO] [stdout] ---- test_utils::ensure_proper_test_env stdout ----
[INFO] [stdout] thread 'test_utils::ensure_proper_test_env' panicked at src/test_utils.rs:64:5:
[INFO] [stdout] Please ensure you're running the tests via the justfile!
[INFO] [stdout] stack backtrace:
[INFO] [stdout]    0:     0x5e7db3166b7a - std::backtrace_rs::backtrace::libunwind::trace::h207520d6e9873551
[INFO] [stdout]                                at /rustc/df4ca44d3fbc9301ee17f30f4d474e6ae4b05252/library/std/src/../../backtrace/src/backtrace/libunwind.rs:116:5
[INFO] [stdout]    1:     0x5e7db3166b7a - std::backtrace_rs::backtrace::trace_unsynchronized::h2ed7433f370e3eca
[INFO] [stdout]                                at /rustc/df4ca44d3fbc9301ee17f30f4d474e6ae4b05252/library/std/src/../../backtrace/src/backtrace/mod.rs:66:5
[INFO] [stdout]    2:     0x5e7db3166b7a - std::sys::backtrace::_print_fmt::h916fac51166b18d7
[INFO] [stdout]                                at /rustc/df4ca44d3fbc9301ee17f30f4d474e6ae4b05252/library/std/src/sys/backtrace.rs:66:9
[INFO] [stdout]    3:     0x5e7db3166b7a - <std::sys::backtrace::BacktraceLock::print::DisplayBacktrace as core::fmt::Display>::fmt::ha0a4c9b8ce3802e6
[INFO] [stdout]                                at /rustc/df4ca44d3fbc9301ee17f30f4d474e6ae4b05252/library/std/src/sys/backtrace.rs:39:26
[INFO] [stdout]    4:     0x5e7db318efb3 - core::fmt::rt::Argument::fmt::h4cfc8587d52b3eb5
[INFO] [stdout]                                at /rustc/df4ca44d3fbc9301ee17f30f4d474e6ae4b05252/library/core/src/fmt/rt.rs:177:76
[INFO] [stdout]    5:     0x5e7db318efb3 - core::fmt::write::h522cc39e5b36ae9f
[INFO] [stdout]                                at /rustc/df4ca44d3fbc9301ee17f30f4d474e6ae4b05252/library/core/src/fmt/mod.rs:1190:21
[INFO] [stdout]    6:     0x5e7db3163373 - std::io::Write::write_fmt::h7d3c26752da97734
[INFO] [stdout]                                at /rustc/df4ca44d3fbc9301ee17f30f4d474e6ae4b05252/library/std/src/io/mod.rs:1839:15
[INFO] [stdout]    7:     0x5e7db31669c2 - std::sys::backtrace::BacktraceLock::print::h4b9e00b29e9c0942
[INFO] [stdout]                                at /rustc/df4ca44d3fbc9301ee17f30f4d474e6ae4b05252/library/std/src/sys/backtrace.rs:42:9
[INFO] [stdout]    8:     0x5e7db316800a - std::panicking::default_hook::{{closure}}::hb59b88280d0324d9
[INFO] [stdout]                                at /rustc/df4ca44d3fbc9301ee17f30f4d474e6ae4b05252/library/std/src/panicking.rs:268:22
[INFO] [stdout]    9:     0x5e7db3167e14 - std::panicking::default_hook::he1dd496665be4a29
[INFO] [stdout]                                at /rustc/df4ca44d3fbc9301ee17f30f4d474e6ae4b05252/library/std/src/panicking.rs:292:9
[INFO] [stdout]   10:     0x5e7db2f6faa9 - <alloc::boxed::Box<F,A> as core::ops::function::Fn<Args>>::call::h4ff71de18744e1dc
[INFO] [stdout]                                at /rustc/df4ca44d3fbc9301ee17f30f4d474e6ae4b05252/library/alloc/src/boxed.rs:2468:9
[INFO] [stdout]   11:     0x5e7db2f6faa9 - test::test_main::{{closure}}::hcf7c055ce117aa81
[INFO] [stdout]                                at /rustc/df4ca44d3fbc9301ee17f30f4d474e6ae4b05252/library/test/src/lib.rs:133:21
[INFO] [stdout]   12:     0x5e7db3168708 - <alloc::boxed::Box<F,A> as core::ops::function::Fn<Args>>::call::h1d66c6bbd60c9692
[INFO] [stdout]                                at /rustc/df4ca44d3fbc9301ee17f30f4d474e6ae4b05252/library/alloc/src/boxed.rs:2468:9
[INFO] [stdout]   13:     0x5e7db3168708 - std::panicking::rust_panic_with_hook::h2ff17fe8f26dfcf8
[INFO] [stdout]                                at /rustc/df4ca44d3fbc9301ee17f30f4d474e6ae4b05252/library/std/src/panicking.rs:809:13
[INFO] [stdout]   14:     0x5e7db3168496 - std::panicking::begin_panic_handler::{{closure}}::h4fad77951c07e101
[INFO] [stdout]                                at /rustc/df4ca44d3fbc9301ee17f30f4d474e6ae4b05252/library/std/src/panicking.rs:667:13
[INFO] [stdout]   15:     0x5e7db3167059 - std::sys::backtrace::__rust_end_short_backtrace::hb1a25b3da5d0ea08
[INFO] [stdout]                                at /rustc/df4ca44d3fbc9301ee17f30f4d474e6ae4b05252/library/std/src/sys/backtrace.rs:170:18
[INFO] [stdout]   16:     0x5e7db316815c - rust_begin_unwind
[INFO] [stdout]                                at /rustc/df4ca44d3fbc9301ee17f30f4d474e6ae4b05252/library/std/src/panicking.rs:665:5
[INFO] [stdout]   17:     0x5e7db318d5c0 - core::panicking::panic_fmt::ha9db07b529f9b256
[INFO] [stdout]                                at /rustc/df4ca44d3fbc9301ee17f30f4d474e6ae4b05252/library/core/src/panicking.rs:75:14
[INFO] [stdout]   18:     0x5e7db2e68b78 - i3stat::test_utils::ensure_proper_test_env::h0002c1f04a747210
[INFO] [stdout]                                at /opt/rustwide/workdir/src/test_utils.rs:64:5
[INFO] [stdout]   19:     0x5e7db2e68ac7 - i3stat::test_utils::ensure_proper_test_env::{{closure}}::ha632ec039a2d5ac1
[INFO] [stdout]                                at /opt/rustwide/workdir/src/test_utils.rs:63:28
[INFO] [stdout]   20:     0x5e7db2ec6216 - core::ops::function::FnOnce::call_once::h1ddac7a6128717b8
[INFO] [stdout]                                at /rustc/df4ca44d3fbc9301ee17f30f4d474e6ae4b05252/library/core/src/ops/function.rs:250:5
[INFO] [stdout]   21:     0x5e7db2f7437b - core::ops::function::FnOnce::call_once::h22c3ba5715e93f05
[INFO] [stdout]                                at /rustc/df4ca44d3fbc9301ee17f30f4d474e6ae4b05252/library/core/src/ops/function.rs:250:5
[INFO] [stdout]   22:     0x5e7db2f7437b - test::__rust_begin_short_backtrace::h8e82d8113d0da17f
[INFO] [stdout]                                at /rustc/df4ca44d3fbc9301ee17f30f4d474e6ae4b05252/library/test/src/lib.rs:621:18
[INFO] [stdout]   23:     0x5e7db2f73cf7 - test::run_test_in_process::{{closure}}::h33235f4f20b7b7c7
[INFO] [stdout]                                at /rustc/df4ca44d3fbc9301ee17f30f4d474e6ae4b05252/library/test/src/lib.rs:644:60
[INFO] [stdout]   24:     0x5e7db2f73cf7 - <core::panic::unwind_safe::AssertUnwindSafe<F> as core::ops::function::FnOnce<()>>::call_once::hb5043206310c586f
[INFO] [stdout]                                at /rustc/df4ca44d3fbc9301ee17f30f4d474e6ae4b05252/library/core/src/panic/unwind_safe.rs:272:9
[INFO] [stdout]   25:     0x5e7db2f73cf7 - std::panicking::try::do_call::h9ad4731a60ab23e2
[INFO] [stdout]                                at /rustc/df4ca44d3fbc9301ee17f30f4d474e6ae4b05252/library/std/src/panicking.rs:557:40
[INFO] [stdout]   26:     0x5e7db2f73cf7 - std::panicking::try::h3824d23db772a716
[INFO] [stdout]                                at /rustc/df4ca44d3fbc9301ee17f30f4d474e6ae4b05252/library/std/src/panicking.rs:520:19
[INFO] [stdout]   27:     0x5e7db2f73cf7 - std::panic::catch_unwind::h5afd514605fde46b
[INFO] [stdout]                                at /rustc/df4ca44d3fbc9301ee17f30f4d474e6ae4b05252/library/std/src/panic.rs:358:14
[INFO] [stdout]   28:     0x5e7db2f73cf7 - test::run_test_in_process::h0d5cbfa7067d1720
[INFO] [stdout]                                at /rustc/df4ca44d3fbc9301ee17f30f4d474e6ae4b05252/library/test/src/lib.rs:644:27
[INFO] [stdout]   29:     0x5e7db2f73cf7 - test::run_test::{{closure}}::h708eb8872708115d
[INFO] [stdout]                                at /rustc/df4ca44d3fbc9301ee17f30f4d474e6ae4b05252/library/test/src/lib.rs:565:43
[INFO] [stdout]   30:     0x5e7db2f37414 - test::run_test::{{closure}}::h392c51cee94713ab
[INFO] [stdout]                                at /rustc/df4ca44d3fbc9301ee17f30f4d474e6ae4b05252/library/test/src/lib.rs:595:41
[INFO] [stdout]   31:     0x5e7db2f37414 - std::sys::backtrace::__rust_begin_short_backtrace::h2f40290710935a8b
[INFO] [stdout]                                at /rustc/df4ca44d3fbc9301ee17f30f4d474e6ae4b05252/library/std/src/sys/backtrace.rs:154:18
[INFO] [stdout]   32:     0x5e7db2f3abbe - std::thread::Builder::spawn_unchecked_::{{closure}}::{{closure}}::h3fd968d89053a903
[INFO] [stdout]                                at /rustc/df4ca44d3fbc9301ee17f30f4d474e6ae4b05252/library/std/src/thread/mod.rs:541:17
[INFO] [stdout]   33:     0x5e7db2f3abbe - <core::panic::unwind_safe::AssertUnwindSafe<F> as core::ops::function::FnOnce<()>>::call_once::h743f637ba4229880
[INFO] [stdout]                                at /rustc/df4ca44d3fbc9301ee17f30f4d474e6ae4b05252/library/core/src/panic/unwind_safe.rs:272:9
[INFO] [stdout]   34:     0x5e7db2f3abbe - std::panicking::try::do_call::h07440897322525a6
[INFO] [stdout]                                at /rustc/df4ca44d3fbc9301ee17f30f4d474e6ae4b05252/library/std/src/panicking.rs:557:40
[INFO] [stdout]   35:     0x5e7db2f3abbe - std::panicking::try::he5a2e00188156637
[INFO] [stdout]                                at /rustc/df4ca44d3fbc9301ee17f30f4d474e6ae4b05252/library/std/src/panicking.rs:520:19
[INFO] [stdout]   36:     0x5e7db2f3abbe - std::panic::catch_unwind::hbaf3cae49b3c6433
[INFO] [stdout]                                at /rustc/df4ca44d3fbc9301ee17f30f4d474e6ae4b05252/library/std/src/panic.rs:358:14
[INFO] [stdout]   37:     0x5e7db2f3abbe - std::thread::Builder::spawn_unchecked_::{{closure}}::h8e141ea224820bce
[INFO] [stdout]                                at /rustc/df4ca44d3fbc9301ee17f30f4d474e6ae4b05252/library/std/src/thread/mod.rs:540:30
[INFO] [stdout]   38:     0x5e7db2f3abbe - core::ops::function::FnOnce::call_once{{vtable.shim}}::h90d312fedd7b8ea8
[INFO] [stdout]                                at /rustc/df4ca44d3fbc9301ee17f30f4d474e6ae4b05252/library/core/src/ops/function.rs:250:5
[INFO] [stdout]   39:     0x5e7db316c7bb - <alloc::boxed::Box<F,A> as core::ops::function::FnOnce<Args>>::call_once::h69aa08ddb6adb8b6
[INFO] [stdout]                                at /rustc/df4ca44d3fbc9301ee17f30f4d474e6ae4b05252/library/alloc/src/boxed.rs:2454:9
[INFO] [stdout]   40:     0x5e7db316c7bb - <alloc::boxed::Box<F,A> as core::ops::function::FnOnce<Args>>::call_once::h5aa36efdb79c806f
[INFO] [stdout]                                at /rustc/df4ca44d3fbc9301ee17f30f4d474e6ae4b05252/library/alloc/src/boxed.rs:2454:9
[INFO] [stdout]   41:     0x5e7db316c7bb - std::sys::pal::unix::thread::Thread::new::thread_start::h6cd80a1b4be5158d
[INFO] [stdout]                                at /rustc/df4ca44d3fbc9301ee17f30f4d474e6ae4b05252/library/std/src/sys/pal/unix/thread.rs:105:17
[INFO] [stdout]   42:     0x7d06bda8aac3 - <unknown>
[INFO] [stdout]   43:     0x7d06bdb1ba04 - clone
[INFO] [stdout]   44:                0x0 - <unknown>
[INFO] [stdout] 
[INFO] [stdout] ---- util::netlink::acpi::test::it_works stdout ----
[INFO] [stdout] thread 'util::netlink::acpi::test::it_works' panicked at src/util/netlink/acpi/mod.rs:134:45:
[INFO] [stdout] called `Result::unwrap()` on an `Err` value: Nlmsgerr(Nlmsgerr { error: -2, nlmsg: NlmsghdrErr { nl_len: 36, nl_type: Ctrl, nl_flags: NlmF(5), nl_seq: 0, nl_pid: 7, nl_payload: Genlmsghdr { cmd: Getfamily, version: 2, reserved: 0, header: NoUserHeader, attrs: GenlBuffer([Nlattr { nla_len: 15, nla_type: AttrType { nla_nested: false, nla_network_order: false, nla_type: FamilyName }, nla_payload: Buffer }]) } }, ext_ack: GenlBuffer([]) })
[INFO] [stdout] stack backtrace:
[INFO] [stdout]    0:     0x5e7db3166b7a - std::backtrace_rs::backtrace::libunwind::trace::h207520d6e9873551
[INFO] [stdout]                                at /rustc/df4ca44d3fbc9301ee17f30f4d474e6ae4b05252/library/std/src/../../backtrace/src/backtrace/libunwind.rs:116:5
[INFO] [stdout]    1:     0x5e7db3166b7a - std::backtrace_rs::backtrace::trace_unsynchronized::h2ed7433f370e3eca
[INFO] [stdout]                                at /rustc/df4ca44d3fbc9301ee17f30f4d474e6ae4b05252/library/std/src/../../backtrace/src/backtrace/mod.rs:66:5
[INFO] [stdout]    2:     0x5e7db3166b7a - std::sys::backtrace::_print_fmt::h916fac51166b18d7
[INFO] [stdout]                                at /rustc/df4ca44d3fbc9301ee17f30f4d474e6ae4b05252/library/std/src/sys/backtrace.rs:66:9
[INFO] [stdout]    3:     0x5e7db3166b7a - <std::sys::backtrace::BacktraceLock::print::DisplayBacktrace as core::fmt::Display>::fmt::ha0a4c9b8ce3802e6
[INFO] [stdout]                                at /rustc/df4ca44d3fbc9301ee17f30f4d474e6ae4b05252/library/std/src/sys/backtrace.rs:39:26
[INFO] [stdout]    4:     0x5e7db318efb3 - core::fmt::rt::Argument::fmt::h4cfc8587d52b3eb5
[INFO] [stdout]                                at /rustc/df4ca44d3fbc9301ee17f30f4d474e6ae4b05252/library/core/src/fmt/rt.rs:177:76
[INFO] [stdout]    5:     0x5e7db318efb3 - core::fmt::write::h522cc39e5b36ae9f
[INFO] [stdout]                                at /rustc/df4ca44d3fbc9301ee17f30f4d474e6ae4b05252/library/core/src/fmt/mod.rs:1190:21
[INFO] [stdout]    6:     0x5e7db3163373 - std::io::Write::write_fmt::h7d3c26752da97734
[INFO] [stdout]                                at /rustc/df4ca44d3fbc9301ee17f30f4d474e6ae4b05252/library/std/src/io/mod.rs:1839:15
[INFO] [stdout]    7:     0x5e7db31669c2 - std::sys::backtrace::BacktraceLock::print::h4b9e00b29e9c0942
[INFO] [stdout]                                at /rustc/df4ca44d3fbc9301ee17f30f4d474e6ae4b05252/library/std/src/sys/backtrace.rs:42:9
[INFO] [stdout]    8:     0x5e7db316800a - std::panicking::default_hook::{{closure}}::hb59b88280d0324d9
[INFO] [stdout]                                at /rustc/df4ca44d3fbc9301ee17f30f4d474e6ae4b05252/library/std/src/panicking.rs:268:22
[INFO] [stdout]    9:     0x5e7db3167e14 - std::panicking::default_hook::he1dd496665be4a29
[INFO] [stdout]                                at /rustc/df4ca44d3fbc9301ee17f30f4d474e6ae4b05252/library/std/src/panicking.rs:292:9
[INFO] [stdout]   10:     0x5e7db2f6faa9 - <alloc::boxed::Box<F,A> as core::ops::function::Fn<Args>>::call::h4ff71de18744e1dc
[INFO] [stdout]                                at /rustc/df4ca44d3fbc9301ee17f30f4d474e6ae4b05252/library/alloc/src/boxed.rs:2468:9
[INFO] [stdout]   11:     0x5e7db2f6faa9 - test::test_main::{{closure}}::hcf7c055ce117aa81
[INFO] [stdout]                                at /rustc/df4ca44d3fbc9301ee17f30f4d474e6ae4b05252/library/test/src/lib.rs:133:21
[INFO] [stdout]   12:     0x5e7db3168708 - <alloc::boxed::Box<F,A> as core::ops::function::Fn<Args>>::call::h1d66c6bbd60c9692
[INFO] [stdout]                                at /rustc/df4ca44d3fbc9301ee17f30f4d474e6ae4b05252/library/alloc/src/boxed.rs:2468:9
[INFO] [stdout]   13:     0x5e7db3168708 - std::panicking::rust_panic_with_hook::h2ff17fe8f26dfcf8
[INFO] [stdout]                                at /rustc/df4ca44d3fbc9301ee17f30f4d474e6ae4b05252/library/std/src/panicking.rs:809:13
[INFO] [stdout]   14:     0x5e7db31684ca - std::panicking::begin_panic_handler::{{closure}}::h4fad77951c07e101
[INFO] [stdout]                                at /rustc/df4ca44d3fbc9301ee17f30f4d474e6ae4b05252/library/std/src/panicking.rs:674:13
[INFO] [stdout]   15:     0x5e7db3167059 - std::sys::backtrace::__rust_end_short_backtrace::hb1a25b3da5d0ea08
[INFO] [stdout]                                at /rustc/df4ca44d3fbc9301ee17f30f4d474e6ae4b05252/library/std/src/sys/backtrace.rs:170:18
[INFO] [stdout]   16:     0x5e7db316815c - rust_begin_unwind
[INFO] [stdout]                                at /rustc/df4ca44d3fbc9301ee17f30f4d474e6ae4b05252/library/std/src/panicking.rs:665:5
[INFO] [stdout]   17:     0x5e7db318d5c0 - core::panicking::panic_fmt::ha9db07b529f9b256
[INFO] [stdout]                                at /rustc/df4ca44d3fbc9301ee17f30f4d474e6ae4b05252/library/core/src/panicking.rs:75:14
[INFO] [stdout]   18:     0x5e7db318daa6 - core::result::unwrap_failed::h5e8218e4d4338b8a
[INFO] [stdout]                                at /rustc/df4ca44d3fbc9301ee17f30f4d474e6ae4b05252/library/core/src/result.rs:1698:5
[INFO] [stdout]   19:     0x5e7db2ec3dea - core::result::Result<T,E>::unwrap::h2221c21fada9a76c
[INFO] [stdout]                                at /rustc/df4ca44d3fbc9301ee17f30f4d474e6ae4b05252/library/core/src/result.rs:1103:23
[INFO] [stdout]   20:     0x5e7db2ec3dea - i3stat::util::netlink::acpi::test::it_works::{{closure}}::hf515396ddc8d389c
[INFO] [stdout]                                at /opt/rustwide/workdir/src/util/netlink/acpi/mod.rs:134:21
[INFO] [stdout]   21:     0x5e7db2ecf766 - <tokio::task::local::RunUntil<T> as core::future::future::Future>::poll::{{closure}}::h23d7852750bd39cf
[INFO] [stdout]                                at /opt/rustwide/cargo-home/registry/src/index.crates.io-6f17d22bba15001f/tokio-1.37.0/src/task/local.rs:978:42
[INFO] [stdout]   22:     0x5e7db2ecdf04 - tokio::task::local::LocalSet::with::{{closure}}::he9672664f9ba98ba
[INFO] [stdout]                                at /opt/rustwide/cargo-home/registry/src/index.crates.io-6f17d22bba15001f/tokio-1.37.0/src/task/local.rs:730:13
[INFO] [stdout]   23:     0x5e7db2eb1450 - std::thread::local::LocalKey<T>::try_with::h5bd13993d8aeef48
[INFO] [stdout]                                at /rustc/df4ca44d3fbc9301ee17f30f4d474e6ae4b05252/library/std/src/thread/local.rs:283:12
[INFO] [stdout]   24:     0x5e7db2eb0aba - std::thread::local::LocalKey<T>::with::hb655e0e95600ddfd
[INFO] [stdout]                                at /rustc/df4ca44d3fbc9301ee17f30f4d474e6ae4b05252/library/std/src/thread/local.rs:260:9
[INFO] [stdout]   25:     0x5e7db2ecdc86 - tokio::task::local::LocalSet::with::he66342db61cb3166
[INFO] [stdout]                                at /opt/rustwide/cargo-home/registry/src/index.crates.io-6f17d22bba15001f/tokio-1.37.0/src/task/local.rs:728:9
[INFO] [stdout]   26:     0x5e7db2ecf465 - <tokio::task::local::RunUntil<T> as core::future::future::Future>::poll::h0fc1bc0447303705
[INFO] [stdout]                                at /opt/rustwide/cargo-home/registry/src/index.crates.io-6f17d22bba15001f/tokio-1.37.0/src/task/local.rs:968:9
[INFO] [stdout]   27:     0x5e7db2ece347 - tokio::task::local::LocalSet::run_until::{{closure}}::h55cad432d5d5f04a
[INFO] [stdout]                                at /opt/rustwide/cargo-home/registry/src/index.crates.io-6f17d22bba15001f/tokio-1.37.0/src/task/local.rs:635:19
[INFO] [stdout]   28:     0x5e7db2e70e26 - i3stat::util::local_block_on::{{closure}}::h70f3072fbbd84c2c
[INFO] [stdout]                                at /opt/rustwide/workdir/src/util/mod.rs:19:72
[INFO] [stdout]   29:     0x5e7db2e44b8d - <core::pin::Pin<P> as core::future::future::Future>::poll::h4c08eeda35552be6
[INFO] [stdout]                                at /rustc/df4ca44d3fbc9301ee17f30f4d474e6ae4b05252/library/core/src/future/future.rs:123:9
[INFO] [stdout]   30:     0x5e7db2e3d84f - tokio::runtime::scheduler::current_thread::CoreGuard::block_on::{{closure}}::{{closure}}::{{closure}}::h5a9daebf1ca0d24d
[INFO] [stdout]                                at /opt/rustwide/cargo-home/registry/src/index.crates.io-6f17d22bba15001f/tokio-1.37.0/src/runtime/scheduler/current_thread/mod.rs:659:57
[INFO] [stdout]   31:     0x5e7db2e3d5a5 - tokio::runtime::coop::with_budget::h61f0ebc812e4ab60
[INFO] [stdout]                                at /opt/rustwide/cargo-home/registry/src/index.crates.io-6f17d22bba15001f/tokio-1.37.0/src/runtime/coop.rs:107:5
[INFO] [stdout]   32:     0x5e7db2e3d5a5 - tokio::runtime::coop::budget::he84f5ccf9cce147a
[INFO] [stdout]                                at /opt/rustwide/cargo-home/registry/src/index.crates.io-6f17d22bba15001f/tokio-1.37.0/src/runtime/coop.rs:73:5
[INFO] [stdout]   33:     0x5e7db2e3d5a5 - tokio::runtime::scheduler::current_thread::CoreGuard::block_on::{{closure}}::{{closure}}::ha72fb12da7f71d56
[INFO] [stdout]                                at /opt/rustwide/cargo-home/registry/src/index.crates.io-6f17d22bba15001f/tokio-1.37.0/src/runtime/scheduler/current_thread/mod.rs:659:25
[INFO] [stdout]   34:     0x5e7db2e38de0 - tokio::runtime::scheduler::current_thread::Context::enter::h6763b72a4167443d
[INFO] [stdout]                                at /opt/rustwide/cargo-home/registry/src/index.crates.io-6f17d22bba15001f/tokio-1.37.0/src/runtime/scheduler/current_thread/mod.rs:404:19
[INFO] [stdout]   35:     0x5e7db2e3c22a - tokio::runtime::scheduler::current_thread::CoreGuard::block_on::{{closure}}::hc8d8ff54270e60bb
[INFO] [stdout]                                at /opt/rustwide/cargo-home/registry/src/index.crates.io-6f17d22bba15001f/tokio-1.37.0/src/runtime/scheduler/current_thread/mod.rs:658:36
[INFO] [stdout]   36:     0x5e7db2e3ad34 - tokio::runtime::scheduler::current_thread::CoreGuard::enter::{{closure}}::h71047611c761c3f4
[INFO] [stdout]                                at /opt/rustwide/cargo-home/registry/src/index.crates.io-6f17d22bba15001f/tokio-1.37.0/src/runtime/scheduler/current_thread/mod.rs:737:68
[INFO] [stdout]   37:     0x5e7db2e8254b - tokio::runtime::context::scoped::Scoped<T>::set::h100d2c0cf46fedc3
[INFO] [stdout]                                at /opt/rustwide/cargo-home/registry/src/index.crates.io-6f17d22bba15001f/tokio-1.37.0/src/runtime/context/scoped.rs:40:9
[INFO] [stdout]   38:     0x5e7db2e4c729 - tokio::runtime::context::set_scheduler::{{closure}}::h31143b078502e217
[INFO] [stdout]                                at /opt/rustwide/cargo-home/registry/src/index.crates.io-6f17d22bba15001f/tokio-1.37.0/src/runtime/context.rs:176:26
[INFO] [stdout]   39:     0x5e7db2eb2f7d - std::thread::local::LocalKey<T>::try_with::hf1f79a99dae1cf06
[INFO] [stdout]                                at /rustc/df4ca44d3fbc9301ee17f30f4d474e6ae4b05252/library/std/src/thread/local.rs:283:12
[INFO] [stdout]   40:     0x5e7db2eb0aea - std::thread::local::LocalKey<T>::with::hbb45e666ec176f69
[INFO] [stdout]                                at /rustc/df4ca44d3fbc9301ee17f30f4d474e6ae4b05252/library/std/src/thread/local.rs:260:9
[INFO] [stdout]   41:     0x5e7db2e4c69d - tokio::runtime::context::set_scheduler::he23816bc14daa7ad
[INFO] [stdout]                                at /opt/rustwide/cargo-home/registry/src/index.crates.io-6f17d22bba15001f/tokio-1.37.0/src/runtime/context.rs:176:9
[INFO] [stdout]   42:     0x5e7db2e3a688 - tokio::runtime::scheduler::current_thread::CoreGuard::enter::he93c04156babe939
[INFO] [stdout]                                at /opt/rustwide/cargo-home/registry/src/index.crates.io-6f17d22bba15001f/tokio-1.37.0/src/runtime/scheduler/current_thread/mod.rs:737:27
[INFO] [stdout]   43:     0x5e7db2e3add3 - tokio::runtime::scheduler::current_thread::CoreGuard::block_on::hbf07c83aaf18caf0
[INFO] [stdout]                                at /opt/rustwide/cargo-home/registry/src/index.crates.io-6f17d22bba15001f/tokio-1.37.0/src/runtime/scheduler/current_thread/mod.rs:646:19
[INFO] [stdout]   44:     0x5e7db2e374bd - tokio::runtime::scheduler::current_thread::CurrentThread::block_on::{{closure}}::hc79158a330674c02
[INFO] [stdout]                                at /opt/rustwide/cargo-home/registry/src/index.crates.io-6f17d22bba15001f/tokio-1.37.0/src/runtime/scheduler/current_thread/mod.rs:175:28
[INFO] [stdout]   45:     0x5e7db2e35406 - tokio::runtime::context::runtime::enter_runtime::h96ff0408a008b958
[INFO] [stdout]                                at /opt/rustwide/cargo-home/registry/src/index.crates.io-6f17d22bba15001f/tokio-1.37.0/src/runtime/context/runtime.rs:65:16
[INFO] [stdout]   46:     0x5e7db2e36916 - tokio::runtime::scheduler::current_thread::CurrentThread::block_on::hafabd127a877001b
[INFO] [stdout]                                at /opt/rustwide/cargo-home/registry/src/index.crates.io-6f17d22bba15001f/tokio-1.37.0/src/runtime/scheduler/current_thread/mod.rs:167:9
[INFO] [stdout]   47:     0x5e7db2ea88c6 - tokio::runtime::runtime::Runtime::block_on::h11e1ac4c8b542fb1
[INFO] [stdout]                                at /opt/rustwide/cargo-home/registry/src/index.crates.io-6f17d22bba15001f/tokio-1.37.0/src/runtime/runtime.rs:349:47
[INFO] [stdout]   48:     0x5e7db2e702eb - i3stat::util::local_block_on::h7df34fdf2050b80c
[INFO] [stdout]                                at /opt/rustwide/workdir/src/util/mod.rs:19:18
[INFO] [stdout]   49:     0x5e7db2ec3a21 - i3stat::util::netlink::acpi::test::it_works::he2b6d9bbacc60caa
[INFO] [stdout]                                at /opt/rustwide/workdir/src/util/netlink/acpi/mod.rs:133:9
[INFO] [stdout]   50:     0x5e7db2ec39e7 - i3stat::util::netlink::acpi::test::it_works::{{closure}}::h1885258e40204910
[INFO] [stdout]                                at /opt/rustwide/workdir/src/util/netlink/acpi/mod.rs:132:18
[INFO] [stdout]   51:     0x5e7db2ec6b76 - core::ops::function::FnOnce::call_once::ha16326bb1fd7f711
[INFO] [stdout]                                at /rustc/df4ca44d3fbc9301ee17f30f4d474e6ae4b05252/library/core/src/ops/function.rs:250:5
[INFO] [stdout]   52:     0x5e7db2f7437b - core::ops::function::FnOnce::call_once::h22c3ba5715e93f05
[INFO] [stdout]                                at /rustc/df4ca44d3fbc9301ee17f30f4d474e6ae4b05252/library/core/src/ops/function.rs:250:5
[INFO] [stdout]   53:     0x5e7db2f7437b - test::__rust_begin_short_backtrace::h8e82d8113d0da17f
[INFO] [stdout]                                at /rustc/df4ca44d3fbc9301ee17f30f4d474e6ae4b05252/library/test/src/lib.rs:621:18
[INFO] [stdout]   54:     0x5e7db2f73cf7 - test::run_test_in_process::{{closure}}::h33235f4f20b7b7c7
[INFO] [stdout]                                at /rustc/df4ca44d3fbc9301ee17f30f4d474e6ae4b05252/library/test/src/lib.rs:644:60
[INFO] [stdout]   55:     0x5e7db2f73cf7 - <core::panic::unwind_safe::AssertUnwindSafe<F> as core::ops::function::FnOnce<()>>::call_once::hb5043206310c586f
[INFO] [stdout]                                at /rustc/df4ca44d3fbc9301ee17f30f4d474e6ae4b05252/library/core/src/panic/unwind_safe.rs:272:9
[INFO] [stdout]   56:     0x5e7db2f73cf7 - std::panicking::try::do_call::h9ad4731a60ab23e2
[INFO] [stdout]                                at /rustc/df4ca44d3fbc9301ee17f30f4d474e6ae4b05252/library/std/src/panicking.rs:557:40
[INFO] [stdout]   57:     0x5e7db2f73cf7 - std::panicking::try::h3824d23db772a716
[INFO] [stdout]                                at /rustc/df4ca44d3fbc9301ee17f30f4d474e6ae4b05252/library/std/src/panicking.rs:520:19
[INFO] [stdout]   58:     0x5e7db2f73cf7 - std::panic::catch_unwind::h5afd514605fde46b
[INFO] [stdout]                                at /rustc/df4ca44d3fbc9301ee17f30f4d474e6ae4b05252/library/std/src/panic.rs:358:14
[INFO] [stdout]   59:     0x5e7db2f73cf7 - test::run_test_in_process::h0d5cbfa7067d1720
[INFO] [stdout]                                at /rustc/df4ca44d3fbc9301ee17f30f4d474e6ae4b05252/library/test/src/lib.rs:644:27
[INFO] [stdout]   60:     0x5e7db2f73cf7 - test::run_test::{{closure}}::h708eb8872708115d
[INFO] [stdout]                                at /rustc/df4ca44d3fbc9301ee17f30f4d474e6ae4b05252/library/test/src/lib.rs:565:43
[INFO] [stdout]   61:     0x5e7db2f37414 - test::run_test::{{closure}}::h392c51cee94713ab
[INFO] [stdout]                                at /rustc/df4ca44d3fbc9301ee17f30f4d474e6ae4b05252/library/test/src/lib.rs:595:41
[INFO] [stdout]   62:     0x5e7db2f37414 - std::sys::backtrace::__rust_begin_short_backtrace::h2f40290710935a8b
[INFO] [stdout]                                at /rustc/df4ca44d3fbc9301ee17f30f4d474e6ae4b05252/library/std/src/sys/backtrace.rs:154:18
[INFO] [stdout]   63:     0x5e7db2f3abbe - std::thread::Builder::spawn_unchecked_::{{closure}}::{{closure}}::h3fd968d89053a903
[INFO] [stdout]                                at /rustc/df4ca44d3fbc9301ee17f30f4d474e6ae4b05252/library/std/src/thread/mod.rs:541:17
[INFO] [stdout]   64:     0x5e7db2f3abbe - <core::panic::unwind_safe::AssertUnwindSafe<F> as core::ops::function::FnOnce<()>>::call_once::h743f637ba4229880
[INFO] [stdout]                                at /rustc/df4ca44d3fbc9301ee17f30f4d474e6ae4b05252/library/core/src/panic/unwind_safe.rs:272:9
[INFO] [stdout]   65:     0x5e7db2f3abbe - std::panicking::try::do_call::h07440897322525a6
[INFO] [stdout]                                at /rustc/df4ca44d3fbc9301ee17f30f4d474e6ae4b05252/library/std/src/panicking.rs:557:40
[INFO] [stdout]   66:     0x5e7db2f3abbe - std::panicking::try::he5a2e00188156637
[INFO] [stdout]                                at /rustc/df4ca44d3fbc9301ee17f30f4d474e6ae4b05252/library/std/src/panicking.rs:520:19
[INFO] [stdout]   67:     0x5e7db2f3abbe - std::panic::catch_unwind::hbaf3cae49b3c6433
[INFO] [stdout]                                at /rustc/df4ca44d3fbc9301ee17f30f4d474e6ae4b05252/library/std/src/panic.rs:358:14
[INFO] [stdout]   68:     0x5e7db2f3abbe - std::thread::Builder::spawn_unchecked_::{{closure}}::h8e141ea224820bce
[INFO] [stdout]                                at /rustc/df4ca44d3fbc9301ee17f30f4d474e6ae4b05252/library/std/src/thread/mod.rs:540:30
[INFO] [stdout]   69:     0x5e7db2f3abbe - core::ops::function::FnOnce::call_once{{vtable.shim}}::h90d312fedd7b8ea8
[INFO] [stdout]                                at /rustc/df4ca44d3fbc9301ee17f30f4d474e6ae4b05252/library/core/src/ops/function.rs:250:5
[INFO] [stdout]   70:     0x5e7db316c7bb - <alloc::boxed::Box<F,A> as core::ops::function::FnOnce<Args>>::call_once::h69aa08ddb6adb8b6
[INFO] [stdout]                                at /rustc/df4ca44d3fbc9301ee17f30f4d474e6ae4b05252/library/alloc/src/boxed.rs:2454:9
[INFO] [stdout]   71:     0x5e7db316c7bb - <alloc::boxed::Box<F,A> as core::ops::function::FnOnce<Args>>::call_once::h5aa36efdb79c806f
[INFO] [stdout]                                at /rustc/df4ca44d3fbc9301ee17f30f4d474e6ae4b05252/library/alloc/src/boxed.rs:2454:9
[INFO] [stdout]   72:     0x5e7db316c7bb - std::sys::pal::unix::thread::Thread::new::thread_start::h6cd80a1b4be5158d
[INFO] [stdout]                                at /rustc/df4ca44d3fbc9301ee17f30f4d474e6ae4b05252/library/std/src/sys/pal/unix/thread.rs:105:17
[INFO] [stdout]   73:     0x7d06bda8aac3 - <unknown>
[INFO] [stdout]   74:     0x7d06bdb1ba04 - clone
[INFO] [stdout]   75:                0x0 - <unknown>
[INFO] [stdout] 
[INFO] [stdout] 
[INFO] [stdout] failures:
[INFO] [stdout]     cli::tests::manpage
[INFO] [stdout]     test_utils::ensure_proper_test_env
[INFO] [stdout]     util::netlink::acpi::test::it_works
[INFO] [stdout] 
[INFO] [stdout] test result: FAILED. 57 passed; 3 failed; 0 ignored; 0 measured; 0 filtered out; finished in 0.15s
[INFO] [stdout] 
[INFO] [stderr] error: test failed, to rerun pass `--lib`
[INFO] running `Command { std: "docker" "inspect" "b76a0e3f8200bcd1aff8bbbfc73e738ae1f444ccebd613dc845883b16763e992", kill_on_drop: false }`
[INFO] running `Command { std: "docker" "rm" "-f" "b76a0e3f8200bcd1aff8bbbfc73e738ae1f444ccebd613dc845883b16763e992", kill_on_drop: false }`
[INFO] [stdout] b76a0e3f8200bcd1aff8bbbfc73e738ae1f444ccebd613dc845883b16763e992
