[INFO] fetching crate i3monkit 0.1.2...
[INFO] testing i3monkit-0.1.2 against nightly-2024-10-28 for randomize-layout
[INFO] extracting crate i3monkit 0.1.2 into /workspace/builds/worker-3-tc1/source
[INFO] validating manifest of crates.io crate i3monkit 0.1.2 on toolchain nightly-2024-10-28
[INFO] running `Command { std: CARGO_HOME="/workspace/cargo-home" RUSTUP_HOME="/workspace/rustup-home" "/workspace/cargo-home/bin/cargo" "+nightly-2024-10-28" "metadata" "--manifest-path" "Cargo.toml" "--no-deps", kill_on_drop: false }`
[INFO] started tweaking crates.io crate i3monkit 0.1.2
[INFO] removed 1 missing examples
[INFO] finished tweaking crates.io crate i3monkit 0.1.2
[INFO] tweaked toml for crates.io crate i3monkit 0.1.2 written to /workspace/builds/worker-3-tc1/source/Cargo.toml
[INFO] running `Command { std: CARGO_HOME="/workspace/cargo-home" RUSTUP_HOME="/workspace/rustup-home" "/workspace/cargo-home/bin/cargo" "+nightly-2024-10-28" "generate-lockfile" "--manifest-path" "Cargo.toml", kill_on_drop: false }`
[INFO] [stderr]     Updating crates.io index
[INFO] [stderr]      Locking 47 packages to latest compatible versions
[INFO] [stderr]       Adding alsa v0.1.10 (available: v0.9.1)
[INFO] [stderr]       Adding chrono v0.3.0 (available: v0.4.38)
[INFO] [stderr]       Adding wasi v0.10.0+wasi-snapshot-preview1 (available: v0.10.2+wasi-snapshot-preview1)
[INFO] running `Command { std: CARGO_HOME="/workspace/cargo-home" RUSTUP_HOME="/workspace/rustup-home" "/workspace/cargo-home/bin/cargo" "+nightly-2024-10-28" "fetch" "--manifest-path" "Cargo.toml", kill_on_drop: false }`
[INFO] [stderr]  Downloading crates ...
[INFO] [stderr]   Downloaded alsa v0.1.10
[INFO] [stderr]   Downloaded alsa-sys v0.1.2
[INFO] running `Command { std: "docker" "create" "-v" "/var/lib/crater-agent-workspace/builds/worker-3-tc1/target:/opt/rustwide/target:rw,Z" "-v" "/var/lib/crater-agent-workspace/builds/worker-3-tc1/source:/opt/rustwide/workdir:ro,Z" "-v" "/var/lib/crater-agent-workspace/cargo-home:/opt/rustwide/cargo-home:ro,Z" "-v" "/var/lib/crater-agent-workspace/rustup-home:/opt/rustwide/rustup-home:ro,Z" "-e" "SOURCE_DIR=/opt/rustwide/workdir" "-e" "CARGO_TARGET_DIR=/opt/rustwide/target" "-e" "CARGO_HOME=/opt/rustwide/cargo-home" "-e" "RUSTUP_HOME=/opt/rustwide/rustup-home" "-w" "/opt/rustwide/workdir" "-m" "1610612736" "--user" "0:0" "--network" "none" "ghcr.io/rust-lang/crates-build-env/linux@sha256:4a844ea9eb2546a2d2c7022eacef16ef2e8229c7fbb2c7d4d55a9ceca922f72d" "/opt/rustwide/cargo-home/bin/cargo" "+nightly-2024-10-28" "metadata" "--no-deps" "--format-version=1", kill_on_drop: false }`
[INFO] [stdout] 9b532a79a38aa7f8f5538c11a5567c78ded0436997e43a0b544900dc7b4393b8
[INFO] running `Command { std: "docker" "start" "-a" "9b532a79a38aa7f8f5538c11a5567c78ded0436997e43a0b544900dc7b4393b8", kill_on_drop: false }`
[INFO] running `Command { std: "docker" "inspect" "9b532a79a38aa7f8f5538c11a5567c78ded0436997e43a0b544900dc7b4393b8", kill_on_drop: false }`
[INFO] running `Command { std: "docker" "rm" "-f" "9b532a79a38aa7f8f5538c11a5567c78ded0436997e43a0b544900dc7b4393b8", kill_on_drop: false }`
[INFO] [stdout] 9b532a79a38aa7f8f5538c11a5567c78ded0436997e43a0b544900dc7b4393b8
[INFO] running `Command { std: "docker" "create" "-v" "/var/lib/crater-agent-workspace/builds/worker-3-tc1/target:/opt/rustwide/target:rw,Z" "-v" "/var/lib/crater-agent-workspace/builds/worker-3-tc1/source:/opt/rustwide/workdir:ro,Z" "-v" "/var/lib/crater-agent-workspace/cargo-home:/opt/rustwide/cargo-home:ro,Z" "-v" "/var/lib/crater-agent-workspace/rustup-home:/opt/rustwide/rustup-home:ro,Z" "-e" "SOURCE_DIR=/opt/rustwide/workdir" "-e" "CARGO_TARGET_DIR=/opt/rustwide/target" "-e" "CARGO_INCREMENTAL=0" "-e" "RUST_BACKTRACE=full" "-e" "RUSTFLAGS=--cap-lints=forbid" "-e" "RUSTDOCFLAGS=--cap-lints=forbid" "-e" "CARGO_HOME=/opt/rustwide/cargo-home" "-e" "RUSTUP_HOME=/opt/rustwide/rustup-home" "-w" "/opt/rustwide/workdir" "-m" "1610612736" "--user" "0:0" "--network" "none" "ghcr.io/rust-lang/crates-build-env/linux@sha256:4a844ea9eb2546a2d2c7022eacef16ef2e8229c7fbb2c7d4d55a9ceca922f72d" "/opt/rustwide/cargo-home/bin/cargo" "+nightly-2024-10-28" "build" "--frozen" "--message-format=json", kill_on_drop: false }`
[INFO] [stdout] cb25f86caabf455e5a4b358158c2b84e3e6dede7979009ea0ae9f26c06f619a3
[INFO] running `Command { std: "docker" "start" "-a" "cb25f86caabf455e5a4b358158c2b84e3e6dede7979009ea0ae9f26c06f619a3", kill_on_drop: false }`
[INFO] [stderr]    Compiling pkg-config v0.3.31
[INFO] [stderr]    Compiling shlex v1.3.0
[INFO] [stderr]    Compiling libc v0.2.161
[INFO] [stderr]    Compiling vcpkg v0.2.15
[INFO] [stderr]    Compiling proc-macro2 v1.0.89
[INFO] [stderr]    Compiling unicode-ident v1.0.13
[INFO] [stderr]    Compiling num-traits v0.2.19
[INFO] [stderr]    Compiling serde v1.0.214
[INFO] [stderr]    Compiling curl v0.4.47
[INFO] [stderr]    Compiling cc v1.1.31
[INFO] [stderr]    Compiling bitflags v0.8.2
[INFO] [stderr]    Compiling openssl-probe v0.1.5
[INFO] [stderr]    Compiling alsa-sys v0.1.2
[INFO] [stderr]    Compiling quote v1.0.37
[INFO] [stderr]    Compiling syn v2.0.86
[INFO] [stderr]    Compiling socket2 v0.5.7
[INFO] [stderr]    Compiling time v0.1.45
[INFO] [stderr]    Compiling num-integer v0.1.46
[INFO] [stderr]    Compiling alsa v0.1.10
[INFO] [stderr]    Compiling num-iter v0.1.45
[INFO] [stderr]    Compiling libz-sys v1.1.20
[INFO] [stderr]    Compiling openssl-sys v0.9.104
[INFO] [stderr]    Compiling curl-sys v0.4.77+curl-8.10.1
[INFO] [stderr]    Compiling num v0.1.42
[INFO] [stderr]    Compiling chrono v0.3.0
[INFO] [stderr]    Compiling serde_derive v1.0.214
[INFO] [stderr]    Compiling serde_json v1.0.132
[INFO] [stderr]    Compiling i3monkit v0.1.2 (/opt/rustwide/workdir)
[INFO] [stdout] warning: fields `open`, `high`, `low`, and `volume` are never read
[INFO] [stdout]   --> src/widgets/stock.rs:63:5
[INFO] [stdout]    |
[INFO] [stdout] 61 | struct StockPrice {
[INFO] [stdout]    |        ---------- fields in this struct
[INFO] [stdout] 62 |     previous_close:f32,
[INFO] [stdout] 63 |     open : f32,
[INFO] [stdout]    |     ^^^^
[INFO] [stdout] 64 |     high : f32,
[INFO] [stdout]    |     ^^^^
[INFO] [stdout] 65 |     low  : f32,
[INFO] [stdout]    |     ^^^
[INFO] [stdout] 66 |     close: f32,
[INFO] [stdout] 67 |     volume: f32,
[INFO] [stdout]    |     ^^^^^^
[INFO] [stdout]    |
[INFO] [stdout]    = note: `StockPrice` has a derived impl for the trait `Debug`, but this is intentionally ignored during dead code analysis
[INFO] [stdout]    = note: `#[warn(dead_code)]` on by default
[INFO] [stdout] 
[INFO] [stdout] 
[INFO] [stderr]     Finished `dev` profile [unoptimized + debuginfo] target(s) in 6.03s
[INFO] [stderr] warning: the following packages contain code that will be rejected by a future version of Rust: bitflags v0.8.2
[INFO] [stderr] note: to see what the problems were, use the option `--future-incompat-report`, or run `cargo report future-incompatibilities --id 1`
[INFO] running `Command { std: "docker" "inspect" "cb25f86caabf455e5a4b358158c2b84e3e6dede7979009ea0ae9f26c06f619a3", kill_on_drop: false }`
[INFO] running `Command { std: "docker" "rm" "-f" "cb25f86caabf455e5a4b358158c2b84e3e6dede7979009ea0ae9f26c06f619a3", kill_on_drop: false }`
[INFO] [stdout] cb25f86caabf455e5a4b358158c2b84e3e6dede7979009ea0ae9f26c06f619a3
[INFO] running `Command { std: "docker" "create" "-v" "/var/lib/crater-agent-workspace/builds/worker-3-tc1/target:/opt/rustwide/target:rw,Z" "-v" "/var/lib/crater-agent-workspace/builds/worker-3-tc1/source:/opt/rustwide/workdir:ro,Z" "-v" "/var/lib/crater-agent-workspace/cargo-home:/opt/rustwide/cargo-home:ro,Z" "-v" "/var/lib/crater-agent-workspace/rustup-home:/opt/rustwide/rustup-home:ro,Z" "-e" "SOURCE_DIR=/opt/rustwide/workdir" "-e" "CARGO_TARGET_DIR=/opt/rustwide/target" "-e" "CARGO_INCREMENTAL=0" "-e" "RUST_BACKTRACE=full" "-e" "RUSTFLAGS=--cap-lints=forbid" "-e" "RUSTDOCFLAGS=--cap-lints=forbid" "-e" "CARGO_HOME=/opt/rustwide/cargo-home" "-e" "RUSTUP_HOME=/opt/rustwide/rustup-home" "-w" "/opt/rustwide/workdir" "-m" "1610612736" "--user" "0:0" "--network" "none" "ghcr.io/rust-lang/crates-build-env/linux@sha256:4a844ea9eb2546a2d2c7022eacef16ef2e8229c7fbb2c7d4d55a9ceca922f72d" "/opt/rustwide/cargo-home/bin/cargo" "+nightly-2024-10-28" "test" "--frozen" "--no-run" "--message-format=json", kill_on_drop: false }`
[INFO] [stdout] 0f11d8cf805289339858f7a336f5548551d60ac10226fe9b676ba3e434758fac
[INFO] running `Command { std: "docker" "start" "-a" "0f11d8cf805289339858f7a336f5548551d60ac10226fe9b676ba3e434758fac", kill_on_drop: false }`
[INFO] [stdout] warning: fields `open`, `high`, `low`, and `volume` are never read
[INFO] [stdout]   --> src/widgets/stock.rs:63:5
[INFO] [stdout]    |
[INFO] [stdout] 61 | struct StockPrice {
[INFO] [stdout]    |        ---------- fields in this struct
[INFO] [stdout] 62 |     previous_close:f32,
[INFO] [stdout] 63 |     open : f32,
[INFO] [stdout]    |     ^^^^
[INFO] [stdout] 64 |     high : f32,
[INFO] [stdout]    |     ^^^^
[INFO] [stdout] 65 |     low  : f32,
[INFO] [stdout]    |     ^^^
[INFO] [stdout] 66 |     close: f32,
[INFO] [stdout] 67 |     volume: f32,
[INFO] [stdout]    |     ^^^^^^
[INFO] [stdout]    |
[INFO] [stdout]    = note: `StockPrice` has a derived impl for the trait `Debug`, but this is intentionally ignored during dead code analysis
[INFO] [stdout]    = note: `#[warn(dead_code)]` on by default
[INFO] [stdout] 
[INFO] [stdout] 
[INFO] [stderr]    Compiling i3monkit v0.1.2 (/opt/rustwide/workdir)
[INFO] [stdout] warning: fields `open`, `high`, `low`, and `volume` are never read
[INFO] [stdout]   --> src/widgets/stock.rs:63:5
[INFO] [stdout]    |
[INFO] [stdout] 61 | struct StockPrice {
[INFO] [stdout]    |        ---------- fields in this struct
[INFO] [stdout] 62 |     previous_close:f32,
[INFO] [stdout] 63 |     open : f32,
[INFO] [stdout]    |     ^^^^
[INFO] [stdout] 64 |     high : f32,
[INFO] [stdout]    |     ^^^^
[INFO] [stdout] 65 |     low  : f32,
[INFO] [stdout]    |     ^^^
[INFO] [stdout] 66 |     close: f32,
[INFO] [stdout] 67 |     volume: f32,
[INFO] [stdout]    |     ^^^^^^
[INFO] [stdout]    |
[INFO] [stdout]    = note: `StockPrice` has a derived impl for the trait `Debug`, but this is intentionally ignored during dead code analysis
[INFO] [stdout]    = note: `#[warn(dead_code)]` on by default
[INFO] [stdout] 
[INFO] [stdout] 
[INFO] [stderr]     Finished `test` profile [unoptimized + debuginfo] target(s) in 0.28s
[INFO] [stderr] warning: the following packages contain code that will be rejected by a future version of Rust: bitflags v0.8.2
[INFO] [stderr] note: to see what the problems were, use the option `--future-incompat-report`, or run `cargo report future-incompatibilities --id 1`
[INFO] running `Command { std: "docker" "inspect" "0f11d8cf805289339858f7a336f5548551d60ac10226fe9b676ba3e434758fac", kill_on_drop: false }`
[INFO] running `Command { std: "docker" "rm" "-f" "0f11d8cf805289339858f7a336f5548551d60ac10226fe9b676ba3e434758fac", kill_on_drop: false }`
[INFO] [stdout] 0f11d8cf805289339858f7a336f5548551d60ac10226fe9b676ba3e434758fac
[INFO] running `Command { std: "docker" "create" "-v" "/var/lib/crater-agent-workspace/builds/worker-3-tc1/target:/opt/rustwide/target:rw,Z" "-v" "/var/lib/crater-agent-workspace/builds/worker-3-tc1/source:/opt/rustwide/workdir:ro,Z" "-v" "/var/lib/crater-agent-workspace/cargo-home:/opt/rustwide/cargo-home:ro,Z" "-v" "/var/lib/crater-agent-workspace/rustup-home:/opt/rustwide/rustup-home:ro,Z" "-e" "SOURCE_DIR=/opt/rustwide/workdir" "-e" "CARGO_TARGET_DIR=/opt/rustwide/target" "-e" "CARGO_INCREMENTAL=0" "-e" "RUST_BACKTRACE=full" "-e" "RUSTFLAGS=--cap-lints=forbid" "-e" "RUSTDOCFLAGS=--cap-lints=forbid" "-e" "CARGO_HOME=/opt/rustwide/cargo-home" "-e" "RUSTUP_HOME=/opt/rustwide/rustup-home" "-w" "/opt/rustwide/workdir" "-m" "1610612736" "--user" "0:0" "--network" "none" "ghcr.io/rust-lang/crates-build-env/linux@sha256:4a844ea9eb2546a2d2c7022eacef16ef2e8229c7fbb2c7d4d55a9ceca922f72d" "/opt/rustwide/cargo-home/bin/cargo" "+nightly-2024-10-28" "test" "--frozen", kill_on_drop: false }`
[INFO] [stdout] f432877f18929327ffecb99b4c815ec92618dcf94ecacd958ebb264924740bda
[INFO] running `Command { std: "docker" "start" "-a" "f432877f18929327ffecb99b4c815ec92618dcf94ecacd958ebb264924740bda", kill_on_drop: false }`
[INFO] [stderr] warning: fields `open`, `high`, `low`, and `volume` are never read
[INFO] [stderr]   --> src/widgets/stock.rs:63:5
[INFO] [stderr]    |
[INFO] [stderr] 61 | struct StockPrice {
[INFO] [stderr]    |        ---------- fields in this struct
[INFO] [stderr] 62 |     previous_close:f32,
[INFO] [stderr] 63 |     open : f32,
[INFO] [stderr]    |     ^^^^
[INFO] [stderr] 64 |     high : f32,
[INFO] [stderr]    |     ^^^^
[INFO] [stderr] 65 |     low  : f32,
[INFO] [stderr]    |     ^^^
[INFO] [stderr] 66 |     close: f32,
[INFO] [stderr] 67 |     volume: f32,
[INFO] [stderr]    |     ^^^^^^
[INFO] [stderr]    |
[INFO] [stderr]    = note: `StockPrice` has a derived impl for the trait `Debug`, but this is intentionally ignored during dead code analysis
[INFO] [stderr]    = note: `#[warn(dead_code)]` on by default
[INFO] [stderr] 
[INFO] [stderr] warning: `i3monkit` (lib) generated 1 warning
[INFO] [stderr] warning: `i3monkit` (lib test) generated 1 warning (1 duplicate)
[INFO] [stderr]     Finished `test` profile [unoptimized + debuginfo] target(s) in 0.03s
[INFO] [stderr] warning: the following packages contain code that will be rejected by a future version of Rust: bitflags v0.8.2
[INFO] [stderr] note: to see what the problems were, use the option `--future-incompat-report`, or run `cargo report future-incompatibilities --id 1`
[INFO] [stderr]      Running unittests src/lib.rs (/opt/rustwide/target/debug/deps/i3monkit-e54dc70fe16cd7a4)
[INFO] [stdout] 
[INFO] [stdout] running 0 tests
[INFO] [stdout] 
[INFO] [stdout] test result: ok. 0 passed; 0 failed; 0 ignored; 0 measured; 0 filtered out; finished in 0.00s
[INFO] [stdout] 
[INFO] [stderr]    Doc-tests i3monkit
[INFO] [stdout] 
[INFO] [stdout] running 5 tests
[INFO] [stdout] test src/widgets/stock.rs - widgets::stock::StockClient (line 26) ... FAILED
[INFO] [stdout] test src/widget.rs - widget::WidgetCollection (line 105) ... FAILED
[INFO] [stdout] test src/widget.rs - widget::WidgetDecorator (line 30) ... FAILED
[INFO] [stdout] test src/lib.rs - (line 85) ... FAILED
[INFO] [stdout] test src/lib.rs - (line 27) ... FAILED
[INFO] [stdout] 
[INFO] [stdout] failures:
[INFO] [stdout] 
[INFO] [stdout] ---- src/widgets/stock.rs - widgets::stock::StockClient (line 26) stdout ----
[INFO] [stdout] error[E0433]: failed to resolve: use of undeclared type `StockClient`
[INFO] [stdout]  --> src/widgets/stock.rs:27:14
[INFO] [stdout]   |
[INFO] [stdout] 3 | let client = StockClient::new("your-api-key");
[INFO] [stdout]   |              ^^^^^^^^^^^ use of undeclared type `StockClient`
[INFO] [stdout]   |
[INFO] [stdout] help: consider importing this struct
[INFO] [stdout]   |
[INFO] [stdout] 2 + use i3monkit::widgets::StockClient;
[INFO] [stdout]   |
[INFO] [stdout] 
[INFO] [stdout] error[E0433]: failed to resolve: use of undeclared type `StockClient`
[INFO] [stdout]  --> src/widgets/stock.rs:29:29
[INFO] [stdout]   |
[INFO] [stdout] 5 |     let msft_price_widget = StockClient::create_widget("MSFT");
[INFO] [stdout]   |                             ^^^^^^^^^^^ use of undeclared type `StockClient`
[INFO] [stdout]   |
[INFO] [stdout] help: consider importing this struct
[INFO] [stdout]   |
[INFO] [stdout] 2 + use i3monkit::widgets::StockClient;
[INFO] [stdout]   |
[INFO] [stdout] 
[INFO] [stdout] error: aborting due to 2 previous errors
[INFO] [stdout] 
[INFO] [stdout] For more information about this error, try `rustc --explain E0433`.
[INFO] [stdout] Couldn't compile the test.
[INFO] [stdout] ---- src/widget.rs - widget::WidgetCollection (line 105) stdout ----
[INFO] [stdout] error: unexpected token: `...`
[INFO] [stdout]  --> src/widget.rs:109:14
[INFO] [stdout]   |
[INFO] [stdout] 6 |     bar.push(...);
[INFO] [stdout]   |              ^^^
[INFO] [stdout]   |
[INFO] [stdout] help: use `..` for an exclusive range
[INFO] [stdout]   |
[INFO] [stdout] 6 |     bar.push(..);
[INFO] [stdout]   |              ~~
[INFO] [stdout] help: or `..=` for an inclusive range
[INFO] [stdout]   |
[INFO] [stdout] 6 |     bar.push(..=);
[INFO] [stdout]   |              ~~~
[INFO] [stdout] 
[INFO] [stdout] error[E0586]: inclusive range with no end
[INFO] [stdout]  --> src/widget.rs:109:14
[INFO] [stdout]   |
[INFO] [stdout] 6 |     bar.push(...);
[INFO] [stdout]   |              ^^^
[INFO] [stdout]   |
[INFO] [stdout]   = note: inclusive ranges must be bounded at the end (`..=b` or `a..=b`)
[INFO] [stdout] help: use `..` instead
[INFO] [stdout]   |
[INFO] [stdout] 6 -     bar.push(...);
[INFO] [stdout] 6 +     bar.push(..);
[INFO] [stdout]   |
[INFO] [stdout] 
[INFO] [stdout] error: unexpected token: `...`
[INFO] [stdout]  --> src/widget.rs:110:5
[INFO] [stdout]   |
[INFO] [stdout] 7 |     ....
[INFO] [stdout]   |     ^^^
[INFO] [stdout]   |
[INFO] [stdout] help: use `..` for an exclusive range
[INFO] [stdout]   |
[INFO] [stdout] 7 |     ...
[INFO] [stdout]   |     ~~
[INFO] [stdout] help: or `..=` for an inclusive range
[INFO] [stdout]   |
[INFO] [stdout] 7 |     ..=.
[INFO] [stdout]   |     ~~~
[INFO] [stdout] 
[INFO] [stdout] error[E0586]: inclusive range with no end
[INFO] [stdout]  --> src/widget.rs:110:5
[INFO] [stdout]   |
[INFO] [stdout] 7 |     ....
[INFO] [stdout]   |     ^^^
[INFO] [stdout]   |
[INFO] [stdout]   = note: inclusive ranges must be bounded at the end (`..=b` or `a..=b`)
[INFO] [stdout] help: use `..` instead
[INFO] [stdout]   |
[INFO] [stdout] 7 -     ....
[INFO] [stdout] 7 +     ...
[INFO] [stdout]   |
[INFO] [stdout] 
[INFO] [stdout] error: expected one of `;` or `}`, found `.`
[INFO] [stdout]  --> src/widget.rs:110:8
[INFO] [stdout]   |
[INFO] [stdout] 7 |     ....
[INFO] [stdout]   |        ^ expected one of `;` or `}`
[INFO] [stdout] 
[INFO] [stdout] error[E0433]: failed to resolve: use of undeclared type `WidgetUpdate`
[INFO] [stdout]  --> src/widget.rs:106:11
[INFO] [stdout]   |
[INFO] [stdout] 3 | let bar = WidgetUpdate::new();
[INFO] [stdout]   |           ^^^^^^^^^^^^ use of undeclared type `WidgetUpdate`
[INFO] [stdout]   |
[INFO] [stdout] help: consider importing this struct
[INFO] [stdout]   |
[INFO] [stdout] 2 + use i3monkit::WidgetUpdate;
[INFO] [stdout]   |
[INFO] [stdout] 
[INFO] [stdout] error: aborting due to 6 previous errors
[INFO] [stdout] 
[INFO] [stdout] Some errors have detailed explanations: E0433, E0586.
[INFO] [stdout] For more information about an error, try `rustc --explain E0433`.
[INFO] [stdout] Couldn't compile the test.
[INFO] [stdout] ---- src/widget.rs - widget::WidgetDecorator (line 30) stdout ----
[INFO] [stdout] error: expected `;`, found `}`
[INFO] [stdout]  --> src/widget.rs:35:7
[INFO] [stdout]   |
[INFO] [stdout] 8 |     })
[INFO] [stdout]   |       ^ help: add `;` here
[INFO] [stdout] 9 | } _doctest_main_src_widget_rs_30_0() }
[INFO] [stdout]   | - unexpected token
[INFO] [stdout] 
[INFO] [stdout] error[E0433]: failed to resolve: could not find `protcol` in `i3monkit`
[INFO] [stdout]  --> src/widget.rs:34:27
[INFO] [stdout]   |
[INFO] [stdout] 7 |         b.color(i3monkit::protcol::ColorRGB::red());
[INFO] [stdout]   |                           ^^^^^^^ could not find `protcol` in `i3monkit`
[INFO] [stdout] 
[INFO] [stdout] error[E0433]: failed to resolve: could not find `DateTimeWidget` in `widget`
[INFO] [stdout]  --> src/widget.rs:33:36
[INFO] [stdout]   |
[INFO] [stdout] 6 |     let widget = i3monkit::widget::DateTimeWidget::new().decorate_with(|b| {
[INFO] [stdout]   |                                    ^^^^^^^^^^^^^^ could not find `DateTimeWidget` in `widget`
[INFO] [stdout]   |
[INFO] [stdout] help: consider importing this struct
[INFO] [stdout]   |
[INFO] [stdout] 2 + use i3monkit::widgets::DateTimeWidget;
[INFO] [stdout]   |
[INFO] [stdout] help: if you import `DateTimeWidget`, refer to it directly
[INFO] [stdout]   |
[INFO] [stdout] 6 -     let widget = i3monkit::widget::DateTimeWidget::new().decorate_with(|b| {
[INFO] [stdout] 6 +     let widget = DateTimeWidget::new().decorate_with(|b| {
[INFO] [stdout]   |
[INFO] [stdout] 
[INFO] [stdout] error[E0603]: module `widget` is private
[INFO] [stdout]    --> src/widget.rs:33:28
[INFO] [stdout]     |
[INFO] [stdout] 6   |     let widget = i3monkit::widget::DateTimeWidget::new().decorate_with(|b| {
[INFO] [stdout]     |                            ^^^^^^ private module
[INFO] [stdout]     |
[INFO] [stdout] note: the module `widget` is defined here
[INFO] [stdout]    --> /opt/rustwide/workdir/src/lib.rs:105:1
[INFO] [stdout]     |
[INFO] [stdout] 105 | mod widget;
[INFO] [stdout]     | ^^^^^^^^^^
[INFO] [stdout] 
[INFO] [stdout] error: aborting due to 4 previous errors
[INFO] [stdout] 
[INFO] [stdout] Some errors have detailed explanations: E0433, E0603.
[INFO] [stdout] For more information about an error, try `rustc --explain E0433`.
[INFO] [stdout] Couldn't compile the test.
[INFO] [stdout] ---- src/lib.rs - (line 85) stdout ----
[INFO] [stdout] error: unexpected token: `...`
[INFO] [stdout]   --> src/lib.rs:101:5
[INFO] [stdout]    |
[INFO] [stdout] 18 |     .....
[INFO] [stdout]    |     ^^^
[INFO] [stdout]    |
[INFO] [stdout] help: use `..` for an exclusive range
[INFO] [stdout]    |
[INFO] [stdout] 18 |     ....
[INFO] [stdout]    |     ~~
[INFO] [stdout] help: or `..=` for an inclusive range
[INFO] [stdout]    |
[INFO] [stdout] 18 |     ..=..
[INFO] [stdout]    |     ~~~
[INFO] [stdout] 
[INFO] [stdout] error[E0433]: failed to resolve: use of undeclared type `WidgetCollection`
[INFO] [stdout]   --> src/lib.rs:99:15
[INFO] [stdout]    |
[INFO] [stdout] 16 |     let bar = WidgetCollection::new();
[INFO] [stdout]    |               ^^^^^^^^^^^^^^^^ use of undeclared type `WidgetCollection`
[INFO] [stdout]    |
[INFO] [stdout] help: consider importing this struct
[INFO] [stdout]    |
[INFO] [stdout] 4  + use i3monkit::WidgetCollection;
[INFO] [stdout]    |
[INFO] [stdout] 
[INFO] [stdout] error[E0308]: mismatched types
[INFO] [stdout]   --> src/lib.rs:101:5
[INFO] [stdout]    |
[INFO] [stdout] 15 | fn main() {
[INFO] [stdout]    |          - expected `()` because of default return type
[INFO] [stdout] ...
[INFO] [stdout] 18 |     .....
[INFO] [stdout]    |     ^^^^^ expected `()`, found `RangeToInclusive<RangeFull>`
[INFO] [stdout]    |
[INFO] [stdout]    = note: expected unit type `()`
[INFO] [stdout]                  found struct `RangeToInclusive<RangeFull>`
[INFO] [stdout] 
[INFO] [stdout] error: aborting due to 3 previous errors
[INFO] [stdout] 
[INFO] [stdout] Some errors have detailed explanations: E0308, E0433.
[INFO] [stdout] For more information about an error, try `rustc --explain E0308`.
[INFO] [stdout] Couldn't compile the test.
[INFO] [stdout] ---- src/lib.rs - (line 27) stdout ----
[INFO] [stdout] Test executable failed (exit status: 101).
[INFO] [stdout] 
[INFO] [stdout] stderr:
[INFO] [stdout] thread 'main' panicked at src/widgets/network.rs:79:60:
[INFO] [stdout] called `Result::unwrap()` on an `Err` value: Os { code: 2, kind: NotFound, message: "No such file or directory" }
[INFO] [stdout] stack backtrace:
[INFO] [stdout]    0:     0x61e9f58c947a - std::backtrace_rs::backtrace::libunwind::trace::h207520d6e9873551
[INFO] [stdout]                                at /rustc/df4ca44d3fbc9301ee17f30f4d474e6ae4b05252/library/std/src/../../backtrace/src/backtrace/libunwind.rs:116:5
[INFO] [stdout]    1:     0x61e9f58c947a - std::backtrace_rs::backtrace::trace_unsynchronized::h2ed7433f370e3eca
[INFO] [stdout]                                at /rustc/df4ca44d3fbc9301ee17f30f4d474e6ae4b05252/library/std/src/../../backtrace/src/backtrace/mod.rs:66:5
[INFO] [stdout]    2:     0x61e9f58c947a - std::sys::backtrace::_print_fmt::h916fac51166b18d7
[INFO] [stdout]                                at /rustc/df4ca44d3fbc9301ee17f30f4d474e6ae4b05252/library/std/src/sys/backtrace.rs:66:9
[INFO] [stdout]    3:     0x61e9f58c947a - <std::sys::backtrace::BacktraceLock::print::DisplayBacktrace as core::fmt::Display>::fmt::ha0a4c9b8ce3802e6
[INFO] [stdout]                                at /rustc/df4ca44d3fbc9301ee17f30f4d474e6ae4b05252/library/std/src/sys/backtrace.rs:39:26
[INFO] [stdout]    4:     0x61e9f58ec513 - core::fmt::rt::Argument::fmt::h4cfc8587d52b3eb5
[INFO] [stdout]                                at /rustc/df4ca44d3fbc9301ee17f30f4d474e6ae4b05252/library/core/src/fmt/rt.rs:177:76
[INFO] [stdout]    5:     0x61e9f58ec513 - core::fmt::write::h522cc39e5b36ae9f
[INFO] [stdout]                                at /rustc/df4ca44d3fbc9301ee17f30f4d474e6ae4b05252/library/core/src/fmt/mod.rs:1190:21
[INFO] [stdout]    6:     0x61e9f58c6803 - std::io::Write::write_fmt::hf1c1dcc8cc1287f0
[INFO] [stdout]                                at /rustc/df4ca44d3fbc9301ee17f30f4d474e6ae4b05252/library/std/src/io/mod.rs:1839:15
[INFO] [stdout]    7:     0x61e9f58c92c2 - std::sys::backtrace::BacktraceLock::print::h4b9e00b29e9c0942
[INFO] [stdout]                                at /rustc/df4ca44d3fbc9301ee17f30f4d474e6ae4b05252/library/std/src/sys/backtrace.rs:42:9
[INFO] [stdout]    8:     0x61e9f58ca28c - std::panicking::default_hook::{{closure}}::hb59b88280d0324d9
[INFO] [stdout]                                at /rustc/df4ca44d3fbc9301ee17f30f4d474e6ae4b05252/library/std/src/panicking.rs:268:22
[INFO] [stdout]    9:     0x61e9f58ca0d2 - std::panicking::default_hook::he1dd496665be4a29
[INFO] [stdout]                                at /rustc/df4ca44d3fbc9301ee17f30f4d474e6ae4b05252/library/std/src/panicking.rs:295:9
[INFO] [stdout]   10:     0x61e9f58ca8c7 - std::panicking::rust_panic_with_hook::h2ff17fe8f26dfcf8
[INFO] [stdout]                                at /rustc/df4ca44d3fbc9301ee17f30f4d474e6ae4b05252/library/std/src/panicking.rs:801:13
[INFO] [stdout]   11:     0x61e9f58ca75a - std::panicking::begin_panic_handler::{{closure}}::h4fad77951c07e101
[INFO] [stdout]                                at /rustc/df4ca44d3fbc9301ee17f30f4d474e6ae4b05252/library/std/src/panicking.rs:674:13
[INFO] [stdout]   12:     0x61e9f58c9959 - std::sys::backtrace::__rust_end_short_backtrace::hb1a25b3da5d0ea08
[INFO] [stdout]                                at /rustc/df4ca44d3fbc9301ee17f30f4d474e6ae4b05252/library/std/src/sys/backtrace.rs:170:18
[INFO] [stdout]   13:     0x61e9f58ca3ec - rust_begin_unwind
[INFO] [stdout]                                at /rustc/df4ca44d3fbc9301ee17f30f4d474e6ae4b05252/library/std/src/panicking.rs:665:5
[INFO] [stdout]   14:     0x61e9f58ea850 - core::panicking::panic_fmt::ha9db07b529f9b256
[INFO] [stdout]                                at /rustc/df4ca44d3fbc9301ee17f30f4d474e6ae4b05252/library/core/src/panicking.rs:75:14
[INFO] [stdout]   15:     0x61e9f58eac96 - core::result::unwrap_failed::h5e8218e4d4338b8a
[INFO] [stdout]                                at /rustc/df4ca44d3fbc9301ee17f30f4d474e6ae4b05252/library/core/src/result.rs:1698:5
[INFO] [stdout]   16:     0x61e9f581a146 - core::result::Result<T,E>::unwrap::h3b94ff5882963742
[INFO] [stdout]                                at /rustc/df4ca44d3fbc9301ee17f30f4d474e6ae4b05252/library/core/src/result.rs:1103:23
[INFO] [stdout]   17:     0x61e9f581a146 - i3monkit::widgets::network::NetworkSpeedWidget::new::h0a9f4e0c3760695e
[INFO] [stdout]                                at /opt/rustwide/workdir/src/widgets/network.rs:79:25
[INFO] [stdout]   18:     0x61e9f5817396 - rust_out::main::ha213a30daa5df4da
[INFO] [stdout]   19:     0x61e9f58109e3 - core::ops::function::FnOnce::call_once::hf7edf7132571051c
[INFO] [stdout]   20:     0x61e9f5810286 - std::sys::backtrace::__rust_begin_short_backtrace::h32fd822fd2ba4079
[INFO] [stdout]   21:     0x61e9f5810269 - std::rt::lang_start::{{closure}}::h4039a1c394ed4f7c
[INFO] [stdout]   22:     0x61e9f58c3177 - core::ops::function::impls::<impl core::ops::function::FnOnce<A> for &F>::call_once::hd87d66b906e0ccaf
[INFO] [stdout]                                at /rustc/df4ca44d3fbc9301ee17f30f4d474e6ae4b05252/library/core/src/ops/function.rs:284:13
[INFO] [stdout]   23:     0x61e9f58c3177 - std::panicking::try::do_call::hae3703de71fc9e3a
[INFO] [stdout]                                at /rustc/df4ca44d3fbc9301ee17f30f4d474e6ae4b05252/library/std/src/panicking.rs:557:40
[INFO] [stdout]   24:     0x61e9f58c3177 - std::panicking::try::h1178330e9a2b2645
[INFO] [stdout]                                at /rustc/df4ca44d3fbc9301ee17f30f4d474e6ae4b05252/library/std/src/panicking.rs:520:19
[INFO] [stdout]   25:     0x61e9f58c3177 - std::panic::catch_unwind::h0acf49d2305d32ad
[INFO] [stdout]                                at /rustc/df4ca44d3fbc9301ee17f30f4d474e6ae4b05252/library/std/src/panic.rs:358:14
[INFO] [stdout]   26:     0x61e9f58c3177 - std::rt::lang_start_internal::{{closure}}::h2d95182d798177be
[INFO] [stdout]                                at /rustc/df4ca44d3fbc9301ee17f30f4d474e6ae4b05252/library/std/src/rt.rs:174:48
[INFO] [stdout]   27:     0x61e9f58c3177 - std::panicking::try::do_call::hb506f5bfe11fd30c
[INFO] [stdout]                                at /rustc/df4ca44d3fbc9301ee17f30f4d474e6ae4b05252/library/std/src/panicking.rs:557:40
[INFO] [stdout]   28:     0x61e9f58c3177 - std::panicking::try::h54d825c46bd0fa95
[INFO] [stdout]                                at /rustc/df4ca44d3fbc9301ee17f30f4d474e6ae4b05252/library/std/src/panicking.rs:520:19
[INFO] [stdout]   29:     0x61e9f58c3177 - std::panic::catch_unwind::hffbb0ad20c4e9fac
[INFO] [stdout]                                at /rustc/df4ca44d3fbc9301ee17f30f4d474e6ae4b05252/library/std/src/panic.rs:358:14
[INFO] [stdout]   30:     0x61e9f58c3177 - std::rt::lang_start_internal::h52c291ef1962c925
[INFO] [stdout]                                at /rustc/df4ca44d3fbc9301ee17f30f4d474e6ae4b05252/library/std/src/rt.rs:174:20
[INFO] [stdout]   31:     0x61e9f5810247 - std::rt::lang_start::h8c6075cd6f225ba1
[INFO] [stdout]   32:     0x61e9f5817585 - main
[INFO] [stdout]   33:     0x74695e0aed90 - <unknown>
[INFO] [stdout]   34:     0x74695e0aee40 - __libc_start_main
[INFO] [stdout]   35:     0x61e9f580ece5 - _start
[INFO] [stdout]   36:                0x0 - <unknown>
[INFO] [stdout] 
[INFO] [stdout] 
[INFO] [stdout] 
[INFO] [stdout] failures:
[INFO] [stdout]     src/lib.rs - (line 27)
[INFO] [stdout]     src/lib.rs - (line 85)
[INFO] [stdout]     src/widget.rs - widget::WidgetCollection (line 105)
[INFO] [stdout]     src/widget.rs - widget::WidgetDecorator (line 30)
[INFO] [stdout]     src/widgets/stock.rs - widgets::stock::StockClient (line 26)
[INFO] [stdout] 
[INFO] [stdout] test result: FAILED. 0 passed; 5 failed; 0 ignored; 0 measured; 0 filtered out; finished in 0.21s
[INFO] [stdout] 
[INFO] [stderr] error: doctest failed, to rerun pass `--doc`
[INFO] running `Command { std: "docker" "inspect" "f432877f18929327ffecb99b4c815ec92618dcf94ecacd958ebb264924740bda", kill_on_drop: false }`
[INFO] running `Command { std: "docker" "rm" "-f" "f432877f18929327ffecb99b4c815ec92618dcf94ecacd958ebb264924740bda", kill_on_drop: false }`
[INFO] [stdout] f432877f18929327ffecb99b4c815ec92618dcf94ecacd958ebb264924740bda
