[INFO] fetching crate i-slint-core 1.8.0...
[INFO] testing i-slint-core-1.8.0 against nightly-2024-10-28+rustflags=-Zrandomize-layout for randomize-layout
[INFO] extracting crate i-slint-core 1.8.0 into /workspace/builds/worker-2-tc2/source
[INFO] validating manifest of crates.io crate i-slint-core 1.8.0 on toolchain nightly-2024-10-28
[INFO] running `Command { std: CARGO_HOME="/workspace/cargo-home" RUSTUP_HOME="/workspace/rustup-home" "/workspace/cargo-home/bin/cargo" "+nightly-2024-10-28" "metadata" "--manifest-path" "Cargo.toml" "--no-deps", kill_on_drop: false }`
[INFO] started tweaking crates.io crate i-slint-core 1.8.0
[INFO] finished tweaking crates.io crate i-slint-core 1.8.0
[INFO] tweaked toml for crates.io crate i-slint-core 1.8.0 written to /workspace/builds/worker-2-tc2/source/Cargo.toml
[INFO] running `Command { std: CARGO_HOME="/workspace/cargo-home" RUSTUP_HOME="/workspace/rustup-home" "/workspace/cargo-home/bin/cargo" "+nightly-2024-10-28" "generate-lockfile" "--manifest-path" "Cargo.toml", kill_on_drop: false }`
[INFO] [stderr]     Updating crates.io index
[INFO] [stderr]      Locking 181 packages to latest compatible versions
[INFO] [stderr]       Adding derive_more v0.99.18 (available: v1.0.0)
[INFO] [stderr]       Adding fontdb v0.18.0 (available: v0.23.0)
[INFO] [stderr]       Adding image v0.24.9 (available: v0.25.4)
[INFO] [stderr]       Adding resvg v0.42.0 (available: v0.44.0)
[INFO] [stderr]       Adding rustybuzz v0.14.1 (available: v0.20.0)
[INFO] [stderr]       Adding ttf-parser v0.21.1 (available: v0.25.0)
[INFO] running `Command { std: CARGO_HOME="/workspace/cargo-home" RUSTUP_HOME="/workspace/rustup-home" "/workspace/cargo-home/bin/cargo" "+nightly-2024-10-28" "fetch" "--manifest-path" "Cargo.toml", kill_on_drop: false }`
[INFO] running `Command { std: "docker" "create" "-v" "/var/lib/crater-agent-workspace/builds/worker-2-tc2/target:/opt/rustwide/target:rw,Z" "-v" "/var/lib/crater-agent-workspace/builds/worker-2-tc2/source:/opt/rustwide/workdir:ro,Z" "-v" "/var/lib/crater-agent-workspace/cargo-home:/opt/rustwide/cargo-home:ro,Z" "-v" "/var/lib/crater-agent-workspace/rustup-home:/opt/rustwide/rustup-home:ro,Z" "-e" "SOURCE_DIR=/opt/rustwide/workdir" "-e" "CARGO_TARGET_DIR=/opt/rustwide/target" "-e" "CARGO_HOME=/opt/rustwide/cargo-home" "-e" "RUSTUP_HOME=/opt/rustwide/rustup-home" "-w" "/opt/rustwide/workdir" "-m" "1610612736" "--user" "0:0" "--network" "none" "ghcr.io/rust-lang/crates-build-env/linux@sha256:4a844ea9eb2546a2d2c7022eacef16ef2e8229c7fbb2c7d4d55a9ceca922f72d" "/opt/rustwide/cargo-home/bin/cargo" "+nightly-2024-10-28" "metadata" "--no-deps" "--format-version=1", kill_on_drop: false }`
[INFO] [stdout] 9c55735cc3c06578d57a1167c799b77c5e537c0d6801b633a9a3763f0f23190a
[INFO] running `Command { std: "docker" "start" "-a" "9c55735cc3c06578d57a1167c799b77c5e537c0d6801b633a9a3763f0f23190a", kill_on_drop: false }`
[INFO] running `Command { std: "docker" "inspect" "9c55735cc3c06578d57a1167c799b77c5e537c0d6801b633a9a3763f0f23190a", kill_on_drop: false }`
[INFO] running `Command { std: "docker" "rm" "-f" "9c55735cc3c06578d57a1167c799b77c5e537c0d6801b633a9a3763f0f23190a", kill_on_drop: false }`
[INFO] [stdout] 9c55735cc3c06578d57a1167c799b77c5e537c0d6801b633a9a3763f0f23190a
[INFO] running `Command { std: "docker" "create" "-v" "/var/lib/crater-agent-workspace/builds/worker-2-tc2/target:/opt/rustwide/target:rw,Z" "-v" "/var/lib/crater-agent-workspace/builds/worker-2-tc2/source:/opt/rustwide/workdir:ro,Z" "-v" "/var/lib/crater-agent-workspace/cargo-home:/opt/rustwide/cargo-home:ro,Z" "-v" "/var/lib/crater-agent-workspace/rustup-home:/opt/rustwide/rustup-home:ro,Z" "-e" "SOURCE_DIR=/opt/rustwide/workdir" "-e" "CARGO_TARGET_DIR=/opt/rustwide/target" "-e" "CARGO_INCREMENTAL=0" "-e" "RUST_BACKTRACE=full" "-e" "RUSTFLAGS=--cap-lints=forbid -Zrandomize-layout" "-e" "RUSTDOCFLAGS=--cap-lints=forbid" "-e" "CARGO_HOME=/opt/rustwide/cargo-home" "-e" "RUSTUP_HOME=/opt/rustwide/rustup-home" "-w" "/opt/rustwide/workdir" "-m" "1610612736" "--user" "0:0" "--network" "none" "ghcr.io/rust-lang/crates-build-env/linux@sha256:4a844ea9eb2546a2d2c7022eacef16ef2e8229c7fbb2c7d4d55a9ceca922f72d" "/opt/rustwide/cargo-home/bin/cargo" "+nightly-2024-10-28" "build" "--frozen" "--message-format=json", kill_on_drop: false }`
[INFO] [stdout] 9cbc6376540a4f1a44aa97ee734ebf00171650dc003943fdabc7f9896e149f0e
[INFO] running `Command { std: "docker" "start" "-a" "9cbc6376540a4f1a44aa97ee734ebf00171650dc003943fdabc7f9896e149f0e", kill_on_drop: false }`
[INFO] [stderr]    Compiling num-traits v0.2.19
[INFO] [stderr]    Compiling arrayvec v0.7.6
[INFO] [stderr]    Compiling simd-adler32 v0.3.7
[INFO] [stderr]    Compiling bytemuck v1.19.0
[INFO] [stderr]    Compiling memoffset v0.9.1
[INFO] [stderr]    Compiling slotmap v1.0.7
[INFO] [stderr]    Compiling float-cmp v0.9.0
[INFO] [stderr]    Compiling roxmltree v0.20.0
[INFO] [stderr]    Compiling ttf-parser v0.21.1
[INFO] [stderr]    Compiling portable-atomic v1.9.0
[INFO] [stderr]    Compiling bitflags v1.3.2
[INFO] [stderr]    Compiling memmap2 v0.9.5
[INFO] [stderr]    Compiling arrayref v0.3.9
[INFO] [stderr]    Compiling field-offset v0.3.6
[INFO] [stderr]    Compiling critical-section v1.2.0
[INFO] [stderr]    Compiling siphasher v1.0.1
[INFO] [stderr]    Compiling strict-num v0.1.1
[INFO] [stderr]    Compiling unicode-bidi-mirroring v0.2.0
[INFO] [stderr]    Compiling unicode-script v0.5.7
[INFO] [stderr]    Compiling unicode-properties v0.1.3
[INFO] [stderr]    Compiling unicode-ccc v0.2.0
[INFO] [stderr]    Compiling kurbo v0.11.1
[INFO] [stderr]    Compiling const-field-offset-macro v0.1.5
[INFO] [stderr]    Compiling miniz_oxide v0.8.0
[INFO] [stderr]    Compiling fdeflate v0.3.6
[INFO] [stderr]    Compiling tiny-skia-path v0.11.4
[INFO] [stderr]    Compiling simplecss v0.2.1
[INFO] [stderr]    Compiling slab v0.4.9
[INFO] [stderr]    Compiling data-url v0.3.1
[INFO] [stderr]    Compiling xmlwriter v0.1.0
[INFO] [stderr]    Compiling pico-args v0.5.0
[INFO] [stderr]    Compiling convert_case v0.4.0
[INFO] [stderr]    Compiling imagesize v0.12.0
[INFO] [stderr]    Compiling unicode-vo v0.1.0
[INFO] [stderr]    Compiling fontconfig-parser v0.5.7
[INFO] [stderr]    Compiling rgb v0.8.50
[INFO] [stderr]    Compiling vtable-macro v0.2.0
[INFO] [stderr]    Compiling const-field-offset v0.1.5
[INFO] [stderr]    Compiling flate2 v1.0.34
[INFO] [stderr]    Compiling pin-project-internal v1.1.7
[INFO] [stderr]    Compiling derive_utils v0.14.2
[INFO] [stderr]    Compiling derive_more v0.99.18
[INFO] [stderr]    Compiling libloading v0.8.5
[INFO] [stderr]    Compiling euclid v0.22.11
[INFO] [stderr]    Compiling png v0.17.14
[INFO] [stderr]    Compiling stable_deref_trait v1.2.0
[INFO] [stderr]    Compiling color_quant v1.1.0
[INFO] [stderr]    Compiling jpeg-decoder v0.3.1
[INFO] [stderr]    Compiling chrono v0.4.38
[INFO] [stderr]    Compiling integer-sqrt v0.1.5
[INFO] [stderr]    Compiling auto_enums v0.8.6
[INFO] [stderr]    Compiling once_cell v1.20.2
[INFO] [stderr]    Compiling svgtypes v0.15.2
[INFO] [stderr]    Compiling strum v0.26.3
[INFO] [stderr]    Compiling i-slint-core-macros v1.8.0
[INFO] [stderr]    Compiling unicode-segmentation v1.12.0
[INFO] [stderr]    Compiling pin-weak v1.1.0
[INFO] [stderr]    Compiling vtable v0.2.0
[INFO] [stderr]    Compiling static_assertions v1.1.0
[INFO] [stderr]    Compiling unicode-linebreak v0.1.5
[INFO] [stderr]    Compiling clru v0.6.2
[INFO] [stderr]    Compiling scoped-tls-hkt v0.1.5
[INFO] [stderr]    Compiling tiny-skia v0.11.4
[INFO] [stderr]    Compiling pin-project v1.1.7
[INFO] [stderr]    Compiling image v0.24.9
[INFO] [stderr]    Compiling lyon_geom v1.0.6
[INFO] [stderr]    Compiling fontdb v0.18.0
[INFO] [stderr]    Compiling rustybuzz v0.14.1
[INFO] [stderr]    Compiling lyon_path v1.0.6
[INFO] [stderr]    Compiling lyon_extra v1.0.3
[INFO] [stderr]    Compiling lyon_algorithms v1.0.4
[INFO] [stderr]    Compiling i-slint-common v1.8.0
[INFO] [stderr]    Compiling usvg v0.42.0
[INFO] [stderr]    Compiling resvg v0.42.0
[INFO] [stderr]    Compiling i-slint-core v1.8.0 (/opt/rustwide/workdir)
[INFO] [stderr]     Finished `dev` profile [unoptimized + debuginfo] target(s) in 15.50s
[INFO] running `Command { std: "docker" "inspect" "9cbc6376540a4f1a44aa97ee734ebf00171650dc003943fdabc7f9896e149f0e", kill_on_drop: false }`
[INFO] running `Command { std: "docker" "rm" "-f" "9cbc6376540a4f1a44aa97ee734ebf00171650dc003943fdabc7f9896e149f0e", kill_on_drop: false }`
[INFO] [stdout] 9cbc6376540a4f1a44aa97ee734ebf00171650dc003943fdabc7f9896e149f0e
[INFO] running `Command { std: "docker" "create" "-v" "/var/lib/crater-agent-workspace/builds/worker-2-tc2/target:/opt/rustwide/target:rw,Z" "-v" "/var/lib/crater-agent-workspace/builds/worker-2-tc2/source:/opt/rustwide/workdir:ro,Z" "-v" "/var/lib/crater-agent-workspace/cargo-home:/opt/rustwide/cargo-home:ro,Z" "-v" "/var/lib/crater-agent-workspace/rustup-home:/opt/rustwide/rustup-home:ro,Z" "-e" "SOURCE_DIR=/opt/rustwide/workdir" "-e" "CARGO_TARGET_DIR=/opt/rustwide/target" "-e" "CARGO_INCREMENTAL=0" "-e" "RUST_BACKTRACE=full" "-e" "RUSTFLAGS=--cap-lints=forbid -Zrandomize-layout" "-e" "RUSTDOCFLAGS=--cap-lints=forbid" "-e" "CARGO_HOME=/opt/rustwide/cargo-home" "-e" "RUSTUP_HOME=/opt/rustwide/rustup-home" "-w" "/opt/rustwide/workdir" "-m" "1610612736" "--user" "0:0" "--network" "none" "ghcr.io/rust-lang/crates-build-env/linux@sha256:4a844ea9eb2546a2d2c7022eacef16ef2e8229c7fbb2c7d4d55a9ceca922f72d" "/opt/rustwide/cargo-home/bin/cargo" "+nightly-2024-10-28" "test" "--frozen" "--no-run" "--message-format=json", kill_on_drop: false }`
[INFO] [stdout] 0d12cf6e36e29bef76e427bb3cd9d05dd8a1a0435e81e8d167758cf612f6d6e1
[INFO] running `Command { std: "docker" "start" "-a" "0d12cf6e36e29bef76e427bb3cd9d05dd8a1a0435e81e8d167758cf612f6d6e1", kill_on_drop: false }`
[INFO] [stderr]    Compiling ttf-parser v0.21.1
[INFO] [stderr]    Compiling once_cell v1.20.2
[INFO] [stderr]    Compiling serde v1.0.214
[INFO] [stderr]    Compiling rustix v0.38.38
[INFO] [stderr]    Compiling tokio-macros v2.4.0
[INFO] [stderr]    Compiling futures-io v0.3.31
[INFO] [stderr]    Compiling fastrand v2.1.1
[INFO] [stderr]    Compiling tokio v1.41.0
[INFO] [stderr]    Compiling fontdb v0.18.0
[INFO] [stderr]    Compiling rustybuzz v0.14.1
[INFO] [stderr]    Compiling tempfile v3.13.0
[INFO] [stderr]    Compiling i-slint-common v1.8.0
[INFO] [stderr]    Compiling serde_json v1.0.132
[INFO] [stderr]    Compiling usvg v0.42.0
[INFO] [stderr]    Compiling async-compat v0.2.4
[INFO] [stderr]    Compiling resvg v0.42.0
[INFO] [stderr]    Compiling i-slint-core v1.8.0 (/opt/rustwide/workdir)
[INFO] [stdout] warning: non-local `impl` definition, `impl` blocks should be written at the same level as their item
[INFO] [stdout]     --> model/adapters.rs:1399:5
[INFO] [stdout]      |
[INFO] [stdout] 1335 | fn test_long_chain_integrity() {
[INFO] [stdout]      | ------------------------------ move the `impl` block outside of this function `test_long_chain_integrity`
[INFO] [stdout] ...
[INFO] [stdout] 1399 |     impl<T> VecModel<T> {
[INFO] [stdout]      |     ^^^^^^^^--------^^^
[INFO] [stdout]      |             |
[INFO] [stdout]      |             `VecModel` is not local
[INFO] [stdout]      |
[INFO] [stdout]      = note: an `impl` is never scoped, even when it is nested inside an item, as it may impact type checking outside of that item, which can be the case if neither the trait or the self type are at the same nesting level as the `impl`
[INFO] [stdout]      = note: `#[warn(non_local_definitions)]` on by default
[INFO] [stdout] 
[INFO] [stdout] 
[INFO] [stderr]     Finished `test` profile [unoptimized + debuginfo] target(s) in 15.02s
[INFO] running `Command { std: "docker" "inspect" "0d12cf6e36e29bef76e427bb3cd9d05dd8a1a0435e81e8d167758cf612f6d6e1", kill_on_drop: false }`
[INFO] running `Command { std: "docker" "rm" "-f" "0d12cf6e36e29bef76e427bb3cd9d05dd8a1a0435e81e8d167758cf612f6d6e1", kill_on_drop: false }`
[INFO] [stdout] 0d12cf6e36e29bef76e427bb3cd9d05dd8a1a0435e81e8d167758cf612f6d6e1
[INFO] running `Command { std: "docker" "create" "-v" "/var/lib/crater-agent-workspace/builds/worker-2-tc2/target:/opt/rustwide/target:rw,Z" "-v" "/var/lib/crater-agent-workspace/builds/worker-2-tc2/source:/opt/rustwide/workdir:ro,Z" "-v" "/var/lib/crater-agent-workspace/cargo-home:/opt/rustwide/cargo-home:ro,Z" "-v" "/var/lib/crater-agent-workspace/rustup-home:/opt/rustwide/rustup-home:ro,Z" "-e" "SOURCE_DIR=/opt/rustwide/workdir" "-e" "CARGO_TARGET_DIR=/opt/rustwide/target" "-e" "CARGO_INCREMENTAL=0" "-e" "RUST_BACKTRACE=full" "-e" "RUSTFLAGS=--cap-lints=forbid -Zrandomize-layout" "-e" "RUSTDOCFLAGS=--cap-lints=forbid" "-e" "CARGO_HOME=/opt/rustwide/cargo-home" "-e" "RUSTUP_HOME=/opt/rustwide/rustup-home" "-w" "/opt/rustwide/workdir" "-m" "1610612736" "--user" "0:0" "--network" "none" "ghcr.io/rust-lang/crates-build-env/linux@sha256:4a844ea9eb2546a2d2c7022eacef16ef2e8229c7fbb2c7d4d55a9ceca922f72d" "/opt/rustwide/cargo-home/bin/cargo" "+nightly-2024-10-28" "test" "--frozen", kill_on_drop: false }`
[INFO] [stdout] f54c96dd5f249202fe1984c8bc68da21a60497e0cc6462288f120e4fa8e84c90
[INFO] running `Command { std: "docker" "start" "-a" "f54c96dd5f249202fe1984c8bc68da21a60497e0cc6462288f120e4fa8e84c90", kill_on_drop: false }`
[INFO] [stderr] warning: non-local `impl` definition, `impl` blocks should be written at the same level as their item
[INFO] [stderr]     --> model/adapters.rs:1399:5
[INFO] [stderr]      |
[INFO] [stderr] 1335 | fn test_long_chain_integrity() {
[INFO] [stderr]      | ------------------------------ move the `impl` block outside of this function `test_long_chain_integrity`
[INFO] [stderr] ...
[INFO] [stderr] 1399 |     impl<T> VecModel<T> {
[INFO] [stderr]      |     ^^^^^^^^--------^^^
[INFO] [stderr]      |             |
[INFO] [stderr]      |             `VecModel` is not local
[INFO] [stderr]      |
[INFO] [stderr]      = note: an `impl` is never scoped, even when it is nested inside an item, as it may impact type checking outside of that item, which can be the case if neither the trait or the self type are at the same nesting level as the `impl`
[INFO] [stderr]      = note: `#[warn(non_local_definitions)]` on by default
[INFO] [stderr] 
[INFO] [stderr] warning: `i-slint-core` (lib test) generated 1 warning
[INFO] [stderr]     Finished `test` profile [unoptimized + debuginfo] target(s) in 0.30s
[INFO] [stderr]      Running unittests lib.rs (/opt/rustwide/target/debug/deps/i_slint_core-e6af770b7a57c117)
[INFO] [stdout] 
[INFO] [stdout] running 141 tests
[INFO] [stdout] test api::error_is_send ... ok
[INFO] [stdout] test api::logical_physical_size ... ok
[INFO] [stdout] test api::logical_physical_pos ... ok
[INFO] [stdout] test callbacks::callback_simple_test ... ok
[INFO] [stdout] test graphics::border_radius::tests::test_inner_outer ... ok
[INFO] [stdout] test graphics::border_radius::tests::test_eq ... ok
[INFO] [stdout] test graphics::color::test_rgb_to_hsv ... ok
[INFO] [stdout] test graphics::color::test_transparent_transition ... ok
[INFO] [stdout] test graphics::border_radius::tests::test_scale ... ok
[INFO] [stdout] test graphics::color::test_brighter_darker ... ok
[INFO] [stdout] test graphics::border_radius::tests::test_min_max ... ok
[INFO] [stdout] test item_focus::tests::test_focus_chain_complex_tree ... ok
[INFO] [stdout] test item_focus::tests::test_focus_chain_three_children ... ok
[INFO] [stdout] test graphics::border_radius::tests::test_zero ... ok
[INFO] [stdout] test graphics::brush::test_linear_gradient_encoding ... ok
[INFO] [stdout] test item_tree::tests::test_component_item_tree_one_child ... ok
[INFO] [stdout] test item_tree::tests::test_component_item_tree_root_only ... ok
[INFO] [stdout] test item_focus::tests::test_focus_chain_root_only ... ok
[INFO] [stdout] test item_tree::tests::test_component_item_tree_tree_children ... ok
[INFO] [stdout] test item_tree::tests::test_tree_traversal_children_nodes_backward_focus ... ok
[INFO] [stdout] test item_tree::tests::test_tree_traversal_children_nodes_forward_focus ... ok
[INFO] [stdout] test item_tree::tests::test_tree_traversal_children_nodes_structure ... ok
[INFO] [stdout] test item_tree::tests::test_tree_traversal_empty_subtree_backward_focus ... ok
[INFO] [stdout] test item_tree::tests::test_tree_traversal_empty_subtree_forward_focus ... ok
[INFO] [stdout] test item_focus::tests::test_focus_chain_one_child ... ok
[INFO] [stdout] test item_tree::tests::test_tree_traversal_item_subtree_item_backward_focus ... ok
[INFO] [stdout] test item_tree::tests::test_tree_traversal_item_subtree_item_forward_focus ... ok
[INFO] [stdout] test item_tree::tests::test_tree_traversal_empty_subtree_structure ... ok
[INFO] [stdout] test item_tree::tests::test_tree_traversal_nested_subtrees_backward_focus ... ok
[INFO] [stdout] test item_tree::tests::test_tree_traversal_item_subtree_item_structure ... ok
[INFO] [stdout] test item_tree::tests::test_tree_traversal_nested_subtrees_forward_focus ... ok
[INFO] [stdout] test item_tree::tests::test_tree_traversal_nested_subtrees_structure ... ok
[INFO] [stdout] test item_tree::tests::test_tree_traversal_one_node_forward_focus ... ok
[INFO] [stdout] test item_tree::tests::test_tree_traversal_one_node_structure ... ok
[INFO] [stdout] test item_tree::tests::test_tree_traversal_subtrees_item_structure ... ok
[INFO] [stdout] test layout::grid_internal::test_layout_items ... ok
[INFO] [stdout] test model::adapters::reversed_tests::test_reversed_model ... ok
[INFO] [stdout] test item_tree::tests::test_tree_traversal_one_node_backward_focus ... ok
[INFO] [stdout] test model::adapters::reversed_tests::test_reversed_model_remove ... ok
[INFO] [stdout] test model::adapters::sort_tests::test_sorted_model_changed ... ok
[INFO] [stdout] test model::adapters::reversed_tests::test_reversed_model_source_model ... ok
[INFO] [stdout] test model::adapters::sort_tests::test_sorted_model_insert ... ok
[INFO] [stdout] test model::tests::test_data_tracking ... ok
[INFO] [stdout] test model::adapters::sort_tests::test_sorted_model_remove ... ok
[INFO] [stdout] test model::adapters::sort_tests::test_sorted_model_source_model ... ok
[INFO] [stdout] test model::tests::test_vecmodel_clear ... ok
[INFO] [stdout] test model::adapters::test_filter_model ... ok
[INFO] [stdout] test model::adapters::test_map_model ... ok
[INFO] [stdout] test model::tests::test_tracking_model_handle ... ok
[INFO] [stdout] test model::tests::test_vecmodel_set_vec ... ok
[INFO] [stdout] test model::adapters::reversed_tests::test_reversed_model_changed ... ok
[INFO] [stdout] test properties::properties_animations::animation_tests::properties_test_delayed_animation_negative_duration_triggered_by_set ... ok
[INFO] [stdout] test model::adapters::reversed_tests::test_reversed_model_insert ... ok
[INFO] [stdout] test properties::properties_animations::animation_tests::properties_test_delayed_animation_fractual_interation_triggered_by_set ... ok
[INFO] [stdout] test properties::properties_animations::animation_tests::properties_test_delayed_animation_negative_iteration_triggered_by_set ... ok
[INFO] [stdout] test model::tests::test_vecmodel_swap ... ok
[INFO] [stdout] test properties::properties_animations::animation_tests::properties_test_delayed_animation_null_duration_triggered_by_set ... ok
[INFO] [stdout] test properties::properties_animations::animation_tests::properties_test_animation_negative_delay_triggered_by_set ... ok
[INFO] [stdout] test graphics::image::test_image_size_from_buffer_without_backend ... ok
[INFO] [stdout] test properties::properties_animations::animation_tests::properties_test_delayed_animation_triggered_by_binding ... ok
[INFO] [stdout] test model::adapters::test_filter_model_source_model ... ok
[INFO] [stdout] test properties::change_tracker::change_tracker ... ok
[INFO] [stdout] test properties::properties_animations::animation_tests::properties_test_animation_triggered_by_binding ... ok
[INFO] [stdout] test properties::properties_animations::animation_tests::properties_test_delayed_animation_no_iteration_triggered_by_set ... ok
[INFO] [stdout] test properties::properties_animations::animation_tests::properties_test_delayed_animation_triggered_by_set ... ok
[INFO] [stdout] test properties::properties_animations::animation_tests::properties_test_animation_triggered_by_set ... ok
[INFO] [stdout] test properties::properties_simple_test ... ok
[INFO] [stdout] test properties::property_two_ways_binding_of_two_way_binding_first ... ok
[INFO] [stdout] test properties::properties_animations::animation_tests::test_loop ... ok
[INFO] [stdout] test properties::property_two_ways_binding_of_two_way_binding_second ... ok
[INFO] [stdout] test properties::property_two_ways_binding_of_two_two_way_bindings ... ok
[INFO] [stdout] test properties::properties_animations::animation_tests::test_loop_via_binding ... ok
[INFO] [stdout] test properties::property_two_ways_recurse_from_binding ... ok
[INFO] [stdout] test properties::property_two_ways_test ... ok
[INFO] [stdout] test properties::property_two_ways_test_binding ... ok
[INFO] [stdout] test properties::single_linked_list_pin::test_list ... ok
[INFO] [stdout] test properties::test_property_tracker_drop ... ok
[INFO] [stdout] test properties::test_property_dirty_handler ... ok
[INFO] [stdout] test properties::test_nested_property_tracker_dirty ... ok
[INFO] [stdout] test properties::test_property_listener_scope ... ok
[INFO] [stdout] test properties::test_nested_property_tracker_evaluate_if_dirty ... ok
[INFO] [stdout] test properties::test_nested_property_trackers ... ok
[INFO] [stdout] test sharedvector::simple_test ... ok
[INFO] [stdout] test sharedvector::test_vector_clear ... ok
[INFO] [stdout] test string::simple_test ... ok
[INFO] [stdout] test textlayout::fragments::fragment_iterator_break_anywhere ... ok
[INFO] [stdout] test textlayout::fragments::fragment_iterator_forced_break ... ok
[INFO] [stdout] test sharedvector::pop_test ... ok
[INFO] [stdout] test textlayout::byte_offset_for_empty_line ... ok
[INFO] [stdout] test textlayout::fragments::fragment_iterator_nbsp ... ok
[INFO] [stdout] test sharedvector::collect_from_iter_with_no_size_hint ... ok
[INFO] [stdout] test sharedvector::push_test ... ok
[INFO] [stdout] test textlayout::fragments::fragment_iterator_leading_nbsp ... ok
[INFO] [stdout] test textlayout::fragments::fragment_iterator_forced_break_multi ... ok
[INFO] [stdout] test textlayout::fragments::fragment_iterator_simple ... ok
[INFO] [stdout] test textlayout::fragments::fragment_iterator_simple_v2 ... ok
[INFO] [stdout] test textlayout::linebreaker::test_basic_line_break ... ok
[INFO] [stdout] test textlayout::linebreaker::test_basic_line_break_anywhere_fallback_multi_line_char_wrap ... ok
[INFO] [stdout] test sharedvector::test_capacity_grows_only_when_needed ... ok
[INFO] [stdout] test textlayout::linebreaker::test_basic_line_break_anywhere_fallback_multi_line_v2 ... ok
[INFO] [stdout] test textlayout::linebreaker::test_basic_line_break_space ... ok
[INFO] [stdout] test textlayout::linebreaker::test_basic_line_break_space_char_wrap ... ok
[INFO] [stdout] test textlayout::linebreaker::test_basic_line_break_space_v2 ... ok
[INFO] [stdout] test textlayout::linebreaker::test_basic_line_break_anywhere_fallback ... ok
[INFO] [stdout] test textlayout::linebreaker::test_basic_line_break_char_wrap ... ok
[INFO] [stdout] test textlayout::linebreaker::test_basic_line_break_space_v3 ... ok
[INFO] [stdout] test textlayout::linebreaker::test_basic_line_break_anywhere_fallback_max_lines ... ok
[INFO] [stdout] test textlayout::linebreaker::test_basic_line_break_space_v4 ... ok
[INFO] [stdout] test textlayout::linebreaker::test_basic_line_break_anywhere_fallback_multi_line ... ok
[INFO] [stdout] test textlayout::linebreaker::test_forced_break ... ok
[INFO] [stdout] test textlayout::linebreaker::test_forced_break_max_lines ... ok
[INFO] [stdout] test model::adapters::test_long_chain_integrity ... ok
[INFO] [stdout] test textlayout::linebreaker::test_empty_line_break ... ok
[INFO] [stdout] test textlayout::linebreaker::test_basic_line_break_max_lines ... ok
[INFO] [stdout] test string::threading ... ok
[INFO] [stdout] test textlayout::linebreaker::test_line_width_with_whitespace ... ok
[INFO] [stdout] test textlayout::shaping::test_shape_boundaries_simple ... ok
[INFO] [stdout] test textlayout::linebreaker::test_nbsp_break ... ok
[INFO] [stdout] test textlayout::linebreaker::test_forced_break_multi ... ok
[INFO] [stdout] test textlayout::shaping::test_shape_boundaries_empty ... ok
[INFO] [stdout] test textlayout::linebreaker::test_single_line_multi_break_opportunity ... ok
[INFO] [stdout] test textlayout::shaping::test_shape_boundaries_script_change ... ok
[INFO] [stdout] test textlayout::linebreaker::zero_width ... ok
[INFO] [stdout] test textlayout::linebreaker::test_forced_break_multi_char_wrap ... ok
[INFO] [stdout] test textlayout::linebreaker::test_linebreak_trailing_space ... ok
[INFO] [stdout] test textlayout::linebreaker::zero_width_char_wrap ... ok
[INFO] [stdout] test textlayout::test_cursor_position_with_newline ... ok
[INFO] [stdout] test textlayout::test_exact_fit ... ok
[INFO] [stdout] test textlayout::test_elision ... ok
[INFO] [stdout] test textlayout::test_no_linebreak_opportunity_at_eot ... ok
[INFO] [stdout] test translations::formatter::tests::test_format ... ok
[INFO] [stdout] test textlayout::test_byte_offset ... ok
[INFO] [stdout] test textlayout::test_cursor_position ... ok
[INFO] [stdout] test textlayout::test_no_line_separators_characters_rendered ... ok
[INFO] [stdout] test properties::single_linked_list_pin::big_list ... ok
[INFO] [stdout] test sharedvector::invalid_capacity_test - should panic ... ok
[INFO] [stdout] test textlayout::shaping::test_shaping ... FAILED
[INFO] [stdout] test textlayout::shaping::test_letter_spacing ... FAILED
[INFO] [stdout] test graphics::image::test_image_invalid_svg ... ok
[INFO] [stdout] test graphics::image::test_image_size_from_svg ... ok
[INFO] [stdout] test graphics::image::cache::tests::test_path_cache_invalidation ... ok
[INFO] [stdout] 
[INFO] [stdout] failures:
[INFO] [stdout] 
[INFO] [stdout] ---- textlayout::shaping::test_shaping stdout ----
[INFO] [stdout] thread 'textlayout::shaping::test_shaping' panicked at textlayout/shaping.rs:310:40:
[INFO] [stdout] unable to load test dejavu font: Os { code: 2, kind: NotFound, message: "No such file or directory" }
[INFO] [stdout] stack backtrace:
[INFO] [stdout]    0:     0x5997cc833e0a - std::backtrace_rs::backtrace::libunwind::trace::h207520d6e9873551
[INFO] [stdout]                                at /rustc/df4ca44d3fbc9301ee17f30f4d474e6ae4b05252/library/std/src/../../backtrace/src/backtrace/libunwind.rs:116:5
[INFO] [stdout]    1:     0x5997cc833e0a - std::backtrace_rs::backtrace::trace_unsynchronized::h2ed7433f370e3eca
[INFO] [stdout]                                at /rustc/df4ca44d3fbc9301ee17f30f4d474e6ae4b05252/library/std/src/../../backtrace/src/backtrace/mod.rs:66:5
[INFO] [stdout]    2:     0x5997cc833e0a - std::sys::backtrace::_print_fmt::h916fac51166b18d7
[INFO] [stdout]                                at /rustc/df4ca44d3fbc9301ee17f30f4d474e6ae4b05252/library/std/src/sys/backtrace.rs:66:9
[INFO] [stdout]    3:     0x5997cc833e0a - <std::sys::backtrace::BacktraceLock::print::DisplayBacktrace as core::fmt::Display>::fmt::ha0a4c9b8ce3802e6
[INFO] [stdout]                                at /rustc/df4ca44d3fbc9301ee17f30f4d474e6ae4b05252/library/std/src/sys/backtrace.rs:39:26
[INFO] [stdout]    4:     0x5997cc85e823 - core::fmt::rt::Argument::fmt::h4cfc8587d52b3eb5
[INFO] [stdout]                                at /rustc/df4ca44d3fbc9301ee17f30f4d474e6ae4b05252/library/core/src/fmt/rt.rs:177:76
[INFO] [stdout]    5:     0x5997cc85e823 - core::fmt::write::h522cc39e5b36ae9f
[INFO] [stdout]                                at /rustc/df4ca44d3fbc9301ee17f30f4d474e6ae4b05252/library/core/src/fmt/mod.rs:1190:21
[INFO] [stdout]    6:     0x5997cc830223 - std::io::Write::write_fmt::h7d3c26752da97734
[INFO] [stdout]                                at /rustc/df4ca44d3fbc9301ee17f30f4d474e6ae4b05252/library/std/src/io/mod.rs:1839:15
[INFO] [stdout]    7:     0x5997cc833c52 - std::sys::backtrace::BacktraceLock::print::h4b9e00b29e9c0942
[INFO] [stdout]                                at /rustc/df4ca44d3fbc9301ee17f30f4d474e6ae4b05252/library/std/src/sys/backtrace.rs:42:9
[INFO] [stdout]    8:     0x5997cc83529a - std::panicking::default_hook::{{closure}}::hb59b88280d0324d9
[INFO] [stdout]                                at /rustc/df4ca44d3fbc9301ee17f30f4d474e6ae4b05252/library/std/src/panicking.rs:268:22
[INFO] [stdout]    9:     0x5997cc8350a4 - std::panicking::default_hook::he1dd496665be4a29
[INFO] [stdout]                                at /rustc/df4ca44d3fbc9301ee17f30f4d474e6ae4b05252/library/std/src/panicking.rs:292:9
[INFO] [stdout]   10:     0x5997cc376d09 - <alloc::boxed::Box<F,A> as core::ops::function::Fn<Args>>::call::h4ff71de18744e1dc
[INFO] [stdout]                                at /rustc/df4ca44d3fbc9301ee17f30f4d474e6ae4b05252/library/alloc/src/boxed.rs:2468:9
[INFO] [stdout]   11:     0x5997cc376d09 - test::test_main::{{closure}}::hcf7c055ce117aa81
[INFO] [stdout]                                at /rustc/df4ca44d3fbc9301ee17f30f4d474e6ae4b05252/library/test/src/lib.rs:133:21
[INFO] [stdout]   12:     0x5997cc835998 - <alloc::boxed::Box<F,A> as core::ops::function::Fn<Args>>::call::h1d66c6bbd60c9692
[INFO] [stdout]                                at /rustc/df4ca44d3fbc9301ee17f30f4d474e6ae4b05252/library/alloc/src/boxed.rs:2468:9
[INFO] [stdout]   13:     0x5997cc835998 - std::panicking::rust_panic_with_hook::h2ff17fe8f26dfcf8
[INFO] [stdout]                                at /rustc/df4ca44d3fbc9301ee17f30f4d474e6ae4b05252/library/std/src/panicking.rs:809:13
[INFO] [stdout]   14:     0x5997cc83575a - std::panicking::begin_panic_handler::{{closure}}::h4fad77951c07e101
[INFO] [stdout]                                at /rustc/df4ca44d3fbc9301ee17f30f4d474e6ae4b05252/library/std/src/panicking.rs:674:13
[INFO] [stdout]   15:     0x5997cc8342e9 - std::sys::backtrace::__rust_end_short_backtrace::hb1a25b3da5d0ea08
[INFO] [stdout]                                at /rustc/df4ca44d3fbc9301ee17f30f4d474e6ae4b05252/library/std/src/sys/backtrace.rs:170:18
[INFO] [stdout]   16:     0x5997cc8353ec - rust_begin_unwind
[INFO] [stdout]                                at /rustc/df4ca44d3fbc9301ee17f30f4d474e6ae4b05252/library/std/src/panicking.rs:665:5
[INFO] [stdout]   17:     0x5997cc85c810 - core::panicking::panic_fmt::ha9db07b529f9b256
[INFO] [stdout]                                at /rustc/df4ca44d3fbc9301ee17f30f4d474e6ae4b05252/library/core/src/panicking.rs:75:14
[INFO] [stdout]   18:     0x5997cc85ccf6 - core::result::unwrap_failed::h5e8218e4d4338b8a
[INFO] [stdout]                                at /rustc/df4ca44d3fbc9301ee17f30f4d474e6ae4b05252/library/core/src/result.rs:1698:5
[INFO] [stdout]   19:     0x5997cc17d9df - core::result::Result<T,E>::expect::h094c708fe6c4f8da
[INFO] [stdout]                                at /rustc/df4ca44d3fbc9301ee17f30f4d474e6ae4b05252/library/core/src/result.rs:1060:23
[INFO] [stdout]   20:     0x5997cc1fc210 - i_slint_core::textlayout::shaping::with_dejavu_font::h5ab193920d0a5b88
[INFO] [stdout]                                at /opt/rustwide/workdir/textlayout/shaping.rs:310:5
[INFO] [stdout]   21:     0x5997cc201006 - i_slint_core::textlayout::shaping::test_shaping::h223540ea688baa73
[INFO] [stdout]                                at /opt/rustwide/workdir/textlayout/shaping.rs:324:5
[INFO] [stdout]   22:     0x5997cc200fe7 - i_slint_core::textlayout::shaping::test_shaping::{{closure}}::h8ec99cc50c90dc6a
[INFO] [stdout]                                at /opt/rustwide/workdir/textlayout/shaping.rs:320:18
[INFO] [stdout]   23:     0x5997cc227ce6 - core::ops::function::FnOnce::call_once::h9eead30bf865bcec
[INFO] [stdout]                                at /rustc/df4ca44d3fbc9301ee17f30f4d474e6ae4b05252/library/core/src/ops/function.rs:250:5
[INFO] [stdout]   24:     0x5997cc37b5db - core::ops::function::FnOnce::call_once::h22c3ba5715e93f05
[INFO] [stdout]                                at /rustc/df4ca44d3fbc9301ee17f30f4d474e6ae4b05252/library/core/src/ops/function.rs:250:5
[INFO] [stdout]   25:     0x5997cc37b5db - test::__rust_begin_short_backtrace::h8e82d8113d0da17f
[INFO] [stdout]                                at /rustc/df4ca44d3fbc9301ee17f30f4d474e6ae4b05252/library/test/src/lib.rs:621:18
[INFO] [stdout]   26:     0x5997cc37af57 - test::run_test_in_process::{{closure}}::h33235f4f20b7b7c7
[INFO] [stdout]                                at /rustc/df4ca44d3fbc9301ee17f30f4d474e6ae4b05252/library/test/src/lib.rs:644:60
[INFO] [stdout]   27:     0x5997cc37af57 - <core::panic::unwind_safe::AssertUnwindSafe<F> as core::ops::function::FnOnce<()>>::call_once::hb5043206310c586f
[INFO] [stdout]                                at /rustc/df4ca44d3fbc9301ee17f30f4d474e6ae4b05252/library/core/src/panic/unwind_safe.rs:272:9
[INFO] [stdout]   28:     0x5997cc37af57 - std::panicking::try::do_call::h9ad4731a60ab23e2
[INFO] [stdout]                                at /rustc/df4ca44d3fbc9301ee17f30f4d474e6ae4b05252/library/std/src/panicking.rs:557:40
[INFO] [stdout]   29:     0x5997cc37af57 - std::panicking::try::h3824d23db772a716
[INFO] [stdout]                                at /rustc/df4ca44d3fbc9301ee17f30f4d474e6ae4b05252/library/std/src/panicking.rs:520:19
[INFO] [stdout]   30:     0x5997cc37af57 - std::panic::catch_unwind::h5afd514605fde46b
[INFO] [stdout]                                at /rustc/df4ca44d3fbc9301ee17f30f4d474e6ae4b05252/library/std/src/panic.rs:358:14
[INFO] [stdout]   31:     0x5997cc37af57 - test::run_test_in_process::h0d5cbfa7067d1720
[INFO] [stdout]                                at /rustc/df4ca44d3fbc9301ee17f30f4d474e6ae4b05252/library/test/src/lib.rs:644:27
[INFO] [stdout]   32:     0x5997cc37af57 - test::run_test::{{closure}}::h708eb8872708115d
[INFO] [stdout]                                at /rustc/df4ca44d3fbc9301ee17f30f4d474e6ae4b05252/library/test/src/lib.rs:565:43
[INFO] [stdout]   33:     0x5997cc33e674 - test::run_test::{{closure}}::h392c51cee94713ab
[INFO] [stdout]                                at /rustc/df4ca44d3fbc9301ee17f30f4d474e6ae4b05252/library/test/src/lib.rs:595:41
[INFO] [stdout]   34:     0x5997cc33e674 - std::sys::backtrace::__rust_begin_short_backtrace::h2f40290710935a8b
[INFO] [stdout]                                at /rustc/df4ca44d3fbc9301ee17f30f4d474e6ae4b05252/library/std/src/sys/backtrace.rs:154:18
[INFO] [stdout]   35:     0x5997cc341e1e - std::thread::Builder::spawn_unchecked_::{{closure}}::{{closure}}::h3fd968d89053a903
[INFO] [stdout]                                at /rustc/df4ca44d3fbc9301ee17f30f4d474e6ae4b05252/library/std/src/thread/mod.rs:541:17
[INFO] [stdout]   36:     0x5997cc341e1e - <core::panic::unwind_safe::AssertUnwindSafe<F> as core::ops::function::FnOnce<()>>::call_once::h743f637ba4229880
[INFO] [stdout]                                at /rustc/df4ca44d3fbc9301ee17f30f4d474e6ae4b05252/library/core/src/panic/unwind_safe.rs:272:9
[INFO] [stdout]   37:     0x5997cc341e1e - std::panicking::try::do_call::h07440897322525a6
[INFO] [stdout]                                at /rustc/df4ca44d3fbc9301ee17f30f4d474e6ae4b05252/library/std/src/panicking.rs:557:40
[INFO] [stdout]   38:     0x5997cc341e1e - std::panicking::try::he5a2e00188156637
[INFO] [stdout]                                at /rustc/df4ca44d3fbc9301ee17f30f4d474e6ae4b05252/library/std/src/panicking.rs:520:19
[INFO] [stdout]   39:     0x5997cc341e1e - std::panic::catch_unwind::hbaf3cae49b3c6433
[INFO] [stdout]                                at /rustc/df4ca44d3fbc9301ee17f30f4d474e6ae4b05252/library/std/src/panic.rs:358:14
[INFO] [stdout]   40:     0x5997cc341e1e - std::thread::Builder::spawn_unchecked_::{{closure}}::h8e141ea224820bce
[INFO] [stdout]                                at /rustc/df4ca44d3fbc9301ee17f30f4d474e6ae4b05252/library/std/src/thread/mod.rs:540:30
[INFO] [stdout]   41:     0x5997cc341e1e - core::ops::function::FnOnce::call_once{{vtable.shim}}::h90d312fedd7b8ea8
[INFO] [stdout]                                at /rustc/df4ca44d3fbc9301ee17f30f4d474e6ae4b05252/library/core/src/ops/function.rs:250:5
[INFO] [stdout]   42:     0x5997cc83a4ab - <alloc::boxed::Box<F,A> as core::ops::function::FnOnce<Args>>::call_once::h69aa08ddb6adb8b6
[INFO] [stdout]                                at /rustc/df4ca44d3fbc9301ee17f30f4d474e6ae4b05252/library/alloc/src/boxed.rs:2454:9
[INFO] [stdout]   43:     0x5997cc83a4ab - <alloc::boxed::Box<F,A> as core::ops::function::FnOnce<Args>>::call_once::h5aa36efdb79c806f
[INFO] [stdout]                                at /rustc/df4ca44d3fbc9301ee17f30f4d474e6ae4b05252/library/alloc/src/boxed.rs:2454:9
[INFO] [stdout]   44:     0x5997cc83a4ab - std::sys::pal::unix::thread::Thread::new::thread_start::h6cd80a1b4be5158d
[INFO] [stdout]                                at /rustc/df4ca44d3fbc9301ee17f30f4d474e6ae4b05252/library/std/src/sys/pal/unix/thread.rs:105:17
[INFO] [stdout]   45:     0x7fe14fcd3ac3 - <unknown>
[INFO] [stdout]   46:     0x7fe14fd64a04 - clone
[INFO] [stdout]   47:                0x0 - <unknown>
[INFO] [stdout] 
[INFO] [stdout] ---- textlayout::shaping::test_letter_spacing stdout ----
[INFO] [stdout] thread 'textlayout::shaping::test_letter_spacing' panicked at textlayout/shaping.rs:310:40:
[INFO] [stdout] unable to load test dejavu font: Os { code: 2, kind: NotFound, message: "No such file or directory" }
[INFO] [stdout] stack backtrace:
[INFO] [stdout]    0:     0x5997cc833e0a - std::backtrace_rs::backtrace::libunwind::trace::h207520d6e9873551
[INFO] [stdout]                                at /rustc/df4ca44d3fbc9301ee17f30f4d474e6ae4b05252/library/std/src/../../backtrace/src/backtrace/libunwind.rs:116:5
[INFO] [stdout]    1:     0x5997cc833e0a - std::backtrace_rs::backtrace::trace_unsynchronized::h2ed7433f370e3eca
[INFO] [stdout]                                at /rustc/df4ca44d3fbc9301ee17f30f4d474e6ae4b05252/library/std/src/../../backtrace/src/backtrace/mod.rs:66:5
[INFO] [stdout]    2:     0x5997cc833e0a - std::sys::backtrace::_print_fmt::h916fac51166b18d7
[INFO] [stdout]                                at /rustc/df4ca44d3fbc9301ee17f30f4d474e6ae4b05252/library/std/src/sys/backtrace.rs:66:9
[INFO] [stdout]    3:     0x5997cc833e0a - <std::sys::backtrace::BacktraceLock::print::DisplayBacktrace as core::fmt::Display>::fmt::ha0a4c9b8ce3802e6
[INFO] [stdout]                                at /rustc/df4ca44d3fbc9301ee17f30f4d474e6ae4b05252/library/std/src/sys/backtrace.rs:39:26
[INFO] [stdout]    4:     0x5997cc85e823 - core::fmt::rt::Argument::fmt::h4cfc8587d52b3eb5
[INFO] [stdout]                                at /rustc/df4ca44d3fbc9301ee17f30f4d474e6ae4b05252/library/core/src/fmt/rt.rs:177:76
[INFO] [stdout]    5:     0x5997cc85e823 - core::fmt::write::h522cc39e5b36ae9f
[INFO] [stdout]                                at /rustc/df4ca44d3fbc9301ee17f30f4d474e6ae4b05252/library/core/src/fmt/mod.rs:1190:21
[INFO] [stdout]    6:     0x5997cc830223 - std::io::Write::write_fmt::h7d3c26752da97734
[INFO] [stdout]                                at /rustc/df4ca44d3fbc9301ee17f30f4d474e6ae4b05252/library/std/src/io/mod.rs:1839:15
[INFO] [stdout]    7:     0x5997cc833c52 - std::sys::backtrace::BacktraceLock::print::h4b9e00b29e9c0942
[INFO] [stdout]                                at /rustc/df4ca44d3fbc9301ee17f30f4d474e6ae4b05252/library/std/src/sys/backtrace.rs:42:9
[INFO] [stdout]    8:     0x5997cc83529a - std::panicking::default_hook::{{closure}}::hb59b88280d0324d9
[INFO] [stdout]                                at /rustc/df4ca44d3fbc9301ee17f30f4d474e6ae4b05252/library/std/src/panicking.rs:268:22
[INFO] [stdout]    9:     0x5997cc8350a4 - std::panicking::default_hook::he1dd496665be4a29
[INFO] [stdout]                                at /rustc/df4ca44d3fbc9301ee17f30f4d474e6ae4b05252/library/std/src/panicking.rs:292:9
[INFO] [stdout]   10:     0x5997cc376d09 - <alloc::boxed::Box<F,A> as core::ops::function::Fn<Args>>::call::h4ff71de18744e1dc
[INFO] [stdout]                                at /rustc/df4ca44d3fbc9301ee17f30f4d474e6ae4b05252/library/alloc/src/boxed.rs:2468:9
[INFO] [stdout]   11:     0x5997cc376d09 - test::test_main::{{closure}}::hcf7c055ce117aa81
[INFO] [stdout]                                at /rustc/df4ca44d3fbc9301ee17f30f4d474e6ae4b05252/library/test/src/lib.rs:133:21
[INFO] [stdout]   12:     0x5997cc835998 - <alloc::boxed::Box<F,A> as core::ops::function::Fn<Args>>::call::h1d66c6bbd60c9692
[INFO] [stdout]                                at /rustc/df4ca44d3fbc9301ee17f30f4d474e6ae4b05252/library/alloc/src/boxed.rs:2468:9
[INFO] [stdout]   13:     0x5997cc835998 - std::panicking::rust_panic_with_hook::h2ff17fe8f26dfcf8
[INFO] [stdout]                                at /rustc/df4ca44d3fbc9301ee17f30f4d474e6ae4b05252/library/std/src/panicking.rs:809:13
[INFO] [stdout]   14:     0x5997cc83575a - std::panicking::begin_panic_handler::{{closure}}::h4fad77951c07e101
[INFO] [stdout]                                at /rustc/df4ca44d3fbc9301ee17f30f4d474e6ae4b05252/library/std/src/panicking.rs:674:13
[INFO] [stdout]   15:     0x5997cc8342e9 - std::sys::backtrace::__rust_end_short_backtrace::hb1a25b3da5d0ea08
[INFO] [stdout]                                at /rustc/df4ca44d3fbc9301ee17f30f4d474e6ae4b05252/library/std/src/sys/backtrace.rs:170:18
[INFO] [stdout]   16:     0x5997cc8353ec - rust_begin_unwind
[INFO] [stdout]                                at /rustc/df4ca44d3fbc9301ee17f30f4d474e6ae4b05252/library/std/src/panicking.rs:665:5
[INFO] [stdout]   17:     0x5997cc85c810 - core::panicking::panic_fmt::ha9db07b529f9b256
[INFO] [stdout]                                at /rustc/df4ca44d3fbc9301ee17f30f4d474e6ae4b05252/library/core/src/panicking.rs:75:14
[INFO] [stdout]   18:     0x5997cc85ccf6 - core::result::unwrap_failed::h5e8218e4d4338b8a
[INFO] [stdout]                                at /rustc/df4ca44d3fbc9301ee17f30f4d474e6ae4b05252/library/core/src/result.rs:1698:5
[INFO] [stdout]   19:     0x5997cc17d9df - core::result::Result<T,E>::expect::h094c708fe6c4f8da
[INFO] [stdout]                                at /rustc/df4ca44d3fbc9301ee17f30f4d474e6ae4b05252/library/core/src/result.rs:1060:23
[INFO] [stdout]   20:     0x5997cc1fc3b0 - i_slint_core::textlayout::shaping::with_dejavu_font::hbedaea64b26a2ef5
[INFO] [stdout]                                at /opt/rustwide/workdir/textlayout/shaping.rs:310:5
[INFO] [stdout]   21:     0x5997cc2019f6 - i_slint_core::textlayout::shaping::test_letter_spacing::h525331091ca2c191
[INFO] [stdout]                                at /opt/rustwide/workdir/textlayout/shaping.rs:362:5
[INFO] [stdout]   22:     0x5997cc2019d7 - i_slint_core::textlayout::shaping::test_letter_spacing::{{closure}}::hbe15798a992bf2ec
[INFO] [stdout]                                at /opt/rustwide/workdir/textlayout/shaping.rs:359:25
[INFO] [stdout]   23:     0x5997cc227476 - core::ops::function::FnOnce::call_once::h7f4e739cefd87896
[INFO] [stdout]                                at /rustc/df4ca44d3fbc9301ee17f30f4d474e6ae4b05252/library/core/src/ops/function.rs:250:5
[INFO] [stdout]   24:     0x5997cc37b5db - core::ops::function::FnOnce::call_once::h22c3ba5715e93f05
[INFO] [stdout]                                at /rustc/df4ca44d3fbc9301ee17f30f4d474e6ae4b05252/library/core/src/ops/function.rs:250:5
[INFO] [stdout]   25:     0x5997cc37b5db - test::__rust_begin_short_backtrace::h8e82d8113d0da17f
[INFO] [stdout]                                at /rustc/df4ca44d3fbc9301ee17f30f4d474e6ae4b05252/library/test/src/lib.rs:621:18
[INFO] [stdout]   26:     0x5997cc37af57 - test::run_test_in_process::{{closure}}::h33235f4f20b7b7c7
[INFO] [stdout]                                at /rustc/df4ca44d3fbc9301ee17f30f4d474e6ae4b05252/library/test/src/lib.rs:644:60
[INFO] [stdout]   27:     0x5997cc37af57 - <core::panic::unwind_safe::AssertUnwindSafe<F> as core::ops::function::FnOnce<()>>::call_once::hb5043206310c586f
[INFO] [stdout]                                at /rustc/df4ca44d3fbc9301ee17f30f4d474e6ae4b05252/library/core/src/panic/unwind_safe.rs:272:9
[INFO] [stdout]   28:     0x5997cc37af57 - std::panicking::try::do_call::h9ad4731a60ab23e2
[INFO] [stdout]                                at /rustc/df4ca44d3fbc9301ee17f30f4d474e6ae4b05252/library/std/src/panicking.rs:557:40
[INFO] [stdout]   29:     0x5997cc37af57 - std::panicking::try::h3824d23db772a716
[INFO] [stdout]                                at /rustc/df4ca44d3fbc9301ee17f30f4d474e6ae4b05252/library/std/src/panicking.rs:520:19
[INFO] [stdout]   30:     0x5997cc37af57 - std::panic::catch_unwind::h5afd514605fde46b
[INFO] [stdout]                                at /rustc/df4ca44d3fbc9301ee17f30f4d474e6ae4b05252/library/std/src/panic.rs:358:14
[INFO] [stdout]   31:     0x5997cc37af57 - test::run_test_in_process::h0d5cbfa7067d1720
[INFO] [stdout]                                at /rustc/df4ca44d3fbc9301ee17f30f4d474e6ae4b05252/library/test/src/lib.rs:644:27
[INFO] [stdout]   32:     0x5997cc37af57 - test::run_test::{{closure}}::h708eb8872708115d
[INFO] [stdout]                                at /rustc/df4ca44d3fbc9301ee17f30f4d474e6ae4b05252/library/test/src/lib.rs:565:43
[INFO] [stdout]   33:     0x5997cc33e674 - test::run_test::{{closure}}::h392c51cee94713ab
[INFO] [stdout]                                at /rustc/df4ca44d3fbc9301ee17f30f4d474e6ae4b05252/library/test/src/lib.rs:595:41
[INFO] [stdout]   34:     0x5997cc33e674 - std::sys::backtrace::__rust_begin_short_backtrace::h2f40290710935a8b
[INFO] [stdout]                                at /rustc/df4ca44d3fbc9301ee17f30f4d474e6ae4b05252/library/std/src/sys/backtrace.rs:154:18
[INFO] [stdout]   35:     0x5997cc341e1e - std::thread::Builder::spawn_unchecked_::{{closure}}::{{closure}}::h3fd968d89053a903
[INFO] [stdout]                                at /rustc/df4ca44d3fbc9301ee17f30f4d474e6ae4b05252/library/std/src/thread/mod.rs:541:17
[INFO] [stdout]   36:     0x5997cc341e1e - <core::panic::unwind_safe::AssertUnwindSafe<F> as core::ops::function::FnOnce<()>>::call_once::h743f637ba4229880
[INFO] [stdout]                                at /rustc/df4ca44d3fbc9301ee17f30f4d474e6ae4b05252/library/core/src/panic/unwind_safe.rs:272:9
[INFO] [stdout]   37:     0x5997cc341e1e - std::panicking::try::do_call::h07440897322525a6
[INFO] [stdout]                                at /rustc/df4ca44d3fbc9301ee17f30f4d474e6ae4b05252/library/std/src/panicking.rs:557:40
[INFO] [stdout]   38:     0x5997cc341e1e - std::panicking::try::he5a2e00188156637
[INFO] [stdout]                                at /rustc/df4ca44d3fbc9301ee17f30f4d474e6ae4b05252/library/std/src/panicking.rs:520:19
[INFO] [stdout]   39:     0x5997cc341e1e - std::panic::catch_unwind::hbaf3cae49b3c6433
[INFO] [stdout]                                at /rustc/df4ca44d3fbc9301ee17f30f4d474e6ae4b05252/library/std/src/panic.rs:358:14
[INFO] [stdout]   40:     0x5997cc341e1e - std::thread::Builder::spawn_unchecked_::{{closure}}::h8e141ea224820bce
[INFO] [stdout]                                at /rustc/df4ca44d3fbc9301ee17f30f4d474e6ae4b05252/library/std/src/thread/mod.rs:540:30
[INFO] [stdout]   41:     0x5997cc341e1e - core::ops::function::FnOnce::call_once{{vtable.shim}}::h90d312fedd7b8ea8
[INFO] [stdout]                                at /rustc/df4ca44d3fbc9301ee17f30f4d474e6ae4b05252/library/core/src/ops/function.rs:250:5
[INFO] [stdout]   42:     0x5997cc83a4ab - <alloc::boxed::Box<F,A> as core::ops::function::FnOnce<Args>>::call_once::h69aa08ddb6adb8b6
[INFO] [stdout]                                at /rustc/df4ca44d3fbc9301ee17f30f4d474e6ae4b05252/library/alloc/src/boxed.rs:2454:9
[INFO] [stdout]   43:     0x5997cc83a4ab - <alloc::boxed::Box<F,A> as core::ops::function::FnOnce<Args>>::call_once::h5aa36efdb79c806f
[INFO] [stdout]                                at /rustc/df4ca44d3fbc9301ee17f30f4d474e6ae4b05252/library/alloc/src/boxed.rs:2454:9
[INFO] [stdout]   44:     0x5997cc83a4ab - std::sys::pal::unix::thread::Thread::new::thread_start::h6cd80a1b4be5158d
[INFO] [stdout]                                at /rustc/df4ca44d3fbc9301ee17f30f4d474e6ae4b05252/library/std/src/sys/pal/unix/thread.rs:105:17
[INFO] [stdout]   45:     0x7fe14fcd3ac3 - <unknown>
[INFO] [stdout]   46:     0x7fe14fd64a04 - clone
[INFO] [stdout]   47:                0x0 - <unknown>
[INFO] [stdout] 
[INFO] [stdout] 
[INFO] [stdout] failures:
[INFO] [stdout]     textlayout::shaping::test_letter_spacing
[INFO] [stdout]     textlayout::shaping::test_shaping
[INFO] [stdout] 
[INFO] [stdout] test result: FAILED. 139 passed; 2 failed; 0 ignored; 0 measured; 0 filtered out; finished in 2.02s
[INFO] [stdout] 
[INFO] [stderr] error: test failed, to rerun pass `--lib`
[INFO] running `Command { std: "docker" "inspect" "f54c96dd5f249202fe1984c8bc68da21a60497e0cc6462288f120e4fa8e84c90", kill_on_drop: false }`
[INFO] running `Command { std: "docker" "rm" "-f" "f54c96dd5f249202fe1984c8bc68da21a60497e0cc6462288f120e4fa8e84c90", kill_on_drop: false }`
[INFO] [stdout] f54c96dd5f249202fe1984c8bc68da21a60497e0cc6462288f120e4fa8e84c90
