[INFO] fetching crate hypertwobits 0.2.2...
[INFO] testing hypertwobits-0.2.2 against nightly-2024-10-28+rustflags=-Zrandomize-layout for randomize-layout
[INFO] extracting crate hypertwobits 0.2.2 into /workspace/builds/worker-6-tc2/source
[INFO] validating manifest of crates.io crate hypertwobits 0.2.2 on toolchain nightly-2024-10-28
[INFO] running `Command { std: CARGO_HOME="/workspace/cargo-home" RUSTUP_HOME="/workspace/rustup-home" "/workspace/cargo-home/bin/cargo" "+nightly-2024-10-28" "metadata" "--manifest-path" "Cargo.toml" "--no-deps", kill_on_drop: false }`
[INFO] started tweaking crates.io crate hypertwobits 0.2.2
[INFO] finished tweaking crates.io crate hypertwobits 0.2.2
[INFO] tweaked toml for crates.io crate hypertwobits 0.2.2 written to /workspace/builds/worker-6-tc2/source/Cargo.toml
[INFO] crate crates.io crate hypertwobits 0.2.2 already has a lockfile, it will not be regenerated
[INFO] running `Command { std: CARGO_HOME="/workspace/cargo-home" RUSTUP_HOME="/workspace/rustup-home" "/workspace/cargo-home/bin/cargo" "+nightly-2024-10-28" "fetch" "--manifest-path" "Cargo.toml", kill_on_drop: false }`
[INFO] running `Command { std: "docker" "create" "-v" "/var/lib/crater-agent-workspace/builds/worker-6-tc2/target:/opt/rustwide/target:rw,Z" "-v" "/var/lib/crater-agent-workspace/builds/worker-6-tc2/source:/opt/rustwide/workdir:ro,Z" "-v" "/var/lib/crater-agent-workspace/cargo-home:/opt/rustwide/cargo-home:ro,Z" "-v" "/var/lib/crater-agent-workspace/rustup-home:/opt/rustwide/rustup-home:ro,Z" "-e" "SOURCE_DIR=/opt/rustwide/workdir" "-e" "CARGO_TARGET_DIR=/opt/rustwide/target" "-e" "CARGO_HOME=/opt/rustwide/cargo-home" "-e" "RUSTUP_HOME=/opt/rustwide/rustup-home" "-w" "/opt/rustwide/workdir" "-m" "1610612736" "--user" "0:0" "--network" "none" "ghcr.io/rust-lang/crates-build-env/linux@sha256:4a844ea9eb2546a2d2c7022eacef16ef2e8229c7fbb2c7d4d55a9ceca922f72d" "/opt/rustwide/cargo-home/bin/cargo" "+nightly-2024-10-28" "metadata" "--no-deps" "--format-version=1", kill_on_drop: false }`
[INFO] [stdout] d1e7d1a5464330ed53aa3d78017efc84bd8c8652409f16150da1db7eecbf3ea1
[INFO] running `Command { std: "docker" "start" "-a" "d1e7d1a5464330ed53aa3d78017efc84bd8c8652409f16150da1db7eecbf3ea1", kill_on_drop: false }`
[INFO] running `Command { std: "docker" "inspect" "d1e7d1a5464330ed53aa3d78017efc84bd8c8652409f16150da1db7eecbf3ea1", kill_on_drop: false }`
[INFO] running `Command { std: "docker" "rm" "-f" "d1e7d1a5464330ed53aa3d78017efc84bd8c8652409f16150da1db7eecbf3ea1", kill_on_drop: false }`
[INFO] [stdout] d1e7d1a5464330ed53aa3d78017efc84bd8c8652409f16150da1db7eecbf3ea1
[INFO] running `Command { std: "docker" "create" "-v" "/var/lib/crater-agent-workspace/builds/worker-6-tc2/target:/opt/rustwide/target:rw,Z" "-v" "/var/lib/crater-agent-workspace/builds/worker-6-tc2/source:/opt/rustwide/workdir:ro,Z" "-v" "/var/lib/crater-agent-workspace/cargo-home:/opt/rustwide/cargo-home:ro,Z" "-v" "/var/lib/crater-agent-workspace/rustup-home:/opt/rustwide/rustup-home:ro,Z" "-e" "SOURCE_DIR=/opt/rustwide/workdir" "-e" "CARGO_TARGET_DIR=/opt/rustwide/target" "-e" "CARGO_INCREMENTAL=0" "-e" "RUST_BACKTRACE=full" "-e" "RUSTFLAGS=--cap-lints=forbid -Zrandomize-layout" "-e" "RUSTDOCFLAGS=--cap-lints=forbid" "-e" "CARGO_HOME=/opt/rustwide/cargo-home" "-e" "RUSTUP_HOME=/opt/rustwide/rustup-home" "-w" "/opt/rustwide/workdir" "-m" "1610612736" "--user" "0:0" "--network" "none" "ghcr.io/rust-lang/crates-build-env/linux@sha256:4a844ea9eb2546a2d2c7022eacef16ef2e8229c7fbb2c7d4d55a9ceca922f72d" "/opt/rustwide/cargo-home/bin/cargo" "+nightly-2024-10-28" "build" "--frozen" "--message-format=json", kill_on_drop: false }`
[INFO] [stdout] 677d60511fa78aceb8f763193d1876251bc247fc84bcecb559389a674b73adae
[INFO] running `Command { std: "docker" "start" "-a" "677d60511fa78aceb8f763193d1876251bc247fc84bcecb559389a674b73adae", kill_on_drop: false }`
[INFO] [stderr]    Compiling once_cell v1.19.0
[INFO] [stderr]    Compiling siphasher v1.0.1
[INFO] [stderr]    Compiling syn v2.0.72
[INFO] [stderr]    Compiling zerocopy-derive v0.7.35
[INFO] [stderr]    Compiling zerocopy v0.7.35
[INFO] [stderr]    Compiling ppv-lite86 v0.2.20
[INFO] [stderr]    Compiling ahash v0.8.11
[INFO] [stderr]    Compiling rand_chacha v0.3.1
[INFO] [stderr]    Compiling rand v0.8.5
[INFO] [stderr]    Compiling hypertwobits v0.2.2 (/opt/rustwide/workdir)
[INFO] [stderr]     Finished `dev` profile [unoptimized + debuginfo] target(s) in 4.31s
[INFO] running `Command { std: "docker" "inspect" "677d60511fa78aceb8f763193d1876251bc247fc84bcecb559389a674b73adae", kill_on_drop: false }`
[INFO] running `Command { std: "docker" "rm" "-f" "677d60511fa78aceb8f763193d1876251bc247fc84bcecb559389a674b73adae", kill_on_drop: false }`
[INFO] [stdout] 677d60511fa78aceb8f763193d1876251bc247fc84bcecb559389a674b73adae
[INFO] running `Command { std: "docker" "create" "-v" "/var/lib/crater-agent-workspace/builds/worker-6-tc2/target:/opt/rustwide/target:rw,Z" "-v" "/var/lib/crater-agent-workspace/builds/worker-6-tc2/source:/opt/rustwide/workdir:ro,Z" "-v" "/var/lib/crater-agent-workspace/cargo-home:/opt/rustwide/cargo-home:ro,Z" "-v" "/var/lib/crater-agent-workspace/rustup-home:/opt/rustwide/rustup-home:ro,Z" "-e" "SOURCE_DIR=/opt/rustwide/workdir" "-e" "CARGO_TARGET_DIR=/opt/rustwide/target" "-e" "CARGO_INCREMENTAL=0" "-e" "RUST_BACKTRACE=full" "-e" "RUSTFLAGS=--cap-lints=forbid -Zrandomize-layout" "-e" "RUSTDOCFLAGS=--cap-lints=forbid" "-e" "CARGO_HOME=/opt/rustwide/cargo-home" "-e" "RUSTUP_HOME=/opt/rustwide/rustup-home" "-w" "/opt/rustwide/workdir" "-m" "1610612736" "--user" "0:0" "--network" "none" "ghcr.io/rust-lang/crates-build-env/linux@sha256:4a844ea9eb2546a2d2c7022eacef16ef2e8229c7fbb2c7d4d55a9ceca922f72d" "/opt/rustwide/cargo-home/bin/cargo" "+nightly-2024-10-28" "test" "--frozen" "--no-run" "--message-format=json", kill_on_drop: false }`
[INFO] [stdout] 209a70e28e306b8913ad084a9d01c01bc64c0f1f396930ca301bc7b74758d082
[INFO] running `Command { std: "docker" "start" "-a" "209a70e28e306b8913ad084a9d01c01bc64c0f1f396930ca301bc7b74758d082", kill_on_drop: false }`
[INFO] [stderr]    Compiling serde v1.0.206
[INFO] [stderr]    Compiling anstyle v1.0.8
[INFO] [stderr]    Compiling num-traits v0.2.19
[INFO] [stderr]    Compiling half v2.4.1
[INFO] [stderr]    Compiling ciborium-io v0.2.2
[INFO] [stderr]    Compiling regex-syntax v0.8.4
[INFO] [stderr]    Compiling siphasher v0.3.11
[INFO] [stderr]    Compiling is-terminal v0.4.12
[INFO] [stderr]    Compiling criterion-plot v0.5.0
[INFO] [stderr]    Compiling anes v0.1.6
[INFO] [stderr]    Compiling bytecount v0.6.8
[INFO] [stderr]    Compiling serde_derive v1.0.206
[INFO] [stderr]    Compiling itertools v0.13.0
[INFO] [stderr]    Compiling hyperbitbit v0.0.1-alpha.2
[INFO] [stderr]    Compiling ahash v0.8.11
[INFO] [stderr]    Compiling rand_chacha v0.3.1
[INFO] [stderr]    Compiling clap_builder v4.5.13
[INFO] [stderr]    Compiling rand v0.8.5
[INFO] [stderr]    Compiling ciborium-ll v0.2.2
[INFO] [stderr]    Compiling plotters v0.3.6
[INFO] [stderr]    Compiling hyperloglog v1.0.2
[INFO] [stderr]    Compiling hypertwobits v0.2.2 (/opt/rustwide/workdir)
[INFO] [stderr]    Compiling regex-automata v0.4.7
[INFO] [stderr]    Compiling clap v4.5.13
[INFO] [stderr]    Compiling regex v1.10.6
[INFO] [stderr]    Compiling serde_json v1.0.124
[INFO] [stderr]    Compiling ciborium v0.2.2
[INFO] [stderr]    Compiling hyperloglogplus v0.4.1
[INFO] [stderr]    Compiling tinytemplate v1.2.1
[INFO] [stderr]    Compiling criterion v0.5.1
[INFO] [stderr]     Finished `test` profile [unoptimized + debuginfo] target(s) in 8.43s
[INFO] running `Command { std: "docker" "inspect" "209a70e28e306b8913ad084a9d01c01bc64c0f1f396930ca301bc7b74758d082", kill_on_drop: false }`
[INFO] running `Command { std: "docker" "rm" "-f" "209a70e28e306b8913ad084a9d01c01bc64c0f1f396930ca301bc7b74758d082", kill_on_drop: false }`
[INFO] [stdout] 209a70e28e306b8913ad084a9d01c01bc64c0f1f396930ca301bc7b74758d082
[INFO] running `Command { std: "docker" "create" "-v" "/var/lib/crater-agent-workspace/builds/worker-6-tc2/target:/opt/rustwide/target:rw,Z" "-v" "/var/lib/crater-agent-workspace/builds/worker-6-tc2/source:/opt/rustwide/workdir:ro,Z" "-v" "/var/lib/crater-agent-workspace/cargo-home:/opt/rustwide/cargo-home:ro,Z" "-v" "/var/lib/crater-agent-workspace/rustup-home:/opt/rustwide/rustup-home:ro,Z" "-e" "SOURCE_DIR=/opt/rustwide/workdir" "-e" "CARGO_TARGET_DIR=/opt/rustwide/target" "-e" "CARGO_INCREMENTAL=0" "-e" "RUST_BACKTRACE=full" "-e" "RUSTFLAGS=--cap-lints=forbid -Zrandomize-layout" "-e" "RUSTDOCFLAGS=--cap-lints=forbid" "-e" "CARGO_HOME=/opt/rustwide/cargo-home" "-e" "RUSTUP_HOME=/opt/rustwide/rustup-home" "-w" "/opt/rustwide/workdir" "-m" "1610612736" "--user" "0:0" "--network" "none" "ghcr.io/rust-lang/crates-build-env/linux@sha256:4a844ea9eb2546a2d2c7022eacef16ef2e8229c7fbb2c7d4d55a9ceca922f72d" "/opt/rustwide/cargo-home/bin/cargo" "+nightly-2024-10-28" "test" "--frozen", kill_on_drop: false }`
[INFO] [stdout] 3bbaa58e042884065944ceb93424afcf440781c2ad0a7995eca3e1ef8e48e913
[INFO] running `Command { std: "docker" "start" "-a" "3bbaa58e042884065944ceb93424afcf440781c2ad0a7995eca3e1ef8e48e913", kill_on_drop: false }`
[INFO] [stderr]     Finished `test` profile [unoptimized + debuginfo] target(s) in 0.06s
[INFO] [stderr]      Running unittests src/lib.rs (/opt/rustwide/target/debug/deps/hypertwobits-375e951a7b550e8d)
[INFO] [stdout] 
[INFO] [stdout] running 58 tests
[INFO] [stdout] test h2b::sketch::tests::test_m128 ... ok
[INFO] [stdout] test h2b::sketch::tests::test_m64 ... ok
[INFO] [stdout] test h2b::tests::htb1024_size ... ok
[INFO] [stdout] test h2b::tests::htb128_size ... ok
[INFO] [stdout] test h2b::tests::htb2048_size ... ok
[INFO] [stdout] test h2b::tests::htb256_size ... ok
[INFO] [stdout] test h2b::tests::htb4096_size ... ok
[INFO] [stdout] test h2b::tests::htb512_size ... ok
[INFO] [stdout] test h2b::tests::htb64_size ... ok
[INFO] [stdout] test h2b::tests::test_shakespear ... FAILED
[INFO] [stdout] test h2b::tests::test_shakespear_100 ... FAILED
[INFO] [stdout] test h2b::tests::test_shakespear_100_000 ... FAILED
[INFO] [stdout] test h2b::tests::test_shakespear_10_000 ... FAILED
[INFO] [stdout] test h2b::tests::test_shakespear_1_000 ... FAILED
[INFO] [stdout] test h2b::tests::test_ulysses_10_000 ... FAILED
[INFO] [stdout] test h2b::tests::test_ulysses_1_000 ... FAILED
[INFO] [stdout] test h2b::tests::test_war_and_peace ... FAILED
[INFO] [stdout] test h2b::tests::test_ulysses_100 ... FAILED
[INFO] [stdout] test h2b::sketch::tests::test_m265 ... ok
[INFO] [stdout] test h2b::tests::test_ulysses ... FAILED
[INFO] [stdout] test h2b::tests::test_war_and_peace_100 ... FAILED
[INFO] [stdout] test h2b::tests::test_ulysses_100_000 ... FAILED
[INFO] [stdout] test h2b::tests::test_war_and_peace_10_000 ... FAILED
[INFO] [stdout] test h2b::tests::test_war_and_peace_1_000 ... FAILED
[INFO] [stdout] test h3b::sketch::tests::test_m64 ... ok
[INFO] [stdout] test h2b::tests::test_war_and_peace_100_000 ... FAILED
[INFO] [stdout] test h3b::tests::htb128_size ... ok
[INFO] [stdout] test h3b::sketch::tests::test_m128 ... ok
[INFO] [stdout] test h3b::tests::htb256_size ... ok
[INFO] [stdout] test h3b::tests::htb512_size ... ok
[INFO] [stdout] test h3b::tests::htb1024_size ... ok
[INFO] [stdout] test h3b::tests::htb2048_size ... ok
[INFO] [stdout] test h3b::tests::test_shakespear_100 ... FAILED
[INFO] [stdout] test h3b::tests::test_shakespear_100_000 ... FAILED
[INFO] [stdout] test h3b::tests::htb64_size ... ok
[INFO] [stdout] test h3b::tests::htb4096_size ... ok
[INFO] [stdout] test h3b::tests::test_shakespear ... FAILED
[INFO] [stdout] test h3b::tests::test_shakespear_1_000 ... FAILED
[INFO] [stdout] test h3b::tests::test_shakespear_10_000 ... FAILED
[INFO] [stdout] test h3b::tests::test_ulysses ... FAILED
[INFO] [stdout] test h3b::tests::test_ulysses_100 ... FAILED
[INFO] [stdout] test h3b::tests::test_ulysses_100_000 ... FAILED
[INFO] [stdout] test h3b::tests::test_war_and_peace ... FAILED
[INFO] [stdout] test h3b::tests::test_ulysses_10_000 ... FAILED
[INFO] [stdout] test h3b::tests::test_ulysses_1_000 ... FAILED
[INFO] [stdout] test h3b::sketch::tests::test_m265 ... ok
[INFO] [stdout] test h3b::tests::test_war_and_peace_10_000 ... FAILED
[INFO] [stdout] test h3b::tests::test_war_and_peace_1_000 ... FAILED
[INFO] [stdout] test h3b::tests::test_war_and_peace_100 ... FAILED
[INFO] [stdout] test h3b::tests::test_war_and_peace_100_000 ... FAILED
[INFO] [stdout] test h2b::sketch::tests::test_m512 ... ok
[INFO] [stdout] test h3b::sketch::tests::test_m512 ... ok
[INFO] [stdout] test h2b::sketch::tests::test_m1024 ... ok
[INFO] [stdout] test h3b::sketch::tests::test_m1024 ... ok
[INFO] [stdout] test h2b::sketch::tests::test_m2048 ... ok
[INFO] [stdout] test h3b::sketch::tests::test_m2048 ... ok
[INFO] [stdout] test h2b::sketch::tests::test_m4096 ... ok
[INFO] [stdout] test h3b::sketch::tests::test_m4096 ... ok
[INFO] [stdout] 
[INFO] [stdout] failures:
[INFO] [stdout] 
[INFO] [stdout] ---- h2b::tests::test_shakespear stdout ----
[INFO] [stdout] Error: Os { code: 2, kind: NotFound, message: "No such file or directory" }
[INFO] [stdout] 
[INFO] [stdout] ---- h2b::tests::test_shakespear_100 stdout ----
[INFO] [stdout] Error: Os { code: 2, kind: NotFound, message: "No such file or directory" }
[INFO] [stdout] 
[INFO] [stdout] ---- h2b::tests::test_shakespear_100_000 stdout ----
[INFO] [stdout] Error: Os { code: 2, kind: NotFound, message: "No such file or directory" }
[INFO] [stdout] 
[INFO] [stdout] ---- h2b::tests::test_shakespear_10_000 stdout ----
[INFO] [stdout] Error: Os { code: 2, kind: NotFound, message: "No such file or directory" }
[INFO] [stdout] 
[INFO] [stdout] ---- h2b::tests::test_shakespear_1_000 stdout ----
[INFO] [stdout] Error: Os { code: 2, kind: NotFound, message: "No such file or directory" }
[INFO] [stdout] 
[INFO] [stdout] ---- h2b::tests::test_ulysses_10_000 stdout ----
[INFO] [stdout] Error: Os { code: 2, kind: NotFound, message: "No such file or directory" }
[INFO] [stdout] 
[INFO] [stdout] ---- h2b::tests::test_ulysses_1_000 stdout ----
[INFO] [stdout] Error: Os { code: 2, kind: NotFound, message: "No such file or directory" }
[INFO] [stdout] 
[INFO] [stdout] ---- h2b::tests::test_war_and_peace stdout ----
[INFO] [stdout] Error: Os { code: 2, kind: NotFound, message: "No such file or directory" }
[INFO] [stdout] 
[INFO] [stdout] ---- h2b::tests::test_ulysses_100 stdout ----
[INFO] [stdout] Error: Os { code: 2, kind: NotFound, message: "No such file or directory" }
[INFO] [stdout] 
[INFO] [stdout] ---- h2b::tests::test_ulysses stdout ----
[INFO] [stdout] Error: Os { code: 2, kind: NotFound, message: "No such file or directory" }
[INFO] [stdout] 
[INFO] [stdout] ---- h2b::tests::test_war_and_peace_100 stdout ----
[INFO] [stdout] Error: Os { code: 2, kind: NotFound, message: "No such file or directory" }
[INFO] [stdout] 
[INFO] [stdout] ---- h2b::tests::test_ulysses_100_000 stdout ----
[INFO] [stdout] Error: Os { code: 2, kind: NotFound, message: "No such file or directory" }
[INFO] [stdout] 
[INFO] [stdout] ---- h2b::tests::test_war_and_peace_10_000 stdout ----
[INFO] [stdout] Error: Os { code: 2, kind: NotFound, message: "No such file or directory" }
[INFO] [stdout] 
[INFO] [stdout] ---- h2b::tests::test_war_and_peace_1_000 stdout ----
[INFO] [stdout] Error: Os { code: 2, kind: NotFound, message: "No such file or directory" }
[INFO] [stdout] 
[INFO] [stdout] ---- h2b::tests::test_war_and_peace_100_000 stdout ----
[INFO] [stdout] Error: Os { code: 2, kind: NotFound, message: "No such file or directory" }
[INFO] [stdout] 
[INFO] [stdout] ---- h3b::tests::test_shakespear_100 stdout ----
[INFO] [stdout] Error: Os { code: 2, kind: NotFound, message: "No such file or directory" }
[INFO] [stdout] 
[INFO] [stdout] ---- h3b::tests::test_shakespear_100_000 stdout ----
[INFO] [stdout] Error: Os { code: 2, kind: NotFound, message: "No such file or directory" }
[INFO] [stdout] 
[INFO] [stdout] ---- h3b::tests::test_shakespear stdout ----
[INFO] [stdout] Error: Os { code: 2, kind: NotFound, message: "No such file or directory" }
[INFO] [stdout] 
[INFO] [stdout] ---- h3b::tests::test_shakespear_1_000 stdout ----
[INFO] [stdout] Error: Os { code: 2, kind: NotFound, message: "No such file or directory" }
[INFO] [stdout] 
[INFO] [stdout] ---- h3b::tests::test_shakespear_10_000 stdout ----
[INFO] [stdout] Error: Os { code: 2, kind: NotFound, message: "No such file or directory" }
[INFO] [stdout] 
[INFO] [stdout] ---- h3b::tests::test_ulysses stdout ----
[INFO] [stdout] Error: Os { code: 2, kind: NotFound, message: "No such file or directory" }
[INFO] [stdout] 
[INFO] [stdout] ---- h3b::tests::test_ulysses_100 stdout ----
[INFO] [stdout] Error: Os { code: 2, kind: NotFound, message: "No such file or directory" }
[INFO] [stdout] 
[INFO] [stdout] ---- h3b::tests::test_ulysses_100_000 stdout ----
[INFO] [stdout] Error: Os { code: 2, kind: NotFound, message: "No such file or directory" }
[INFO] [stdout] 
[INFO] [stdout] ---- h3b::tests::test_war_and_peace stdout ----
[INFO] [stdout] Error: Os { code: 2, kind: NotFound, message: "No such file or directory" }
[INFO] [stdout] 
[INFO] [stdout] ---- h3b::tests::test_ulysses_10_000 stdout ----
[INFO] [stdout] Error: Os { code: 2, kind: NotFound, message: "No such file or directory" }
[INFO] [stdout] 
[INFO] [stdout] ---- h3b::tests::test_ulysses_1_000 stdout ----
[INFO] [stdout] Error: Os { code: 2, kind: NotFound, message: "No such file or directory" }
[INFO] [stdout] 
[INFO] [stdout] ---- h3b::tests::test_war_and_peace_10_000 stdout ----
[INFO] [stdout] Error: Os { code: 2, kind: NotFound, message: "No such file or directory" }
[INFO] [stdout] 
[INFO] [stdout] ---- h3b::tests::test_war_and_peace_1_000 stdout ----
[INFO] [stdout] Error: Os { code: 2, kind: NotFound, message: "No such file or directory" }
[INFO] [stdout] 
[INFO] [stdout] ---- h3b::tests::test_war_and_peace_100 stdout ----
[INFO] [stdout] Error: Os { code: 2, kind: NotFound, message: "No such file or directory" }
[INFO] [stdout] 
[INFO] [stdout] ---- h3b::tests::test_war_and_peace_100_000 stdout ----
[INFO] [stdout] Error: Os { code: 2, kind: NotFound, message: "No such file or directory" }
[INFO] [stdout] 
[INFO] [stdout] 
[INFO] [stdout] failures:
[INFO] [stdout]     h2b::tests::test_shakespear
[INFO] [stdout]     h2b::tests::test_shakespear_100
[INFO] [stdout]     h2b::tests::test_shakespear_100_000
[INFO] [stdout]     h2b::tests::test_shakespear_10_000
[INFO] [stdout]     h2b::tests::test_shakespear_1_000
[INFO] [stdout]     h2b::tests::test_ulysses
[INFO] [stdout]     h2b::tests::test_ulysses_100
[INFO] [stdout]     h2b::tests::test_ulysses_100_000
[INFO] [stdout]     h2b::tests::test_ulysses_10_000
[INFO] [stdout]     h2b::tests::test_ulysses_1_000
[INFO] [stdout]     h2b::tests::test_war_and_peace
[INFO] [stdout]     h2b::tests::test_war_and_peace_100
[INFO] [stdout]     h2b::tests::test_war_and_peace_100_000
[INFO] [stdout]     h2b::tests::test_war_and_peace_10_000
[INFO] [stdout]     h2b::tests::test_war_and_peace_1_000
[INFO] [stdout]     h3b::tests::test_shakespear
[INFO] [stdout]     h3b::tests::test_shakespear_100
[INFO] [stdout]     h3b::tests::test_shakespear_100_000
[INFO] [stdout]     h3b::tests::test_shakespear_10_000
[INFO] [stdout]     h3b::tests::test_shakespear_1_000
[INFO] [stdout]     h3b::tests::test_ulysses
[INFO] [stdout]     h3b::tests::test_ulysses_100
[INFO] [stdout]     h3b::tests::test_ulysses_100_000
[INFO] [stdout]     h3b::tests::test_ulysses_10_000
[INFO] [stdout]     h3b::tests::test_ulysses_1_000
[INFO] [stdout]     h3b::tests::test_war_and_peace
[INFO] [stdout]     h3b::tests::test_war_and_peace_100
[INFO] [stdout]     h3b::tests::test_war_and_peace_100_000
[INFO] [stdout]     h3b::tests::test_war_and_peace_10_000
[INFO] [stdout]     h3b::tests::test_war_and_peace_1_000
[INFO] [stdout] 
[INFO] [stdout] test result: FAILED. 28 passed; 30 failed; 0 ignored; 0 measured; 0 filtered out; finished in 0.39s
[INFO] [stdout] 
[INFO] [stderr] error: test failed, to rerun pass `--lib`
[INFO] running `Command { std: "docker" "inspect" "3bbaa58e042884065944ceb93424afcf440781c2ad0a7995eca3e1ef8e48e913", kill_on_drop: false }`
[INFO] running `Command { std: "docker" "rm" "-f" "3bbaa58e042884065944ceb93424afcf440781c2ad0a7995eca3e1ef8e48e913", kill_on_drop: false }`
[INFO] [stdout] 3bbaa58e042884065944ceb93424afcf440781c2ad0a7995eca3e1ef8e48e913
