[INFO] fetching crate hypersphere 0.1.1...
[INFO] testing hypersphere-0.1.1 against nightly-2024-10-28+rustflags=-Zrandomize-layout for randomize-layout
[INFO] extracting crate hypersphere 0.1.1 into /workspace/builds/worker-3-tc2/source
[INFO] validating manifest of crates.io crate hypersphere 0.1.1 on toolchain nightly-2024-10-28
[INFO] running `Command { std: CARGO_HOME="/workspace/cargo-home" RUSTUP_HOME="/workspace/rustup-home" "/workspace/cargo-home/bin/cargo" "+nightly-2024-10-28" "metadata" "--manifest-path" "Cargo.toml" "--no-deps", kill_on_drop: false }`
[INFO] started tweaking crates.io crate hypersphere 0.1.1
[INFO] finished tweaking crates.io crate hypersphere 0.1.1
[INFO] tweaked toml for crates.io crate hypersphere 0.1.1 written to /workspace/builds/worker-3-tc2/source/Cargo.toml
[INFO] running `Command { std: CARGO_HOME="/workspace/cargo-home" RUSTUP_HOME="/workspace/rustup-home" "/workspace/cargo-home/bin/cargo" "+nightly-2024-10-28" "generate-lockfile" "--manifest-path" "Cargo.toml", kill_on_drop: false }`
[INFO] [stderr]     Updating crates.io index
[INFO] [stderr]      Locking 1 package to latest compatible version
[INFO] [stderr]       Adding glam v0.24.2 (available: v0.29.1)
[INFO] running `Command { std: CARGO_HOME="/workspace/cargo-home" RUSTUP_HOME="/workspace/rustup-home" "/workspace/cargo-home/bin/cargo" "+nightly-2024-10-28" "fetch" "--manifest-path" "Cargo.toml", kill_on_drop: false }`
[INFO] running `Command { std: "docker" "create" "-v" "/var/lib/crater-agent-workspace/builds/worker-3-tc2/target:/opt/rustwide/target:rw,Z" "-v" "/var/lib/crater-agent-workspace/builds/worker-3-tc2/source:/opt/rustwide/workdir:ro,Z" "-v" "/var/lib/crater-agent-workspace/cargo-home:/opt/rustwide/cargo-home:ro,Z" "-v" "/var/lib/crater-agent-workspace/rustup-home:/opt/rustwide/rustup-home:ro,Z" "-e" "SOURCE_DIR=/opt/rustwide/workdir" "-e" "CARGO_TARGET_DIR=/opt/rustwide/target" "-e" "CARGO_HOME=/opt/rustwide/cargo-home" "-e" "RUSTUP_HOME=/opt/rustwide/rustup-home" "-w" "/opt/rustwide/workdir" "-m" "1610612736" "--user" "0:0" "--network" "none" "ghcr.io/rust-lang/crates-build-env/linux@sha256:4a844ea9eb2546a2d2c7022eacef16ef2e8229c7fbb2c7d4d55a9ceca922f72d" "/opt/rustwide/cargo-home/bin/cargo" "+nightly-2024-10-28" "metadata" "--no-deps" "--format-version=1", kill_on_drop: false }`
[INFO] [stdout] ae074b77c8b8578413924a2347047ba73f0d5efea698ef5b41d9781f3ac06f0c
[INFO] running `Command { std: "docker" "start" "-a" "ae074b77c8b8578413924a2347047ba73f0d5efea698ef5b41d9781f3ac06f0c", kill_on_drop: false }`
[INFO] running `Command { std: "docker" "inspect" "ae074b77c8b8578413924a2347047ba73f0d5efea698ef5b41d9781f3ac06f0c", kill_on_drop: false }`
[INFO] running `Command { std: "docker" "rm" "-f" "ae074b77c8b8578413924a2347047ba73f0d5efea698ef5b41d9781f3ac06f0c", kill_on_drop: false }`
[INFO] [stdout] ae074b77c8b8578413924a2347047ba73f0d5efea698ef5b41d9781f3ac06f0c
[INFO] running `Command { std: "docker" "create" "-v" "/var/lib/crater-agent-workspace/builds/worker-3-tc2/target:/opt/rustwide/target:rw,Z" "-v" "/var/lib/crater-agent-workspace/builds/worker-3-tc2/source:/opt/rustwide/workdir:ro,Z" "-v" "/var/lib/crater-agent-workspace/cargo-home:/opt/rustwide/cargo-home:ro,Z" "-v" "/var/lib/crater-agent-workspace/rustup-home:/opt/rustwide/rustup-home:ro,Z" "-e" "SOURCE_DIR=/opt/rustwide/workdir" "-e" "CARGO_TARGET_DIR=/opt/rustwide/target" "-e" "CARGO_INCREMENTAL=0" "-e" "RUST_BACKTRACE=full" "-e" "RUSTFLAGS=--cap-lints=forbid -Zrandomize-layout" "-e" "RUSTDOCFLAGS=--cap-lints=forbid" "-e" "CARGO_HOME=/opt/rustwide/cargo-home" "-e" "RUSTUP_HOME=/opt/rustwide/rustup-home" "-w" "/opt/rustwide/workdir" "-m" "1610612736" "--user" "0:0" "--network" "none" "ghcr.io/rust-lang/crates-build-env/linux@sha256:4a844ea9eb2546a2d2c7022eacef16ef2e8229c7fbb2c7d4d55a9ceca922f72d" "/opt/rustwide/cargo-home/bin/cargo" "+nightly-2024-10-28" "build" "--frozen" "--message-format=json", kill_on_drop: false }`
[INFO] [stdout] 021801e0e60a8593f6671e15599c4117944bbc9e4bd1cc1153032110465688a3
[INFO] running `Command { std: "docker" "start" "-a" "021801e0e60a8593f6671e15599c4117944bbc9e4bd1cc1153032110465688a3", kill_on_drop: false }`
[INFO] [stderr]    Compiling glam v0.24.2
[INFO] [stderr]    Compiling hypersphere v0.1.1 (/opt/rustwide/workdir)
[INFO] [stderr]     Finished `dev` profile [unoptimized + debuginfo] target(s) in 1.52s
[INFO] running `Command { std: "docker" "inspect" "021801e0e60a8593f6671e15599c4117944bbc9e4bd1cc1153032110465688a3", kill_on_drop: false }`
[INFO] running `Command { std: "docker" "rm" "-f" "021801e0e60a8593f6671e15599c4117944bbc9e4bd1cc1153032110465688a3", kill_on_drop: false }`
[INFO] [stdout] 021801e0e60a8593f6671e15599c4117944bbc9e4bd1cc1153032110465688a3
[INFO] running `Command { std: "docker" "create" "-v" "/var/lib/crater-agent-workspace/builds/worker-3-tc2/target:/opt/rustwide/target:rw,Z" "-v" "/var/lib/crater-agent-workspace/builds/worker-3-tc2/source:/opt/rustwide/workdir:ro,Z" "-v" "/var/lib/crater-agent-workspace/cargo-home:/opt/rustwide/cargo-home:ro,Z" "-v" "/var/lib/crater-agent-workspace/rustup-home:/opt/rustwide/rustup-home:ro,Z" "-e" "SOURCE_DIR=/opt/rustwide/workdir" "-e" "CARGO_TARGET_DIR=/opt/rustwide/target" "-e" "CARGO_INCREMENTAL=0" "-e" "RUST_BACKTRACE=full" "-e" "RUSTFLAGS=--cap-lints=forbid -Zrandomize-layout" "-e" "RUSTDOCFLAGS=--cap-lints=forbid" "-e" "CARGO_HOME=/opt/rustwide/cargo-home" "-e" "RUSTUP_HOME=/opt/rustwide/rustup-home" "-w" "/opt/rustwide/workdir" "-m" "1610612736" "--user" "0:0" "--network" "none" "ghcr.io/rust-lang/crates-build-env/linux@sha256:4a844ea9eb2546a2d2c7022eacef16ef2e8229c7fbb2c7d4d55a9ceca922f72d" "/opt/rustwide/cargo-home/bin/cargo" "+nightly-2024-10-28" "test" "--frozen" "--no-run" "--message-format=json", kill_on_drop: false }`
[INFO] [stdout] f6be46917b563e6288c83c9f577480a88fcea168448c6fc70840a408bdef8810
[INFO] running `Command { std: "docker" "start" "-a" "f6be46917b563e6288c83c9f577480a88fcea168448c6fc70840a408bdef8810", kill_on_drop: false }`
[INFO] [stderr]    Compiling hypersphere v0.1.1 (/opt/rustwide/workdir)
[INFO] [stderr]     Finished `test` profile [unoptimized + debuginfo] target(s) in 0.11s
[INFO] running `Command { std: "docker" "inspect" "f6be46917b563e6288c83c9f577480a88fcea168448c6fc70840a408bdef8810", kill_on_drop: false }`
[INFO] running `Command { std: "docker" "rm" "-f" "f6be46917b563e6288c83c9f577480a88fcea168448c6fc70840a408bdef8810", kill_on_drop: false }`
[INFO] [stdout] f6be46917b563e6288c83c9f577480a88fcea168448c6fc70840a408bdef8810
[INFO] running `Command { std: "docker" "create" "-v" "/var/lib/crater-agent-workspace/builds/worker-3-tc2/target:/opt/rustwide/target:rw,Z" "-v" "/var/lib/crater-agent-workspace/builds/worker-3-tc2/source:/opt/rustwide/workdir:ro,Z" "-v" "/var/lib/crater-agent-workspace/cargo-home:/opt/rustwide/cargo-home:ro,Z" "-v" "/var/lib/crater-agent-workspace/rustup-home:/opt/rustwide/rustup-home:ro,Z" "-e" "SOURCE_DIR=/opt/rustwide/workdir" "-e" "CARGO_TARGET_DIR=/opt/rustwide/target" "-e" "CARGO_INCREMENTAL=0" "-e" "RUST_BACKTRACE=full" "-e" "RUSTFLAGS=--cap-lints=forbid -Zrandomize-layout" "-e" "RUSTDOCFLAGS=--cap-lints=forbid" "-e" "CARGO_HOME=/opt/rustwide/cargo-home" "-e" "RUSTUP_HOME=/opt/rustwide/rustup-home" "-w" "/opt/rustwide/workdir" "-m" "1610612736" "--user" "0:0" "--network" "none" "ghcr.io/rust-lang/crates-build-env/linux@sha256:4a844ea9eb2546a2d2c7022eacef16ef2e8229c7fbb2c7d4d55a9ceca922f72d" "/opt/rustwide/cargo-home/bin/cargo" "+nightly-2024-10-28" "test" "--frozen", kill_on_drop: false }`
[INFO] [stdout] 7aa1e913f4b98b8906833e5e53a9b9e7d5b2147679d20f280c02ce0a07230ce1
[INFO] running `Command { std: "docker" "start" "-a" "7aa1e913f4b98b8906833e5e53a9b9e7d5b2147679d20f280c02ce0a07230ce1", kill_on_drop: false }`
[INFO] [stderr]     Finished `test` profile [unoptimized + debuginfo] target(s) in 0.01s
[INFO] [stderr]      Running unittests src/lib.rs (/opt/rustwide/target/debug/deps/hypersphere-6c6231faf750aeca)
[INFO] [stdout] 
[INFO] [stdout] running 0 tests
[INFO] [stdout] 
[INFO] [stdout] test result: ok. 0 passed; 0 failed; 0 ignored; 0 measured; 0 filtered out; finished in 0.00s
[INFO] [stdout] 
[INFO] [stderr]    Doc-tests hypersphere
[INFO] [stdout] 
[INFO] [stdout] running 1 test
[INFO] [stdout] test src/rotation.rs - rotation::Rot4::mul_rot4 (line 143) ... FAILED
[INFO] [stdout] 
[INFO] [stdout] failures:
[INFO] [stdout] 
[INFO] [stdout] ---- src/rotation.rs - rotation::Rot4::mul_rot4 (line 143) stdout ----
[INFO] [stdout] error[E0603]: module `rotation` is private
[INFO] [stdout]  --> src/rotation.rs:146:18
[INFO] [stdout]   |
[INFO] [stdout] 6 | use hypersphere::rotation::Rot4;
[INFO] [stdout]   |                  ^^^^^^^^ private module
[INFO] [stdout]   |
[INFO] [stdout] note: the module `rotation` is defined here
[INFO] [stdout]  --> /opt/rustwide/workdir/src/lib.rs:3:1
[INFO] [stdout]   |
[INFO] [stdout] 3 | mod rotation;
[INFO] [stdout]   | ^^^^^^^^^^^^
[INFO] [stdout] 
[INFO] [stdout] error: aborting due to 1 previous error
[INFO] [stdout] 
[INFO] [stdout] For more information about this error, try `rustc --explain E0603`.
[INFO] [stdout] Couldn't compile the test.
[INFO] [stdout] 
[INFO] [stdout] failures:
[INFO] [stdout]     src/rotation.rs - rotation::Rot4::mul_rot4 (line 143)
[INFO] [stdout] 
[INFO] [stdout] test result: FAILED. 0 passed; 1 failed; 0 ignored; 0 measured; 0 filtered out; finished in 0.04s
[INFO] [stdout] 
[INFO] [stderr] error: doctest failed, to rerun pass `--doc`
[INFO] running `Command { std: "docker" "inspect" "7aa1e913f4b98b8906833e5e53a9b9e7d5b2147679d20f280c02ce0a07230ce1", kill_on_drop: false }`
[INFO] running `Command { std: "docker" "rm" "-f" "7aa1e913f4b98b8906833e5e53a9b9e7d5b2147679d20f280c02ce0a07230ce1", kill_on_drop: false }`
[INFO] [stdout] 7aa1e913f4b98b8906833e5e53a9b9e7d5b2147679d20f280c02ce0a07230ce1
