[INFO] fetching crate hydroper_jet_compiler 0.2.0...
[INFO] testing hydroper_jet_compiler-0.2.0 against nightly-2024-10-28 for randomize-layout
[INFO] extracting crate hydroper_jet_compiler 0.2.0 into /workspace/builds/worker-2-tc1/source
[INFO] validating manifest of crates.io crate hydroper_jet_compiler 0.2.0 on toolchain nightly-2024-10-28
[INFO] running `Command { std: CARGO_HOME="/workspace/cargo-home" RUSTUP_HOME="/workspace/rustup-home" "/workspace/cargo-home/bin/cargo" "+nightly-2024-10-28" "metadata" "--manifest-path" "Cargo.toml" "--no-deps", kill_on_drop: false }`
[INFO] started tweaking crates.io crate hydroper_jet_compiler 0.2.0
[INFO] finished tweaking crates.io crate hydroper_jet_compiler 0.2.0
[INFO] tweaked toml for crates.io crate hydroper_jet_compiler 0.2.0 written to /workspace/builds/worker-2-tc1/source/Cargo.toml
[INFO] running `Command { std: CARGO_HOME="/workspace/cargo-home" RUSTUP_HOME="/workspace/rustup-home" "/workspace/cargo-home/bin/cargo" "+nightly-2024-10-28" "generate-lockfile" "--manifest-path" "Cargo.toml", kill_on_drop: false }`
[INFO] [stderr]     Blocking waiting for file lock on package cache
[INFO] [stderr]     Updating crates.io index
[INFO] [stderr]     Blocking waiting for file lock on package cache
[INFO] [stderr]      Locking 33 packages to latest compatible versions
[INFO] [stderr]       Adding unicode-general-category v0.6.0 (available: v1.0.0)
[INFO] running `Command { std: CARGO_HOME="/workspace/cargo-home" RUSTUP_HOME="/workspace/rustup-home" "/workspace/cargo-home/bin/cargo" "+nightly-2024-10-28" "fetch" "--manifest-path" "Cargo.toml", kill_on_drop: false }`
[INFO] [stderr]  Downloading crates ...
[INFO] [stderr]   Downloaded lazy-regex-proc_macros v3.3.0
[INFO] [stderr]   Downloaded late_format v1.0.0
[INFO] [stderr]   Downloaded lazy-regex v3.3.0
[INFO] [stderr]   Downloaded unicode-general-category v0.6.0
[INFO] [stderr]   Downloaded file_paths v1.0.0
[INFO] running `Command { std: "docker" "create" "-v" "/var/lib/crater-agent-workspace/builds/worker-2-tc1/target:/opt/rustwide/target:rw,Z" "-v" "/var/lib/crater-agent-workspace/builds/worker-2-tc1/source:/opt/rustwide/workdir:ro,Z" "-v" "/var/lib/crater-agent-workspace/cargo-home:/opt/rustwide/cargo-home:ro,Z" "-v" "/var/lib/crater-agent-workspace/rustup-home:/opt/rustwide/rustup-home:ro,Z" "-e" "SOURCE_DIR=/opt/rustwide/workdir" "-e" "CARGO_TARGET_DIR=/opt/rustwide/target" "-e" "CARGO_HOME=/opt/rustwide/cargo-home" "-e" "RUSTUP_HOME=/opt/rustwide/rustup-home" "-w" "/opt/rustwide/workdir" "-m" "1610612736" "--user" "0:0" "--network" "none" "ghcr.io/rust-lang/crates-build-env/linux@sha256:4a844ea9eb2546a2d2c7022eacef16ef2e8229c7fbb2c7d4d55a9ceca922f72d" "/opt/rustwide/cargo-home/bin/cargo" "+nightly-2024-10-28" "metadata" "--no-deps" "--format-version=1", kill_on_drop: false }`
[INFO] [stdout] 2ec67fac3325901b59732cc5eee1136bcbda07df09086f1fcb73114ec60e0751
[INFO] running `Command { std: "docker" "start" "-a" "2ec67fac3325901b59732cc5eee1136bcbda07df09086f1fcb73114ec60e0751", kill_on_drop: false }`
[INFO] running `Command { std: "docker" "inspect" "2ec67fac3325901b59732cc5eee1136bcbda07df09086f1fcb73114ec60e0751", kill_on_drop: false }`
[INFO] running `Command { std: "docker" "rm" "-f" "2ec67fac3325901b59732cc5eee1136bcbda07df09086f1fcb73114ec60e0751", kill_on_drop: false }`
[INFO] [stdout] 2ec67fac3325901b59732cc5eee1136bcbda07df09086f1fcb73114ec60e0751
[INFO] running `Command { std: "docker" "create" "-v" "/var/lib/crater-agent-workspace/builds/worker-2-tc1/target:/opt/rustwide/target:rw,Z" "-v" "/var/lib/crater-agent-workspace/builds/worker-2-tc1/source:/opt/rustwide/workdir:ro,Z" "-v" "/var/lib/crater-agent-workspace/cargo-home:/opt/rustwide/cargo-home:ro,Z" "-v" "/var/lib/crater-agent-workspace/rustup-home:/opt/rustwide/rustup-home:ro,Z" "-e" "SOURCE_DIR=/opt/rustwide/workdir" "-e" "CARGO_TARGET_DIR=/opt/rustwide/target" "-e" "CARGO_INCREMENTAL=0" "-e" "RUST_BACKTRACE=full" "-e" "RUSTFLAGS=--cap-lints=forbid" "-e" "RUSTDOCFLAGS=--cap-lints=forbid" "-e" "CARGO_HOME=/opt/rustwide/cargo-home" "-e" "RUSTUP_HOME=/opt/rustwide/rustup-home" "-w" "/opt/rustwide/workdir" "-m" "1610612736" "--user" "0:0" "--network" "none" "ghcr.io/rust-lang/crates-build-env/linux@sha256:4a844ea9eb2546a2d2c7022eacef16ef2e8229c7fbb2c7d4d55a9ceca922f72d" "/opt/rustwide/cargo-home/bin/cargo" "+nightly-2024-10-28" "build" "--frozen" "--message-format=json", kill_on_drop: false }`
[INFO] [stdout] 016458fb4b514a5d7dd85f15d720cdfbd575fda642c0844ef187524531a3ce66
[INFO] running `Command { std: "docker" "start" "-a" "016458fb4b514a5d7dd85f15d720cdfbd575fda642c0844ef187524531a3ce66", kill_on_drop: false }`
[INFO] [stderr]    Compiling serde v1.0.214
[INFO] [stderr]    Compiling unicode-general-category v0.6.0
[INFO] [stderr]    Compiling custom_derive v0.1.7
[INFO] [stderr]    Compiling maplit v1.0.2
[INFO] [stderr]    Compiling dotenvy v0.15.7
[INFO] [stderr]    Compiling by_address v1.2.1
[INFO] [stderr]    Compiling num-traits v0.2.19
[INFO] [stderr]    Compiling regex-automata v0.4.8
[INFO] [stderr]    Compiling num-derive v0.4.2
[INFO] [stderr]    Compiling conv v0.3.3
[INFO] [stderr]    Compiling num-integer v0.1.46
[INFO] [stderr]    Compiling num-bigint v0.4.6
[INFO] [stderr]    Compiling regex v1.11.1
[INFO] [stderr]    Compiling serde_json v1.0.132
[INFO] [stderr]    Compiling bitflags v2.6.0
[INFO] [stderr]    Compiling lazy-regex-proc_macros v3.3.0
[INFO] [stderr]    Compiling lazy-regex v3.3.0
[INFO] [stderr]    Compiling file_paths v1.0.0
[INFO] [stderr]    Compiling late_format v1.0.0
[INFO] [stderr]    Compiling hydroper_jet_compiler v0.2.0 (/opt/rustwide/workdir)
[INFO] [stdout] warning: unused variable: `programs`
[INFO] [stdout]   --> verifier.rs:74:39
[INFO] [stdout]    |
[INFO] [stdout] 74 |     pub fn verify_programs(&mut self, programs: Vec<Rc<Program>>) {
[INFO] [stdout]    |                                       ^^^^^^^^ help: if this is intentional, prefix it with an underscore: `_programs`
[INFO] [stdout]    |
[INFO] [stdout]    = note: `#[warn(unused_variables)]` on by default
[INFO] [stdout] 
[INFO] [stdout] 
[INFO] [stdout] warning: unused variable: `expression`
[INFO] [stdout]   --> verifier.rs:83:41
[INFO] [stdout]    |
[INFO] [stdout] 83 |     pub fn verify_expression(&mut self, expression: &Rc<Expression>) {
[INFO] [stdout]    |                                         ^^^^^^^^^^ help: if this is intentional, prefix it with an underscore: `_expression`
[INFO] [stdout] 
[INFO] [stdout] 
[INFO] [stdout] warning: field `host` is never read
[INFO] [stdout]   --> verifier.rs:44:5
[INFO] [stdout]    |
[INFO] [stdout] 43 | pub struct Verifier {
[INFO] [stdout]    |            -------- field in this struct
[INFO] [stdout] 44 |     host: Rc<SymbolHost>,
[INFO] [stdout]    |     ^^^^
[INFO] [stdout]    |
[INFO] [stdout]    = note: `#[warn(dead_code)]` on by default
[INFO] [stdout] 
[INFO] [stdout] 
[INFO] [stderr]     Finished `dev` profile [unoptimized + debuginfo] target(s) in 7.69s
[INFO] running `Command { std: "docker" "inspect" "016458fb4b514a5d7dd85f15d720cdfbd575fda642c0844ef187524531a3ce66", kill_on_drop: false }`
[INFO] running `Command { std: "docker" "rm" "-f" "016458fb4b514a5d7dd85f15d720cdfbd575fda642c0844ef187524531a3ce66", kill_on_drop: false }`
[INFO] [stdout] 016458fb4b514a5d7dd85f15d720cdfbd575fda642c0844ef187524531a3ce66
[INFO] running `Command { std: "docker" "create" "-v" "/var/lib/crater-agent-workspace/builds/worker-2-tc1/target:/opt/rustwide/target:rw,Z" "-v" "/var/lib/crater-agent-workspace/builds/worker-2-tc1/source:/opt/rustwide/workdir:ro,Z" "-v" "/var/lib/crater-agent-workspace/cargo-home:/opt/rustwide/cargo-home:ro,Z" "-v" "/var/lib/crater-agent-workspace/rustup-home:/opt/rustwide/rustup-home:ro,Z" "-e" "SOURCE_DIR=/opt/rustwide/workdir" "-e" "CARGO_TARGET_DIR=/opt/rustwide/target" "-e" "CARGO_INCREMENTAL=0" "-e" "RUST_BACKTRACE=full" "-e" "RUSTFLAGS=--cap-lints=forbid" "-e" "RUSTDOCFLAGS=--cap-lints=forbid" "-e" "CARGO_HOME=/opt/rustwide/cargo-home" "-e" "RUSTUP_HOME=/opt/rustwide/rustup-home" "-w" "/opt/rustwide/workdir" "-m" "1610612736" "--user" "0:0" "--network" "none" "ghcr.io/rust-lang/crates-build-env/linux@sha256:4a844ea9eb2546a2d2c7022eacef16ef2e8229c7fbb2c7d4d55a9ceca922f72d" "/opt/rustwide/cargo-home/bin/cargo" "+nightly-2024-10-28" "test" "--frozen" "--no-run" "--message-format=json", kill_on_drop: false }`
[INFO] [stdout] a98ca2eb249b058be033bec21322585941a8d8338d2d3027686f5774436887f9
[INFO] running `Command { std: "docker" "start" "-a" "a98ca2eb249b058be033bec21322585941a8d8338d2d3027686f5774436887f9", kill_on_drop: false }`
[INFO] [stdout] warning: unused variable: `programs`
[INFO] [stdout]   --> verifier.rs:74:39
[INFO] [stdout]    |
[INFO] [stdout] 74 |     pub fn verify_programs(&mut self, programs: Vec<Rc<Program>>) {
[INFO] [stdout]    |                                       ^^^^^^^^ help: if this is intentional, prefix it with an underscore: `_programs`
[INFO] [stdout]    |
[INFO] [stdout]    = note: `#[warn(unused_variables)]` on by default
[INFO] [stdout] 
[INFO] [stdout] 
[INFO] [stdout] warning: unused variable: `expression`
[INFO] [stdout]   --> verifier.rs:83:41
[INFO] [stdout]    |
[INFO] [stdout] 83 |     pub fn verify_expression(&mut self, expression: &Rc<Expression>) {
[INFO] [stdout]    |                                         ^^^^^^^^^^ help: if this is intentional, prefix it with an underscore: `_expression`
[INFO] [stdout] 
[INFO] [stdout] 
[INFO] [stderr]    Compiling hydroper_jet_compiler v0.2.0 (/opt/rustwide/workdir)
[INFO] [stdout] warning: field `host` is never read
[INFO] [stdout]   --> verifier.rs:44:5
[INFO] [stdout]    |
[INFO] [stdout] 43 | pub struct Verifier {
[INFO] [stdout]    |            -------- field in this struct
[INFO] [stdout] 44 |     host: Rc<SymbolHost>,
[INFO] [stdout]    |     ^^^^
[INFO] [stdout]    |
[INFO] [stdout]    = note: `#[warn(dead_code)]` on by default
[INFO] [stdout] 
[INFO] [stdout] 
[INFO] [stdout] warning: unused variable: `programs`
[INFO] [stdout]   --> verifier.rs:74:39
[INFO] [stdout]    |
[INFO] [stdout] 74 |     pub fn verify_programs(&mut self, programs: Vec<Rc<Program>>) {
[INFO] [stdout]    |                                       ^^^^^^^^ help: if this is intentional, prefix it with an underscore: `_programs`
[INFO] [stdout]    |
[INFO] [stdout]    = note: `#[warn(unused_variables)]` on by default
[INFO] [stdout] 
[INFO] [stdout] 
[INFO] [stdout] warning: unused variable: `expression`
[INFO] [stdout]   --> verifier.rs:83:41
[INFO] [stdout]    |
[INFO] [stdout] 83 |     pub fn verify_expression(&mut self, expression: &Rc<Expression>) {
[INFO] [stdout]    |                                         ^^^^^^^^^^ help: if this is intentional, prefix it with an underscore: `_expression`
[INFO] [stdout] 
[INFO] [stdout] 
[INFO] [stdout] warning: field `host` is never read
[INFO] [stdout]   --> verifier.rs:44:5
[INFO] [stdout]    |
[INFO] [stdout] 43 | pub struct Verifier {
[INFO] [stdout]    |            -------- field in this struct
[INFO] [stdout] 44 |     host: Rc<SymbolHost>,
[INFO] [stdout]    |     ^^^^
[INFO] [stdout]    |
[INFO] [stdout]    = note: `#[warn(dead_code)]` on by default
[INFO] [stdout] 
[INFO] [stdout] 
[INFO] [stderr]     Finished `test` profile [unoptimized + debuginfo] target(s) in 3.66s
[INFO] running `Command { std: "docker" "inspect" "a98ca2eb249b058be033bec21322585941a8d8338d2d3027686f5774436887f9", kill_on_drop: false }`
[INFO] running `Command { std: "docker" "rm" "-f" "a98ca2eb249b058be033bec21322585941a8d8338d2d3027686f5774436887f9", kill_on_drop: false }`
[INFO] [stdout] a98ca2eb249b058be033bec21322585941a8d8338d2d3027686f5774436887f9
[INFO] running `Command { std: "docker" "create" "-v" "/var/lib/crater-agent-workspace/builds/worker-2-tc1/target:/opt/rustwide/target:rw,Z" "-v" "/var/lib/crater-agent-workspace/builds/worker-2-tc1/source:/opt/rustwide/workdir:ro,Z" "-v" "/var/lib/crater-agent-workspace/cargo-home:/opt/rustwide/cargo-home:ro,Z" "-v" "/var/lib/crater-agent-workspace/rustup-home:/opt/rustwide/rustup-home:ro,Z" "-e" "SOURCE_DIR=/opt/rustwide/workdir" "-e" "CARGO_TARGET_DIR=/opt/rustwide/target" "-e" "CARGO_INCREMENTAL=0" "-e" "RUST_BACKTRACE=full" "-e" "RUSTFLAGS=--cap-lints=forbid" "-e" "RUSTDOCFLAGS=--cap-lints=forbid" "-e" "CARGO_HOME=/opt/rustwide/cargo-home" "-e" "RUSTUP_HOME=/opt/rustwide/rustup-home" "-w" "/opt/rustwide/workdir" "-m" "1610612736" "--user" "0:0" "--network" "none" "ghcr.io/rust-lang/crates-build-env/linux@sha256:4a844ea9eb2546a2d2c7022eacef16ef2e8229c7fbb2c7d4d55a9ceca922f72d" "/opt/rustwide/cargo-home/bin/cargo" "+nightly-2024-10-28" "test" "--frozen", kill_on_drop: false }`
[INFO] [stdout] abd69ea8555ecc5a2a7397df960c2dba6b63bff7eb5f4673929f30ba7f52ec8e
[INFO] running `Command { std: "docker" "start" "-a" "abd69ea8555ecc5a2a7397df960c2dba6b63bff7eb5f4673929f30ba7f52ec8e", kill_on_drop: false }`
[INFO] [stderr] warning: unused variable: `programs`
[INFO] [stderr]   --> verifier.rs:74:39
[INFO] [stderr]    |
[INFO] [stderr] 74 |     pub fn verify_programs(&mut self, programs: Vec<Rc<Program>>) {
[INFO] [stderr]    |                                       ^^^^^^^^ help: if this is intentional, prefix it with an underscore: `_programs`
[INFO] [stderr]    |
[INFO] [stderr]    = note: `#[warn(unused_variables)]` on by default
[INFO] [stderr] 
[INFO] [stderr] warning: unused variable: `expression`
[INFO] [stderr]   --> verifier.rs:83:41
[INFO] [stderr]    |
[INFO] [stderr] 83 |     pub fn verify_expression(&mut self, expression: &Rc<Expression>) {
[INFO] [stderr]    |                                         ^^^^^^^^^^ help: if this is intentional, prefix it with an underscore: `_expression`
[INFO] [stderr] 
[INFO] [stderr] warning: field `host` is never read
[INFO] [stderr]   --> verifier.rs:44:5
[INFO] [stderr]    |
[INFO] [stderr] 43 | pub struct Verifier {
[INFO] [stderr]    |            -------- field in this struct
[INFO] [stderr] 44 |     host: Rc<SymbolHost>,
[INFO] [stderr]    |     ^^^^
[INFO] [stderr]    |
[INFO] [stderr]    = note: `#[warn(dead_code)]` on by default
[INFO] [stderr] 
[INFO] [stderr] warning: `hydroper_jet_compiler` (lib) generated 3 warnings
[INFO] [stderr] warning: `hydroper_jet_compiler` (lib test) generated 3 warnings (3 duplicates)
[INFO] [stderr]     Finished `test` profile [unoptimized + debuginfo] target(s) in 0.02s
[INFO] [stderr]      Running unittests lib.rs (/opt/rustwide/target/debug/deps/hydroper_jet_compiler-b838cc2aedb9df46)
[INFO] [stdout] 
[INFO] [stdout] running 8 tests
[INFO] [stdout] test ast::numeric_literal::tests::test_minimum_maximum ... ok
[INFO] [stdout] test parser::tokenizer::tests::tokenize_comments ... ok
[INFO] [stdout] test parser::tokenizer::tests::tokenize_n_per_n ... ok
[INFO] [stdout] test parser::tokenizer::tests::tokenize_regexp ... ok
[INFO] [stdout] test parser::tokenizer::tests::tokenize_numbers ... ok
[INFO] [stdout] test util::character_reader::test::test ... ok
[INFO] [stdout] test parser::tokenizer::tests::tokenize_strings ... ok
[INFO] [stdout] test symbols::symbol::tests::creating_packages ... ok
[INFO] [stdout] 
[INFO] [stdout] test result: ok. 8 passed; 0 failed; 0 ignored; 0 measured; 0 filtered out; finished in 0.00s
[INFO] [stdout] 
[INFO] [stderr]    Doc-tests hydroper_jet_compiler
[INFO] [stdout] 
[INFO] [stdout] running 9 tests
[INFO] [stdout] test symbols/symbol.rs - symbols::symbol::Symbol::check_property_has_capture (line 2426) ... ignored
[INFO] [stdout] test symbols/symbol_factory.rs - symbols::symbol_factory::SymbolFactory<'a>::create_package (line 229) ... ignored
[INFO] [stdout] test util/shared_map.rs - util::shared_map::SharedMap (line 26) ... ignored
[INFO] [stdout] test verifier.rs - verifier::Verifier (line 13) ... ignored
[INFO] [stdout] test verifier.rs - verifier::Verifier (line 19) ... ignored
[INFO] [stdout] test verifier.rs - verifier::Verifier (line 39) ... ignored
[INFO] [stdout] test ast/super_expression.rs - ast::super_expression::SuperExpression (line 12) ... FAILED
[INFO] [stdout] test symbols/symbol.rs - symbols::symbol::Symbol::check_property_has_capture (line 2417) ... FAILED
[INFO] [stdout] test verifier.rs - verifier::Verifier (line 29) ... FAILED
[INFO] [stdout] 
[INFO] [stdout] failures:
[INFO] [stdout] 
[INFO] [stdout] ---- ast/super_expression.rs - ast::super_expression::SuperExpression (line 12) stdout ----
[INFO] [stdout] error[E0433]: failed to resolve: there are too many leading `super` keywords
[INFO] [stdout]  --> ast/super_expression.rs:13:1
[INFO] [stdout]   |
[INFO] [stdout] 3 | super.f()
[INFO] [stdout]   | ^^^^^ there are too many leading `super` keywords
[INFO] [stdout] 
[INFO] [stdout] error: aborting due to 1 previous error
[INFO] [stdout] 
[INFO] [stdout] For more information about this error, try `rustc --explain E0433`.
[INFO] [stdout] Couldn't compile the test.
[INFO] [stdout] ---- symbols/symbol.rs - symbols::symbol::Symbol::check_property_has_capture (line 2417) stdout ----
[INFO] [stdout] error[E0424]: expected value, found module `self`
[INFO] [stdout]  --> symbols/symbol.rs:2418:21
[INFO] [stdout]   |
[INFO] [stdout] 2 | fn main() { #[allow(non_snake_case)] fn _doctest_main_symbols_symbol_rs_2417_0() {
[INFO] [stdout]   |                                         -------------------------------------- this function can't have a `self` parameter
[INFO] [stdout] 3 | let current_scope = self;
[INFO] [stdout]   |                     ^^^^ `self` value is a keyword only available in methods with a `self` parameter
[INFO] [stdout] 
[INFO] [stdout] error[E0425]: cannot find value `reference` in this scope
[INFO] [stdout]  --> symbols/symbol.rs:2419:4
[INFO] [stdout]   |
[INFO] [stdout] 4 | if reference.is_scope_reference_value() && reference.base().find_activation().unwrap() != current_scope.find_activation().unwrap() {
[INFO] [stdout]   |    ^^^^^^^^^ not found in this scope
[INFO] [stdout] 
[INFO] [stdout] error[E0425]: cannot find value `reference` in this scope
[INFO] [stdout]  --> symbols/symbol.rs:2419:44
[INFO] [stdout]   |
[INFO] [stdout] 4 | if reference.is_scope_reference_value() && reference.base().find_activation().unwrap() != current_scope.find_activation().unwrap() {
[INFO] [stdout]   |                                            ^^^^^^^^^ not found in this scope
[INFO] [stdout] 
[INFO] [stdout] error[E0425]: cannot find value `reference` in this scope
[INFO] [stdout]  --> symbols/symbol.rs:2420:5
[INFO] [stdout]   |
[INFO] [stdout] 5 |     reference.base().find_activation().unwrap().set_property_has_capture(reference.property(), true);
[INFO] [stdout]   |     ^^^^^^^^^ not found in this scope
[INFO] [stdout] 
[INFO] [stdout] error[E0425]: cannot find value `reference` in this scope
[INFO] [stdout]  --> symbols/symbol.rs:2420:74
[INFO] [stdout]   |
[INFO] [stdout] 5 |     reference.base().find_activation().unwrap().set_property_has_capture(reference.property(), true);
[INFO] [stdout]   |                                                                          ^^^^^^^^^ not found in this scope
[INFO] [stdout] 
[INFO] [stdout] error: aborting due to 5 previous errors
[INFO] [stdout] 
[INFO] [stdout] Some errors have detailed explanations: E0424, E0425.
[INFO] [stdout] For more information about an error, try `rustc --explain E0424`.
[INFO] [stdout] Couldn't compile the test.
[INFO] [stdout] ---- verifier.rs - verifier::Verifier (line 29) stdout ----
[INFO] [stdout] error[E0425]: cannot find value `verifier` in this scope
[INFO] [stdout]  --> verifier.rs:30:1
[INFO] [stdout]   |
[INFO] [stdout] 3 | verifier.enter_scope(&scope);
[INFO] [stdout]   | ^^^^^^^^ not found in this scope
[INFO] [stdout] 
[INFO] [stdout] error[E0425]: cannot find value `scope` in this scope
[INFO] [stdout]  --> verifier.rs:30:23
[INFO] [stdout]   |
[INFO] [stdout] 3 | verifier.enter_scope(&scope);
[INFO] [stdout]   |                       ^^^^^ not found in this scope
[INFO] [stdout]   |
[INFO] [stdout] help: consider importing this function
[INFO] [stdout]   |
[INFO] [stdout] 2 + use std::thread::scope;
[INFO] [stdout]   |
[INFO] [stdout] 
[INFO] [stdout] error[E0425]: cannot find value `verifier` in this scope
[INFO] [stdout]  --> verifier.rs:31:1
[INFO] [stdout]   |
[INFO] [stdout] 4 | verifier.exit_scope();
[INFO] [stdout]   | ^^^^^^^^ not found in this scope
[INFO] [stdout] 
[INFO] [stdout] error: aborting due to 3 previous errors
[INFO] [stdout] 
[INFO] [stdout] For more information about this error, try `rustc --explain E0425`.
[INFO] [stdout] Couldn't compile the test.
[INFO] [stdout] 
[INFO] [stdout] failures:
[INFO] [stdout]     ast/super_expression.rs - ast::super_expression::SuperExpression (line 12)
[INFO] [stdout]     symbols/symbol.rs - symbols::symbol::Symbol::check_property_has_capture (line 2417)
[INFO] [stdout]     verifier.rs - verifier::Verifier (line 29)
[INFO] [stdout] 
[INFO] [stdout] test result: FAILED. 0 passed; 3 failed; 6 ignored; 0 measured; 0 filtered out; finished in 0.06s
[INFO] [stdout] 
[INFO] [stderr] error: doctest failed, to rerun pass `--doc`
[INFO] running `Command { std: "docker" "inspect" "abd69ea8555ecc5a2a7397df960c2dba6b63bff7eb5f4673929f30ba7f52ec8e", kill_on_drop: false }`
[INFO] running `Command { std: "docker" "rm" "-f" "abd69ea8555ecc5a2a7397df960c2dba6b63bff7eb5f4673929f30ba7f52ec8e", kill_on_drop: false }`
[INFO] [stdout] abd69ea8555ecc5a2a7397df960c2dba6b63bff7eb5f4673929f30ba7f52ec8e
