[INFO] fetching crate hwlocality 1.0.0-alpha.6...
[INFO] testing hwlocality-1.0.0-alpha.6 against nightly-2024-10-28+rustflags=-Zrandomize-layout for randomize-layout
[INFO] extracting crate hwlocality 1.0.0-alpha.6 into /workspace/builds/worker-0-tc2/source
[INFO] validating manifest of crates.io crate hwlocality 1.0.0-alpha.6 on toolchain nightly-2024-10-28
[INFO] running `Command { std: CARGO_HOME="/workspace/cargo-home" RUSTUP_HOME="/workspace/rustup-home" "/workspace/cargo-home/bin/cargo" "+nightly-2024-10-28" "metadata" "--manifest-path" "Cargo.toml" "--no-deps", kill_on_drop: false }`
[INFO] started tweaking crates.io crate hwlocality 1.0.0-alpha.6
[INFO] removed 0 missing examples
[INFO] removed 0 missing tests
[INFO] finished tweaking crates.io crate hwlocality 1.0.0-alpha.6
[INFO] tweaked toml for crates.io crate hwlocality 1.0.0-alpha.6 written to /workspace/builds/worker-0-tc2/source/Cargo.toml
[INFO] crate crates.io crate hwlocality 1.0.0-alpha.6 already has a lockfile, it will not be regenerated
[INFO] running `Command { std: CARGO_HOME="/workspace/cargo-home" RUSTUP_HOME="/workspace/rustup-home" "/workspace/cargo-home/bin/cargo" "+nightly-2024-10-28" "fetch" "--manifest-path" "Cargo.toml", kill_on_drop: false }`
[INFO] running `Command { std: "docker" "create" "-v" "/var/lib/crater-agent-workspace/builds/worker-0-tc2/target:/opt/rustwide/target:rw,Z" "-v" "/var/lib/crater-agent-workspace/builds/worker-0-tc2/source:/opt/rustwide/workdir:ro,Z" "-v" "/var/lib/crater-agent-workspace/cargo-home:/opt/rustwide/cargo-home:ro,Z" "-v" "/var/lib/crater-agent-workspace/rustup-home:/opt/rustwide/rustup-home:ro,Z" "-e" "SOURCE_DIR=/opt/rustwide/workdir" "-e" "CARGO_TARGET_DIR=/opt/rustwide/target" "-e" "CARGO_HOME=/opt/rustwide/cargo-home" "-e" "RUSTUP_HOME=/opt/rustwide/rustup-home" "-w" "/opt/rustwide/workdir" "-m" "1610612736" "--user" "0:0" "--network" "none" "ghcr.io/rust-lang/crates-build-env/linux@sha256:4a844ea9eb2546a2d2c7022eacef16ef2e8229c7fbb2c7d4d55a9ceca922f72d" "/opt/rustwide/cargo-home/bin/cargo" "+nightly-2024-10-28" "metadata" "--no-deps" "--format-version=1", kill_on_drop: false }`
[INFO] [stdout] ee56b8c50cf6e59ae6eb00032994e41b19a1d5f7be6086300b10c99f095c6291
[INFO] running `Command { std: "docker" "start" "-a" "ee56b8c50cf6e59ae6eb00032994e41b19a1d5f7be6086300b10c99f095c6291", kill_on_drop: false }`
[INFO] running `Command { std: "docker" "inspect" "ee56b8c50cf6e59ae6eb00032994e41b19a1d5f7be6086300b10c99f095c6291", kill_on_drop: false }`
[INFO] running `Command { std: "docker" "rm" "-f" "ee56b8c50cf6e59ae6eb00032994e41b19a1d5f7be6086300b10c99f095c6291", kill_on_drop: false }`
[INFO] [stdout] ee56b8c50cf6e59ae6eb00032994e41b19a1d5f7be6086300b10c99f095c6291
[INFO] running `Command { std: "docker" "create" "-v" "/var/lib/crater-agent-workspace/builds/worker-0-tc2/target:/opt/rustwide/target:rw,Z" "-v" "/var/lib/crater-agent-workspace/builds/worker-0-tc2/source:/opt/rustwide/workdir:ro,Z" "-v" "/var/lib/crater-agent-workspace/cargo-home:/opt/rustwide/cargo-home:ro,Z" "-v" "/var/lib/crater-agent-workspace/rustup-home:/opt/rustwide/rustup-home:ro,Z" "-e" "SOURCE_DIR=/opt/rustwide/workdir" "-e" "CARGO_TARGET_DIR=/opt/rustwide/target" "-e" "CARGO_INCREMENTAL=0" "-e" "RUST_BACKTRACE=full" "-e" "RUSTFLAGS=--cap-lints=forbid -Zrandomize-layout" "-e" "RUSTDOCFLAGS=--cap-lints=forbid" "-e" "CARGO_HOME=/opt/rustwide/cargo-home" "-e" "RUSTUP_HOME=/opt/rustwide/rustup-home" "-w" "/opt/rustwide/workdir" "-m" "1610612736" "--user" "0:0" "--network" "none" "ghcr.io/rust-lang/crates-build-env/linux@sha256:4a844ea9eb2546a2d2c7022eacef16ef2e8229c7fbb2c7d4d55a9ceca922f72d" "/opt/rustwide/cargo-home/bin/cargo" "+nightly-2024-10-28" "build" "--frozen" "--message-format=json", kill_on_drop: false }`
[INFO] [stdout] 14fc7baf5d0eb3a7730df0c8d42b55aa959cd472e3bf5a6a7c1a238711cd7e82
[INFO] running `Command { std: "docker" "start" "-a" "14fc7baf5d0eb3a7730df0c8d42b55aa959cd472e3bf5a6a7c1a238711cd7e82", kill_on_drop: false }`
[INFO] [stderr]    Compiling thiserror v1.0.63
[INFO] [stderr]    Compiling unicode-xid v0.2.4
[INFO] [stderr]    Compiling arrayvec v0.7.4
[INFO] [stderr]    Compiling hwlocality-sys v0.5.0
[INFO] [stderr]    Compiling syn v2.0.72
[INFO] [stderr]    Compiling errno v0.3.9
[INFO] [stderr]    Compiling num_enum_derive v0.7.3
[INFO] [stderr]    Compiling thiserror-impl v1.0.63
[INFO] [stderr]    Compiling derive_more-impl v1.0.0
[INFO] [stderr]    Compiling enum-iterator-derive v1.4.0
[INFO] [stderr]    Compiling enum-iterator v2.1.0
[INFO] [stderr]    Compiling num_enum v0.7.3
[INFO] [stderr]    Compiling derive_more v1.0.0
[INFO] [stderr]    Compiling hwlocality v1.0.0-alpha.6 (/opt/rustwide/workdir)
[INFO] [stdout] warning: elided lifetime has a name
[INFO] [stdout]    --> src/cpu/cpuset.rs:160:42
[INFO] [stdout]     |
[INFO] [stdout] 156 |     pub fn objects_inside_cpuset_at_depth<'result, DepthLike>(
[INFO] [stdout]     |                                           ------- lifetime `'result` declared here
[INFO] [stdout] ...
[INFO] [stdout] 160 |     ) -> impl DoubleEndedIterator<Item = &TopologyObject> + FusedIterator + 'result
[INFO] [stdout]     |                                          ^ this elided lifetime gets resolved as `'result`
[INFO] [stdout]     |
[INFO] [stdout]     = note: `#[warn(elided_named_lifetimes)]` on by default
[INFO] [stdout] 
[INFO] [stdout] 
[INFO] [stdout] warning: elided lifetime has a name
[INFO] [stdout]    --> src/cpu/cpuset.rs:218:42
[INFO] [stdout]     |
[INFO] [stdout] 214 |     pub fn objects_inside_cpuset_with_type<'result>(
[INFO] [stdout]     |                                            ------- lifetime `'result` declared here
[INFO] [stdout] ...
[INFO] [stdout] 218 |     ) -> impl DoubleEndedIterator<Item = &TopologyObject> + FusedIterator + 'result {
[INFO] [stdout]     |                                          ^ this elided lifetime gets resolved as `'result`
[INFO] [stdout] 
[INFO] [stdout] 
[INFO] [stdout] warning: elided lifetime has a name
[INFO] [stdout]    --> src/cpu/cpuset.rs:408:42
[INFO] [stdout]     |
[INFO] [stdout] 404 |     pub fn objects_covering_cpuset_at_depth<'result, DepthLike>(
[INFO] [stdout]     |                                             ------- lifetime `'result` declared here
[INFO] [stdout] ...
[INFO] [stdout] 408 |     ) -> impl DoubleEndedIterator<Item = &TopologyObject> + FusedIterator + 'result
[INFO] [stdout]     |                                          ^ this elided lifetime gets resolved as `'result`
[INFO] [stdout] 
[INFO] [stdout] 
[INFO] [stdout] warning: elided lifetime has a name
[INFO] [stdout]    --> src/cpu/cpuset.rs:436:42
[INFO] [stdout]     |
[INFO] [stdout] 432 |     pub fn objects_covering_cpuset_with_type<'result>(
[INFO] [stdout]     |                                              ------- lifetime `'result` declared here
[INFO] [stdout] ...
[INFO] [stdout] 436 |     ) -> impl DoubleEndedIterator<Item = &TopologyObject> + FusedIterator + 'result {
[INFO] [stdout]     |                                          ^ this elided lifetime gets resolved as `'result`
[INFO] [stdout] 
[INFO] [stdout] 
[INFO] [stdout] warning: elided lifetime has a name
[INFO] [stdout]   --> src/object/search/mod.rs:56:42
[INFO] [stdout]    |
[INFO] [stdout] 53 |     pub fn pus_from_cpuset<'result>(
[INFO] [stdout]    |                            ------- lifetime `'result` declared here
[INFO] [stdout] ...
[INFO] [stdout] 56 |     ) -> impl DoubleEndedIterator<Item = &TopologyObject> + Clone + FusedIterator + 'result {
[INFO] [stdout]    |                                          ^ this elided lifetime gets resolved as `'result`
[INFO] [stdout] 
[INFO] [stdout] 
[INFO] [stdout] warning: elided lifetime has a name
[INFO] [stdout]   --> src/object/search/mod.rs:89:42
[INFO] [stdout]    |
[INFO] [stdout] 86 |     pub fn nodes_from_nodeset<'result>(
[INFO] [stdout]    |                               ------- lifetime `'result` declared here
[INFO] [stdout] ...
[INFO] [stdout] 89 |     ) -> impl DoubleEndedIterator<Item = &TopologyObject> + Clone + FusedIterator + 'result {
[INFO] [stdout]    |                                          ^ this elided lifetime gets resolved as `'result`
[INFO] [stdout] 
[INFO] [stdout] 
[INFO] [stdout] warning: elided lifetime has a name
[INFO] [stdout]    --> src/object/search/mod.rs:141:38
[INFO] [stdout]     |
[INFO] [stdout] 138 |     pub fn objects_closest_to<'result>(
[INFO] [stdout]     |                               ------- lifetime `'result` declared here
[INFO] [stdout] ...
[INFO] [stdout] 141 |     ) -> Result<impl Iterator<Item = &TopologyObject> + Clone + 'result, ClosestObjectsError> {
[INFO] [stdout]     |                                      ^ this elided lifetime gets resolved as `'result`
[INFO] [stdout] 
[INFO] [stdout] 
[INFO] [stderr]     Finished `dev` profile [unoptimized + debuginfo] target(s) in 5.70s
[INFO] running `Command { std: "docker" "inspect" "14fc7baf5d0eb3a7730df0c8d42b55aa959cd472e3bf5a6a7c1a238711cd7e82", kill_on_drop: false }`
[INFO] running `Command { std: "docker" "rm" "-f" "14fc7baf5d0eb3a7730df0c8d42b55aa959cd472e3bf5a6a7c1a238711cd7e82", kill_on_drop: false }`
[INFO] [stdout] 14fc7baf5d0eb3a7730df0c8d42b55aa959cd472e3bf5a6a7c1a238711cd7e82
[INFO] running `Command { std: "docker" "create" "-v" "/var/lib/crater-agent-workspace/builds/worker-0-tc2/target:/opt/rustwide/target:rw,Z" "-v" "/var/lib/crater-agent-workspace/builds/worker-0-tc2/source:/opt/rustwide/workdir:ro,Z" "-v" "/var/lib/crater-agent-workspace/cargo-home:/opt/rustwide/cargo-home:ro,Z" "-v" "/var/lib/crater-agent-workspace/rustup-home:/opt/rustwide/rustup-home:ro,Z" "-e" "SOURCE_DIR=/opt/rustwide/workdir" "-e" "CARGO_TARGET_DIR=/opt/rustwide/target" "-e" "CARGO_INCREMENTAL=0" "-e" "RUST_BACKTRACE=full" "-e" "RUSTFLAGS=--cap-lints=forbid -Zrandomize-layout" "-e" "RUSTDOCFLAGS=--cap-lints=forbid" "-e" "CARGO_HOME=/opt/rustwide/cargo-home" "-e" "RUSTUP_HOME=/opt/rustwide/rustup-home" "-w" "/opt/rustwide/workdir" "-m" "1610612736" "--user" "0:0" "--network" "none" "ghcr.io/rust-lang/crates-build-env/linux@sha256:4a844ea9eb2546a2d2c7022eacef16ef2e8229c7fbb2c7d4d55a9ceca922f72d" "/opt/rustwide/cargo-home/bin/cargo" "+nightly-2024-10-28" "test" "--frozen" "--no-run" "--message-format=json", kill_on_drop: false }`
[INFO] [stdout] aa3eda4630c2ef6e6a534fe1ad71f88c018659ecd3dced1a78e6e585ae924e4b
[INFO] running `Command { std: "docker" "start" "-a" "aa3eda4630c2ef6e6a534fe1ad71f88c018659ecd3dced1a78e6e585ae924e4b", kill_on_drop: false }`
[INFO] [stderr]    Compiling rustix v0.38.34
[INFO] [stderr]    Compiling eyre v0.6.12
[INFO] [stderr]    Compiling num-traits v0.2.19
[INFO] [stderr]    Compiling tracing-core v0.1.32
[INFO] [stderr]    Compiling unicode-segmentation v1.11.0
[INFO] [stderr]    Compiling sharded-slab v0.1.7
[INFO] [stderr]    Compiling thread_local v1.1.8
[INFO] [stderr]    Compiling unarray v0.1.4
[INFO] [stderr]    Compiling fastrand v2.1.0
[INFO] [stderr]    Compiling regex-syntax v0.8.4
[INFO] [stderr]    Compiling indenter v0.3.3
[INFO] [stderr]    Compiling syn v2.0.72
[INFO] [stderr]    Compiling getrandom v0.2.15
[INFO] [stderr]    Compiling console v0.15.8
[INFO] [stderr]    Compiling sysinfo v0.31.2
[INFO] [stderr]    Compiling rand_core v0.6.4
[INFO] [stderr]    Compiling similar v2.6.0
[INFO] [stderr]    Compiling rand_xorshift v0.3.0
[INFO] [stderr]    Compiling tracing-subscriber v0.3.18
[INFO] [stderr]    Compiling similar-asserts v1.5.0
[INFO] [stderr]    Compiling tempfile v3.12.0
[INFO] [stderr]    Compiling zerocopy-derive v0.7.35
[INFO] [stderr]    Compiling enum-iterator-derive v1.4.0
[INFO] [stderr]    Compiling thiserror-impl v1.0.63
[INFO] [stderr]    Compiling num_enum_derive v0.7.3
[INFO] [stderr]    Compiling derive_more-impl v1.0.0
[INFO] [stderr]    Compiling tracing-attributes v0.1.27
[INFO] [stderr]    Compiling enum-iterator v2.1.0
[INFO] [stderr]    Compiling zerocopy v0.7.35
[INFO] [stderr]    Compiling num_enum v0.7.3
[INFO] [stderr]    Compiling thiserror v1.0.63
[INFO] [stderr]    Compiling tracing v0.1.40
[INFO] [stderr]    Compiling ppv-lite86 v0.2.20
[INFO] [stderr]    Compiling rand_chacha v0.3.1
[INFO] [stderr]    Compiling rand v0.8.5
[INFO] [stderr]    Compiling derive_more v1.0.0
[INFO] [stderr]    Compiling hwlocality v1.0.0-alpha.6 (/opt/rustwide/workdir)
[INFO] [stderr]    Compiling proptest v1.5.0
[INFO] [stdout] warning: elided lifetime has a name
[INFO] [stdout]    --> src/cpu/cpuset.rs:160:42
[INFO] [stdout]     |
[INFO] [stdout] 156 |     pub fn objects_inside_cpuset_at_depth<'result, DepthLike>(
[INFO] [stdout]     |                                           ------- lifetime `'result` declared here
[INFO] [stdout] ...
[INFO] [stdout] 160 |     ) -> impl DoubleEndedIterator<Item = &TopologyObject> + FusedIterator + 'result
[INFO] [stdout]     |                                          ^ this elided lifetime gets resolved as `'result`
[INFO] [stdout]     |
[INFO] [stdout]     = note: `#[warn(elided_named_lifetimes)]` on by default
[INFO] [stdout] 
[INFO] [stdout] 
[INFO] [stdout] warning: elided lifetime has a name
[INFO] [stdout]    --> src/cpu/cpuset.rs:218:42
[INFO] [stdout]     |
[INFO] [stdout] 214 |     pub fn objects_inside_cpuset_with_type<'result>(
[INFO] [stdout]     |                                            ------- lifetime `'result` declared here
[INFO] [stdout] ...
[INFO] [stdout] 218 |     ) -> impl DoubleEndedIterator<Item = &TopologyObject> + FusedIterator + 'result {
[INFO] [stdout]     |                                          ^ this elided lifetime gets resolved as `'result`
[INFO] [stdout] 
[INFO] [stdout] 
[INFO] [stdout] warning: elided lifetime has a name
[INFO] [stdout]    --> src/cpu/cpuset.rs:408:42
[INFO] [stdout]     |
[INFO] [stdout] 404 |     pub fn objects_covering_cpuset_at_depth<'result, DepthLike>(
[INFO] [stdout]     |                                             ------- lifetime `'result` declared here
[INFO] [stdout] ...
[INFO] [stdout] 408 |     ) -> impl DoubleEndedIterator<Item = &TopologyObject> + FusedIterator + 'result
[INFO] [stdout]     |                                          ^ this elided lifetime gets resolved as `'result`
[INFO] [stdout] 
[INFO] [stdout] 
[INFO] [stdout] warning: elided lifetime has a name
[INFO] [stdout]    --> src/cpu/cpuset.rs:436:42
[INFO] [stdout]     |
[INFO] [stdout] 432 |     pub fn objects_covering_cpuset_with_type<'result>(
[INFO] [stdout]     |                                              ------- lifetime `'result` declared here
[INFO] [stdout] ...
[INFO] [stdout] 436 |     ) -> impl DoubleEndedIterator<Item = &TopologyObject> + FusedIterator + 'result {
[INFO] [stdout]     |                                          ^ this elided lifetime gets resolved as `'result`
[INFO] [stdout] 
[INFO] [stdout] 
[INFO] [stdout] warning: elided lifetime has a name
[INFO] [stdout]   --> src/object/search/mod.rs:56:42
[INFO] [stdout]    |
[INFO] [stdout] 53 |     pub fn pus_from_cpuset<'result>(
[INFO] [stdout]    |                            ------- lifetime `'result` declared here
[INFO] [stdout] ...
[INFO] [stdout] 56 |     ) -> impl DoubleEndedIterator<Item = &TopologyObject> + Clone + FusedIterator + 'result {
[INFO] [stdout]    |                                          ^ this elided lifetime gets resolved as `'result`
[INFO] [stdout] 
[INFO] [stdout] 
[INFO] [stdout] warning: elided lifetime has a name
[INFO] [stdout]   --> src/object/search/mod.rs:89:42
[INFO] [stdout]    |
[INFO] [stdout] 86 |     pub fn nodes_from_nodeset<'result>(
[INFO] [stdout]    |                               ------- lifetime `'result` declared here
[INFO] [stdout] ...
[INFO] [stdout] 89 |     ) -> impl DoubleEndedIterator<Item = &TopologyObject> + Clone + FusedIterator + 'result {
[INFO] [stdout]    |                                          ^ this elided lifetime gets resolved as `'result`
[INFO] [stdout] 
[INFO] [stdout] 
[INFO] [stdout] warning: elided lifetime has a name
[INFO] [stdout]    --> src/object/search/mod.rs:141:38
[INFO] [stdout]     |
[INFO] [stdout] 138 |     pub fn objects_closest_to<'result>(
[INFO] [stdout]     |                               ------- lifetime `'result` declared here
[INFO] [stdout] ...
[INFO] [stdout] 141 |     ) -> Result<impl Iterator<Item = &TopologyObject> + Clone + 'result, ClosestObjectsError> {
[INFO] [stdout]     |                                      ^ this elided lifetime gets resolved as `'result`
[INFO] [stdout] 
[INFO] [stdout] 
[INFO] [stdout] warning: elided lifetime has a name
[INFO] [stdout]    --> src/cpu/cpuset.rs:160:42
[INFO] [stdout]     |
[INFO] [stdout] 156 |     pub fn objects_inside_cpuset_at_depth<'result, DepthLike>(
[INFO] [stdout]     |                                           ------- lifetime `'result` declared here
[INFO] [stdout] ...
[INFO] [stdout] 160 |     ) -> impl DoubleEndedIterator<Item = &TopologyObject> + FusedIterator + 'result
[INFO] [stdout]     |                                          ^ this elided lifetime gets resolved as `'result`
[INFO] [stdout]     |
[INFO] [stdout]     = note: `#[warn(elided_named_lifetimes)]` on by default
[INFO] [stdout] 
[INFO] [stdout] 
[INFO] [stdout] warning: elided lifetime has a name
[INFO] [stdout]    --> src/cpu/cpuset.rs:218:42
[INFO] [stdout]     |
[INFO] [stdout] 214 |     pub fn objects_inside_cpuset_with_type<'result>(
[INFO] [stdout]     |                                            ------- lifetime `'result` declared here
[INFO] [stdout] ...
[INFO] [stdout] 218 |     ) -> impl DoubleEndedIterator<Item = &TopologyObject> + FusedIterator + 'result {
[INFO] [stdout]     |                                          ^ this elided lifetime gets resolved as `'result`
[INFO] [stdout] 
[INFO] [stdout] 
[INFO] [stdout] warning: elided lifetime has a name
[INFO] [stdout]    --> src/cpu/cpuset.rs:408:42
[INFO] [stdout]     |
[INFO] [stdout] 404 |     pub fn objects_covering_cpuset_at_depth<'result, DepthLike>(
[INFO] [stdout]     |                                             ------- lifetime `'result` declared here
[INFO] [stdout] ...
[INFO] [stdout] 408 |     ) -> impl DoubleEndedIterator<Item = &TopologyObject> + FusedIterator + 'result
[INFO] [stdout]     |                                          ^ this elided lifetime gets resolved as `'result`
[INFO] [stdout] 
[INFO] [stdout] 
[INFO] [stdout] warning: elided lifetime has a name
[INFO] [stdout]    --> src/cpu/cpuset.rs:436:42
[INFO] [stdout]     |
[INFO] [stdout] 432 |     pub fn objects_covering_cpuset_with_type<'result>(
[INFO] [stdout]     |                                              ------- lifetime `'result` declared here
[INFO] [stdout] ...
[INFO] [stdout] 436 |     ) -> impl DoubleEndedIterator<Item = &TopologyObject> + FusedIterator + 'result {
[INFO] [stdout]     |                                          ^ this elided lifetime gets resolved as `'result`
[INFO] [stdout] 
[INFO] [stdout] 
[INFO] [stdout] warning: elided lifetime has a name
[INFO] [stdout]   --> src/object/search/mod.rs:56:42
[INFO] [stdout]    |
[INFO] [stdout] 53 |     pub fn pus_from_cpuset<'result>(
[INFO] [stdout]    |                            ------- lifetime `'result` declared here
[INFO] [stdout] ...
[INFO] [stdout] 56 |     ) -> impl DoubleEndedIterator<Item = &TopologyObject> + Clone + FusedIterator + 'result {
[INFO] [stdout]    |                                          ^ this elided lifetime gets resolved as `'result`
[INFO] [stdout] 
[INFO] [stdout] 
[INFO] [stdout] warning: elided lifetime has a name
[INFO] [stdout]   --> src/object/search/mod.rs:89:42
[INFO] [stdout]    |
[INFO] [stdout] 86 |     pub fn nodes_from_nodeset<'result>(
[INFO] [stdout]    |                               ------- lifetime `'result` declared here
[INFO] [stdout] ...
[INFO] [stdout] 89 |     ) -> impl DoubleEndedIterator<Item = &TopologyObject> + Clone + FusedIterator + 'result {
[INFO] [stdout]    |                                          ^ this elided lifetime gets resolved as `'result`
[INFO] [stdout] 
[INFO] [stdout] 
[INFO] [stdout] warning: elided lifetime has a name
[INFO] [stdout]    --> src/object/search/mod.rs:141:38
[INFO] [stdout]     |
[INFO] [stdout] 138 |     pub fn objects_closest_to<'result>(
[INFO] [stdout]     |                               ------- lifetime `'result` declared here
[INFO] [stdout] ...
[INFO] [stdout] 141 |     ) -> Result<impl Iterator<Item = &TopologyObject> + Clone + 'result, ClosestObjectsError> {
[INFO] [stdout]     |                                      ^ this elided lifetime gets resolved as `'result`
[INFO] [stdout] 
[INFO] [stdout] 
[INFO] [stderr]     Finished `test` profile [unoptimized + debuginfo] target(s) in 27.44s
[INFO] running `Command { std: "docker" "inspect" "aa3eda4630c2ef6e6a534fe1ad71f88c018659ecd3dced1a78e6e585ae924e4b", kill_on_drop: false }`
[INFO] running `Command { std: "docker" "rm" "-f" "aa3eda4630c2ef6e6a534fe1ad71f88c018659ecd3dced1a78e6e585ae924e4b", kill_on_drop: false }`
[INFO] [stdout] aa3eda4630c2ef6e6a534fe1ad71f88c018659ecd3dced1a78e6e585ae924e4b
[INFO] running `Command { std: "docker" "create" "-v" "/var/lib/crater-agent-workspace/builds/worker-0-tc2/target:/opt/rustwide/target:rw,Z" "-v" "/var/lib/crater-agent-workspace/builds/worker-0-tc2/source:/opt/rustwide/workdir:ro,Z" "-v" "/var/lib/crater-agent-workspace/cargo-home:/opt/rustwide/cargo-home:ro,Z" "-v" "/var/lib/crater-agent-workspace/rustup-home:/opt/rustwide/rustup-home:ro,Z" "-e" "SOURCE_DIR=/opt/rustwide/workdir" "-e" "CARGO_TARGET_DIR=/opt/rustwide/target" "-e" "CARGO_INCREMENTAL=0" "-e" "RUST_BACKTRACE=full" "-e" "RUSTFLAGS=--cap-lints=forbid -Zrandomize-layout" "-e" "RUSTDOCFLAGS=--cap-lints=forbid" "-e" "CARGO_HOME=/opt/rustwide/cargo-home" "-e" "RUSTUP_HOME=/opt/rustwide/rustup-home" "-w" "/opt/rustwide/workdir" "-m" "1610612736" "--user" "0:0" "--network" "none" "ghcr.io/rust-lang/crates-build-env/linux@sha256:4a844ea9eb2546a2d2c7022eacef16ef2e8229c7fbb2c7d4d55a9ceca922f72d" "/opt/rustwide/cargo-home/bin/cargo" "+nightly-2024-10-28" "test" "--frozen", kill_on_drop: false }`
[INFO] [stdout] eb8ce1846d4b87eff59c1e0ad7bc6934857a33113c07d0f752f5d0bdfcf20f93
[INFO] running `Command { std: "docker" "start" "-a" "eb8ce1846d4b87eff59c1e0ad7bc6934857a33113c07d0f752f5d0bdfcf20f93", kill_on_drop: false }`
[INFO] [stderr] warning: elided lifetime has a name
[INFO] [stderr]    --> src/cpu/cpuset.rs:160:42
[INFO] [stderr]     |
[INFO] [stderr] 156 |     pub fn objects_inside_cpuset_at_depth<'result, DepthLike>(
[INFO] [stderr]     |                                           ------- lifetime `'result` declared here
[INFO] [stderr] ...
[INFO] [stderr] 160 |     ) -> impl DoubleEndedIterator<Item = &TopologyObject> + FusedIterator + 'result
[INFO] [stderr]     |                                          ^ this elided lifetime gets resolved as `'result`
[INFO] [stderr]     |
[INFO] [stderr]     = note: `#[warn(elided_named_lifetimes)]` on by default
[INFO] [stderr] 
[INFO] [stderr] warning: elided lifetime has a name
[INFO] [stderr]    --> src/cpu/cpuset.rs:218:42
[INFO] [stderr]     |
[INFO] [stderr] 214 |     pub fn objects_inside_cpuset_with_type<'result>(
[INFO] [stderr]     |                                            ------- lifetime `'result` declared here
[INFO] [stderr] ...
[INFO] [stderr] 218 |     ) -> impl DoubleEndedIterator<Item = &TopologyObject> + FusedIterator + 'result {
[INFO] [stderr]     |                                          ^ this elided lifetime gets resolved as `'result`
[INFO] [stderr] 
[INFO] [stderr] warning: elided lifetime has a name
[INFO] [stderr]    --> src/cpu/cpuset.rs:408:42
[INFO] [stderr]     |
[INFO] [stderr] 404 |     pub fn objects_covering_cpuset_at_depth<'result, DepthLike>(
[INFO] [stderr]     |                                             ------- lifetime `'result` declared here
[INFO] [stderr] ...
[INFO] [stderr] 408 |     ) -> impl DoubleEndedIterator<Item = &TopologyObject> + FusedIterator + 'result
[INFO] [stderr]     |                                          ^ this elided lifetime gets resolved as `'result`
[INFO] [stderr] 
[INFO] [stderr] warning: elided lifetime has a name
[INFO] [stderr]    --> src/cpu/cpuset.rs:436:42
[INFO] [stderr]     |
[INFO] [stderr] 432 |     pub fn objects_covering_cpuset_with_type<'result>(
[INFO] [stderr]     |                                              ------- lifetime `'result` declared here
[INFO] [stderr] ...
[INFO] [stderr] 436 |     ) -> impl DoubleEndedIterator<Item = &TopologyObject> + FusedIterator + 'result {
[INFO] [stderr]     |                                          ^ this elided lifetime gets resolved as `'result`
[INFO] [stderr] 
[INFO] [stderr] warning: elided lifetime has a name
[INFO] [stderr]   --> src/object/search/mod.rs:56:42
[INFO] [stderr]    |
[INFO] [stderr] 53 |     pub fn pus_from_cpuset<'result>(
[INFO] [stderr]    |                            ------- lifetime `'result` declared here
[INFO] [stderr] ...
[INFO] [stderr] 56 |     ) -> impl DoubleEndedIterator<Item = &TopologyObject> + Clone + FusedIterator + 'result {
[INFO] [stderr]    |                                          ^ this elided lifetime gets resolved as `'result`
[INFO] [stderr] 
[INFO] [stderr] warning: elided lifetime has a name
[INFO] [stderr]   --> src/object/search/mod.rs:89:42
[INFO] [stderr]    |
[INFO] [stderr] 86 |     pub fn nodes_from_nodeset<'result>(
[INFO] [stderr]    |                               ------- lifetime `'result` declared here
[INFO] [stderr] ...
[INFO] [stderr] 89 |     ) -> impl DoubleEndedIterator<Item = &TopologyObject> + Clone + FusedIterator + 'result {
[INFO] [stderr]    |                                          ^ this elided lifetime gets resolved as `'result`
[INFO] [stderr] 
[INFO] [stderr] warning: elided lifetime has a name
[INFO] [stderr]    --> src/object/search/mod.rs:141:38
[INFO] [stderr]     |
[INFO] [stderr] 138 |     pub fn objects_closest_to<'result>(
[INFO] [stderr]     |                               ------- lifetime `'result` declared here
[INFO] [stderr] ...
[INFO] [stderr] 141 |     ) -> Result<impl Iterator<Item = &TopologyObject> + Clone + 'result, ClosestObjectsError> {
[INFO] [stderr]     |                                      ^ this elided lifetime gets resolved as `'result`
[INFO] [stderr] 
[INFO] [stderr] warning: `hwlocality` (lib) generated 7 warnings
[INFO] [stderr] warning: `hwlocality` (lib test) generated 7 warnings (7 duplicates)
[INFO] [stderr]     Finished `test` profile [unoptimized + debuginfo] target(s) in 0.06s
[INFO] [stderr]      Running unittests src/lib.rs (/opt/rustwide/target/debug/deps/hwlocality-ea8a0f04dd82a172)
[INFO] [stdout] 
[INFO] [stdout] running 185 tests
[INFO] [stdout] test bitmap::tests::empty ... ok
[INFO] [stdout] test bitmap::tests::empty_op_range ... ok
[INFO] [stdout] test bitmap::tests::empty_op_index ... ok
[INFO] [stdout] test bitmap::tests::full ... ok
[INFO] [stdout] test bitmap::tests::from_range_op_index ... ok
[INFO] [stdout] test bitmap::tests::full_op_range ... ok
[INFO] [stdout] test bitmap::tests::full_extend ... ok
[INFO] [stdout] test bitmap::tests::test_low_level_null ... ok
[INFO] [stdout] test bitmap::tests::from_range_op_range ... ok
[INFO] [stdout] test cpu::binding::tests::cpu_bound_object_to_error ... ok
[INFO] [stdout] test cpu::binding::tests::display_cpu_bound_object ... ok
[INFO] [stdout] test cpu::cpuset::bitmap_newtype::tests::from_idx ... ok
[INFO] [stdout] test bitmap::tests::from_iterator ... ok
[INFO] [stdout] test bitmap::tests::empty_extend ... ok
[INFO] [stdout] test cpu::cpuset::bitmap_newtype::tests::from_iterator ... ok
[INFO] [stdout] test bitmap::tests::arbitrary_op_range ... ok
[INFO] [stdout] test bitmap::tests::from_range_extend ... ok
[INFO] [stdout] test bitmap::tests::empty_op_bitmap ... ok
[INFO] [stdout] test cpu::cpuset::bitmap_newtype::tests::from_range ... ok
[INFO] [stdout] test cpu::cpuset::bitmap_newtype::tests::nullary ... ok
[INFO] [stdout] test cpu::cpuset::bitmap_newtype::tests::static_checks_newtype ... ok
[INFO] [stdout] test cpu::cpuset::bitmap_newtype::tests::static_checks ... ok
[INFO] [stdout] test bitmap::tests::from_range_op_bitmap ... ok
[INFO] [stdout] test bitmap::tests::full_op_index ... ok
[INFO] [stdout] test bitmap::tests::full_op_bitmap ... ok
[INFO] [stdout] test bitmap::tests::arbitrary_op_index ... ok
[INFO] [stdout] test bitmap::tests::arbitrary_extend ... ok
[INFO] [stdout] test cpu::cpuset::bitmap_newtype::tests::op_range ... ok
[INFO] [stdout] test cpu::cpuset::bitmap_newtype::tests::to_from_bitmap ... ok
[INFO] [stdout] test bitmap::tests::from_range ... ok
[INFO] [stdout] test cpu::cpuset::bitmap_newtype::tests::op_idx ... ok
[INFO] [stdout] test cpu::cpuset::bitmap_newtype::tests::op_iterator ... ok
[INFO] [stdout] test errors::tests::bool_err_with_errno ... ok
[INFO] [stdout] test errors::tests::bool_err_wo_errno ... ok
[INFO] [stdout] test cpu::cpuset::bitmap_newtype::tests::binary ... ok
[INFO] [stdout] test errors::tests::bool_success ... ok
[INFO] [stdout] test bitmap::tests::arbitrary_op_bitmap ... ok
[INFO] [stdout] test errors::tests::check_errno_in_vain ... ok
[INFO] [stdout] test errors::tests::check_errno_normal ... ok
[INFO] [stdout] test errors::tests::int_normal_err_with_errno ... ok
[INFO] [stdout] test errors::tests::int_normal_err_wo_errno ... ok
[INFO] [stdout] test errors::tests::bool_general ... ok
[INFO] [stdout] test errors::tests::int_raw_with_errno ... ok
[INFO] [stdout] test errors::tests::int_raw_wo_errno ... ok
[INFO] [stdout] test errors::tests::parameter_error_from ... ok
[INFO] [stdout] test errors::tests::ptr_fail_with_errno ... ok
[INFO] [stdout] test errors::tests::ptr_fail_wo_errno ... ok
[INFO] [stdout] test ffi::int::tests::constants ... ok
[INFO] [stdout] test errors::tests::ptr_success ... ok
[INFO] [stdout] test errors::tests::int_normal_general ... ok
[INFO] [stdout] test ffi::int::tests::from_str_radix ... ok
[INFO] [stdout] test ffi::int::tests::from_str ... ok
[INFO] [stdout] test ffi::int::tests::int_range ... ok
[INFO] [stdout] test ffi::int::tests::int_range_with_step ... ok
[INFO] [stdout] test cpu::cache::tests::stats ... ok
[INFO] [stdout] test cpu::cpuset::tests::cpuset_from_nodeset ... ok
[INFO] [stdout] test cpu::cpuset::tests::coarsest_cpuset_partition ... ok
[INFO] [stdout] test cpu::cpuset::tests::check_objects_inside_cpuset_at_hwloc_depth ... ok
[INFO] [stdout] test cpu::cpuset::tests::first_cache_covering_cpuset ... ok
[INFO] [stdout] test ffi::int::tests::unary_usize ... ok
[INFO] [stdout] test cpu::cpuset::tests::smallest_object_covering_cpuset ... ok
[INFO] [stdout] test cpu::cpuset::tests::object_index_inside_cpuset ... ok
[INFO] [stdout] test cpu::cpuset::tests::check_objects_inside_cpuset_at_normal_depth ... ok
[INFO] [stdout] test cpu::cpuset::tests::objects_covering_cpuset_with_type ... ok
[INFO] [stdout] test ffi::string::tests::unary ... ok
[INFO] [stdout] test ffi::string::tests::binary ... ok
[INFO] [stdout] test ffi::tests::deref_ptr_like ... ok
[INFO] [stdout] test ffi::tests::deref_str ... ok
[INFO] [stdout] test ffi::transparent::tests::transparent_newtype ... ok
[INFO] [stdout] test interop::linux::tests::read_path_as_cpumask ... ok
[INFO] [stdout] test ffi::tests::snprintf_wrappers ... ok
[INFO] [stdout] test memory::nodeset::bitmap_newtype::tests::from_idx ... ok
[INFO] [stdout] test cpu::cpuset::tests::largest_objects_inside_cpuset ... ok
[INFO] [stdout] test info::tests::binary ... ok
[INFO] [stdout] test ffi::int::tests::reductions ... ok
[INFO] [stdout] test memory::nodeset::bitmap_newtype::tests::from_range ... ok
[INFO] [stdout] test memory::nodeset::bitmap_newtype::tests::nullary ... ok
[INFO] [stdout] test info::tests::unary ... ok
[INFO] [stdout] test cpu::cpuset::tests::check_objects_inside_cpuset_at_usize_depth ... ok
[INFO] [stdout] test memory::nodeset::bitmap_newtype::tests::from_iterator ... ok
[INFO] [stdout] test memory::nodeset::bitmap_newtype::tests::static_checks ... ok
[INFO] [stdout] test memory::nodeset::bitmap_newtype::tests::static_checks_newtype ... ok
[INFO] [stdout] test memory::nodeset::bitmap_newtype::tests::op_idx ... ok
[INFO] [stdout] test ffi::int::tests::pow_shift_rotate ... ok
[INFO] [stdout] test object::attributes::bridge::tests::valid_bridge_pair ... ok
[INFO] [stdout] test object::attributes::bridge::tests::valid_bridge_pci ... ok
[INFO] [stdout] test object::attributes::bridge::tests::unary_bridge ... ok
[INFO] [stdout] test object::attributes::cache::tests::binary_cache_associativity ... ok
[INFO] [stdout] test memory::nodeset::bitmap_newtype::tests::op_iterator ... ok
[INFO] [stdout] test object::attributes::cache::tests::valid_cache_pair ... ok
[INFO] [stdout] test object::attributes::group::tests::default ... ok
[INFO] [stdout] test object::attributes::group::tests::unary_group ... ok
[INFO] [stdout] test memory::nodeset::bitmap_newtype::tests::op_range ... ok
[INFO] [stdout] test object::attributes::group::tests::valid_group_pair ... ok
[INFO] [stdout] test memory::nodeset::bitmap_newtype::tests::binary ... ok
[INFO] [stdout] test object::attributes::numa::tests::default ... ok
[INFO] [stdout] test object::attributes::cache::tests::unary_cache ... ok
[INFO] [stdout] test memory::nodeset::bitmap_newtype::tests::to_from_bitmap ... ok
[INFO] [stdout] test object::attributes::pci::tests::default ... ok
[INFO] [stdout] test object::attributes::pci::tests::unary_pci ... ok
[INFO] [stdout] test object::attributes::tests::unary_nonexistent ... ok
[INFO] [stdout] test object::attributes::numa::tests::valid_numa_pair ... ok
[INFO] [stdout] test object::attributes::pci::tests::valid_pci_pair ... ok
[INFO] [stdout] test object::attributes::osdev::tests::unary_osdev ... ok
[INFO] [stdout] test object::depth::tests::eq_int ... ok
[INFO] [stdout] test object::attributes::tests::unary_valid ... ok
[INFO] [stdout] test object::depth::tests::from_normal ... ok
[INFO] [stdout] test object::depth::tests::special_values ... ok
[INFO] [stdout] test object::depth::tests::from_usize ... ok
[INFO] [stdout] test object::hierarchy::tests::depth_for_type ... ok
[INFO] [stdout] test memory::nodeset::tests::nodeset_from_cpuset ... ok
[INFO] [stdout] test object::hierarchy::tests::memory_parents_depth ... ok
[INFO] [stdout] test object::depth::tests::from_raw ... ok
[INFO] [stdout] test object::hierarchy::tests::numa_nodes ... ok
[INFO] [stdout] test object::hierarchy::tests::objects_with_type ... ok
[INFO] [stdout] test object::depth::tests::unary ... ok
[INFO] [stdout] test bitmap::tests::arbitrary ... ok
[INFO] [stdout] test object::hierarchy::tests::operations_at_any_hwloc_depth ... ok
[INFO] [stdout] test object::hierarchy::tests::processing_units ... ok
[INFO] [stdout] test object::hierarchy::tests::root_object ... ok
[INFO] [stdout] test object::hierarchy::tests::topology_depth ... ok
[INFO] [stdout] test object::depth::tests::eq_usize ... ok
[INFO] [stdout] test object::search::io::tests::io_object_lists ... ok
[INFO] [stdout] test object::lists::tests::object_lists ... ok
[INFO] [stdout] test object::hierarchy::tests::depth_for_cache ... ok
[INFO] [stdout] test object::hierarchy::tests::operations_at_any_normal_depth ... ok
[INFO] [stdout] test object::hierarchy::tests::operations_at_any_usize_depth ... ok
[INFO] [stdout] test object::search::io::tests::pci_device_by_bus_id ... ok
[INFO] [stdout] test object::search::io::tests::pci_device_by_bus_id_string ... ok
[INFO] [stdout] test ffi::transparent::tests::bad_transparent_newtype_size - should panic ... ok
[INFO] [stdout] test ffi::transparent::tests::bad_transparent_newtype_alignment - should panic ... ok
[INFO] [stdout] test object::tests::ancestor_at_usize_depth ... ok
[INFO] [stdout] test object::tests::check_all_objects ... ok
[INFO] [stdout] test object::search::tests::valid_pu_with_os_index ... ok
[INFO] [stdout] test object::search::tests::valid_node_with_os_index ... ok
[INFO] [stdout] test object::tests::ancestor_at_normal_depth ... ok
[INFO] [stdout] test object::tests::ancestor_at_hwloc_depth ... ok
[INFO] [stdout] test object::tests::first_common_ancestor ... ok
[INFO] [stdout] test object::tests::is_bridge_covering_pci_bus ... ok
[INFO] [stdout] test object::search::tests::objects_closest_to ... ok
[INFO] [stdout] test object::tests::info ... ok
[INFO] [stdout] test object::search::tests::object_by_type_index_path ... ok
[INFO] [stdout] test object::tests::is_symmetric_subtree ... ok
[INFO] [stdout] test object::tests::total_memory ... ok
[INFO] [stdout] test object::types::tests::arbitrary_bridge_type ... ok
[INFO] [stdout] test object::types::tests::arbitrary_cache_type ... ok
[INFO] [stdout] test object::types::tests::arbitrary_os_device_type ... ok
[INFO] [stdout] test object::types::tests::binary_type ... ok
[INFO] [stdout] test object::types::tests::unary_type ... ok
[INFO] [stdout] test object::types::tests::type_order_matches_depth_order ... ok
[INFO] [stdout] test cpu::cpuset::bitmap_newtype::tests::unary ... ok
[INFO] [stdout] test tests::get_api_version ... ok
[INFO] [stdout] test object::search::tests::nodes_from_nodeset ... ok
[INFO] [stdout] test object::attributes::numa::tests::unary_numa ... ok
[INFO] [stdout] test object::search::tests::pus_from_cpuset ... ok
[INFO] [stdout] test object::tests::covers_cpuset ... ok
[INFO] [stdout] test object::tests::is_inside_cpuset ... ok
[INFO] [stdout] test path::tests::make_hwloc_path ... ok
[INFO] [stdout] test object::tests::normal_child_covering_cpuset ... ok
[INFO] [stdout] test topology::support::tests::basics ... ok
[INFO] [stdout] test topology::support::tests::linux ... ok
[INFO] [stdout] test ffi::int::tests::unary_int ... ok
[INFO] [stdout] test topology::tests::clone ... ok
[INFO] [stdout] test topology::tests::debug_and_self_eq ... ok
[INFO] [stdout] test topology::tests::default_distribute_flags ... ok
[INFO] [stdout] test topology::support::tests::random ... ok
[INFO] [stdout] test memory::nodeset::bitmap_newtype::tests::unary ... ok
[INFO] [stdout] test topology::builder::tests::with_cpu_cache_type_filter ... FAILED
[INFO] [stdout] test topology::tests::distribute_nowhere ... ok
[INFO] [stdout] test topology::tests::distribute_correct ... ok
[INFO] [stdout] test topology::tests::distribute_nothing ... ok
[INFO] [stdout] test ffi::int::tests::int_int ... ok
[INFO] [stdout] test topology::builder::tests::default ... ok
[INFO] [stdout] test topology::builder::tests::with_cpu_icache_type_filter ... FAILED
[INFO] [stdout] test ffi::int::tests::int_isize ... ok
[INFO] [stdout] test topology::tests::distribute_items ... ok
[INFO] [stdout] test topology::tests::distribute_overlapping ... ok
[INFO] [stdout] test ffi::int::tests::int_usize ... ok
[INFO] [stdout] test topology::builder::tests::from_synthetic ... ok
[INFO] [stdout] test topology::builder::tests::from_pid ... ok
[INFO] [stdout] test topology::builder::tests::with_flags ... ok
[INFO] [stdout] test topology::builder::tests::with_type_filter ... ok
[INFO] [stdout] test topology::builder::tests::with_io_type_filter ... ok
[INFO] [stdout] test topology::builder::tests::with_common_type_filter ... ok
[INFO] [stdout] test topology::builder::tests::from_xml ... ok
[INFO] [stdout] 
[INFO] [stdout] failures:
[INFO] [stdout] 
[INFO] [stdout] ---- topology::builder::tests::with_cpu_cache_type_filter stdout ----
[INFO] [stdout] proptest: failed to append to /opt/rustwide/workdir/proptest-regressions/topology/builder.txt: Read-only file system (os error 30)
[INFO] [stdout] thread 'topology::builder::tests::with_cpu_cache_type_filter' panicked at src/topology/builder.rs:1303:5:
[INFO] [stdout] Test failed: assertion failed: `(left == right)` 
[INFO] [stdout]   left: `Ok(KeepNone)`, 
[INFO] [stdout]  right: `Ok(KeepStructure)`: Unexpected filtering for objects of type L3ICache at src/topology/builder.rs:1169.
[INFO] [stdout] minimal failing input: builder = TopologyBuilder(
[INFO] [stdout]     0x000072eca40017e0,
[INFO] [stdout] ), filter = KeepStructure
[INFO] [stdout] 	successes: 0
[INFO] [stdout] 	local rejects: 0
[INFO] [stdout] 	global rejects: 0
[INFO] [stdout] 
[INFO] [stdout] stack backtrace:
[INFO] [stdout]    0:     0x5fd3087fd97a - std::backtrace_rs::backtrace::libunwind::trace::h207520d6e9873551
[INFO] [stdout]                                at /rustc/df4ca44d3fbc9301ee17f30f4d474e6ae4b05252/library/std/src/../../backtrace/src/backtrace/libunwind.rs:116:5
[INFO] [stdout]    1:     0x5fd3087fd97a - std::backtrace_rs::backtrace::trace_unsynchronized::h2ed7433f370e3eca
[INFO] [stdout]                                at /rustc/df4ca44d3fbc9301ee17f30f4d474e6ae4b05252/library/std/src/../../backtrace/src/backtrace/mod.rs:66:5
[INFO] [stdout]    2:     0x5fd3087fd97a - std::sys::backtrace::_print_fmt::h916fac51166b18d7
[INFO] [stdout]                                at /rustc/df4ca44d3fbc9301ee17f30f4d474e6ae4b05252/library/std/src/sys/backtrace.rs:66:9
[INFO] [stdout]    3:     0x5fd3087fd97a - <std::sys::backtrace::BacktraceLock::print::DisplayBacktrace as core::fmt::Display>::fmt::ha0a4c9b8ce3802e6
[INFO] [stdout]                                at /rustc/df4ca44d3fbc9301ee17f30f4d474e6ae4b05252/library/std/src/sys/backtrace.rs:39:26
[INFO] [stdout]    4:     0x5fd308825fc3 - core::fmt::rt::Argument::fmt::h4cfc8587d52b3eb5
[INFO] [stdout]                                at /rustc/df4ca44d3fbc9301ee17f30f4d474e6ae4b05252/library/core/src/fmt/rt.rs:177:76
[INFO] [stdout]    5:     0x5fd308825fc3 - core::fmt::write::h522cc39e5b36ae9f
[INFO] [stdout]                                at /rustc/df4ca44d3fbc9301ee17f30f4d474e6ae4b05252/library/core/src/fmt/mod.rs:1190:21
[INFO] [stdout]    6:     0x5fd3087fa2c3 - std::io::Write::write_fmt::h7d3c26752da97734
[INFO] [stdout]                                at /rustc/df4ca44d3fbc9301ee17f30f4d474e6ae4b05252/library/std/src/io/mod.rs:1839:15
[INFO] [stdout]    7:     0x5fd3087fd7c2 - std::sys::backtrace::BacktraceLock::print::h4b9e00b29e9c0942
[INFO] [stdout]                                at /rustc/df4ca44d3fbc9301ee17f30f4d474e6ae4b05252/library/std/src/sys/backtrace.rs:42:9
[INFO] [stdout]    8:     0x5fd3087fee0a - std::panicking::default_hook::{{closure}}::hb59b88280d0324d9
[INFO] [stdout]                                at /rustc/df4ca44d3fbc9301ee17f30f4d474e6ae4b05252/library/std/src/panicking.rs:268:22
[INFO] [stdout]    9:     0x5fd3087fec14 - std::panicking::default_hook::he1dd496665be4a29
[INFO] [stdout]                                at /rustc/df4ca44d3fbc9301ee17f30f4d474e6ae4b05252/library/std/src/panicking.rs:292:9
[INFO] [stdout]   10:     0x5fd3086a4109 - <alloc::boxed::Box<F,A> as core::ops::function::Fn<Args>>::call::h4ff71de18744e1dc
[INFO] [stdout]                                at /rustc/df4ca44d3fbc9301ee17f30f4d474e6ae4b05252/library/alloc/src/boxed.rs:2468:9
[INFO] [stdout]   11:     0x5fd3086a4109 - test::test_main::{{closure}}::hcf7c055ce117aa81
[INFO] [stdout]                                at /rustc/df4ca44d3fbc9301ee17f30f4d474e6ae4b05252/library/test/src/lib.rs:133:21
[INFO] [stdout]   12:     0x5fd308629393 - <alloc::boxed::Box<F,A> as core::ops::function::Fn<Args>>::call::hf6c332eebd32168d
[INFO] [stdout]                                at /rustc/df4ca44d3fbc9301ee17f30f4d474e6ae4b05252/library/alloc/src/boxed.rs:2468:9
[INFO] [stdout]   13:     0x5fd308480987 - hwlocality::tests::SilentPanicGuard::hook::hb72fe5bf96cfbcdd
[INFO] [stdout]                                at /opt/rustwide/workdir/src/lib.rs:492:17
[INFO] [stdout]   14:     0x5fd3082c9938 - core::ops::function::Fn::call::h8a54cc0f0adf12b2
[INFO] [stdout]                                at /rustc/df4ca44d3fbc9301ee17f30f4d474e6ae4b05252/library/core/src/ops/function.rs:79:5
[INFO] [stdout]   15:     0x5fd3087ff508 - <alloc::boxed::Box<F,A> as core::ops::function::Fn<Args>>::call::h1d66c6bbd60c9692
[INFO] [stdout]                                at /rustc/df4ca44d3fbc9301ee17f30f4d474e6ae4b05252/library/alloc/src/boxed.rs:2468:9
[INFO] [stdout]   16:     0x5fd3087ff508 - std::panicking::rust_panic_with_hook::h2ff17fe8f26dfcf8
[INFO] [stdout]                                at /rustc/df4ca44d3fbc9301ee17f30f4d474e6ae4b05252/library/std/src/panicking.rs:809:13
[INFO] [stdout]   17:     0x5fd3087ff2ca - std::panicking::begin_panic_handler::{{closure}}::h4fad77951c07e101
[INFO] [stdout]                                at /rustc/df4ca44d3fbc9301ee17f30f4d474e6ae4b05252/library/std/src/panicking.rs:674:13
[INFO] [stdout]   18:     0x5fd3087fde59 - std::sys::backtrace::__rust_end_short_backtrace::hb1a25b3da5d0ea08
[INFO] [stdout]                                at /rustc/df4ca44d3fbc9301ee17f30f4d474e6ae4b05252/library/std/src/sys/backtrace.rs:170:18
[INFO] [stdout]   19:     0x5fd3087fef5c - rust_begin_unwind
[INFO] [stdout]                                at /rustc/df4ca44d3fbc9301ee17f30f4d474e6ae4b05252/library/std/src/panicking.rs:665:5
[INFO] [stdout]   20:     0x5fd308823710 - core::panicking::panic_fmt::ha9db07b529f9b256
[INFO] [stdout]                                at /rustc/df4ca44d3fbc9301ee17f30f4d474e6ae4b05252/library/core/src/panicking.rs:75:14
[INFO] [stdout]   21:     0x5fd3086668f6 - hwlocality::topology::builder::tests::with_cpu_cache_type_filter::ha8625a93e1169d66
[INFO] [stdout]                                at /opt/rustwide/cargo-home/registry/src/index.crates.io-6f17d22bba15001f/proptest-1.5.0/src/sugar.rs:178:17
[INFO] [stdout]   22:     0x5fd3086663e7 - hwlocality::topology::builder::tests::with_cpu_cache_type_filter::{{closure}}::h34f05192f4c04aa1
[INFO] [stdout]                                at /opt/rustwide/cargo-home/registry/src/index.crates.io-6f17d22bba15001f/proptest-1.5.0/src/sugar.rs:174:28
[INFO] [stdout]   23:     0x5fd3082cd1a6 - core::ops::function::FnOnce::call_once::h26a654ddca281852
[INFO] [stdout]                                at /rustc/df4ca44d3fbc9301ee17f30f4d474e6ae4b05252/library/core/src/ops/function.rs:250:5
[INFO] [stdout]   24:     0x5fd3086a89db - core::ops::function::FnOnce::call_once::h22c3ba5715e93f05
[INFO] [stdout]                                at /rustc/df4ca44d3fbc9301ee17f30f4d474e6ae4b05252/library/core/src/ops/function.rs:250:5
[INFO] [stdout]   25:     0x5fd3086a89db - test::__rust_begin_short_backtrace::h8e82d8113d0da17f
[INFO] [stdout]                                at /rustc/df4ca44d3fbc9301ee17f30f4d474e6ae4b05252/library/test/src/lib.rs:621:18
[INFO] [stdout]   26:     0x5fd3086a8357 - test::run_test_in_process::{{closure}}::h33235f4f20b7b7c7
[INFO] [stdout]                                at /rustc/df4ca44d3fbc9301ee17f30f4d474e6ae4b05252/library/test/src/lib.rs:644:60
[INFO] [stdout]   27:     0x5fd3086a8357 - <core::panic::unwind_safe::AssertUnwindSafe<F> as core::ops::function::FnOnce<()>>::call_once::hb5043206310c586f
[INFO] [stdout]                                at /rustc/df4ca44d3fbc9301ee17f30f4d474e6ae4b05252/library/core/src/panic/unwind_safe.rs:272:9
[INFO] [stdout]   28:     0x5fd3086a8357 - std::panicking::try::do_call::h9ad4731a60ab23e2
[INFO] [stdout]                                at /rustc/df4ca44d3fbc9301ee17f30f4d474e6ae4b05252/library/std/src/panicking.rs:557:40
[INFO] [stdout]   29:     0x5fd3086a8357 - std::panicking::try::h3824d23db772a716
[INFO] [stdout]                                at /rustc/df4ca44d3fbc9301ee17f30f4d474e6ae4b05252/library/std/src/panicking.rs:520:19
[INFO] [stdout]   30:     0x5fd3086a8357 - std::panic::catch_unwind::h5afd514605fde46b
[INFO] [stdout]                                at /rustc/df4ca44d3fbc9301ee17f30f4d474e6ae4b05252/library/std/src/panic.rs:358:14
[INFO] [stdout]   31:     0x5fd3086a8357 - test::run_test_in_process::h0d5cbfa7067d1720
[INFO] [stdout]                                at /rustc/df4ca44d3fbc9301ee17f30f4d474e6ae4b05252/library/test/src/lib.rs:644:27
[INFO] [stdout]   32:     0x5fd3086a8357 - test::run_test::{{closure}}::h708eb8872708115d
[INFO] [stdout]                                at /rustc/df4ca44d3fbc9301ee17f30f4d474e6ae4b05252/library/test/src/lib.rs:565:43
[INFO] [stdout]   33:     0x5fd30866ba74 - test::run_test::{{closure}}::h392c51cee94713ab
[INFO] [stdout]                                at /rustc/df4ca44d3fbc9301ee17f30f4d474e6ae4b05252/library/test/src/lib.rs:595:41
[INFO] [stdout]   34:     0x5fd30866ba74 - std::sys::backtrace::__rust_begin_short_backtrace::h2f40290710935a8b
[INFO] [stdout]                                at /rustc/df4ca44d3fbc9301ee17f30f4d474e6ae4b05252/library/std/src/sys/backtrace.rs:154:18
[INFO] [stdout]   35:     0x5fd30866f21e - std::thread::Builder::spawn_unchecked_::{{closure}}::{{closure}}::h3fd968d89053a903
[INFO] [stdout]                                at /rustc/df4ca44d3fbc9301ee17f30f4d474e6ae4b05252/library/std/src/thread/mod.rs:541:17
[INFO] [stdout]   36:     0x5fd30866f21e - <core::panic::unwind_safe::AssertUnwindSafe<F> as core::ops::function::FnOnce<()>>::call_once::h743f637ba4229880
[INFO] [stdout]                                at /rustc/df4ca44d3fbc9301ee17f30f4d474e6ae4b05252/library/core/src/panic/unwind_safe.rs:272:9
[INFO] [stdout]   37:     0x5fd30866f21e - std::panicking::try::do_call::h07440897322525a6
[INFO] [stdout]                                at /rustc/df4ca44d3fbc9301ee17f30f4d474e6ae4b05252/library/std/src/panicking.rs:557:40
[INFO] [stdout]   38:     0x5fd30866f21e - std::panicking::try::he5a2e00188156637
[INFO] [stdout]                                at /rustc/df4ca44d3fbc9301ee17f30f4d474e6ae4b05252/library/std/src/panicking.rs:520:19
[INFO] [stdout]   39:     0x5fd30866f21e - std::panic::catch_unwind::hbaf3cae49b3c6433
[INFO] [stdout]                                at /rustc/df4ca44d3fbc9301ee17f30f4d474e6ae4b05252/library/std/src/panic.rs:358:14
[INFO] [stdout]   40:     0x5fd30866f21e - std::thread::Builder::spawn_unchecked_::{{closure}}::h8e141ea224820bce
[INFO] [stdout]                                at /rustc/df4ca44d3fbc9301ee17f30f4d474e6ae4b05252/library/std/src/thread/mod.rs:540:30
[INFO] [stdout]   41:     0x5fd30866f21e - core::ops::function::FnOnce::call_once{{vtable.shim}}::h90d312fedd7b8ea8
[INFO] [stdout]                                at /rustc/df4ca44d3fbc9301ee17f30f4d474e6ae4b05252/library/core/src/ops/function.rs:250:5
[INFO] [stdout]   42:     0x5fd3088034ab - <alloc::boxed::Box<F,A> as core::ops::function::FnOnce<Args>>::call_once::h69aa08ddb6adb8b6
[INFO] [stdout]                                at /rustc/df4ca44d3fbc9301ee17f30f4d474e6ae4b05252/library/alloc/src/boxed.rs:2454:9
[INFO] [stdout]   43:     0x5fd3088034ab - <alloc::boxed::Box<F,A> as core::ops::function::FnOnce<Args>>::call_once::h5aa36efdb79c806f
[INFO] [stdout]                                at /rustc/df4ca44d3fbc9301ee17f30f4d474e6ae4b05252/library/alloc/src/boxed.rs:2454:9
[INFO] [stdout]   44:     0x5fd3088034ab - std::sys::pal::unix::thread::Thread::new::thread_start::h6cd80a1b4be5158d
[INFO] [stdout]                                at /rustc/df4ca44d3fbc9301ee17f30f4d474e6ae4b05252/library/std/src/sys/pal/unix/thread.rs:105:17
[INFO] [stdout]   45:     0x72ecfe7abac3 - <unknown>
[INFO] [stdout]   46:     0x72ecfe83ca04 - clone
[INFO] [stdout]   47:                0x0 - <unknown>
[INFO] [stdout] 
[INFO] [stdout] ---- topology::builder::tests::with_cpu_icache_type_filter stdout ----
[INFO] [stdout] proptest: failed to append to /opt/rustwide/workdir/proptest-regressions/topology/builder.txt: Read-only file system (os error 30)
[INFO] [stdout] thread 'topology::builder::tests::with_cpu_icache_type_filter' panicked at src/topology/builder.rs:1303:5:
[INFO] [stdout] Test failed: assertion failed: `(left == right)` 
[INFO] [stdout]   left: `Ok(KeepNone)`, 
[INFO] [stdout]  right: `Ok(KeepStructure)`: Unexpected filtering for objects of type L3ICache at src/topology/builder.rs:1169.
[INFO] [stdout] minimal failing input: builder = TopologyBuilder(
[INFO] [stdout]     0x000072ecb4004b00,
[INFO] [stdout] ), filter = KeepStructure
[INFO] [stdout] 	successes: 1
[INFO] [stdout] 	local rejects: 0
[INFO] [stdout] 	global rejects: 0
[INFO] [stdout] 
[INFO] [stdout] stack backtrace:
[INFO] [stdout]    0:     0x5fd3087fd97a - std::backtrace_rs::backtrace::libunwind::trace::h207520d6e9873551
[INFO] [stdout]                                at /rustc/df4ca44d3fbc9301ee17f30f4d474e6ae4b05252/library/std/src/../../backtrace/src/backtrace/libunwind.rs:116:5
[INFO] [stdout]    1:     0x5fd3087fd97a - std::backtrace_rs::backtrace::trace_unsynchronized::h2ed7433f370e3eca
[INFO] [stdout]                                at /rustc/df4ca44d3fbc9301ee17f30f4d474e6ae4b05252/library/std/src/../../backtrace/src/backtrace/mod.rs:66:5
[INFO] [stdout]    2:     0x5fd3087fd97a - std::sys::backtrace::_print_fmt::h916fac51166b18d7
[INFO] [stdout]                                at /rustc/df4ca44d3fbc9301ee17f30f4d474e6ae4b05252/library/std/src/sys/backtrace.rs:66:9
[INFO] [stdout]    3:     0x5fd3087fd97a - <std::sys::backtrace::BacktraceLock::print::DisplayBacktrace as core::fmt::Display>::fmt::ha0a4c9b8ce3802e6
[INFO] [stdout]                                at /rustc/df4ca44d3fbc9301ee17f30f4d474e6ae4b05252/library/std/src/sys/backtrace.rs:39:26
[INFO] [stdout]    4:     0x5fd308825fc3 - core::fmt::rt::Argument::fmt::h4cfc8587d52b3eb5
[INFO] [stdout]                                at /rustc/df4ca44d3fbc9301ee17f30f4d474e6ae4b05252/library/core/src/fmt/rt.rs:177:76
[INFO] [stdout]    5:     0x5fd308825fc3 - core::fmt::write::h522cc39e5b36ae9f
[INFO] [stdout]                                at /rustc/df4ca44d3fbc9301ee17f30f4d474e6ae4b05252/library/core/src/fmt/mod.rs:1190:21
[INFO] [stdout]    6:     0x5fd3087fa2c3 - std::io::Write::write_fmt::h7d3c26752da97734
[INFO] [stdout]                                at /rustc/df4ca44d3fbc9301ee17f30f4d474e6ae4b05252/library/std/src/io/mod.rs:1839:15
[INFO] [stdout]    7:     0x5fd3087fd7c2 - std::sys::backtrace::BacktraceLock::print::h4b9e00b29e9c0942
[INFO] [stdout]                                at /rustc/df4ca44d3fbc9301ee17f30f4d474e6ae4b05252/library/std/src/sys/backtrace.rs:42:9
[INFO] [stdout]    8:     0x5fd3087fee0a - std::panicking::default_hook::{{closure}}::hb59b88280d0324d9
[INFO] [stdout]                                at /rustc/df4ca44d3fbc9301ee17f30f4d474e6ae4b05252/library/std/src/panicking.rs:268:22
[INFO] [stdout]    9:     0x5fd3087fec14 - std::panicking::default_hook::he1dd496665be4a29
[INFO] [stdout]                                at /rustc/df4ca44d3fbc9301ee17f30f4d474e6ae4b05252/library/std/src/panicking.rs:292:9
[INFO] [stdout]   10:     0x5fd3086a4109 - <alloc::boxed::Box<F,A> as core::ops::function::Fn<Args>>::call::h4ff71de18744e1dc
[INFO] [stdout]                                at /rustc/df4ca44d3fbc9301ee17f30f4d474e6ae4b05252/library/alloc/src/boxed.rs:2468:9
[INFO] [stdout]   11:     0x5fd3086a4109 - test::test_main::{{closure}}::hcf7c055ce117aa81
[INFO] [stdout]                                at /rustc/df4ca44d3fbc9301ee17f30f4d474e6ae4b05252/library/test/src/lib.rs:133:21
[INFO] [stdout]   12:     0x5fd308629393 - <alloc::boxed::Box<F,A> as core::ops::function::Fn<Args>>::call::hf6c332eebd32168d
[INFO] [stdout]                                at /rustc/df4ca44d3fbc9301ee17f30f4d474e6ae4b05252/library/alloc/src/boxed.rs:2468:9
[INFO] [stdout]   13:     0x5fd308480987 - hwlocality::tests::SilentPanicGuard::hook::hb72fe5bf96cfbcdd
[INFO] [stdout]                                at /opt/rustwide/workdir/src/lib.rs:492:17
[INFO] [stdout]   14:     0x5fd3082c9938 - core::ops::function::Fn::call::h8a54cc0f0adf12b2
[INFO] [stdout]                                at /rustc/df4ca44d3fbc9301ee17f30f4d474e6ae4b05252/library/core/src/ops/function.rs:79:5
[INFO] [stdout]   15:     0x5fd3087ff508 - <alloc::boxed::Box<F,A> as core::ops::function::Fn<Args>>::call::h1d66c6bbd60c9692
[INFO] [stdout]                                at /rustc/df4ca44d3fbc9301ee17f30f4d474e6ae4b05252/library/alloc/src/boxed.rs:2468:9
[INFO] [stdout]   16:     0x5fd3087ff508 - std::panicking::rust_panic_with_hook::h2ff17fe8f26dfcf8
[INFO] [stdout]                                at /rustc/df4ca44d3fbc9301ee17f30f4d474e6ae4b05252/library/std/src/panicking.rs:809:13
[INFO] [stdout]   17:     0x5fd3087ff2ca - std::panicking::begin_panic_handler::{{closure}}::h4fad77951c07e101
[INFO] [stdout]                                at /rustc/df4ca44d3fbc9301ee17f30f4d474e6ae4b05252/library/std/src/panicking.rs:674:13
[INFO] [stdout]   18:     0x5fd3087fde59 - std::sys::backtrace::__rust_end_short_backtrace::hb1a25b3da5d0ea08
[INFO] [stdout]                                at /rustc/df4ca44d3fbc9301ee17f30f4d474e6ae4b05252/library/std/src/sys/backtrace.rs:170:18
[INFO] [stdout]   19:     0x5fd3087fef5c - rust_begin_unwind
[INFO] [stdout]                                at /rustc/df4ca44d3fbc9301ee17f30f4d474e6ae4b05252/library/std/src/panicking.rs:665:5
[INFO] [stdout]   20:     0x5fd308823710 - core::panicking::panic_fmt::ha9db07b529f9b256
[INFO] [stdout]                                at /rustc/df4ca44d3fbc9301ee17f30f4d474e6ae4b05252/library/core/src/panicking.rs:75:14
[INFO] [stdout]   21:     0x5fd3086672b6 - hwlocality::topology::builder::tests::with_cpu_icache_type_filter::hf23a5192af89decb
[INFO] [stdout]                                at /opt/rustwide/cargo-home/registry/src/index.crates.io-6f17d22bba15001f/proptest-1.5.0/src/sugar.rs:178:17
[INFO] [stdout]   22:     0x5fd308666da7 - hwlocality::topology::builder::tests::with_cpu_icache_type_filter::{{closure}}::h5311623af6420adb
[INFO] [stdout]                                at /opt/rustwide/cargo-home/registry/src/index.crates.io-6f17d22bba15001f/proptest-1.5.0/src/sugar.rs:174:28
[INFO] [stdout]   23:     0x5fd3082cd5f6 - core::ops::function::FnOnce::call_once::h30ed142073eee9f4
[INFO] [stdout]                                at /rustc/df4ca44d3fbc9301ee17f30f4d474e6ae4b05252/library/core/src/ops/function.rs:250:5
[INFO] [stdout]   24:     0x5fd3086a89db - core::ops::function::FnOnce::call_once::h22c3ba5715e93f05
[INFO] [stdout]                                at /rustc/df4ca44d3fbc9301ee17f30f4d474e6ae4b05252/library/core/src/ops/function.rs:250:5
[INFO] [stdout]   25:     0x5fd3086a89db - test::__rust_begin_short_backtrace::h8e82d8113d0da17f
[INFO] [stdout]                                at /rustc/df4ca44d3fbc9301ee17f30f4d474e6ae4b05252/library/test/src/lib.rs:621:18
[INFO] [stdout]   26:     0x5fd3086a8357 - test::run_test_in_process::{{closure}}::h33235f4f20b7b7c7
[INFO] [stdout]                                at /rustc/df4ca44d3fbc9301ee17f30f4d474e6ae4b05252/library/test/src/lib.rs:644:60
[INFO] [stdout]   27:     0x5fd3086a8357 - <core::panic::unwind_safe::AssertUnwindSafe<F> as core::ops::function::FnOnce<()>>::call_once::hb5043206310c586f
[INFO] [stdout]                                at /rustc/df4ca44d3fbc9301ee17f30f4d474e6ae4b05252/library/core/src/panic/unwind_safe.rs:272:9
[INFO] [stdout]   28:     0x5fd3086a8357 - std::panicking::try::do_call::h9ad4731a60ab23e2
[INFO] [stdout]                                at /rustc/df4ca44d3fbc9301ee17f30f4d474e6ae4b05252/library/std/src/panicking.rs:557:40
[INFO] [stdout]   29:     0x5fd3086a8357 - std::panicking::try::h3824d23db772a716
[INFO] [stdout]                                at /rustc/df4ca44d3fbc9301ee17f30f4d474e6ae4b05252/library/std/src/panicking.rs:520:19
[INFO] [stdout]   30:     0x5fd3086a8357 - std::panic::catch_unwind::h5afd514605fde46b
[INFO] [stdout]                                at /rustc/df4ca44d3fbc9301ee17f30f4d474e6ae4b05252/library/std/src/panic.rs:358:14
[INFO] [stdout]   31:     0x5fd3086a8357 - test::run_test_in_process::h0d5cbfa7067d1720
[INFO] [stdout]                                at /rustc/df4ca44d3fbc9301ee17f30f4d474e6ae4b05252/library/test/src/lib.rs:644:27
[INFO] [stdout]   32:     0x5fd3086a8357 - test::run_test::{{closure}}::h708eb8872708115d
[INFO] [stdout]                                at /rustc/df4ca44d3fbc9301ee17f30f4d474e6ae4b05252/library/test/src/lib.rs:565:43
[INFO] [stdout]   33:     0x5fd30866ba74 - test::run_test::{{closure}}::h392c51cee94713ab
[INFO] [stdout]                                at /rustc/df4ca44d3fbc9301ee17f30f4d474e6ae4b05252/library/test/src/lib.rs:595:41
[INFO] [stdout]   34:     0x5fd30866ba74 - std::sys::backtrace::__rust_begin_short_backtrace::h2f40290710935a8b
[INFO] [stdout]                                at /rustc/df4ca44d3fbc9301ee17f30f4d474e6ae4b05252/library/std/src/sys/backtrace.rs:154:18
[INFO] [stdout]   35:     0x5fd30866f21e - std::thread::Builder::spawn_unchecked_::{{closure}}::{{closure}}::h3fd968d89053a903
[INFO] [stdout]                                at /rustc/df4ca44d3fbc9301ee17f30f4d474e6ae4b05252/library/std/src/thread/mod.rs:541:17
[INFO] [stdout]   36:     0x5fd30866f21e - <core::panic::unwind_safe::AssertUnwindSafe<F> as core::ops::function::FnOnce<()>>::call_once::h743f637ba4229880
[INFO] [stdout]                                at /rustc/df4ca44d3fbc9301ee17f30f4d474e6ae4b05252/library/core/src/panic/unwind_safe.rs:272:9
[INFO] [stdout]   37:     0x5fd30866f21e - std::panicking::try::do_call::h07440897322525a6
[INFO] [stdout]                                at /rustc/df4ca44d3fbc9301ee17f30f4d474e6ae4b05252/library/std/src/panicking.rs:557:40
[INFO] [stdout]   38:     0x5fd30866f21e - std::panicking::try::he5a2e00188156637
[INFO] [stdout]                                at /rustc/df4ca44d3fbc9301ee17f30f4d474e6ae4b05252/library/std/src/panicking.rs:520:19
[INFO] [stdout]   39:     0x5fd30866f21e - std::panic::catch_unwind::hbaf3cae49b3c6433
[INFO] [stdout]                                at /rustc/df4ca44d3fbc9301ee17f30f4d474e6ae4b05252/library/std/src/panic.rs:358:14
[INFO] [stdout]   40:     0x5fd30866f21e - std::thread::Builder::spawn_unchecked_::{{closure}}::h8e141ea224820bce
[INFO] [stdout]                                at /rustc/df4ca44d3fbc9301ee17f30f4d474e6ae4b05252/library/std/src/thread/mod.rs:540:30
[INFO] [stdout]   41:     0x5fd30866f21e - core::ops::function::FnOnce::call_once{{vtable.shim}}::h90d312fedd7b8ea8
[INFO] [stdout]                                at /rustc/df4ca44d3fbc9301ee17f30f4d474e6ae4b05252/library/core/src/ops/function.rs:250:5
[INFO] [stdout]   42:     0x5fd3088034ab - <alloc::boxed::Box<F,A> as core::ops::function::FnOnce<Args>>::call_once::h69aa08ddb6adb8b6
[INFO] [stdout]                                at /rustc/df4ca44d3fbc9301ee17f30f4d474e6ae4b05252/library/alloc/src/boxed.rs:2454:9
[INFO] [stdout]   43:     0x5fd3088034ab - <alloc::boxed::Box<F,A> as core::ops::function::FnOnce<Args>>::call_once::h5aa36efdb79c806f
[INFO] [stdout]                                at /rustc/df4ca44d3fbc9301ee17f30f4d474e6ae4b05252/library/alloc/src/boxed.rs:2454:9
[INFO] [stdout]   44:     0x5fd3088034ab - std::sys::pal::unix::thread::Thread::new::thread_start::h6cd80a1b4be5158d
[INFO] [stdout]                                at /rustc/df4ca44d3fbc9301ee17f30f4d474e6ae4b05252/library/std/src/sys/pal/unix/thread.rs:105:17
[INFO] [stdout]   45:     0x72ecfe7abac3 - <unknown>
[INFO] [stdout]   46:     0x72ecfe83ca04 - clone
[INFO] [stdout]   47:                0x0 - <unknown>
[INFO] [stdout] 
[INFO] [stdout] 
[INFO] [stdout] failures:
[INFO] [stdout]     topology::builder::tests::with_cpu_cache_type_filter
[INFO] [stdout]     topology::builder::tests::with_cpu_icache_type_filter
[INFO] [stdout] 
[INFO] [stdout] test result: FAILED. 183 passed; 2 failed; 0 ignored; 0 measured; 0 filtered out; finished in 4.35s
[INFO] [stdout] 
[INFO] [stderr] error: test failed, to rerun pass `--lib`
[INFO] running `Command { std: "docker" "inspect" "eb8ce1846d4b87eff59c1e0ad7bc6934857a33113c07d0f752f5d0bdfcf20f93", kill_on_drop: false }`
[INFO] running `Command { std: "docker" "rm" "-f" "eb8ce1846d4b87eff59c1e0ad7bc6934857a33113c07d0f752f5d0bdfcf20f93", kill_on_drop: false }`
[INFO] [stdout] eb8ce1846d4b87eff59c1e0ad7bc6934857a33113c07d0f752f5d0bdfcf20f93
