[INFO] fetching crate hvm-core 0.3.0-hvm32.compat.4...
[INFO] testing hvm-core-0.3.0-hvm32.compat.4 against nightly-2024-10-28 for randomize-layout
[INFO] extracting crate hvm-core 0.3.0-hvm32.compat.4 into /workspace/builds/worker-7-tc1/source
[INFO] validating manifest of crates.io crate hvm-core 0.3.0-hvm32.compat.4 on toolchain nightly-2024-10-28
[INFO] running `Command { std: CARGO_HOME="/workspace/cargo-home" RUSTUP_HOME="/workspace/rustup-home" "/workspace/cargo-home/bin/cargo" "+nightly-2024-10-28" "metadata" "--manifest-path" "Cargo.toml" "--no-deps", kill_on_drop: false }`
[INFO] removed /workspace/builds/worker-7-tc1/source/rust-toolchain.toml
[INFO] started tweaking crates.io crate hvm-core 0.3.0-hvm32.compat.4
[INFO] finished tweaking crates.io crate hvm-core 0.3.0-hvm32.compat.4
[INFO] tweaked toml for crates.io crate hvm-core 0.3.0-hvm32.compat.4 written to /workspace/builds/worker-7-tc1/source/Cargo.toml
[INFO] crate crates.io crate hvm-core 0.3.0-hvm32.compat.4 already has a lockfile, it will not be regenerated
[INFO] running `Command { std: CARGO_HOME="/workspace/cargo-home" RUSTUP_HOME="/workspace/rustup-home" "/workspace/cargo-home/bin/cargo" "+nightly-2024-10-28" "fetch" "--manifest-path" "Cargo.toml", kill_on_drop: false }`
[INFO] [stderr]     Updating crates.io index
[INFO] [stderr]  Downloading crates ...
[INFO] [stderr]   Downloaded highlight_error v0.1.1
[INFO] [stderr]   Downloaded TSPL v0.0.9
[INFO] [stderr]   Downloaded sdd v0.2.0
[INFO] [stderr]   Downloaded scc v2.1.1
[INFO] running `Command { std: "docker" "create" "-v" "/var/lib/crater-agent-workspace/builds/worker-7-tc1/target:/opt/rustwide/target:rw,Z" "-v" "/var/lib/crater-agent-workspace/builds/worker-7-tc1/source:/opt/rustwide/workdir:ro,Z" "-v" "/var/lib/crater-agent-workspace/cargo-home:/opt/rustwide/cargo-home:ro,Z" "-v" "/var/lib/crater-agent-workspace/rustup-home:/opt/rustwide/rustup-home:ro,Z" "-e" "SOURCE_DIR=/opt/rustwide/workdir" "-e" "CARGO_TARGET_DIR=/opt/rustwide/target" "-e" "CARGO_HOME=/opt/rustwide/cargo-home" "-e" "RUSTUP_HOME=/opt/rustwide/rustup-home" "-w" "/opt/rustwide/workdir" "-m" "1610612736" "--user" "0:0" "--network" "none" "ghcr.io/rust-lang/crates-build-env/linux@sha256:4a844ea9eb2546a2d2c7022eacef16ef2e8229c7fbb2c7d4d55a9ceca922f72d" "/opt/rustwide/cargo-home/bin/cargo" "+nightly-2024-10-28" "metadata" "--no-deps" "--format-version=1", kill_on_drop: false }`
[INFO] [stdout] 9d442b204d600020d150da4b01e63638109659797bf27a6e132f801d6ee320c4
[INFO] running `Command { std: "docker" "start" "-a" "9d442b204d600020d150da4b01e63638109659797bf27a6e132f801d6ee320c4", kill_on_drop: false }`
[INFO] running `Command { std: "docker" "inspect" "9d442b204d600020d150da4b01e63638109659797bf27a6e132f801d6ee320c4", kill_on_drop: false }`
[INFO] running `Command { std: "docker" "rm" "-f" "9d442b204d600020d150da4b01e63638109659797bf27a6e132f801d6ee320c4", kill_on_drop: false }`
[INFO] [stdout] 9d442b204d600020d150da4b01e63638109659797bf27a6e132f801d6ee320c4
[INFO] running `Command { std: "docker" "create" "-v" "/var/lib/crater-agent-workspace/builds/worker-7-tc1/target:/opt/rustwide/target:rw,Z" "-v" "/var/lib/crater-agent-workspace/builds/worker-7-tc1/source:/opt/rustwide/workdir:ro,Z" "-v" "/var/lib/crater-agent-workspace/cargo-home:/opt/rustwide/cargo-home:ro,Z" "-v" "/var/lib/crater-agent-workspace/rustup-home:/opt/rustwide/rustup-home:ro,Z" "-e" "SOURCE_DIR=/opt/rustwide/workdir" "-e" "CARGO_TARGET_DIR=/opt/rustwide/target" "-e" "CARGO_INCREMENTAL=0" "-e" "RUST_BACKTRACE=full" "-e" "RUSTFLAGS=--cap-lints=forbid" "-e" "RUSTDOCFLAGS=--cap-lints=forbid" "-e" "CARGO_HOME=/opt/rustwide/cargo-home" "-e" "RUSTUP_HOME=/opt/rustwide/rustup-home" "-w" "/opt/rustwide/workdir" "-m" "1610612736" "--user" "0:0" "--network" "none" "ghcr.io/rust-lang/crates-build-env/linux@sha256:4a844ea9eb2546a2d2c7022eacef16ef2e8229c7fbb2c7d4d55a9ceca922f72d" "/opt/rustwide/cargo-home/bin/cargo" "+nightly-2024-10-28" "build" "--frozen" "--message-format=json", kill_on_drop: false }`
[INFO] [stdout] 744aa02571abbd1b41028b32d5a8321b29afc846f22e442dae91557f887cfd6a
[INFO] running `Command { std: "docker" "start" "-a" "744aa02571abbd1b41028b32d5a8321b29afc846f22e442dae91557f887cfd6a", kill_on_drop: false }`
[INFO] [stderr]    Compiling proc-macro2 v1.0.82
[INFO] [stderr]    Compiling unicode-ident v1.0.12
[INFO] [stderr]    Compiling cc v1.0.97
[INFO] [stderr]    Compiling libc v0.2.154
[INFO] [stderr]    Compiling autocfg v1.3.0
[INFO] [stderr]    Compiling utf8parse v0.2.1
[INFO] [stderr]    Compiling anstyle-query v1.0.3
[INFO] [stderr]    Compiling parking_lot_core v0.9.10
[INFO] [stderr]    Compiling is_terminal_polyfill v1.70.0
[INFO] [stderr]    Compiling colorchoice v1.0.1
[INFO] [stderr]    Compiling cfg-if v1.0.0
[INFO] [stderr]    Compiling anstyle v1.0.7
[INFO] [stderr]    Compiling strsim v0.11.1
[INFO] [stderr]    Compiling thiserror v1.0.60
[INFO] [stderr]    Compiling scopeguard v1.2.0
[INFO] [stderr]    Compiling heck v0.5.0
[INFO] [stderr]    Compiling clap_lex v0.7.0
[INFO] [stderr]    Compiling anstyle-parse v0.2.4
[INFO] [stderr]    Compiling smallvec v1.13.2
[INFO] [stderr]    Compiling highlight_error v0.1.1
[INFO] [stderr]    Compiling arrayvec v0.7.4
[INFO] [stderr]    Compiling nohash-hasher v0.2.0
[INFO] [stderr]    Compiling TSPL v0.0.9
[INFO] [stderr]    Compiling anstream v0.6.14
[INFO] [stderr]    Compiling lock_api v0.4.12
[INFO] [stderr]    Compiling clap_builder v4.5.2
[INFO] [stderr]    Compiling quote v1.0.36
[INFO] [stderr]    Compiling syn v2.0.63
[INFO] [stderr]    Compiling parking_lot v0.12.2
[INFO] [stderr]    Compiling psm v0.1.21
[INFO] [stderr]    Compiling stacker v0.1.15
[INFO] [stderr]    Compiling clap_derive v4.5.4
[INFO] [stderr]    Compiling thiserror-impl v1.0.60
[INFO] [stderr]    Compiling clap v4.5.4
[INFO] [stderr]    Compiling hvm-core v0.3.0-hvm32.compat.4 (/opt/rustwide/workdir)
[INFO] [stdout] warning: the feature `inline_const` has been stable since 1.79.0 and no longer requires an attribute to enable
[INFO] [stdout]  --> src/lib.rs:1:41
[INFO] [stdout]   |
[INFO] [stdout] 1 | #![feature(const_type_id, extern_types, inline_const, generic_const_exprs, new_uninit)]
[INFO] [stdout]   |                                         ^^^^^^^^^^^^
[INFO] [stdout]   |
[INFO] [stdout]   = note: `#[warn(stable_features)]` on by default
[INFO] [stdout] 
[INFO] [stdout] 
[INFO] [stdout] warning: the feature `new_uninit` has been stable since 1.82.0 and no longer requires an attribute to enable
[INFO] [stdout]  --> src/lib.rs:1:76
[INFO] [stdout]   |
[INFO] [stdout] 1 | #![feature(const_type_id, extern_types, inline_const, generic_const_exprs, new_uninit)]
[INFO] [stdout]   |                                                                            ^^^^^^^^^^
[INFO] [stdout] 
[INFO] [stdout] 
[INFO] [stdout] warning: unused variable: `host`
[INFO] [stdout]   --> src/compile.rs:14:21
[INFO] [stdout]    |
[INFO] [stdout] 14 | pub fn compile_host(host: &Host) -> String {
[INFO] [stdout]    |                     ^^^^ help: if this is intentional, prefix it with an underscore: `_host`
[INFO] [stdout]    |
[INFO] [stdout]    = note: `#[warn(unused_variables)]` on by default
[INFO] [stdout] 
[INFO] [stdout] 
[INFO] [stdout] warning: unused variable: `a`
[INFO] [stdout]  --> src/run/interact.rs:6:30
[INFO] [stdout]   |
[INFO] [stdout] 6 |   pub fn interact(&mut self, a: Port, b: Port) {
[INFO] [stdout]   |                              ^ help: if this is intentional, prefix it with an underscore: `_a`
[INFO] [stdout] 
[INFO] [stdout] 
[INFO] [stdout] warning: unused variable: `b`
[INFO] [stdout]  --> src/run/interact.rs:6:39
[INFO] [stdout]   |
[INFO] [stdout] 6 |   pub fn interact(&mut self, a: Port, b: Port) {
[INFO] [stdout]   |                                       ^ help: if this is intentional, prefix it with an underscore: `_b`
[INFO] [stdout] 
[INFO] [stdout] 
[INFO] [stdout] warning: function `compile_def` is never used
[INFO] [stdout]   --> src/compile.rs:57:4
[INFO] [stdout]    |
[INFO] [stdout] 57 | fn compile_def(code: &mut String, host: &Host, name: &str, instr: &[Instruction]) -> fmt::Result {
[INFO] [stdout]    |    ^^^^^^^^^^^
[INFO] [stdout]    |
[INFO] [stdout]    = note: `#[warn(dead_code)]` on by default
[INFO] [stdout] 
[INFO] [stdout] 
[INFO] [stdout] warning: function `compile_port` is never used
[INFO] [stdout]   --> src/compile.rs:92:4
[INFO] [stdout]    |
[INFO] [stdout] 92 | fn compile_port(host: &Host, port: &Port) -> String {
[INFO] [stdout]    |    ^^^^^^^^^^^^
[INFO] [stdout] 
[INFO] [stdout] 
[INFO] [stdout] warning: function `sanitize_name` is never used
[INFO] [stdout]    --> src/compile.rs:106:4
[INFO] [stdout]     |
[INFO] [stdout] 106 | fn sanitize_name(name: &str) -> String {
[INFO] [stdout]     |    ^^^^^^^^^^^^^
[INFO] [stdout] 
[INFO] [stdout] 
[INFO] [stdout] warning: function `compile_lab_set` is never used
[INFO] [stdout]    --> src/compile.rs:121:4
[INFO] [stdout]     |
[INFO] [stdout] 121 | fn compile_lab_set(labs: &LabSet) -> Result<String, fmt::Error> {
[INFO] [stdout]     |    ^^^^^^^^^^^^^^^
[INFO] [stdout] 
[INFO] [stdout] 
[INFO] [stdout] warning: trait `Num` is never used
[INFO] [stdout]  --> src/ops.rs:4:7
[INFO] [stdout]   |
[INFO] [stdout] 4 | trait Num: Eq + Ord + Sized {
[INFO] [stdout]   |       ^^^
[INFO] [stdout] 
[INFO] [stdout] 
[INFO] [stdout] warning: unused imports: `Stdio` and `path::Path`
[INFO] [stdout]   --> src/main.rs:16:3
[INFO] [stdout]    |
[INFO] [stdout] 16 |   path::Path,
[INFO] [stdout]    |   ^^^^^^^^^^
[INFO] [stdout] 17 |   process::{self, Stdio},
[INFO] [stdout]    |                   ^^^^^
[INFO] [stdout]    |
[INFO] [stdout]    = note: `#[warn(unused_imports)]` on by default
[INFO] [stdout] 
[INFO] [stdout] 
[INFO] [stderr]     Finished `dev` profile [unoptimized + debuginfo] target(s) in 6.76s
[INFO] running `Command { std: "docker" "inspect" "744aa02571abbd1b41028b32d5a8321b29afc846f22e442dae91557f887cfd6a", kill_on_drop: false }`
[INFO] running `Command { std: "docker" "rm" "-f" "744aa02571abbd1b41028b32d5a8321b29afc846f22e442dae91557f887cfd6a", kill_on_drop: false }`
[INFO] [stdout] 744aa02571abbd1b41028b32d5a8321b29afc846f22e442dae91557f887cfd6a
[INFO] running `Command { std: "docker" "create" "-v" "/var/lib/crater-agent-workspace/builds/worker-7-tc1/target:/opt/rustwide/target:rw,Z" "-v" "/var/lib/crater-agent-workspace/builds/worker-7-tc1/source:/opt/rustwide/workdir:ro,Z" "-v" "/var/lib/crater-agent-workspace/cargo-home:/opt/rustwide/cargo-home:ro,Z" "-v" "/var/lib/crater-agent-workspace/rustup-home:/opt/rustwide/rustup-home:ro,Z" "-e" "SOURCE_DIR=/opt/rustwide/workdir" "-e" "CARGO_TARGET_DIR=/opt/rustwide/target" "-e" "CARGO_INCREMENTAL=0" "-e" "RUST_BACKTRACE=full" "-e" "RUSTFLAGS=--cap-lints=forbid" "-e" "RUSTDOCFLAGS=--cap-lints=forbid" "-e" "CARGO_HOME=/opt/rustwide/cargo-home" "-e" "RUSTUP_HOME=/opt/rustwide/rustup-home" "-w" "/opt/rustwide/workdir" "-m" "1610612736" "--user" "0:0" "--network" "none" "ghcr.io/rust-lang/crates-build-env/linux@sha256:4a844ea9eb2546a2d2c7022eacef16ef2e8229c7fbb2c7d4d55a9ceca922f72d" "/opt/rustwide/cargo-home/bin/cargo" "+nightly-2024-10-28" "test" "--frozen" "--no-run" "--message-format=json", kill_on_drop: false }`
[INFO] [stdout] 1dd32710ceb5fae0182ad03baaf7201c252997b72ef881a9a2a128c9249cc677
[INFO] running `Command { std: "docker" "start" "-a" "1dd32710ceb5fae0182ad03baaf7201c252997b72ef881a9a2a128c9249cc677", kill_on_drop: false }`
[INFO] [stderr]    Compiling memchr v2.7.2
[INFO] [stderr]    Compiling slab v0.4.9
[INFO] [stderr]    Compiling futures-sink v0.3.30
[INFO] [stderr]    Compiling futures-core v0.3.30
[INFO] [stderr]    Compiling pin-utils v0.1.0
[INFO] [stderr]    Compiling futures-io v0.3.30
[INFO] [stderr]    Compiling pin-project-lite v0.2.14
[INFO] [stderr]    Compiling futures-task v0.3.30
[INFO] [stderr]    Compiling log v0.4.21
[INFO] [stderr]    Compiling regex-syntax v0.8.3
[INFO] [stderr]    Compiling lazy_static v1.4.0
[INFO] [stderr]    Compiling same-file v1.0.6
[INFO] [stderr]    Compiling sdd v0.2.0
[INFO] [stderr]    Compiling serial_test_derive v3.1.1
[INFO] [stderr]    Compiling similar v2.5.0
[INFO] [stderr]    Compiling linked-hash-map v0.5.6
[INFO] [stderr]    Compiling console v0.15.8
[INFO] [stderr]    Compiling once_cell v1.19.0
[INFO] [stdout] warning: the feature `inline_const` has been stable since 1.79.0 and no longer requires an attribute to enable
[INFO] [stdout]  --> src/lib.rs:1:41
[INFO] [stdout]   |
[INFO] [stdout] 1 | #![feature(const_type_id, extern_types, inline_const, generic_const_exprs, new_uninit)]
[INFO] [stdout]   |                                         ^^^^^^^^^^^^
[INFO] [stdout]   |
[INFO] [stdout]   = note: `#[warn(stable_features)]` on by default
[INFO] [stdout] 
[INFO] [stdout] 
[INFO] [stdout] warning: the feature `new_uninit` has been stable since 1.82.0 and no longer requires an attribute to enable
[INFO] [stdout]  --> src/lib.rs:1:76
[INFO] [stdout]   |
[INFO] [stdout] 1 | #![feature(const_type_id, extern_types, inline_const, generic_const_exprs, new_uninit)]
[INFO] [stdout]   |                                                                            ^^^^^^^^^^
[INFO] [stdout] 
[INFO] [stdout] 
[INFO] [stdout] warning: unused variable: `host`
[INFO] [stdout]   --> src/compile.rs:14:21
[INFO] [stdout]    |
[INFO] [stdout] 14 | pub fn compile_host(host: &Host) -> String {
[INFO] [stdout]    |                     ^^^^ help: if this is intentional, prefix it with an underscore: `_host`
[INFO] [stdout]    |
[INFO] [stdout]    = note: `#[warn(unused_variables)]` on by default
[INFO] [stdout] 
[INFO] [stdout] 
[INFO] [stdout] warning: unused variable: `a`
[INFO] [stdout]  --> src/run/interact.rs:6:30
[INFO] [stdout]   |
[INFO] [stdout] 6 |   pub fn interact(&mut self, a: Port, b: Port) {
[INFO] [stdout]   |                              ^ help: if this is intentional, prefix it with an underscore: `_a`
[INFO] [stdout] 
[INFO] [stdout] 
[INFO] [stdout] warning: unused variable: `b`
[INFO] [stdout]  --> src/run/interact.rs:6:39
[INFO] [stdout]   |
[INFO] [stdout] 6 |   pub fn interact(&mut self, a: Port, b: Port) {
[INFO] [stdout]   |                                       ^ help: if this is intentional, prefix it with an underscore: `_b`
[INFO] [stdout] 
[INFO] [stdout] 
[INFO] [stdout] warning: function `compile_def` is never used
[INFO] [stdout]   --> src/compile.rs:57:4
[INFO] [stdout]    |
[INFO] [stdout] 57 | fn compile_def(code: &mut String, host: &Host, name: &str, instr: &[Instruction]) -> fmt::Result {
[INFO] [stdout]    |    ^^^^^^^^^^^
[INFO] [stdout]    |
[INFO] [stdout]    = note: `#[warn(dead_code)]` on by default
[INFO] [stdout] 
[INFO] [stdout] 
[INFO] [stdout] warning: function `compile_port` is never used
[INFO] [stdout]   --> src/compile.rs:92:4
[INFO] [stdout]    |
[INFO] [stdout] 92 | fn compile_port(host: &Host, port: &Port) -> String {
[INFO] [stdout]    |    ^^^^^^^^^^^^
[INFO] [stdout] 
[INFO] [stdout] 
[INFO] [stdout] warning: function `sanitize_name` is never used
[INFO] [stdout]    --> src/compile.rs:106:4
[INFO] [stdout]     |
[INFO] [stdout] 106 | fn sanitize_name(name: &str) -> String {
[INFO] [stdout]     |    ^^^^^^^^^^^^^
[INFO] [stdout] 
[INFO] [stdout] 
[INFO] [stdout] warning: function `compile_lab_set` is never used
[INFO] [stdout]    --> src/compile.rs:121:4
[INFO] [stdout]     |
[INFO] [stdout] 121 | fn compile_lab_set(labs: &LabSet) -> Result<String, fmt::Error> {
[INFO] [stdout]     |    ^^^^^^^^^^^^^^^
[INFO] [stdout] 
[INFO] [stdout] 
[INFO] [stdout] warning: trait `Num` is never used
[INFO] [stdout]  --> src/ops.rs:4:7
[INFO] [stdout]   |
[INFO] [stdout] 4 | trait Num: Eq + Ord + Sized {
[INFO] [stdout]   |       ^^^
[INFO] [stdout] 
[INFO] [stdout] 
[INFO] [stdout] warning: unused imports: `Stdio` and `path::Path`
[INFO] [stdout]   --> src/main.rs:16:3
[INFO] [stdout]    |
[INFO] [stdout] 16 |   path::Path,
[INFO] [stdout]    |   ^^^^^^^^^^
[INFO] [stdout] 17 |   process::{self, Stdio},
[INFO] [stdout]    |                   ^^^^^
[INFO] [stdout]    |
[INFO] [stdout]    = note: `#[warn(unused_imports)]` on by default
[INFO] [stdout] 
[INFO] [stdout] 
[INFO] [stderr]    Compiling walkdir v2.5.0
[INFO] [stderr]    Compiling futures-channel v0.3.30
[INFO] [stderr]    Compiling scc v2.1.1
[INFO] [stderr]    Compiling futures-util v0.3.30
[INFO] [stderr]    Compiling aho-corasick v1.1.3
[INFO] [stderr]    Compiling bstr v1.9.1
[INFO] [stderr]    Compiling regex-automata v0.4.6
[INFO] [stderr]    Compiling futures-executor v0.3.30
[INFO] [stderr]    Compiling globset v0.4.14
[INFO] [stderr]    Compiling futures v0.3.30
[INFO] [stderr]    Compiling serial_test v3.1.1
[INFO] [stderr]    Compiling insta v1.39.0
[INFO] [stderr]    Compiling hvm-core v0.3.0-hvm32.compat.4 (/opt/rustwide/workdir)
[INFO] [stdout] warning: use of deprecated macro `assert_display_snapshot`: use assert_snapshot!() instead
[INFO] [stdout]   --> tests/transform.rs:51:3
[INFO] [stdout]    |
[INFO] [stdout] 51 |   assert_display_snapshot!(parse_and_reduce("((x y) (x y))"), @"(x x)");
[INFO] [stdout]    |   ^^^^^^^^^^^^^^^^^^^^^^^
[INFO] [stdout]    |
[INFO] [stdout]    = note: `#[warn(deprecated)]` on by default
[INFO] [stdout] 
[INFO] [stdout] 
[INFO] [stdout] warning: use of deprecated macro `assert_display_snapshot`: use assert_snapshot!() instead
[INFO] [stdout]   --> tests/transform.rs:52:3
[INFO] [stdout]    |
[INFO] [stdout] 52 |   assert_display_snapshot!(parse_and_reduce("((a b c d e f) (a b c d e f))"), @"(a a)");
[INFO] [stdout]    |   ^^^^^^^^^^^^^^^^^^^^^^^
[INFO] [stdout] 
[INFO] [stdout] 
[INFO] [stdout] warning: use of deprecated macro `assert_display_snapshot`: use assert_snapshot!() instead
[INFO] [stdout]   --> tests/transform.rs:53:3
[INFO] [stdout]    |
[INFO] [stdout] 53 |   assert_display_snapshot!(parse_and_reduce("<+ (a b) (a b)>"), @"<+ a a>");
[INFO] [stdout]    |   ^^^^^^^^^^^^^^^^^^^^^^^
[INFO] [stdout] 
[INFO] [stdout] 
[INFO] [stdout] warning: use of deprecated macro `assert_display_snapshot`: use assert_snapshot!() instead
[INFO] [stdout]   --> tests/transform.rs:54:3
[INFO] [stdout]    |
[INFO] [stdout] 54 |   assert_display_snapshot!(parse_and_reduce("(a b) & ((a b) (c d)) ~ (c d) "), @r###"
[INFO] [stdout]    |   ^^^^^^^^^^^^^^^^^^^^^^^
[INFO] [stdout] 
[INFO] [stdout] 
[INFO] [stdout] warning: use of deprecated macro `assert_display_snapshot`: use assert_snapshot!() instead
[INFO] [stdout]   --> tests/transform.rs:58:3
[INFO] [stdout]    |
[INFO] [stdout] 58 |   assert_display_snapshot!(parse_and_reduce("((a b) [a b])"), @"((a b) [a b])");
[INFO] [stdout]    |   ^^^^^^^^^^^^^^^^^^^^^^^
[INFO] [stdout] 
[INFO] [stdout] 
[INFO] [stdout] warning: use of deprecated macro `assert_display_snapshot`: use assert_snapshot!() instead
[INFO] [stdout]   --> tests/transform.rs:59:3
[INFO] [stdout]    |
[INFO] [stdout] 59 |   assert_display_snapshot!(parse_and_reduce("((a b c) b c)"), @"((a b) b)");
[INFO] [stdout]    |   ^^^^^^^^^^^^^^^^^^^^^^^
[INFO] [stdout] 
[INFO] [stdout] 
[INFO] [stdout] warning: use of deprecated macro `assert_display_snapshot`: use assert_snapshot!() instead
[INFO] [stdout]   --> tests/transform.rs:60:3
[INFO] [stdout]    |
[INFO] [stdout] 60 |   assert_display_snapshot!(parse_and_reduce("([(a b) (c d)] [(a b) (c d)])"), @"(a a)");
[INFO] [stdout]    |   ^^^^^^^^^^^^^^^^^^^^^^^
[INFO] [stdout] 
[INFO] [stdout] 
[INFO] [stdout] warning: use of deprecated macro `assert_display_snapshot`: use assert_snapshot!() instead
[INFO] [stdout]   --> tests/transform.rs:61:3
[INFO] [stdout]    |
[INFO] [stdout] 61 |   assert_display_snapshot!(parse_and_reduce("(* *)"), @"*");
[INFO] [stdout]    |   ^^^^^^^^^^^^^^^^^^^^^^^
[INFO] [stdout] 
[INFO] [stdout] 
[INFO] [stdout] warning: use of deprecated macro `assert_display_snapshot`: use assert_snapshot!() instead
[INFO] [stdout]   --> tests/transform.rs:62:3
[INFO] [stdout]    |
[INFO] [stdout] 62 |   assert_display_snapshot!(parse_and_reduce("([(#0 #0) (#12345 #12345)] [(* *) (a a)])"), @"([#0 #12345] [* (a a)])");
[INFO] [stdout]    |   ^^^^^^^^^^^^^^^^^^^^^^^
[INFO] [stdout] 
[INFO] [stdout] 
[INFO] [stdout] warning: use of deprecated macro `assert_display_snapshot`: use assert_snapshot!() instead
[INFO] [stdout]   --> tests/transform.rs:73:3
[INFO] [stdout]    |
[INFO] [stdout] 73 |   assert_display_snapshot!(parse_and_inline("
[INFO] [stdout]    |   ^^^^^^^^^^^^^^^^^^^^^^^
[INFO] [stdout] 
[INFO] [stdout] 
[INFO] [stdout] warning: use of deprecated macro `assert_display_snapshot`: use assert_snapshot!() instead
[INFO] [stdout]    --> tests/transform.rs:129:3
[INFO] [stdout]     |
[INFO] [stdout] 129 |   assert_display_snapshot!(parse_and_prune("
[INFO] [stdout]     |   ^^^^^^^^^^^^^^^^^^^^^^^
[INFO] [stdout] 
[INFO] [stdout] 
[INFO] [stdout] warning: use of deprecated macro `assert_display_snapshot`: use assert_snapshot!() instead
[INFO] [stdout]   --> tests/cli.rs:44:3
[INFO] [stdout]    |
[INFO] [stdout] 44 |   assert_display_snapshot!(
[INFO] [stdout]    |   ^^^^^^^^^^^^^^^^^^^^^^^
[INFO] [stdout]    |
[INFO] [stdout]    = note: `#[warn(deprecated)]` on by default
[INFO] [stdout] 
[INFO] [stdout] 
[INFO] [stdout] warning: use of deprecated macro `assert_display_snapshot`: use assert_snapshot!() instead
[INFO] [stdout]   --> tests/cli.rs:49:3
[INFO] [stdout]    |
[INFO] [stdout] 49 |   assert_display_snapshot!(
[INFO] [stdout]    |   ^^^^^^^^^^^^^^^^^^^^^^^
[INFO] [stdout] 
[INFO] [stdout] 
[INFO] [stdout] warning: use of deprecated macro `assert_display_snapshot`: use assert_snapshot!() instead
[INFO] [stdout]   --> tests/cli.rs:54:3
[INFO] [stdout]    |
[INFO] [stdout] 54 |   assert_display_snapshot!(
[INFO] [stdout]    |   ^^^^^^^^^^^^^^^^^^^^^^^
[INFO] [stdout] 
[INFO] [stdout] 
[INFO] [stdout] warning: use of deprecated macro `assert_display_snapshot`: use assert_snapshot!() instead
[INFO] [stdout]   --> tests/cli.rs:62:3
[INFO] [stdout]    |
[INFO] [stdout] 62 |   assert_display_snapshot!(
[INFO] [stdout]    |   ^^^^^^^^^^^^^^^^^^^^^^^
[INFO] [stdout] 
[INFO] [stdout] 
[INFO] [stdout] warning: use of deprecated macro `assert_display_snapshot`: use assert_snapshot!() instead
[INFO] [stdout]   --> tests/cli.rs:71:3
[INFO] [stdout]    |
[INFO] [stdout] 71 |   assert_display_snapshot!(
[INFO] [stdout]    |   ^^^^^^^^^^^^^^^^^^^^^^^
[INFO] [stdout] 
[INFO] [stdout] 
[INFO] [stdout] warning: use of deprecated macro `assert_display_snapshot`: use assert_snapshot!() instead
[INFO] [stdout]   --> tests/cli.rs:86:3
[INFO] [stdout]    |
[INFO] [stdout] 86 |   assert_display_snapshot!(
[INFO] [stdout]    |   ^^^^^^^^^^^^^^^^^^^^^^^
[INFO] [stdout] 
[INFO] [stdout] 
[INFO] [stdout] warning: use of deprecated macro `assert_display_snapshot`: use assert_snapshot!() instead
[INFO] [stdout]   --> tests/cli.rs:95:3
[INFO] [stdout]    |
[INFO] [stdout] 95 |   assert_display_snapshot!(
[INFO] [stdout]    |   ^^^^^^^^^^^^^^^^^^^^^^^
[INFO] [stdout] 
[INFO] [stdout] 
[INFO] [stdout] warning: use of deprecated macro `assert_display_snapshot`: use assert_snapshot!() instead
[INFO] [stdout]    --> tests/cli.rs:105:3
[INFO] [stdout]     |
[INFO] [stdout] 105 |   assert_display_snapshot!(
[INFO] [stdout]     |   ^^^^^^^^^^^^^^^^^^^^^^^
[INFO] [stdout] 
[INFO] [stdout] 
[INFO] [stdout] warning: use of deprecated macro `assert_display_snapshot`: use assert_snapshot!() instead
[INFO] [stdout]    --> tests/cli.rs:121:3
[INFO] [stdout]     |
[INFO] [stdout] 121 |   assert_display_snapshot!(
[INFO] [stdout]     |   ^^^^^^^^^^^^^^^^^^^^^^^
[INFO] [stdout] 
[INFO] [stdout] 
[INFO] [stdout] warning: use of deprecated macro `assert_display_snapshot`: use assert_snapshot!() instead
[INFO] [stdout]    --> tests/cli.rs:142:3
[INFO] [stdout]     |
[INFO] [stdout] 142 |   assert_display_snapshot!(
[INFO] [stdout]     |   ^^^^^^^^^^^^^^^^^^^^^^^
[INFO] [stdout] 
[INFO] [stdout] 
[INFO] [stdout] warning: use of deprecated macro `assert_display_snapshot`: use assert_snapshot!() instead
[INFO] [stdout]    --> tests/cli.rs:168:3
[INFO] [stdout]     |
[INFO] [stdout] 168 |   assert_display_snapshot!(
[INFO] [stdout]     |   ^^^^^^^^^^^^^^^^^^^^^^^
[INFO] [stdout] 
[INFO] [stdout] 
[INFO] [stdout] warning: use of deprecated macro `assert_display_snapshot`: use assert_snapshot!() instead
[INFO] [stdout]    --> tests/cli.rs:184:3
[INFO] [stdout]     |
[INFO] [stdout] 184 |   assert_display_snapshot!(
[INFO] [stdout]     |   ^^^^^^^^^^^^^^^^^^^^^^^
[INFO] [stdout] 
[INFO] [stdout] 
[INFO] [stdout] warning: use of deprecated macro `assert_display_snapshot`: use assert_snapshot!() instead
[INFO] [stdout]    --> tests/cli.rs:192:3
[INFO] [stdout]     |
[INFO] [stdout] 192 |   assert_display_snapshot!(
[INFO] [stdout]     |   ^^^^^^^^^^^^^^^^^^^^^^^
[INFO] [stdout] 
[INFO] [stdout] 
[INFO] [stdout] warning: use of deprecated macro `assert_display_snapshot`: use assert_snapshot!() instead
[INFO] [stdout]    --> tests/cli.rs:221:3
[INFO] [stdout]     |
[INFO] [stdout] 221 |   assert_display_snapshot!(
[INFO] [stdout]     |   ^^^^^^^^^^^^^^^^^^^^^^^
[INFO] [stdout] 
[INFO] [stdout] 
[INFO] [stdout] warning: use of deprecated macro `assert_display_snapshot`: use assert_snapshot!() instead
[INFO] [stdout]    --> tests/cli.rs:225:3
[INFO] [stdout]     |
[INFO] [stdout] 225 |   assert_display_snapshot!(
[INFO] [stdout]     |   ^^^^^^^^^^^^^^^^^^^^^^^
[INFO] [stdout] 
[INFO] [stdout] 
[INFO] [stdout] warning: use of deprecated macro `assert_display_snapshot`: use assert_snapshot!() instead
[INFO] [stdout]    --> tests/cli.rs:229:3
[INFO] [stdout]     |
[INFO] [stdout] 229 |   assert_display_snapshot!(
[INFO] [stdout]     |   ^^^^^^^^^^^^^^^^^^^^^^^
[INFO] [stdout] 
[INFO] [stdout] 
[INFO] [stdout] warning: use of deprecated macro `assert_display_snapshot`: use assert_snapshot!() instead
[INFO] [stdout]    --> tests/cli.rs:233:3
[INFO] [stdout]     |
[INFO] [stdout] 233 |   assert_display_snapshot!(
[INFO] [stdout]     |   ^^^^^^^^^^^^^^^^^^^^^^^
[INFO] [stdout] 
[INFO] [stdout] 
[INFO] [stdout] warning: use of deprecated macro `assert_display_snapshot`: use assert_snapshot!() instead
[INFO] [stdout]    --> tests/cli.rs:237:3
[INFO] [stdout]     |
[INFO] [stdout] 237 |   assert_display_snapshot!(
[INFO] [stdout]     |   ^^^^^^^^^^^^^^^^^^^^^^^
[INFO] [stdout] 
[INFO] [stdout] 
[INFO] [stdout] warning: use of deprecated macro `assert_display_snapshot`: use assert_snapshot!() instead
[INFO] [stdout]    --> tests/cli.rs:241:3
[INFO] [stdout]     |
[INFO] [stdout] 241 |   assert_display_snapshot!(
[INFO] [stdout]     |   ^^^^^^^^^^^^^^^^^^^^^^^
[INFO] [stdout] 
[INFO] [stdout] 
[INFO] [stdout] warning: use of deprecated macro `assert_display_snapshot`: use assert_snapshot!() instead
[INFO] [stdout]    --> tests/cli.rs:245:3
[INFO] [stdout]     |
[INFO] [stdout] 245 |   assert_display_snapshot!(
[INFO] [stdout]     |   ^^^^^^^^^^^^^^^^^^^^^^^
[INFO] [stdout] 
[INFO] [stdout] 
[INFO] [stdout] warning: use of deprecated macro `assert_display_snapshot`: use assert_snapshot!() instead
[INFO] [stdout]    --> tests/cli.rs:277:3
[INFO] [stdout]     |
[INFO] [stdout] 277 |   assert_display_snapshot!(output, @r###"
[INFO] [stdout]     |   ^^^^^^^^^^^^^^^^^^^^^^^
[INFO] [stdout] 
[INFO] [stdout] 
[INFO] [stdout] warning: use of deprecated macro `insta::assert_display_snapshot`: use assert_snapshot!() instead
[INFO] [stdout]  --> tests/transform.rs:8:13
[INFO] [stdout]   |
[INFO] [stdout] 8 | use insta::{assert_display_snapshot, assert_snapshot};
[INFO] [stdout]   |             ^^^^^^^^^^^^^^^^^^^^^^^
[INFO] [stdout] 
[INFO] [stdout] 
[INFO] [stdout] warning: use of deprecated macro `insta::assert_display_snapshot`: use assert_snapshot!() instead
[INFO] [stdout]   --> tests/cli.rs:14:12
[INFO] [stdout]    |
[INFO] [stdout] 14 | use insta::assert_display_snapshot;
[INFO] [stdout]    |            ^^^^^^^^^^^^^^^^^^^^^^^
[INFO] [stdout] 
[INFO] [stdout] 
[INFO] [stdout] warning: unused imports: `Stdio` and `path::Path`
[INFO] [stdout]   --> src/main.rs:16:3
[INFO] [stdout]    |
[INFO] [stdout] 16 |   path::Path,
[INFO] [stdout]    |   ^^^^^^^^^^
[INFO] [stdout] 17 |   process::{self, Stdio},
[INFO] [stdout]    |                   ^^^^^
[INFO] [stdout]    |
[INFO] [stdout]    = note: `#[warn(unused_imports)]` on by default
[INFO] [stdout] 
[INFO] [stdout] 
[INFO] [stdout] warning: the feature `inline_const` has been stable since 1.79.0 and no longer requires an attribute to enable
[INFO] [stdout]  --> src/lib.rs:1:41
[INFO] [stdout]   |
[INFO] [stdout] 1 | #![feature(const_type_id, extern_types, inline_const, generic_const_exprs, new_uninit)]
[INFO] [stdout]   |                                         ^^^^^^^^^^^^
[INFO] [stdout]   |
[INFO] [stdout]   = note: `#[warn(stable_features)]` on by default
[INFO] [stdout] 
[INFO] [stdout] 
[INFO] [stdout] warning: the feature `new_uninit` has been stable since 1.82.0 and no longer requires an attribute to enable
[INFO] [stdout]  --> src/lib.rs:1:76
[INFO] [stdout]   |
[INFO] [stdout] 1 | #![feature(const_type_id, extern_types, inline_const, generic_const_exprs, new_uninit)]
[INFO] [stdout]   |                                                                            ^^^^^^^^^^
[INFO] [stdout] 
[INFO] [stdout] 
[INFO] [stdout] warning: unused variable: `host`
[INFO] [stdout]   --> src/compile.rs:14:21
[INFO] [stdout]    |
[INFO] [stdout] 14 | pub fn compile_host(host: &Host) -> String {
[INFO] [stdout]    |                     ^^^^ help: if this is intentional, prefix it with an underscore: `_host`
[INFO] [stdout]    |
[INFO] [stdout]    = note: `#[warn(unused_variables)]` on by default
[INFO] [stdout] 
[INFO] [stdout] 
[INFO] [stdout] warning: unused variable: `a`
[INFO] [stdout]  --> src/run/interact.rs:6:30
[INFO] [stdout]   |
[INFO] [stdout] 6 |   pub fn interact(&mut self, a: Port, b: Port) {
[INFO] [stdout]   |                              ^ help: if this is intentional, prefix it with an underscore: `_a`
[INFO] [stdout] 
[INFO] [stdout] 
[INFO] [stdout] warning: unused variable: `b`
[INFO] [stdout]  --> src/run/interact.rs:6:39
[INFO] [stdout]   |
[INFO] [stdout] 6 |   pub fn interact(&mut self, a: Port, b: Port) {
[INFO] [stdout]   |                                       ^ help: if this is intentional, prefix it with an underscore: `_b`
[INFO] [stdout] 
[INFO] [stdout] 
[INFO] [stdout] warning: function `compile_def` is never used
[INFO] [stdout]   --> src/compile.rs:57:4
[INFO] [stdout]    |
[INFO] [stdout] 57 | fn compile_def(code: &mut String, host: &Host, name: &str, instr: &[Instruction]) -> fmt::Result {
[INFO] [stdout]    |    ^^^^^^^^^^^
[INFO] [stdout]    |
[INFO] [stdout]    = note: `#[warn(dead_code)]` on by default
[INFO] [stdout] 
[INFO] [stdout] 
[INFO] [stdout] warning: function `compile_port` is never used
[INFO] [stdout]   --> src/compile.rs:92:4
[INFO] [stdout]    |
[INFO] [stdout] 92 | fn compile_port(host: &Host, port: &Port) -> String {
[INFO] [stdout]    |    ^^^^^^^^^^^^
[INFO] [stdout] 
[INFO] [stdout] 
[INFO] [stdout] warning: function `sanitize_name` is never used
[INFO] [stdout]    --> src/compile.rs:106:4
[INFO] [stdout]     |
[INFO] [stdout] 106 | fn sanitize_name(name: &str) -> String {
[INFO] [stdout]     |    ^^^^^^^^^^^^^
[INFO] [stdout] 
[INFO] [stdout] 
[INFO] [stdout] warning: function `compile_lab_set` is never used
[INFO] [stdout]    --> src/compile.rs:121:4
[INFO] [stdout]     |
[INFO] [stdout] 121 | fn compile_lab_set(labs: &LabSet) -> Result<String, fmt::Error> {
[INFO] [stdout]     |    ^^^^^^^^^^^^^^^
[INFO] [stdout] 
[INFO] [stdout] 
[INFO] [stdout] warning: trait `Num` is never used
[INFO] [stdout]  --> src/ops.rs:4:7
[INFO] [stdout]   |
[INFO] [stdout] 4 | trait Num: Eq + Ord + Sized {
[INFO] [stdout]   |       ^^^
[INFO] [stdout] 
[INFO] [stdout] 
[INFO] [stderr]     Finished `test` profile [unoptimized + debuginfo] target(s) in 5.49s
[INFO] running `Command { std: "docker" "inspect" "1dd32710ceb5fae0182ad03baaf7201c252997b72ef881a9a2a128c9249cc677", kill_on_drop: false }`
[INFO] running `Command { std: "docker" "rm" "-f" "1dd32710ceb5fae0182ad03baaf7201c252997b72ef881a9a2a128c9249cc677", kill_on_drop: false }`
[INFO] [stdout] 1dd32710ceb5fae0182ad03baaf7201c252997b72ef881a9a2a128c9249cc677
[INFO] running `Command { std: "docker" "create" "-v" "/var/lib/crater-agent-workspace/builds/worker-7-tc1/target:/opt/rustwide/target:rw,Z" "-v" "/var/lib/crater-agent-workspace/builds/worker-7-tc1/source:/opt/rustwide/workdir:ro,Z" "-v" "/var/lib/crater-agent-workspace/cargo-home:/opt/rustwide/cargo-home:ro,Z" "-v" "/var/lib/crater-agent-workspace/rustup-home:/opt/rustwide/rustup-home:ro,Z" "-e" "SOURCE_DIR=/opt/rustwide/workdir" "-e" "CARGO_TARGET_DIR=/opt/rustwide/target" "-e" "CARGO_INCREMENTAL=0" "-e" "RUST_BACKTRACE=full" "-e" "RUSTFLAGS=--cap-lints=forbid" "-e" "RUSTDOCFLAGS=--cap-lints=forbid" "-e" "CARGO_HOME=/opt/rustwide/cargo-home" "-e" "RUSTUP_HOME=/opt/rustwide/rustup-home" "-w" "/opt/rustwide/workdir" "-m" "1610612736" "--user" "0:0" "--network" "none" "ghcr.io/rust-lang/crates-build-env/linux@sha256:4a844ea9eb2546a2d2c7022eacef16ef2e8229c7fbb2c7d4d55a9ceca922f72d" "/opt/rustwide/cargo-home/bin/cargo" "+nightly-2024-10-28" "test" "--frozen", kill_on_drop: false }`
[INFO] [stdout] 54186b54fcc9772929a10718716f1919a6d411084b114cd0832c39c7a2d7f517
[INFO] running `Command { std: "docker" "start" "-a" "54186b54fcc9772929a10718716f1919a6d411084b114cd0832c39c7a2d7f517", kill_on_drop: false }`
[INFO] [stderr] warning: the feature `inline_const` has been stable since 1.79.0 and no longer requires an attribute to enable
[INFO] [stderr]  --> src/lib.rs:1:41
[INFO] [stderr]   |
[INFO] [stderr] 1 | #![feature(const_type_id, extern_types, inline_const, generic_const_exprs, new_uninit)]
[INFO] [stderr]   |                                         ^^^^^^^^^^^^
[INFO] [stderr]   |
[INFO] [stderr]   = note: `#[warn(stable_features)]` on by default
[INFO] [stderr] 
[INFO] [stderr] warning: the feature `new_uninit` has been stable since 1.82.0 and no longer requires an attribute to enable
[INFO] [stderr]  --> src/lib.rs:1:76
[INFO] [stderr]   |
[INFO] [stderr] 1 | #![feature(const_type_id, extern_types, inline_const, generic_const_exprs, new_uninit)]
[INFO] [stderr]   |                                                                            ^^^^^^^^^^
[INFO] [stderr] 
[INFO] [stderr] warning: unused variable: `host`
[INFO] [stderr]   --> src/compile.rs:14:21
[INFO] [stderr]    |
[INFO] [stderr] 14 | pub fn compile_host(host: &Host) -> String {
[INFO] [stderr]    |                     ^^^^ help: if this is intentional, prefix it with an underscore: `_host`
[INFO] [stderr]    |
[INFO] [stderr]    = note: `#[warn(unused_variables)]` on by default
[INFO] [stderr] 
[INFO] [stderr] warning: unused variable: `a`
[INFO] [stderr]  --> src/run/interact.rs:6:30
[INFO] [stderr]   |
[INFO] [stderr] 6 |   pub fn interact(&mut self, a: Port, b: Port) {
[INFO] [stderr]   |                              ^ help: if this is intentional, prefix it with an underscore: `_a`
[INFO] [stderr] 
[INFO] [stderr] warning: unused variable: `b`
[INFO] [stderr]  --> src/run/interact.rs:6:39
[INFO] [stderr]   |
[INFO] [stderr] 6 |   pub fn interact(&mut self, a: Port, b: Port) {
[INFO] [stderr]   |                                       ^ help: if this is intentional, prefix it with an underscore: `_b`
[INFO] [stderr] 
[INFO] [stderr] warning: function `compile_def` is never used
[INFO] [stderr]   --> src/compile.rs:57:4
[INFO] [stderr]    |
[INFO] [stderr] 57 | fn compile_def(code: &mut String, host: &Host, name: &str, instr: &[Instruction]) -> fmt::Result {
[INFO] [stderr]    |    ^^^^^^^^^^^
[INFO] [stderr]    |
[INFO] [stderr]    = note: `#[warn(dead_code)]` on by default
[INFO] [stderr] 
[INFO] [stderr] warning: function `compile_port` is never used
[INFO] [stderr]   --> src/compile.rs:92:4
[INFO] [stderr]    |
[INFO] [stderr] 92 | fn compile_port(host: &Host, port: &Port) -> String {
[INFO] [stderr]    |    ^^^^^^^^^^^^
[INFO] [stderr] 
[INFO] [stderr] warning: function `sanitize_name` is never used
[INFO] [stderr]    --> src/compile.rs:106:4
[INFO] [stderr]     |
[INFO] [stderr] 106 | fn sanitize_name(name: &str) -> String {
[INFO] [stderr]     |    ^^^^^^^^^^^^^
[INFO] [stderr] 
[INFO] [stderr] warning: function `compile_lab_set` is never used
[INFO] [stderr]    --> src/compile.rs:121:4
[INFO] [stderr]     |
[INFO] [stderr] 121 | fn compile_lab_set(labs: &LabSet) -> Result<String, fmt::Error> {
[INFO] [stderr]     |    ^^^^^^^^^^^^^^^
[INFO] [stderr] 
[INFO] [stderr] warning: trait `Num` is never used
[INFO] [stderr]  --> src/ops.rs:4:7
[INFO] [stderr]   |
[INFO] [stderr] 4 | trait Num: Eq + Ord + Sized {
[INFO] [stderr]   |       ^^^
[INFO] [stderr] 
[INFO] [stderr] warning: `hvm-core` (lib) generated 10 warnings
[INFO] [stderr] warning: use of deprecated macro `assert_display_snapshot`: use assert_snapshot!() instead
[INFO] [stderr]   --> tests/cli.rs:44:3
[INFO] [stderr]    |
[INFO] [stderr] 44 |   assert_display_snapshot!(
[INFO] [stderr]    |   ^^^^^^^^^^^^^^^^^^^^^^^
[INFO] [stderr]    |
[INFO] [stderr]    = note: `#[warn(deprecated)]` on by default
[INFO] [stderr] 
[INFO] [stderr] warning: use of deprecated macro `assert_display_snapshot`: use assert_snapshot!() instead
[INFO] [stderr]   --> tests/cli.rs:49:3
[INFO] [stderr]    |
[INFO] [stderr] 49 |   assert_display_snapshot!(
[INFO] [stderr]    |   ^^^^^^^^^^^^^^^^^^^^^^^
[INFO] [stderr] 
[INFO] [stderr] warning: use of deprecated macro `assert_display_snapshot`: use assert_snapshot!() instead
[INFO] [stderr]   --> tests/cli.rs:54:3
[INFO] [stderr]    |
[INFO] [stderr] 54 |   assert_display_snapshot!(
[INFO] [stderr]    |   ^^^^^^^^^^^^^^^^^^^^^^^
[INFO] [stderr] 
[INFO] [stderr] warning: use of deprecated macro `assert_display_snapshot`: use assert_snapshot!() instead
[INFO] [stderr]   --> tests/cli.rs:62:3
[INFO] [stderr]    |
[INFO] [stderr] 62 |   assert_display_snapshot!(
[INFO] [stderr]    |   ^^^^^^^^^^^^^^^^^^^^^^^
[INFO] [stderr] 
[INFO] [stderr] warning: use of deprecated macro `assert_display_snapshot`: use assert_snapshot!() instead
[INFO] [stderr]   --> tests/cli.rs:71:3
[INFO] [stderr]    |
[INFO] [stderr] 71 |   assert_display_snapshot!(
[INFO] [stderr]    |   ^^^^^^^^^^^^^^^^^^^^^^^
[INFO] [stderr] 
[INFO] [stderr] warning: use of deprecated macro `assert_display_snapshot`: use assert_snapshot!() instead
[INFO] [stderr]   --> tests/cli.rs:86:3
[INFO] [stderr]    |
[INFO] [stderr] 86 |   assert_display_snapshot!(
[INFO] [stderr]    |   ^^^^^^^^^^^^^^^^^^^^^^^
[INFO] [stderr] 
[INFO] [stderr] warning: use of deprecated macro `assert_display_snapshot`: use assert_snapshot!() instead
[INFO] [stderr]   --> tests/cli.rs:95:3
[INFO] [stderr]    |
[INFO] [stderr] 95 |   assert_display_snapshot!(
[INFO] [stderr]    |   ^^^^^^^^^^^^^^^^^^^^^^^
[INFO] [stderr] 
[INFO] [stderr] warning: use of deprecated macro `assert_display_snapshot`: use assert_snapshot!() instead
[INFO] [stderr]    --> tests/cli.rs:105:3
[INFO] [stderr]     |
[INFO] [stderr] 105 |   assert_display_snapshot!(
[INFO] [stderr]     |   ^^^^^^^^^^^^^^^^^^^^^^^
[INFO] [stderr] 
[INFO] [stderr] warning: use of deprecated macro `assert_display_snapshot`: use assert_snapshot!() instead
[INFO] [stderr]    --> tests/cli.rs:121:3
[INFO] [stderr]     |
[INFO] [stderr] 121 |   assert_display_snapshot!(
[INFO] [stderr]     |   ^^^^^^^^^^^^^^^^^^^^^^^
[INFO] [stderr] 
[INFO] [stderr] warning: use of deprecated macro `assert_display_snapshot`: use assert_snapshot!() instead
[INFO] [stderr]    --> tests/cli.rs:142:3
[INFO] [stderr]     |
[INFO] [stderr] 142 |   assert_display_snapshot!(
[INFO] [stderr]     |   ^^^^^^^^^^^^^^^^^^^^^^^
[INFO] [stderr] 
[INFO] [stderr] warning: use of deprecated macro `assert_display_snapshot`: use assert_snapshot!() instead
[INFO] [stderr]    --> tests/cli.rs:168:3
[INFO] [stderr]     |
[INFO] [stderr] 168 |   assert_display_snapshot!(
[INFO] [stderr]     |   ^^^^^^^^^^^^^^^^^^^^^^^
[INFO] [stderr] 
[INFO] [stderr] warning: use of deprecated macro `assert_display_snapshot`: use assert_snapshot!() instead
[INFO] [stderr]    --> tests/cli.rs:184:3
[INFO] [stderr]     |
[INFO] [stderr] 184 |   assert_display_snapshot!(
[INFO] [stderr]     |   ^^^^^^^^^^^^^^^^^^^^^^^
[INFO] [stderr] 
[INFO] [stderr] warning: use of deprecated macro `assert_display_snapshot`: use assert_snapshot!() instead
[INFO] [stderr]    --> tests/cli.rs:192:3
[INFO] [stderr]     |
[INFO] [stderr] 192 |   assert_display_snapshot!(
[INFO] [stderr]     |   ^^^^^^^^^^^^^^^^^^^^^^^
[INFO] [stderr] 
[INFO] [stderr] warning: use of deprecated macro `assert_display_snapshot`: use assert_snapshot!() instead
[INFO] [stderr]    --> tests/cli.rs:221:3
[INFO] [stderr]     |
[INFO] [stderr] 221 |   assert_display_snapshot!(
[INFO] [stderr]     |   ^^^^^^^^^^^^^^^^^^^^^^^
[INFO] [stderr] 
[INFO] [stderr] warning: use of deprecated macro `assert_display_snapshot`: use assert_snapshot!() instead
[INFO] [stderr]    --> tests/cli.rs:225:3
[INFO] [stderr]     |
[INFO] [stderr] 225 |   assert_display_snapshot!(
[INFO] [stderr]     |   ^^^^^^^^^^^^^^^^^^^^^^^
[INFO] [stderr] 
[INFO] [stderr] warning: use of deprecated macro `assert_display_snapshot`: use assert_snapshot!() instead
[INFO] [stderr]    --> tests/cli.rs:229:3
[INFO] [stderr]     |
[INFO] [stderr] 229 |   assert_display_snapshot!(
[INFO] [stderr]     |   ^^^^^^^^^^^^^^^^^^^^^^^
[INFO] [stderr] 
[INFO] [stderr] warning: use of deprecated macro `assert_display_snapshot`: use assert_snapshot!() instead
[INFO] [stderr]    --> tests/cli.rs:233:3
[INFO] [stderr]     |
[INFO] [stderr] 233 |   assert_display_snapshot!(
[INFO] [stderr]     |   ^^^^^^^^^^^^^^^^^^^^^^^
[INFO] [stderr] 
[INFO] [stderr] warning: use of deprecated macro `assert_display_snapshot`: use assert_snapshot!() instead
[INFO] [stderr]    --> tests/cli.rs:237:3
[INFO] [stderr]     |
[INFO] [stderr] 237 |   assert_display_snapshot!(
[INFO] [stderr]     |   ^^^^^^^^^^^^^^^^^^^^^^^
[INFO] [stderr] 
[INFO] [stderr] warning: use of deprecated macro `assert_display_snapshot`: use assert_snapshot!() instead
[INFO] [stderr]    --> tests/cli.rs:241:3
[INFO] [stderr]     |
[INFO] [stderr] 241 |   assert_display_snapshot!(
[INFO] [stderr]     |   ^^^^^^^^^^^^^^^^^^^^^^^
[INFO] [stderr] 
[INFO] [stderr] warning: use of deprecated macro `assert_display_snapshot`: use assert_snapshot!() instead
[INFO] [stderr]    --> tests/cli.rs:245:3
[INFO] [stderr]     |
[INFO] [stderr] 245 |   assert_display_snapshot!(
[INFO] [stderr]     |   ^^^^^^^^^^^^^^^^^^^^^^^
[INFO] [stderr] 
[INFO] [stderr] warning: use of deprecated macro `assert_display_snapshot`: use assert_snapshot!() instead
[INFO] [stderr]    --> tests/cli.rs:277:3
[INFO] [stderr]     |
[INFO] [stderr] 277 |   assert_display_snapshot!(output, @r###"
[INFO] [stderr]     |   ^^^^^^^^^^^^^^^^^^^^^^^
[INFO] [stderr] 
[INFO] [stderr] warning: use of deprecated macro `insta::assert_display_snapshot`: use assert_snapshot!() instead
[INFO] [stderr]   --> tests/cli.rs:14:12
[INFO] [stderr]    |
[INFO] [stderr] 14 | use insta::assert_display_snapshot;
[INFO] [stderr]    |            ^^^^^^^^^^^^^^^^^^^^^^^
[INFO] [stderr] 
[INFO] [stderr] warning: unused imports: `Stdio` and `path::Path`
[INFO] [stderr]   --> src/main.rs:16:3
[INFO] [stderr]    |
[INFO] [stderr] 16 |   path::Path,
[INFO] [stderr]    |   ^^^^^^^^^^
[INFO] [stderr] 17 |   process::{self, Stdio},
[INFO] [stderr]    |                   ^^^^^
[INFO] [stderr]    |
[INFO] [stderr]    = note: `#[warn(unused_imports)]` on by default
[INFO] [stderr] 
[INFO] [stderr] warning: use of deprecated macro `assert_display_snapshot`: use assert_snapshot!() instead
[INFO] [stderr]   --> tests/transform.rs:51:3
[INFO] [stderr]    |
[INFO] [stderr] 51 |   assert_display_snapshot!(parse_and_reduce("((x y) (x y))"), @"(x x)");
[INFO] [stderr]    |   ^^^^^^^^^^^^^^^^^^^^^^^
[INFO] [stderr]    |
[INFO] [stderr]    = note: `#[warn(deprecated)]` on by default
[INFO] [stderr] 
[INFO] [stderr] warning: use of deprecated macro `assert_display_snapshot`: use assert_snapshot!() instead
[INFO] [stderr]   --> tests/transform.rs:52:3
[INFO] [stderr]    |
[INFO] [stderr] 52 |   assert_display_snapshot!(parse_and_reduce("((a b c d e f) (a b c d e f))"), @"(a a)");
[INFO] [stderr]    |   ^^^^^^^^^^^^^^^^^^^^^^^
[INFO] [stderr] 
[INFO] [stderr] warning: use of deprecated macro `assert_display_snapshot`: use assert_snapshot!() instead
[INFO] [stderr]   --> tests/transform.rs:53:3
[INFO] [stderr]    |
[INFO] [stderr] 53 |   assert_display_snapshot!(parse_and_reduce("<+ (a b) (a b)>"), @"<+ a a>");
[INFO] [stderr]    |   ^^^^^^^^^^^^^^^^^^^^^^^
[INFO] [stderr] 
[INFO] [stderr] warning: use of deprecated macro `assert_display_snapshot`: use assert_snapshot!() instead
[INFO] [stderr]   --> tests/transform.rs:54:3
[INFO] [stderr]    |
[INFO] [stderr] 54 |   assert_display_snapshot!(parse_and_reduce("(a b) & ((a b) (c d)) ~ (c d) "), @r###"
[INFO] [stderr]    |   ^^^^^^^^^^^^^^^^^^^^^^^
[INFO] [stderr] 
[INFO] [stderr] warning: use of deprecated macro `assert_display_snapshot`: use assert_snapshot!() instead
[INFO] [stderr]   --> tests/transform.rs:58:3
[INFO] [stderr]    |
[INFO] [stderr] 58 |   assert_display_snapshot!(parse_and_reduce("((a b) [a b])"), @"((a b) [a b])");
[INFO] [stderr]    |   ^^^^^^^^^^^^^^^^^^^^^^^
[INFO] [stderr] 
[INFO] [stderr] warning: use of deprecated macro `assert_display_snapshot`: use assert_snapshot!() instead
[INFO] [stderr]   --> tests/transform.rs:59:3
[INFO] [stderr]    |
[INFO] [stderr] 59 |   assert_display_snapshot!(parse_and_reduce("((a b c) b c)"), @"((a b) b)");
[INFO] [stderr]    |   ^^^^^^^^^^^^^^^^^^^^^^^
[INFO] [stderr] 
[INFO] [stderr] warning: use of deprecated macro `assert_display_snapshot`: use assert_snapshot!() instead
[INFO] [stderr]   --> tests/transform.rs:60:3
[INFO] [stderr]    |
[INFO] [stderr] 60 |   assert_display_snapshot!(parse_and_reduce("([(a b) (c d)] [(a b) (c d)])"), @"(a a)");
[INFO] [stderr]    |   ^^^^^^^^^^^^^^^^^^^^^^^
[INFO] [stderr] 
[INFO] [stderr] warning: use of deprecated macro `assert_display_snapshot`: use assert_snapshot!() instead
[INFO] [stderr]   --> tests/transform.rs:61:3
[INFO] [stderr]    |
[INFO] [stderr] 61 |   assert_display_snapshot!(parse_and_reduce("(* *)"), @"*");
[INFO] [stderr]    |   ^^^^^^^^^^^^^^^^^^^^^^^
[INFO] [stderr] 
[INFO] [stderr] warning: use of deprecated macro `assert_display_snapshot`: use assert_snapshot!() instead
[INFO] [stderr]   --> tests/transform.rs:62:3
[INFO] [stderr]    |
[INFO] [stderr] 62 |   assert_display_snapshot!(parse_and_reduce("([(#0 #0) (#12345 #12345)] [(* *) (a a)])"), @"([#0 #12345] [* (a a)])");
[INFO] [stderr]    |   ^^^^^^^^^^^^^^^^^^^^^^^
[INFO] [stderr] 
[INFO] [stderr] warning: use of deprecated macro `assert_display_snapshot`: use assert_snapshot!() instead
[INFO] [stderr]   --> tests/transform.rs:73:3
[INFO] [stderr]    |
[INFO] [stderr] 73 |   assert_display_snapshot!(parse_and_inline("
[INFO] [stderr]    |   ^^^^^^^^^^^^^^^^^^^^^^^
[INFO] [stderr] 
[INFO] [stderr] warning: use of deprecated macro `assert_display_snapshot`: use assert_snapshot!() instead
[INFO] [stderr]    --> tests/transform.rs:129:3
[INFO] [stderr]     |
[INFO] [stderr] 129 |   assert_display_snapshot!(parse_and_prune("
[INFO] [stderr]     |   ^^^^^^^^^^^^^^^^^^^^^^^
[INFO] [stderr] 
[INFO] [stderr] warning: use of deprecated macro `insta::assert_display_snapshot`: use assert_snapshot!() instead
[INFO] [stderr]  --> tests/transform.rs:8:13
[INFO] [stderr]   |
[INFO] [stderr] 8 | use insta::{assert_display_snapshot, assert_snapshot};
[INFO] [stderr]   |             ^^^^^^^^^^^^^^^^^^^^^^^
[INFO] [stderr] 
[INFO] [stderr] warning: `hvm-core` (lib test) generated 10 warnings (10 duplicates)
[INFO] [stderr] warning: `hvm-core` (test "cli") generated 22 warnings
[INFO] [stderr] warning: `hvm-core` (bin "hvmc") generated 1 warning (run `cargo fix --bin "hvmc"` to apply 1 suggestion)
[INFO] [stderr] warning: `hvm-core` (bin "hvmc" test) generated 1 warning (1 duplicate)
[INFO] [stderr] warning: `hvm-core` (test "transform") generated 12 warnings
[INFO] [stderr]     Finished `test` profile [unoptimized + debuginfo] target(s) in 0.05s
[INFO] [stderr]      Running unittests src/lib.rs (/opt/rustwide/target/debug/deps/hvmc-964d9b22a05c612d)
[INFO] [stdout] 
[INFO] [stdout] running 5 tests
[INFO] [stdout] test util::bi_enum::test_bi_enum ... ok
[INFO] [stdout] test util::create_var::test_create_var ... ok
[INFO] [stdout] test util::create_var::test_var_to_num ... ok
[INFO] [stdout] test host::calc_labels::test_calculate_labels ... FAILED
[INFO] [stdout] test ast::test_tree_drop ... ok
[INFO] [stdout] 
[INFO] [stdout] failures:
[INFO] [stdout] 
[INFO] [stdout] ---- host::calc_labels::test_calculate_labels stdout ----
[INFO] [stdout] thread 'host::calc_labels::test_calculate_labels' panicked at src/host/calc_labels.rs:215:8:
[INFO] [stdout] called `Result::unwrap()` on an `Err` value: "\u{1b}[1mPARSE_ERROR\n- expected: \u{1b}[0m}\u{1b}[1m\n- detected:\n\u{1b}[0m\u{1b}[0m  2 |         @a = {0 @b \u{1b}[4m\u{1b}[31m@\u{1b}[0mc}\u{1b}[0m"
[INFO] [stdout] stack backtrace:
[INFO] [stdout]    0:     0x595f7d88876a - std::backtrace_rs::backtrace::libunwind::trace::h207520d6e9873551
[INFO] [stdout]                                at /rustc/df4ca44d3fbc9301ee17f30f4d474e6ae4b05252/library/std/src/../../backtrace/src/backtrace/libunwind.rs:116:5
[INFO] [stdout]    1:     0x595f7d88876a - std::backtrace_rs::backtrace::trace_unsynchronized::h2ed7433f370e3eca
[INFO] [stdout]                                at /rustc/df4ca44d3fbc9301ee17f30f4d474e6ae4b05252/library/std/src/../../backtrace/src/backtrace/mod.rs:66:5
[INFO] [stdout]    2:     0x595f7d88876a - std::sys::backtrace::_print_fmt::h916fac51166b18d7
[INFO] [stdout]                                at /rustc/df4ca44d3fbc9301ee17f30f4d474e6ae4b05252/library/std/src/sys/backtrace.rs:66:9
[INFO] [stdout]    3:     0x595f7d88876a - <std::sys::backtrace::BacktraceLock::print::DisplayBacktrace as core::fmt::Display>::fmt::ha0a4c9b8ce3802e6
[INFO] [stdout]                                at /rustc/df4ca44d3fbc9301ee17f30f4d474e6ae4b05252/library/std/src/sys/backtrace.rs:39:26
[INFO] [stdout]    4:     0x595f7d8b0163 - core::fmt::rt::Argument::fmt::h4cfc8587d52b3eb5
[INFO] [stdout]                                at /rustc/df4ca44d3fbc9301ee17f30f4d474e6ae4b05252/library/core/src/fmt/rt.rs:177:76
[INFO] [stdout]    5:     0x595f7d8b0163 - core::fmt::write::h522cc39e5b36ae9f
[INFO] [stdout]                                at /rustc/df4ca44d3fbc9301ee17f30f4d474e6ae4b05252/library/core/src/fmt/mod.rs:1190:21
[INFO] [stdout]    6:     0x595f7d8853c3 - std::io::Write::write_fmt::h7d3c26752da97734
[INFO] [stdout]                                at /rustc/df4ca44d3fbc9301ee17f30f4d474e6ae4b05252/library/std/src/io/mod.rs:1839:15
[INFO] [stdout]    7:     0x595f7d8885b2 - std::sys::backtrace::BacktraceLock::print::h4b9e00b29e9c0942
[INFO] [stdout]                                at /rustc/df4ca44d3fbc9301ee17f30f4d474e6ae4b05252/library/std/src/sys/backtrace.rs:42:9
[INFO] [stdout]    8:     0x595f7d889bfa - std::panicking::default_hook::{{closure}}::hb59b88280d0324d9
[INFO] [stdout]                                at /rustc/df4ca44d3fbc9301ee17f30f4d474e6ae4b05252/library/std/src/panicking.rs:268:22
[INFO] [stdout]    9:     0x595f7d889a04 - std::panicking::default_hook::he1dd496665be4a29
[INFO] [stdout]                                at /rustc/df4ca44d3fbc9301ee17f30f4d474e6ae4b05252/library/std/src/panicking.rs:292:9
[INFO] [stdout]   10:     0x595f7d84e9c9 - <alloc::boxed::Box<F,A> as core::ops::function::Fn<Args>>::call::h4ff71de18744e1dc
[INFO] [stdout]                                at /rustc/df4ca44d3fbc9301ee17f30f4d474e6ae4b05252/library/alloc/src/boxed.rs:2468:9
[INFO] [stdout]   11:     0x595f7d84e9c9 - test::test_main::{{closure}}::hcf7c055ce117aa81
[INFO] [stdout]                                at /rustc/df4ca44d3fbc9301ee17f30f4d474e6ae4b05252/library/test/src/lib.rs:133:21
[INFO] [stdout]   12:     0x595f7d88a2f8 - <alloc::boxed::Box<F,A> as core::ops::function::Fn<Args>>::call::h1d66c6bbd60c9692
[INFO] [stdout]                                at /rustc/df4ca44d3fbc9301ee17f30f4d474e6ae4b05252/library/alloc/src/boxed.rs:2468:9
[INFO] [stdout]   13:     0x595f7d88a2f8 - std::panicking::rust_panic_with_hook::h2ff17fe8f26dfcf8
[INFO] [stdout]                                at /rustc/df4ca44d3fbc9301ee17f30f4d474e6ae4b05252/library/std/src/panicking.rs:809:13
[INFO] [stdout]   14:     0x595f7d88a0ba - std::panicking::begin_panic_handler::{{closure}}::h4fad77951c07e101
[INFO] [stdout]                                at /rustc/df4ca44d3fbc9301ee17f30f4d474e6ae4b05252/library/std/src/panicking.rs:674:13
[INFO] [stdout]   15:     0x595f7d888c49 - std::sys::backtrace::__rust_end_short_backtrace::hb1a25b3da5d0ea08
[INFO] [stdout]                                at /rustc/df4ca44d3fbc9301ee17f30f4d474e6ae4b05252/library/std/src/sys/backtrace.rs:170:18
[INFO] [stdout]   16:     0x595f7d889d4c - rust_begin_unwind
[INFO] [stdout]                                at /rustc/df4ca44d3fbc9301ee17f30f4d474e6ae4b05252/library/std/src/panicking.rs:665:5
[INFO] [stdout]   17:     0x595f7d8ae810 - core::panicking::panic_fmt::ha9db07b529f9b256
[INFO] [stdout]                                at /rustc/df4ca44d3fbc9301ee17f30f4d474e6ae4b05252/library/core/src/panicking.rs:75:14
[INFO] [stdout]   18:     0x595f7d8aec56 - core::result::unwrap_failed::h5e8218e4d4338b8a
[INFO] [stdout]                                at /rustc/df4ca44d3fbc9301ee17f30f4d474e6ae4b05252/library/core/src/result.rs:1698:5
[INFO] [stdout]   19:     0x595f7d7ee97a - core::result::Result<T,E>::unwrap::h46e74d8062f59621
[INFO] [stdout]                                at /rustc/df4ca44d3fbc9301ee17f30f4d474e6ae4b05252/library/core/src/result.rs:1103:23
[INFO] [stdout]   20:     0x595f7d7ee97a - hvmc::host::calc_labels::test_calculate_labels::h680e467751304211
[INFO] [stdout]                                at /opt/rustwide/workdir/src/host/calc_labels.rs:202:8
[INFO] [stdout]   21:     0x595f7d7ee8e7 - hvmc::host::calc_labels::test_calculate_labels::{{closure}}::h448097823e36ae0a
[INFO] [stdout]                                at /opt/rustwide/workdir/src/host/calc_labels.rs:198:27
[INFO] [stdout]   22:     0x595f7d7eff76 - core::ops::function::FnOnce::call_once::h78f82a0cd33bcc3b
[INFO] [stdout]                                at /rustc/df4ca44d3fbc9301ee17f30f4d474e6ae4b05252/library/core/src/ops/function.rs:250:5
[INFO] [stdout]   23:     0x595f7d85329b - core::ops::function::FnOnce::call_once::h22c3ba5715e93f05
[INFO] [stdout]                                at /rustc/df4ca44d3fbc9301ee17f30f4d474e6ae4b05252/library/core/src/ops/function.rs:250:5
[INFO] [stdout]   24:     0x595f7d85329b - test::__rust_begin_short_backtrace::h8e82d8113d0da17f
[INFO] [stdout]                                at /rustc/df4ca44d3fbc9301ee17f30f4d474e6ae4b05252/library/test/src/lib.rs:621:18
[INFO] [stdout]   25:     0x595f7d852c17 - test::run_test_in_process::{{closure}}::h33235f4f20b7b7c7
[INFO] [stdout]                                at /rustc/df4ca44d3fbc9301ee17f30f4d474e6ae4b05252/library/test/src/lib.rs:644:60
[INFO] [stdout]   26:     0x595f7d852c17 - <core::panic::unwind_safe::AssertUnwindSafe<F> as core::ops::function::FnOnce<()>>::call_once::hb5043206310c586f
[INFO] [stdout]                                at /rustc/df4ca44d3fbc9301ee17f30f4d474e6ae4b05252/library/core/src/panic/unwind_safe.rs:272:9
[INFO] [stdout]   27:     0x595f7d852c17 - std::panicking::try::do_call::h9ad4731a60ab23e2
[INFO] [stdout]                                at /rustc/df4ca44d3fbc9301ee17f30f4d474e6ae4b05252/library/std/src/panicking.rs:557:40
[INFO] [stdout]   28:     0x595f7d852c17 - std::panicking::try::h3824d23db772a716
[INFO] [stdout]                                at /rustc/df4ca44d3fbc9301ee17f30f4d474e6ae4b05252/library/std/src/panicking.rs:520:19
[INFO] [stdout]   29:     0x595f7d852c17 - std::panic::catch_unwind::h5afd514605fde46b
[INFO] [stdout]                                at /rustc/df4ca44d3fbc9301ee17f30f4d474e6ae4b05252/library/std/src/panic.rs:358:14
[INFO] [stdout]   30:     0x595f7d852c17 - test::run_test_in_process::h0d5cbfa7067d1720
[INFO] [stdout]                                at /rustc/df4ca44d3fbc9301ee17f30f4d474e6ae4b05252/library/test/src/lib.rs:644:27
[INFO] [stdout]   31:     0x595f7d852c17 - test::run_test::{{closure}}::h708eb8872708115d
[INFO] [stdout]                                at /rustc/df4ca44d3fbc9301ee17f30f4d474e6ae4b05252/library/test/src/lib.rs:565:43
[INFO] [stdout]   32:     0x595f7d816334 - test::run_test::{{closure}}::h392c51cee94713ab
[INFO] [stdout]                                at /rustc/df4ca44d3fbc9301ee17f30f4d474e6ae4b05252/library/test/src/lib.rs:595:41
[INFO] [stdout]   33:     0x595f7d816334 - std::sys::backtrace::__rust_begin_short_backtrace::h2f40290710935a8b
[INFO] [stdout]                                at /rustc/df4ca44d3fbc9301ee17f30f4d474e6ae4b05252/library/std/src/sys/backtrace.rs:154:18
[INFO] [stdout]   34:     0x595f7d819ade - std::thread::Builder::spawn_unchecked_::{{closure}}::{{closure}}::h3fd968d89053a903
[INFO] [stdout]                                at /rustc/df4ca44d3fbc9301ee17f30f4d474e6ae4b05252/library/std/src/thread/mod.rs:541:17
[INFO] [stdout]   35:     0x595f7d819ade - <core::panic::unwind_safe::AssertUnwindSafe<F> as core::ops::function::FnOnce<()>>::call_once::h743f637ba4229880
[INFO] [stdout]                                at /rustc/df4ca44d3fbc9301ee17f30f4d474e6ae4b05252/library/core/src/panic/unwind_safe.rs:272:9
[INFO] [stdout]   36:     0x595f7d819ade - std::panicking::try::do_call::h07440897322525a6
[INFO] [stdout]                                at /rustc/df4ca44d3fbc9301ee17f30f4d474e6ae4b05252/library/std/src/panicking.rs:557:40
[INFO] [stdout]   37:     0x595f7d819ade - std::panicking::try::he5a2e00188156637
[INFO] [stdout]                                at /rustc/df4ca44d3fbc9301ee17f30f4d474e6ae4b05252/library/std/src/panicking.rs:520:19
[INFO] [stdout]   38:     0x595f7d819ade - std::panic::catch_unwind::hbaf3cae49b3c6433
[INFO] [stdout]                                at /rustc/df4ca44d3fbc9301ee17f30f4d474e6ae4b05252/library/std/src/panic.rs:358:14
[INFO] [stdout]   39:     0x595f7d819ade - std::thread::Builder::spawn_unchecked_::{{closure}}::h8e141ea224820bce
[INFO] [stdout]                                at /rustc/df4ca44d3fbc9301ee17f30f4d474e6ae4b05252/library/std/src/thread/mod.rs:540:30
[INFO] [stdout]   40:     0x595f7d819ade - core::ops::function::FnOnce::call_once{{vtable.shim}}::h90d312fedd7b8ea8
[INFO] [stdout]                                at /rustc/df4ca44d3fbc9301ee17f30f4d474e6ae4b05252/library/core/src/ops/function.rs:250:5
[INFO] [stdout]   41:     0x595f7d88e1fb - <alloc::boxed::Box<F,A> as core::ops::function::FnOnce<Args>>::call_once::h69aa08ddb6adb8b6
[INFO] [stdout]                                at /rustc/df4ca44d3fbc9301ee17f30f4d474e6ae4b05252/library/alloc/src/boxed.rs:2454:9
[INFO] [stdout]   42:     0x595f7d88e1fb - <alloc::boxed::Box<F,A> as core::ops::function::FnOnce<Args>>::call_once::h5aa36efdb79c806f
[INFO] [stdout]                                at /rustc/df4ca44d3fbc9301ee17f30f4d474e6ae4b05252/library/alloc/src/boxed.rs:2454:9
[INFO] [stdout]   43:     0x595f7d88e1fb - std::sys::pal::unix::thread::Thread::new::thread_start::h6cd80a1b4be5158d
[INFO] [stdout]                                at /rustc/df4ca44d3fbc9301ee17f30f4d474e6ae4b05252/library/std/src/sys/pal/unix/thread.rs:105:17
[INFO] [stdout]   44:     0x77eaf12d1ac3 - <unknown>
[INFO] [stdout]   45:     0x77eaf1362a04 - clone
[INFO] [stdout]   46:                0x0 - <unknown>
[INFO] [stdout] 
[INFO] [stdout] 
[INFO] [stdout] failures:
[INFO] [stdout]     host::calc_labels::test_calculate_labels
[INFO] [stdout] 
[INFO] [stdout] test result: FAILED. 4 passed; 1 failed; 0 ignored; 0 measured; 0 filtered out; finished in 0.22s
[INFO] [stdout] 
[INFO] [stderr] error: test failed, to rerun pass `--lib`
[INFO] running `Command { std: "docker" "inspect" "54186b54fcc9772929a10718716f1919a6d411084b114cd0832c39c7a2d7f517", kill_on_drop: false }`
[INFO] running `Command { std: "docker" "rm" "-f" "54186b54fcc9772929a10718716f1919a6d411084b114cd0832c39c7a2d7f517", kill_on_drop: false }`
[INFO] [stdout] 54186b54fcc9772929a10718716f1919a6d411084b114cd0832c39c7a2d7f517
