[INFO] fetching crate hv-ecs 0.1.0...
[INFO] testing hv-ecs-0.1.0 against nightly-2024-10-28 for randomize-layout
[INFO] extracting crate hv-ecs 0.1.0 into /workspace/builds/worker-4-tc1/source
[INFO] validating manifest of crates.io crate hv-ecs 0.1.0 on toolchain nightly-2024-10-28
[INFO] running `Command { std: CARGO_HOME="/workspace/cargo-home" RUSTUP_HOME="/workspace/rustup-home" "/workspace/cargo-home/bin/cargo" "+nightly-2024-10-28" "metadata" "--manifest-path" "Cargo.toml" "--no-deps", kill_on_drop: false }`
[INFO] started tweaking crates.io crate hv-ecs 0.1.0
[INFO] finished tweaking crates.io crate hv-ecs 0.1.0
[INFO] tweaked toml for crates.io crate hv-ecs 0.1.0 written to /workspace/builds/worker-4-tc1/source/Cargo.toml
[INFO] running `Command { std: CARGO_HOME="/workspace/cargo-home" RUSTUP_HOME="/workspace/rustup-home" "/workspace/cargo-home/bin/cargo" "+nightly-2024-10-28" "generate-lockfile" "--manifest-path" "Cargo.toml", kill_on_drop: false }`
[INFO] [stderr]     Updating crates.io index
[INFO] [stderr]      Locking 52 packages to latest compatible versions
[INFO] [stderr]       Adding hashbrown v0.11.2 (available: v0.15.0)
[INFO] running `Command { std: CARGO_HOME="/workspace/cargo-home" RUSTUP_HOME="/workspace/rustup-home" "/workspace/cargo-home/bin/cargo" "+nightly-2024-10-28" "fetch" "--manifest-path" "Cargo.toml", kill_on_drop: false }`
[INFO] running `Command { std: "docker" "create" "-v" "/var/lib/crater-agent-workspace/builds/worker-4-tc1/target:/opt/rustwide/target:rw,Z" "-v" "/var/lib/crater-agent-workspace/builds/worker-4-tc1/source:/opt/rustwide/workdir:ro,Z" "-v" "/var/lib/crater-agent-workspace/cargo-home:/opt/rustwide/cargo-home:ro,Z" "-v" "/var/lib/crater-agent-workspace/rustup-home:/opt/rustwide/rustup-home:ro,Z" "-e" "SOURCE_DIR=/opt/rustwide/workdir" "-e" "CARGO_TARGET_DIR=/opt/rustwide/target" "-e" "CARGO_HOME=/opt/rustwide/cargo-home" "-e" "RUSTUP_HOME=/opt/rustwide/rustup-home" "-w" "/opt/rustwide/workdir" "-m" "1610612736" "--user" "0:0" "--network" "none" "ghcr.io/rust-lang/crates-build-env/linux@sha256:4a844ea9eb2546a2d2c7022eacef16ef2e8229c7fbb2c7d4d55a9ceca922f72d" "/opt/rustwide/cargo-home/bin/cargo" "+nightly-2024-10-28" "metadata" "--no-deps" "--format-version=1", kill_on_drop: false }`
[INFO] [stdout] 03b37e7ecee660952c0bd71699d4b5da97800280fe3817e2a4c0f154c1383097
[INFO] running `Command { std: "docker" "start" "-a" "03b37e7ecee660952c0bd71699d4b5da97800280fe3817e2a4c0f154c1383097", kill_on_drop: false }`
[INFO] running `Command { std: "docker" "inspect" "03b37e7ecee660952c0bd71699d4b5da97800280fe3817e2a4c0f154c1383097", kill_on_drop: false }`
[INFO] running `Command { std: "docker" "rm" "-f" "03b37e7ecee660952c0bd71699d4b5da97800280fe3817e2a4c0f154c1383097", kill_on_drop: false }`
[INFO] [stdout] 03b37e7ecee660952c0bd71699d4b5da97800280fe3817e2a4c0f154c1383097
[INFO] running `Command { std: "docker" "create" "-v" "/var/lib/crater-agent-workspace/builds/worker-4-tc1/target:/opt/rustwide/target:rw,Z" "-v" "/var/lib/crater-agent-workspace/builds/worker-4-tc1/source:/opt/rustwide/workdir:ro,Z" "-v" "/var/lib/crater-agent-workspace/cargo-home:/opt/rustwide/cargo-home:ro,Z" "-v" "/var/lib/crater-agent-workspace/rustup-home:/opt/rustwide/rustup-home:ro,Z" "-e" "SOURCE_DIR=/opt/rustwide/workdir" "-e" "CARGO_TARGET_DIR=/opt/rustwide/target" "-e" "CARGO_INCREMENTAL=0" "-e" "RUST_BACKTRACE=full" "-e" "RUSTFLAGS=--cap-lints=forbid" "-e" "RUSTDOCFLAGS=--cap-lints=forbid" "-e" "CARGO_HOME=/opt/rustwide/cargo-home" "-e" "RUSTUP_HOME=/opt/rustwide/rustup-home" "-w" "/opt/rustwide/workdir" "-m" "1610612736" "--user" "0:0" "--network" "none" "ghcr.io/rust-lang/crates-build-env/linux@sha256:4a844ea9eb2546a2d2c7022eacef16ef2e8229c7fbb2c7d4d55a9ceca922f72d" "/opt/rustwide/cargo-home/bin/cargo" "+nightly-2024-10-28" "build" "--frozen" "--message-format=json", kill_on_drop: false }`
[INFO] [stdout] 0db27468ee225199ed19f9e4d27c4d80678120d59965eb4c95cfa85a308f4aec
[INFO] running `Command { std: "docker" "start" "-a" "0db27468ee225199ed19f9e4d27c4d80678120d59965eb4c95cfa85a308f4aec", kill_on_drop: false }`
[INFO] [stderr]    Compiling libc v0.2.161
[INFO] [stderr]    Compiling version_check v0.9.5
[INFO] [stderr]    Compiling cfg-if v1.0.0
[INFO] [stderr]    Compiling once_cell v1.20.2
[INFO] [stderr]    Compiling ahash v0.7.8
[INFO] [stderr]    Compiling getrandom v0.2.15
[INFO] [stderr]    Compiling hashbrown v0.11.2
[INFO] [stderr]    Compiling hv-ecs v0.1.0 (/opt/rustwide/workdir)
[INFO] [stdout] warning: unexpected `cfg` condition value: `macros`
[INFO] [stdout]   --> src/lib.rs:96:7
[INFO] [stdout]    |
[INFO] [stdout] 96 | #[cfg(feature = "macros")]
[INFO] [stdout]    |       ^^^^^^^^^^^^^^^^^^
[INFO] [stdout]    |
[INFO] [stdout]    = note: expected values for `feature` are: `column-serialize`, `default`, `lazy_static`, `row-serialize`, `serde`, and `std`
[INFO] [stdout]    = help: consider adding `macros` as a feature in `Cargo.toml`
[INFO] [stdout]    = note: see <https://doc.rust-lang.org/nightly/rustc/check-cfg/cargo-specifics.html> for more information about checking conditional configuration
[INFO] [stdout]    = note: `#[warn(unexpected_cfgs)]` on by default
[INFO] [stdout] 
[INFO] [stdout] 
[INFO] [stdout] warning: unexpected `cfg` condition value: `macros`
[INFO] [stdout]    --> src/lib.rs:102:7
[INFO] [stdout]     |
[INFO] [stdout] 102 | #[cfg(feature = "macros")]
[INFO] [stdout]     |       ^^^^^^^^^^^^^^^^^^
[INFO] [stdout]     |
[INFO] [stdout]     = note: expected values for `feature` are: `column-serialize`, `default`, `lazy_static`, `row-serialize`, `serde`, and `std`
[INFO] [stdout]     = help: consider adding `macros` as a feature in `Cargo.toml`
[INFO] [stdout]     = note: see <https://doc.rust-lang.org/nightly/rustc/check-cfg/cargo-specifics.html> for more information about checking conditional configuration
[INFO] [stdout] 
[INFO] [stdout] 
[INFO] [stderr]     Finished `dev` profile [unoptimized + debuginfo] target(s) in 1.83s
[INFO] running `Command { std: "docker" "inspect" "0db27468ee225199ed19f9e4d27c4d80678120d59965eb4c95cfa85a308f4aec", kill_on_drop: false }`
[INFO] running `Command { std: "docker" "rm" "-f" "0db27468ee225199ed19f9e4d27c4d80678120d59965eb4c95cfa85a308f4aec", kill_on_drop: false }`
[INFO] [stdout] 0db27468ee225199ed19f9e4d27c4d80678120d59965eb4c95cfa85a308f4aec
[INFO] running `Command { std: "docker" "create" "-v" "/var/lib/crater-agent-workspace/builds/worker-4-tc1/target:/opt/rustwide/target:rw,Z" "-v" "/var/lib/crater-agent-workspace/builds/worker-4-tc1/source:/opt/rustwide/workdir:ro,Z" "-v" "/var/lib/crater-agent-workspace/cargo-home:/opt/rustwide/cargo-home:ro,Z" "-v" "/var/lib/crater-agent-workspace/rustup-home:/opt/rustwide/rustup-home:ro,Z" "-e" "SOURCE_DIR=/opt/rustwide/workdir" "-e" "CARGO_TARGET_DIR=/opt/rustwide/target" "-e" "CARGO_INCREMENTAL=0" "-e" "RUST_BACKTRACE=full" "-e" "RUSTFLAGS=--cap-lints=forbid" "-e" "RUSTDOCFLAGS=--cap-lints=forbid" "-e" "CARGO_HOME=/opt/rustwide/cargo-home" "-e" "RUSTUP_HOME=/opt/rustwide/rustup-home" "-w" "/opt/rustwide/workdir" "-m" "1610612736" "--user" "0:0" "--network" "none" "ghcr.io/rust-lang/crates-build-env/linux@sha256:4a844ea9eb2546a2d2c7022eacef16ef2e8229c7fbb2c7d4d55a9ceca922f72d" "/opt/rustwide/cargo-home/bin/cargo" "+nightly-2024-10-28" "test" "--frozen" "--no-run" "--message-format=json", kill_on_drop: false }`
[INFO] [stdout] 8135812b9927c7088d1058bd0d14ad6a0189c71bba64758a5a03eea13b448dd0
[INFO] running `Command { std: "docker" "start" "-a" "8135812b9927c7088d1058bd0d14ad6a0189c71bba64758a5a03eea13b448dd0", kill_on_drop: false }`
[INFO] [stderr]    Compiling proc-macro2 v1.0.89
[INFO] [stderr]    Compiling unicode-ident v1.0.13
[INFO] [stderr]    Compiling serde v1.0.214
[INFO] [stderr]    Compiling byteorder v1.5.0
[INFO] [stderr]    Compiling hashbrown v0.15.0
[INFO] [stderr]    Compiling equivalent v1.0.1
[INFO] [stderr]    Compiling getrandom v0.2.15
[INFO] [stderr]    Compiling target-triple v0.1.3
[INFO] [stderr]    Compiling serde_json v1.0.132
[INFO] [stderr]    Compiling winnow v0.6.20
[INFO] [stderr]    Compiling rand_core v0.6.4
[INFO] [stderr]    Compiling ahash v0.7.8
[INFO] [stderr]    Compiling ryu v1.0.18
[INFO] [stderr]    Compiling itoa v1.0.11
[INFO] [stderr]    Compiling memchr v2.7.4
[INFO] [stderr]    Compiling glob v0.3.1
[INFO] [stderr]    Compiling hashbrown v0.11.2
[INFO] [stderr]    Compiling termcolor v1.4.1
[INFO] [stderr]    Compiling bencher v0.1.5
[INFO] [stderr]    Compiling indexmap v2.6.0
[INFO] [stderr]    Compiling quote v1.0.37
[INFO] [stderr]    Compiling hv-ecs v0.1.0 (/opt/rustwide/workdir)
[INFO] [stdout] warning: unexpected `cfg` condition value: `macros`
[INFO] [stdout]   --> src/lib.rs:96:7
[INFO] [stdout]    |
[INFO] [stdout] 96 | #[cfg(feature = "macros")]
[INFO] [stdout]    |       ^^^^^^^^^^^^^^^^^^
[INFO] [stdout]    |
[INFO] [stdout]    = note: expected values for `feature` are: `column-serialize`, `default`, `lazy_static`, `row-serialize`, `serde`, and `std`
[INFO] [stdout]    = help: consider adding `macros` as a feature in `Cargo.toml`
[INFO] [stdout]    = note: see <https://doc.rust-lang.org/nightly/rustc/check-cfg/cargo-specifics.html> for more information about checking conditional configuration
[INFO] [stdout]    = note: `#[warn(unexpected_cfgs)]` on by default
[INFO] [stdout] 
[INFO] [stdout] 
[INFO] [stdout] warning: unexpected `cfg` condition value: `macros`
[INFO] [stdout]    --> src/lib.rs:102:7
[INFO] [stdout]     |
[INFO] [stdout] 102 | #[cfg(feature = "macros")]
[INFO] [stdout]     |       ^^^^^^^^^^^^^^^^^^
[INFO] [stdout]     |
[INFO] [stdout]     = note: expected values for `feature` are: `column-serialize`, `default`, `lazy_static`, `row-serialize`, `serde`, and `std`
[INFO] [stdout]     = help: consider adding `macros` as a feature in `Cargo.toml`
[INFO] [stdout]     = note: see <https://doc.rust-lang.org/nightly/rustc/check-cfg/cargo-specifics.html> for more information about checking conditional configuration
[INFO] [stdout] 
[INFO] [stdout] 
[INFO] [stderr]    Compiling syn v2.0.86
[INFO] [stderr]    Compiling serde_derive v1.0.214
[INFO] [stderr]    Compiling zerocopy-derive v0.7.35
[INFO] [stderr]    Compiling zerocopy v0.7.35
[INFO] [stderr]    Compiling ppv-lite86 v0.2.20
[INFO] [stderr]    Compiling rand_chacha v0.3.1
[INFO] [stderr]    Compiling rand v0.8.5
[INFO] [stderr]    Compiling serde_spanned v0.6.8
[INFO] [stderr]    Compiling toml_datetime v0.6.8
[INFO] [stderr]    Compiling serde_test v1.0.177
[INFO] [stderr]    Compiling toml_edit v0.22.22
[INFO] [stderr]    Compiling toml v0.8.19
[INFO] [stderr]    Compiling trybuild v1.0.101
[INFO] [stdout] warning: unexpected `cfg` condition value: `macros`
[INFO] [stdout]   --> src/lib.rs:96:7
[INFO] [stdout]    |
[INFO] [stdout] 96 | #[cfg(feature = "macros")]
[INFO] [stdout]    |       ^^^^^^^^^^^^^^^^^^
[INFO] [stdout]    |
[INFO] [stdout]    = note: expected values for `feature` are: `column-serialize`, `default`, `lazy_static`, `row-serialize`, `serde`, and `std`
[INFO] [stdout]    = help: consider adding `macros` as a feature in `Cargo.toml`
[INFO] [stdout]    = note: see <https://doc.rust-lang.org/nightly/rustc/check-cfg/cargo-specifics.html> for more information about checking conditional configuration
[INFO] [stdout]    = note: `#[warn(unexpected_cfgs)]` on by default
[INFO] [stdout] 
[INFO] [stdout] 
[INFO] [stdout] warning: unexpected `cfg` condition value: `macros`
[INFO] [stdout]    --> src/lib.rs:102:7
[INFO] [stdout]     |
[INFO] [stdout] 102 | #[cfg(feature = "macros")]
[INFO] [stdout]     |       ^^^^^^^^^^^^^^^^^^
[INFO] [stdout]     |
[INFO] [stdout]     = note: expected values for `feature` are: `column-serialize`, `default`, `lazy_static`, `row-serialize`, `serde`, and `std`
[INFO] [stdout]     = help: consider adding `macros` as a feature in `Cargo.toml`
[INFO] [stdout]     = note: see <https://doc.rust-lang.org/nightly/rustc/check-cfg/cargo-specifics.html> for more information about checking conditional configuration
[INFO] [stdout] 
[INFO] [stdout] 
[INFO] [stderr]     Finished `test` profile [unoptimized + debuginfo] target(s) in 9.06s
[INFO] running `Command { std: "docker" "inspect" "8135812b9927c7088d1058bd0d14ad6a0189c71bba64758a5a03eea13b448dd0", kill_on_drop: false }`
[INFO] running `Command { std: "docker" "rm" "-f" "8135812b9927c7088d1058bd0d14ad6a0189c71bba64758a5a03eea13b448dd0", kill_on_drop: false }`
[INFO] [stdout] 8135812b9927c7088d1058bd0d14ad6a0189c71bba64758a5a03eea13b448dd0
[INFO] running `Command { std: "docker" "create" "-v" "/var/lib/crater-agent-workspace/builds/worker-4-tc1/target:/opt/rustwide/target:rw,Z" "-v" "/var/lib/crater-agent-workspace/builds/worker-4-tc1/source:/opt/rustwide/workdir:ro,Z" "-v" "/var/lib/crater-agent-workspace/cargo-home:/opt/rustwide/cargo-home:ro,Z" "-v" "/var/lib/crater-agent-workspace/rustup-home:/opt/rustwide/rustup-home:ro,Z" "-e" "SOURCE_DIR=/opt/rustwide/workdir" "-e" "CARGO_TARGET_DIR=/opt/rustwide/target" "-e" "CARGO_INCREMENTAL=0" "-e" "RUST_BACKTRACE=full" "-e" "RUSTFLAGS=--cap-lints=forbid" "-e" "RUSTDOCFLAGS=--cap-lints=forbid" "-e" "CARGO_HOME=/opt/rustwide/cargo-home" "-e" "RUSTUP_HOME=/opt/rustwide/rustup-home" "-w" "/opt/rustwide/workdir" "-m" "1610612736" "--user" "0:0" "--network" "none" "ghcr.io/rust-lang/crates-build-env/linux@sha256:4a844ea9eb2546a2d2c7022eacef16ef2e8229c7fbb2c7d4d55a9ceca922f72d" "/opt/rustwide/cargo-home/bin/cargo" "+nightly-2024-10-28" "test" "--frozen", kill_on_drop: false }`
[INFO] [stdout] b8b0cf8b65a226c61376a802b0d2bfa75c41d06ee8a96441690e7967cd504d5b
[INFO] running `Command { std: "docker" "start" "-a" "b8b0cf8b65a226c61376a802b0d2bfa75c41d06ee8a96441690e7967cd504d5b", kill_on_drop: false }`
[INFO] [stderr] warning: unexpected `cfg` condition value: `macros`
[INFO] [stderr]   --> src/lib.rs:96:7
[INFO] [stderr]    |
[INFO] [stderr] 96 | #[cfg(feature = "macros")]
[INFO] [stderr]    |       ^^^^^^^^^^^^^^^^^^
[INFO] [stderr]    |
[INFO] [stderr]    = note: expected values for `feature` are: `column-serialize`, `default`, `lazy_static`, `row-serialize`, `serde`, and `std`
[INFO] [stderr]    = help: consider adding `macros` as a feature in `Cargo.toml`
[INFO] [stderr]    = note: see <https://doc.rust-lang.org/nightly/rustc/check-cfg/cargo-specifics.html> for more information about checking conditional configuration
[INFO] [stderr]    = note: `#[warn(unexpected_cfgs)]` on by default
[INFO] [stderr] 
[INFO] [stderr] warning: unexpected `cfg` condition value: `macros`
[INFO] [stderr]    --> src/lib.rs:102:7
[INFO] [stderr]     |
[INFO] [stderr] 102 | #[cfg(feature = "macros")]
[INFO] [stderr]     |       ^^^^^^^^^^^^^^^^^^
[INFO] [stderr]     |
[INFO] [stderr]     = note: expected values for `feature` are: `column-serialize`, `default`, `lazy_static`, `row-serialize`, `serde`, and `std`
[INFO] [stderr]     = help: consider adding `macros` as a feature in `Cargo.toml`
[INFO] [stderr]     = note: see <https://doc.rust-lang.org/nightly/rustc/check-cfg/cargo-specifics.html> for more information about checking conditional configuration
[INFO] [stderr] 
[INFO] [stderr] warning: `hv-ecs` (lib) generated 2 warnings
[INFO] [stderr] warning: `hv-ecs` (lib test) generated 2 warnings (2 duplicates)
[INFO] [stderr]     Finished `test` profile [unoptimized + debuginfo] target(s) in 0.03s
[INFO] [stderr]      Running unittests src/lib.rs (/opt/rustwide/target/debug/deps/hv_ecs-2fb004943611b36a)
[INFO] [stdout] 
[INFO] [stdout] running 17 tests
[INFO] [stdout] test borrow::tests::test_borrow ... ok
[INFO] [stdout] test batch::tests::empty_batch ... ok
[INFO] [stdout] test entities::tests::alloc_at ... ok
[INFO] [stdout] test entities::tests::entity_bits_roundtrip ... ok
[INFO] [stdout] test entities::tests::contains ... ok
[INFO] [stdout] test entities::tests::alloc_and_free ... ok
[INFO] [stdout] test entities::tests::reserve_grows_mixed ... ok
[INFO] [stdout] test entities::tests::reserve_entities ... ok
[INFO] [stdout] test entities::tests::reserve_entity ... ok
[INFO] [stdout] test query::tests::access_order ... ok
[INFO] [stdout] test entities::tests::reserve_grows ... ok
[INFO] [stdout] test world::tests::remove_nothing ... ok
[INFO] [stdout] test world::tests::reuse_empty ... ok
[INFO] [stdout] test world::tests::reuse_populated ... ok
[INFO] [stdout] test world::tests::spawn_at ... ok
[INFO] [stdout] test borrow::tests::test_mut_borrow_counter_overflow - should panic ... ok
[INFO] [stdout] test borrow::tests::test_borrow_counter_overflow - should panic ... ok
[INFO] [stdout] 
[INFO] [stdout] test result: ok. 17 passed; 0 failed; 0 ignored; 0 measured; 0 filtered out; finished in 0.01s
[INFO] [stdout] 
[INFO] [stderr]    Doc-tests hv_ecs
[INFO] [stdout] 
[INFO] [stdout] running 18 tests
[INFO] [stdout] test src/query.rs - query::Satisfies (line 498) ... FAILED
[INFO] [stdout] test src/query.rs - query::QueryBorrow<'w,Q>::without (line 633) ... FAILED
[INFO] [stdout] test src/query.rs - query::QueryBorrow<'w,Q>::with (line 610) ... FAILED
[INFO] [stdout] test src/query.rs - query::With (line 428) ... FAILED
[INFO] [stdout] test src/lib.rs - (line 20) ... FAILED
[INFO] [stdout] test src/entity_ref.rs - entity_ref::EntityRef<'a>::query (line 57) ... FAILED
[INFO] [stdout] test src/entity_builder.rs - entity_builder::EntityBuilder (line 36) ... FAILED
[INFO] [stdout] test src/entity_builder.rs - entity_builder::EntityBuilder (line 22) ... FAILED
[INFO] [stdout] test src/world.rs - world::World::spawn (line 83) ... FAILED
[INFO] [stdout] test src/world.rs - world::World::query_one (line 425) ... FAILED
[INFO] [stdout] test src/world.rs - world::World::iter (line 530) ... FAILED
[INFO] [stdout] test src/world.rs - world::World::query (line 365) ... FAILED
[INFO] [stdout] test src/world.rs - world::World::archetypes_generation (line 808) ... FAILED
[INFO] [stdout] test src/world.rs - world::World::insert (line 552) ... FAILED
[INFO] [stdout] test src/query.rs - query::Without (line 360) ... FAILED
[INFO] [stdout] test src/world.rs - world::World::remove (line 661) ... FAILED
[INFO] [stdout] test src/world.rs - world::World::spawn_at (line 111) ... FAILED
[INFO] [stdout] test src/world.rs - world::World::spawn_batch (line 169) ... FAILED
[INFO] [stdout] 
[INFO] [stdout] failures:
[INFO] [stdout] 
[INFO] [stdout] ---- src/query.rs - query::Satisfies (line 498) stdout ----
[INFO] [stdout] error[E0432]: unresolved import `hecs`
[INFO] [stdout]  --> src/query.rs:499:5
[INFO] [stdout]   |
[INFO] [stdout] 3 | use hecs::*;
[INFO] [stdout]   |     ^^^^ use of undeclared crate or module `hecs`
[INFO] [stdout] 
[INFO] [stdout] error: aborting due to 1 previous error
[INFO] [stdout] 
[INFO] [stdout] For more information about this error, try `rustc --explain E0432`.
[INFO] [stdout] Couldn't compile the test.
[INFO] [stdout] ---- src/query.rs - query::QueryBorrow<'w,Q>::without (line 633) stdout ----
[INFO] [stdout] error[E0432]: unresolved import `hecs`
[INFO] [stdout]  --> src/query.rs:634:5
[INFO] [stdout]   |
[INFO] [stdout] 3 | use hecs::*;
[INFO] [stdout]   |     ^^^^ use of undeclared crate or module `hecs`
[INFO] [stdout] 
[INFO] [stdout] error: aborting due to 1 previous error
[INFO] [stdout] 
[INFO] [stdout] For more information about this error, try `rustc --explain E0432`.
[INFO] [stdout] Couldn't compile the test.
[INFO] [stdout] ---- src/query.rs - query::QueryBorrow<'w,Q>::with (line 610) stdout ----
[INFO] [stdout] error[E0432]: unresolved import `hecs`
[INFO] [stdout]  --> src/query.rs:611:5
[INFO] [stdout]   |
[INFO] [stdout] 3 | use hecs::*;
[INFO] [stdout]   |     ^^^^ use of undeclared crate or module `hecs`
[INFO] [stdout] 
[INFO] [stdout] error: aborting due to 1 previous error
[INFO] [stdout] 
[INFO] [stdout] For more information about this error, try `rustc --explain E0432`.
[INFO] [stdout] Couldn't compile the test.
[INFO] [stdout] ---- src/query.rs - query::With (line 428) stdout ----
[INFO] [stdout] error[E0432]: unresolved import `hecs`
[INFO] [stdout]  --> src/query.rs:429:5
[INFO] [stdout]   |
[INFO] [stdout] 3 | use hecs::*;
[INFO] [stdout]   |     ^^^^ use of undeclared crate or module `hecs`
[INFO] [stdout] 
[INFO] [stdout] error: aborting due to 1 previous error
[INFO] [stdout] 
[INFO] [stdout] For more information about this error, try `rustc --explain E0432`.
[INFO] [stdout] Couldn't compile the test.
[INFO] [stdout] ---- src/lib.rs - (line 20) stdout ----
[INFO] [stdout] error[E0432]: unresolved import `hecs`
[INFO] [stdout]  --> src/lib.rs:21:5
[INFO] [stdout]   |
[INFO] [stdout] 3 | use hecs::*;
[INFO] [stdout]   |     ^^^^ use of undeclared crate or module `hecs`
[INFO] [stdout] 
[INFO] [stdout] error: aborting due to 1 previous error
[INFO] [stdout] 
[INFO] [stdout] For more information about this error, try `rustc --explain E0432`.
[INFO] [stdout] Couldn't compile the test.
[INFO] [stdout] ---- src/entity_ref.rs - entity_ref::EntityRef<'a>::query (line 57) stdout ----
[INFO] [stdout] error[E0432]: unresolved import `hecs`
[INFO] [stdout]  --> src/entity_ref.rs:58:5
[INFO] [stdout]   |
[INFO] [stdout] 3 | use hecs::*;
[INFO] [stdout]   |     ^^^^ use of undeclared crate or module `hecs`
[INFO] [stdout] 
[INFO] [stdout] error: aborting due to 1 previous error
[INFO] [stdout] 
[INFO] [stdout] For more information about this error, try `rustc --explain E0432`.
[INFO] [stdout] Couldn't compile the test.
[INFO] [stdout] ---- src/entity_builder.rs - entity_builder::EntityBuilder (line 36) stdout ----
[INFO] [stdout] error[E0432]: unresolved import `hecs`
[INFO] [stdout]  --> src/entity_builder.rs:37:5
[INFO] [stdout]   |
[INFO] [stdout] 3 | use hecs::*;
[INFO] [stdout]   |     ^^^^ use of undeclared crate or module `hecs`
[INFO] [stdout] 
[INFO] [stdout] error: aborting due to 1 previous error
[INFO] [stdout] 
[INFO] [stdout] For more information about this error, try `rustc --explain E0432`.
[INFO] [stdout] Couldn't compile the test.
[INFO] [stdout] ---- src/entity_builder.rs - entity_builder::EntityBuilder (line 22) stdout ----
[INFO] [stdout] error[E0432]: unresolved import `hecs`
[INFO] [stdout]  --> src/entity_builder.rs:23:5
[INFO] [stdout]   |
[INFO] [stdout] 3 | use hecs::*;
[INFO] [stdout]   |     ^^^^ use of undeclared crate or module `hecs`
[INFO] [stdout] 
[INFO] [stdout] error: aborting due to 1 previous error
[INFO] [stdout] 
[INFO] [stdout] For more information about this error, try `rustc --explain E0432`.
[INFO] [stdout] Couldn't compile the test.
[INFO] [stdout] ---- src/world.rs - world::World::spawn (line 83) stdout ----
[INFO] [stdout] error[E0432]: unresolved import `hecs`
[INFO] [stdout]  --> src/world.rs:84:5
[INFO] [stdout]   |
[INFO] [stdout] 3 | use hecs::*;
[INFO] [stdout]   |     ^^^^ use of undeclared crate or module `hecs`
[INFO] [stdout] 
[INFO] [stdout] error: aborting due to 1 previous error
[INFO] [stdout] 
[INFO] [stdout] For more information about this error, try `rustc --explain E0432`.
[INFO] [stdout] Couldn't compile the test.
[INFO] [stdout] ---- src/world.rs - world::World::query_one (line 425) stdout ----
[INFO] [stdout] error[E0432]: unresolved import `hecs`
[INFO] [stdout]  --> src/world.rs:426:5
[INFO] [stdout]   |
[INFO] [stdout] 3 | use hecs::*;
[INFO] [stdout]   |     ^^^^ use of undeclared crate or module `hecs`
[INFO] [stdout] 
[INFO] [stdout] error: aborting due to 1 previous error
[INFO] [stdout] 
[INFO] [stdout] For more information about this error, try `rustc --explain E0432`.
[INFO] [stdout] Couldn't compile the test.
[INFO] [stdout] ---- src/world.rs - world::World::iter (line 530) stdout ----
[INFO] [stdout] error[E0432]: unresolved import `hecs`
[INFO] [stdout]  --> src/world.rs:531:5
[INFO] [stdout]   |
[INFO] [stdout] 3 | use hecs::*;
[INFO] [stdout]   |     ^^^^ use of undeclared crate or module `hecs`
[INFO] [stdout] 
[INFO] [stdout] error: aborting due to 1 previous error
[INFO] [stdout] 
[INFO] [stdout] For more information about this error, try `rustc --explain E0432`.
[INFO] [stdout] Couldn't compile the test.
[INFO] [stdout] ---- src/world.rs - world::World::query (line 365) stdout ----
[INFO] [stdout] error[E0432]: unresolved import `hecs`
[INFO] [stdout]  --> src/world.rs:366:5
[INFO] [stdout]   |
[INFO] [stdout] 3 | use hecs::*;
[INFO] [stdout]   |     ^^^^ use of undeclared crate or module `hecs`
[INFO] [stdout] 
[INFO] [stdout] error: aborting due to 1 previous error
[INFO] [stdout] 
[INFO] [stdout] For more information about this error, try `rustc --explain E0432`.
[INFO] [stdout] Couldn't compile the test.
[INFO] [stdout] ---- src/world.rs - world::World::archetypes_generation (line 808) stdout ----
[INFO] [stdout] error[E0432]: unresolved import `hecs`
[INFO] [stdout]  --> src/world.rs:809:5
[INFO] [stdout]   |
[INFO] [stdout] 3 | use hecs::*;
[INFO] [stdout]   |     ^^^^ use of undeclared crate or module `hecs`
[INFO] [stdout] 
[INFO] [stdout] error: aborting due to 1 previous error
[INFO] [stdout] 
[INFO] [stdout] For more information about this error, try `rustc --explain E0432`.
[INFO] [stdout] Couldn't compile the test.
[INFO] [stdout] ---- src/world.rs - world::World::insert (line 552) stdout ----
[INFO] [stdout] error[E0432]: unresolved import `hecs`
[INFO] [stdout]  --> src/world.rs:553:5
[INFO] [stdout]   |
[INFO] [stdout] 3 | use hecs::*;
[INFO] [stdout]   |     ^^^^ use of undeclared crate or module `hecs`
[INFO] [stdout] 
[INFO] [stdout] error: aborting due to 1 previous error
[INFO] [stdout] 
[INFO] [stdout] For more information about this error, try `rustc --explain E0432`.
[INFO] [stdout] Couldn't compile the test.
[INFO] [stdout] ---- src/query.rs - query::Without (line 360) stdout ----
[INFO] [stdout] error[E0432]: unresolved import `hecs`
[INFO] [stdout]  --> src/query.rs:361:5
[INFO] [stdout]   |
[INFO] [stdout] 3 | use hecs::*;
[INFO] [stdout]   |     ^^^^ use of undeclared crate or module `hecs`
[INFO] [stdout] 
[INFO] [stdout] error: aborting due to 1 previous error
[INFO] [stdout] 
[INFO] [stdout] For more information about this error, try `rustc --explain E0432`.
[INFO] [stdout] Couldn't compile the test.
[INFO] [stdout] ---- src/world.rs - world::World::remove (line 661) stdout ----
[INFO] [stdout] error[E0432]: unresolved import `hecs`
[INFO] [stdout]  --> src/world.rs:662:5
[INFO] [stdout]   |
[INFO] [stdout] 3 | use hecs::*;
[INFO] [stdout]   |     ^^^^ use of undeclared crate or module `hecs`
[INFO] [stdout] 
[INFO] [stdout] error: aborting due to 1 previous error
[INFO] [stdout] 
[INFO] [stdout] For more information about this error, try `rustc --explain E0432`.
[INFO] [stdout] Couldn't compile the test.
[INFO] [stdout] ---- src/world.rs - world::World::spawn_at (line 111) stdout ----
[INFO] [stdout] error[E0432]: unresolved import `hecs`
[INFO] [stdout]  --> src/world.rs:112:5
[INFO] [stdout]   |
[INFO] [stdout] 3 | use hecs::*;
[INFO] [stdout]   |     ^^^^ use of undeclared crate or module `hecs`
[INFO] [stdout] 
[INFO] [stdout] error: aborting due to 1 previous error
[INFO] [stdout] 
[INFO] [stdout] For more information about this error, try `rustc --explain E0432`.
[INFO] [stdout] Couldn't compile the test.
[INFO] [stdout] ---- src/world.rs - world::World::spawn_batch (line 169) stdout ----
[INFO] [stdout] error[E0432]: unresolved import `hecs`
[INFO] [stdout]  --> src/world.rs:170:5
[INFO] [stdout]   |
[INFO] [stdout] 3 | use hecs::*;
[INFO] [stdout]   |     ^^^^ use of undeclared crate or module `hecs`
[INFO] [stdout] 
[INFO] [stdout] error: aborting due to 1 previous error
[INFO] [stdout] 
[INFO] [stdout] For more information about this error, try `rustc --explain E0432`.
[INFO] [stdout] Couldn't compile the test.
[INFO] [stdout] 
[INFO] [stdout] failures:
[INFO] [stdout]     src/entity_builder.rs - entity_builder::EntityBuilder (line 22)
[INFO] [stdout]     src/entity_builder.rs - entity_builder::EntityBuilder (line 36)
[INFO] [stdout]     src/entity_ref.rs - entity_ref::EntityRef<'a>::query (line 57)
[INFO] [stdout]     src/lib.rs - (line 20)
[INFO] [stdout]     src/query.rs - query::QueryBorrow<'w,Q>::with (line 610)
[INFO] [stdout]     src/query.rs - query::QueryBorrow<'w,Q>::without (line 633)
[INFO] [stdout]     src/query.rs - query::Satisfies (line 498)
[INFO] [stdout]     src/query.rs - query::With (line 428)
[INFO] [stdout]     src/query.rs - query::Without (line 360)
[INFO] [stdout]     src/world.rs - world::World::archetypes_generation (line 808)
[INFO] [stdout]     src/world.rs - world::World::insert (line 552)
[INFO] [stdout]     src/world.rs - world::World::iter (line 530)
[INFO] [stdout]     src/world.rs - world::World::query (line 365)
[INFO] [stdout]     src/world.rs - world::World::query_one (line 425)
[INFO] [stdout]     src/world.rs - world::World::remove (line 661)
[INFO] [stdout]     src/world.rs - world::World::spawn (line 83)
[INFO] [stdout]     src/world.rs - world::World::spawn_at (line 111)
[INFO] [stdout]     src/world.rs - world::World::spawn_batch (line 169)
[INFO] [stdout] 
[INFO] [stdout] test result: FAILED. 0 passed; 18 failed; 0 ignored; 0 measured; 0 filtered out; finished in 0.14s
[INFO] [stdout] 
[INFO] [stderr] error: doctest failed, to rerun pass `--doc`
[INFO] running `Command { std: "docker" "inspect" "b8b0cf8b65a226c61376a802b0d2bfa75c41d06ee8a96441690e7967cd504d5b", kill_on_drop: false }`
[INFO] running `Command { std: "docker" "rm" "-f" "b8b0cf8b65a226c61376a802b0d2bfa75c41d06ee8a96441690e7967cd504d5b", kill_on_drop: false }`
[INFO] [stdout] b8b0cf8b65a226c61376a802b0d2bfa75c41d06ee8a96441690e7967cd504d5b
