[INFO] fetching crate human-units 0.2.0...
[INFO] testing human-units-0.2.0 against nightly-2024-10-28 for randomize-layout
[INFO] extracting crate human-units 0.2.0 into /workspace/builds/worker-5-tc1/source
[INFO] validating manifest of crates.io crate human-units 0.2.0 on toolchain nightly-2024-10-28
[INFO] running `Command { std: CARGO_HOME="/workspace/cargo-home" RUSTUP_HOME="/workspace/rustup-home" "/workspace/cargo-home/bin/cargo" "+nightly-2024-10-28" "metadata" "--manifest-path" "Cargo.toml" "--no-deps", kill_on_drop: false }`
[INFO] started tweaking crates.io crate human-units 0.2.0
[INFO] finished tweaking crates.io crate human-units 0.2.0
[INFO] tweaked toml for crates.io crate human-units 0.2.0 written to /workspace/builds/worker-5-tc1/source/Cargo.toml
[INFO] running `Command { std: CARGO_HOME="/workspace/cargo-home" RUSTUP_HOME="/workspace/rustup-home" "/workspace/cargo-home/bin/cargo" "+nightly-2024-10-28" "generate-lockfile" "--manifest-path" "Cargo.toml", kill_on_drop: false }`
[INFO] [stderr]     Updating crates.io index
[INFO] [stderr]      Locking 60 packages to latest compatible versions
[INFO] running `Command { std: CARGO_HOME="/workspace/cargo-home" RUSTUP_HOME="/workspace/rustup-home" "/workspace/cargo-home/bin/cargo" "+nightly-2024-10-28" "fetch" "--manifest-path" "Cargo.toml", kill_on_drop: false }`
[INFO] [stderr]  Downloading crates ...
[INFO] [stderr]   Downloaded human_bytes v0.4.3
[INFO] [stderr]   Downloaded human-repr v1.1.0
[INFO] [stderr]   Downloaded arbtest v0.3.1
[INFO] running `Command { std: "docker" "create" "-v" "/var/lib/crater-agent-workspace/builds/worker-5-tc1/target:/opt/rustwide/target:rw,Z" "-v" "/var/lib/crater-agent-workspace/builds/worker-5-tc1/source:/opt/rustwide/workdir:ro,Z" "-v" "/var/lib/crater-agent-workspace/cargo-home:/opt/rustwide/cargo-home:ro,Z" "-v" "/var/lib/crater-agent-workspace/rustup-home:/opt/rustwide/rustup-home:ro,Z" "-e" "SOURCE_DIR=/opt/rustwide/workdir" "-e" "CARGO_TARGET_DIR=/opt/rustwide/target" "-e" "CARGO_HOME=/opt/rustwide/cargo-home" "-e" "RUSTUP_HOME=/opt/rustwide/rustup-home" "-w" "/opt/rustwide/workdir" "-m" "1610612736" "--user" "0:0" "--network" "none" "ghcr.io/rust-lang/crates-build-env/linux@sha256:4a844ea9eb2546a2d2c7022eacef16ef2e8229c7fbb2c7d4d55a9ceca922f72d" "/opt/rustwide/cargo-home/bin/cargo" "+nightly-2024-10-28" "metadata" "--no-deps" "--format-version=1", kill_on_drop: false }`
[INFO] [stdout] 06bc829c862371460e942f2f3b6e2076be0d989904ef8036b1281f508b6690ed
[INFO] running `Command { std: "docker" "start" "-a" "06bc829c862371460e942f2f3b6e2076be0d989904ef8036b1281f508b6690ed", kill_on_drop: false }`
[INFO] running `Command { std: "docker" "inspect" "06bc829c862371460e942f2f3b6e2076be0d989904ef8036b1281f508b6690ed", kill_on_drop: false }`
[INFO] running `Command { std: "docker" "rm" "-f" "06bc829c862371460e942f2f3b6e2076be0d989904ef8036b1281f508b6690ed", kill_on_drop: false }`
[INFO] [stdout] 06bc829c862371460e942f2f3b6e2076be0d989904ef8036b1281f508b6690ed
[INFO] running `Command { std: "docker" "create" "-v" "/var/lib/crater-agent-workspace/builds/worker-5-tc1/target:/opt/rustwide/target:rw,Z" "-v" "/var/lib/crater-agent-workspace/builds/worker-5-tc1/source:/opt/rustwide/workdir:ro,Z" "-v" "/var/lib/crater-agent-workspace/cargo-home:/opt/rustwide/cargo-home:ro,Z" "-v" "/var/lib/crater-agent-workspace/rustup-home:/opt/rustwide/rustup-home:ro,Z" "-e" "SOURCE_DIR=/opt/rustwide/workdir" "-e" "CARGO_TARGET_DIR=/opt/rustwide/target" "-e" "CARGO_INCREMENTAL=0" "-e" "RUST_BACKTRACE=full" "-e" "RUSTFLAGS=--cap-lints=forbid" "-e" "RUSTDOCFLAGS=--cap-lints=forbid" "-e" "CARGO_HOME=/opt/rustwide/cargo-home" "-e" "RUSTUP_HOME=/opt/rustwide/rustup-home" "-w" "/opt/rustwide/workdir" "-m" "1610612736" "--user" "0:0" "--network" "none" "ghcr.io/rust-lang/crates-build-env/linux@sha256:4a844ea9eb2546a2d2c7022eacef16ef2e8229c7fbb2c7d4d55a9ceca922f72d" "/opt/rustwide/cargo-home/bin/cargo" "+nightly-2024-10-28" "build" "--frozen" "--message-format=json", kill_on_drop: false }`
[INFO] [stdout] 8538f3758eeef174e49812dfd39ad79fdf8b621fc89d8d4f27b8b4cb898d85f9
[INFO] running `Command { std: "docker" "start" "-a" "8538f3758eeef174e49812dfd39ad79fdf8b621fc89d8d4f27b8b4cb898d85f9", kill_on_drop: false }`
[INFO] [stderr]    Compiling human-units v0.2.0 (/opt/rustwide/workdir)
[INFO] [stderr]     Finished `dev` profile [unoptimized + debuginfo] target(s) in 0.22s
[INFO] running `Command { std: "docker" "inspect" "8538f3758eeef174e49812dfd39ad79fdf8b621fc89d8d4f27b8b4cb898d85f9", kill_on_drop: false }`
[INFO] running `Command { std: "docker" "rm" "-f" "8538f3758eeef174e49812dfd39ad79fdf8b621fc89d8d4f27b8b4cb898d85f9", kill_on_drop: false }`
[INFO] [stdout] 8538f3758eeef174e49812dfd39ad79fdf8b621fc89d8d4f27b8b4cb898d85f9
[INFO] running `Command { std: "docker" "create" "-v" "/var/lib/crater-agent-workspace/builds/worker-5-tc1/target:/opt/rustwide/target:rw,Z" "-v" "/var/lib/crater-agent-workspace/builds/worker-5-tc1/source:/opt/rustwide/workdir:ro,Z" "-v" "/var/lib/crater-agent-workspace/cargo-home:/opt/rustwide/cargo-home:ro,Z" "-v" "/var/lib/crater-agent-workspace/rustup-home:/opt/rustwide/rustup-home:ro,Z" "-e" "SOURCE_DIR=/opt/rustwide/workdir" "-e" "CARGO_TARGET_DIR=/opt/rustwide/target" "-e" "CARGO_INCREMENTAL=0" "-e" "RUST_BACKTRACE=full" "-e" "RUSTFLAGS=--cap-lints=forbid" "-e" "RUSTDOCFLAGS=--cap-lints=forbid" "-e" "CARGO_HOME=/opt/rustwide/cargo-home" "-e" "RUSTUP_HOME=/opt/rustwide/rustup-home" "-w" "/opt/rustwide/workdir" "-m" "1610612736" "--user" "0:0" "--network" "none" "ghcr.io/rust-lang/crates-build-env/linux@sha256:4a844ea9eb2546a2d2c7022eacef16ef2e8229c7fbb2c7d4d55a9ceca922f72d" "/opt/rustwide/cargo-home/bin/cargo" "+nightly-2024-10-28" "test" "--frozen" "--no-run" "--message-format=json", kill_on_drop: false }`
[INFO] [stdout] 4651da01857beef56df5fef30f814bc545f8b0fad34a125532d6f30e6b634c46
[INFO] running `Command { std: "docker" "start" "-a" "4651da01857beef56df5fef30f814bc545f8b0fad34a125532d6f30e6b634c46", kill_on_drop: false }`
[INFO] [stderr]    Compiling hashbrown v0.15.0
[INFO] [stderr]    Compiling utf8parse v0.2.2
[INFO] [stderr]    Compiling is_terminal_polyfill v1.70.1
[INFO] [stderr]    Compiling anstyle v1.0.9
[INFO] [stderr]    Compiling anstyle-query v1.1.2
[INFO] [stderr]    Compiling colorchoice v1.0.3
[INFO] [stderr]    Compiling clap_lex v0.7.2
[INFO] [stderr]    Compiling syn v2.0.86
[INFO] [stderr]    Compiling winnow v0.6.20
[INFO] [stderr]    Compiling anstyle-parse v0.2.6
[INFO] [stderr]    Compiling strsim v0.11.1
[INFO] [stderr]    Compiling heck v0.5.0
[INFO] [stderr]    Compiling lazy_static v1.5.0
[INFO] [stderr]    Compiling human_bytes v0.4.3
[INFO] [stderr]    Compiling colored v2.1.0
[INFO] [stderr]    Compiling human-repr v1.1.0
[INFO] [stderr]    Compiling anstream v0.6.17
[INFO] [stderr]    Compiling clap_builder v4.5.20
[INFO] [stderr]    Compiling indexmap v2.6.0
[INFO] [stderr]    Compiling serde_derive v1.0.214
[INFO] [stderr]    Compiling derive_arbitrary v1.3.2
[INFO] [stderr]    Compiling clap_derive v4.5.18
[INFO] [stderr]    Compiling arbitrary v1.3.2
[INFO] [stderr]    Compiling arbtest v0.3.1
[INFO] [stderr]    Compiling clap v4.5.20
[INFO] [stderr]    Compiling serde v1.0.214
[INFO] [stderr]    Compiling serde_spanned v0.6.8
[INFO] [stderr]    Compiling toml_datetime v0.6.8
[INFO] [stderr]    Compiling serde_json v1.0.132
[INFO] [stderr]    Compiling serde_yaml v0.9.34+deprecated
[INFO] [stderr]    Compiling toml_edit v0.22.22
[INFO] [stderr]    Compiling toml v0.8.19
[INFO] [stderr]    Compiling human-units v0.2.0 (/opt/rustwide/workdir)
[INFO] [stderr]     Finished `test` profile [unoptimized + debuginfo] target(s) in 16.33s
[INFO] running `Command { std: "docker" "inspect" "4651da01857beef56df5fef30f814bc545f8b0fad34a125532d6f30e6b634c46", kill_on_drop: false }`
[INFO] running `Command { std: "docker" "rm" "-f" "4651da01857beef56df5fef30f814bc545f8b0fad34a125532d6f30e6b634c46", kill_on_drop: false }`
[INFO] [stdout] 4651da01857beef56df5fef30f814bc545f8b0fad34a125532d6f30e6b634c46
[INFO] running `Command { std: "docker" "create" "-v" "/var/lib/crater-agent-workspace/builds/worker-5-tc1/target:/opt/rustwide/target:rw,Z" "-v" "/var/lib/crater-agent-workspace/builds/worker-5-tc1/source:/opt/rustwide/workdir:ro,Z" "-v" "/var/lib/crater-agent-workspace/cargo-home:/opt/rustwide/cargo-home:ro,Z" "-v" "/var/lib/crater-agent-workspace/rustup-home:/opt/rustwide/rustup-home:ro,Z" "-e" "SOURCE_DIR=/opt/rustwide/workdir" "-e" "CARGO_TARGET_DIR=/opt/rustwide/target" "-e" "CARGO_INCREMENTAL=0" "-e" "RUST_BACKTRACE=full" "-e" "RUSTFLAGS=--cap-lints=forbid" "-e" "RUSTDOCFLAGS=--cap-lints=forbid" "-e" "CARGO_HOME=/opt/rustwide/cargo-home" "-e" "RUSTUP_HOME=/opt/rustwide/rustup-home" "-w" "/opt/rustwide/workdir" "-m" "1610612736" "--user" "0:0" "--network" "none" "ghcr.io/rust-lang/crates-build-env/linux@sha256:4a844ea9eb2546a2d2c7022eacef16ef2e8229c7fbb2c7d4d55a9ceca922f72d" "/opt/rustwide/cargo-home/bin/cargo" "+nightly-2024-10-28" "test" "--frozen", kill_on_drop: false }`
[INFO] [stdout] bdb1116332d01be60ab1b7375238db3b1562024f916a76c1c069077b3579f351
[INFO] running `Command { std: "docker" "start" "-a" "bdb1116332d01be60ab1b7375238db3b1562024f916a76c1c069077b3579f351", kill_on_drop: false }`
[INFO] [stderr]     Finished `test` profile [unoptimized + debuginfo] target(s) in 0.05s
[INFO] [stderr]      Running unittests src/lib.rs (/opt/rustwide/target/debug/deps/human_units-7616599b555c922c)
[INFO] [stdout] 
[INFO] [stdout] running 20 tests
[INFO] [stdout] test duration::tests::test_from_into ... ok
[INFO] [stdout] test duration::tests::test_deref ... ok
[INFO] [stdout] test duration::tests::test_duration_display ... ok
[INFO] [stdout] test duration_format::tests::test_format_duration ... ok
[INFO] [stdout] test duration::tests::test_duration_parse ... ok
[INFO] [stdout] test size::tests::test_deref ... ok
[INFO] [stdout] test size::tests::test_from_into ... ok
[INFO] [stdout] test size::tests::test_parse ... ok
[INFO] [stdout] test size_format::tests::test_format_bytes ... ok
[INFO] [stdout] test size::tests::test_display ... ok
[INFO] [stdout] test duration::tests::display_parse_symmetry ... ok
[INFO] [stdout] test duration_format::tests::test_format_duration_arbitrary ... ok
[INFO] [stdout] test duration::tests::parse_display_symmetry ... ok
[INFO] [stdout] test size::tests::parse_display_symmetry ... ok
[INFO] [stdout] test size::tests::display_parse_symmetry ... ok
[INFO] [stdout] test size_format::tests::test_formatted_size_io ... ok
[INFO] [stdout] test size_format::tests::test_format_bytes_arbitrary ... ok
[INFO] [stdout] test duration_format::tests::test_formatted_duration_io ... ok
[INFO] [stdout] test size_format::tests::test_shift_division ... ok
[INFO] [stdout] test size_format::tests::test_shift_remainder ... ok
[INFO] [stdout] 
[INFO] [stdout] test result: ok. 20 passed; 0 failed; 0 ignored; 0 measured; 0 filtered out; finished in 0.21s
[INFO] [stdout] 
[INFO] [stderr]    Doc-tests human_units
[INFO] [stdout] 
[INFO] [stdout] running 5 tests
[INFO] [stdout] test src/../README.md - (line 75) ... FAILED
[INFO] [stdout] test src/../README.md - (line 42) ... ok
[INFO] [stdout] test src/../README.md - (line 32) ... ok
[INFO] [stdout] test src/../README.md - (line 51) ... ok
[INFO] [stdout] test src/../README.md - (line 90) ... ok
[INFO] [stdout] 
[INFO] [stdout] failures:
[INFO] [stdout] 
[INFO] [stdout] ---- src/../README.md - (line 75) stdout ----
[INFO] [stdout] error[E0277]: the trait bound `Size: Serialize` is not satisfied
[INFO] [stdout]     --> src/../README.md:80:10
[INFO] [stdout]      |
[INFO] [stdout] 8    | #[derive(Serialize, PartialEq, Eq, Debug)]
[INFO] [stdout]      |          ^^^^^^^^^ the trait `Serialize` is not implemented for `Size`
[INFO] [stdout] 9    | struct SizeWrapper {
[INFO] [stdout] 10   |     size: Size,
[INFO] [stdout]      |     ---------- required by a bound introduced by this call
[INFO] [stdout]      |
[INFO] [stdout]      = note: for local types consider adding `#[derive(serde::Serialize)]` to your `Size` type
[INFO] [stdout]      = note: for types from other crates check whether the crate offers a `serde` feature flag
[INFO] [stdout]      = help: the following other types implement trait `Serialize`:
[INFO] [stdout]                &'a T
[INFO] [stdout]                &'a mut T
[INFO] [stdout]                ()
[INFO] [stdout]                (T,)
[INFO] [stdout]                (T0, T1)
[INFO] [stdout]                (T0, T1, T2)
[INFO] [stdout]                (T0, T1, T2, T3)
[INFO] [stdout]                (T0, T1, T2, T3, T4)
[INFO] [stdout]              and 136 others
[INFO] [stdout] note: required by a bound in `_serde::ser::SerializeStruct::serialize_field`
[INFO] [stdout]     --> /opt/rustwide/cargo-home/registry/src/index.crates.io-6f17d22bba15001f/serde-1.0.214/src/ser/mod.rs:1867:21
[INFO] [stdout]      |
[INFO] [stdout] 1865 |     fn serialize_field<T>(&mut self, key: &'static str, value: &T) -> Result<(), Self::Error>
[INFO] [stdout]      |        --------------- required by a bound in this associated function
[INFO] [stdout] 1866 |     where
[INFO] [stdout] 1867 |         T: ?Sized + Serialize;
[INFO] [stdout]      |                     ^^^^^^^^^ required by this bound in `SerializeStruct::serialize_field`
[INFO] [stdout]      = note: this error originates in the derive macro `Serialize` (in Nightly builds, run with -Z macro-backtrace for more info)
[INFO] [stdout] 
[INFO] [stdout] error: aborting due to 1 previous error
[INFO] [stdout] 
[INFO] [stdout] For more information about this error, try `rustc --explain E0277`.
[INFO] [stdout] Couldn't compile the test.
[INFO] [stdout] 
[INFO] [stdout] failures:
[INFO] [stdout]     src/../README.md - (line 75)
[INFO] [stdout] 
[INFO] [stdout] test result: FAILED. 4 passed; 1 failed; 0 ignored; 0 measured; 0 filtered out; finished in 0.31s
[INFO] [stdout] 
[INFO] [stderr] error: doctest failed, to rerun pass `--doc`
[INFO] running `Command { std: "docker" "inspect" "bdb1116332d01be60ab1b7375238db3b1562024f916a76c1c069077b3579f351", kill_on_drop: false }`
[INFO] running `Command { std: "docker" "rm" "-f" "bdb1116332d01be60ab1b7375238db3b1562024f916a76c1c069077b3579f351", kill_on_drop: false }`
[INFO] [stdout] bdb1116332d01be60ab1b7375238db3b1562024f916a76c1c069077b3579f351
