[INFO] fetching crate http-typed 0.4.0...
[INFO] testing http-typed-0.4.0 against nightly-2024-10-28 for randomize-layout
[INFO] extracting crate http-typed 0.4.0 into /workspace/builds/worker-7-tc1/source
[INFO] validating manifest of crates.io crate http-typed 0.4.0 on toolchain nightly-2024-10-28
[INFO] running `Command { std: CARGO_HOME="/workspace/cargo-home" RUSTUP_HOME="/workspace/rustup-home" "/workspace/cargo-home/bin/cargo" "+nightly-2024-10-28" "metadata" "--manifest-path" "Cargo.toml" "--no-deps", kill_on_drop: false }`
[INFO] started tweaking crates.io crate http-typed 0.4.0
[INFO] finished tweaking crates.io crate http-typed 0.4.0
[INFO] tweaked toml for crates.io crate http-typed 0.4.0 written to /workspace/builds/worker-7-tc1/source/Cargo.toml
[INFO] running `Command { std: CARGO_HOME="/workspace/cargo-home" RUSTUP_HOME="/workspace/rustup-home" "/workspace/cargo-home/bin/cargo" "+nightly-2024-10-28" "generate-lockfile" "--manifest-path" "Cargo.toml", kill_on_drop: false }`
[INFO] [stderr]     Updating crates.io index
[INFO] [stderr]      Locking 138 packages to latest compatible versions
[INFO] [stderr]       Adding reqwest v0.11.27 (available: v0.12.9)
[INFO] running `Command { std: CARGO_HOME="/workspace/cargo-home" RUSTUP_HOME="/workspace/rustup-home" "/workspace/cargo-home/bin/cargo" "+nightly-2024-10-28" "fetch" "--manifest-path" "Cargo.toml", kill_on_drop: false }`
[INFO] [stderr]     Blocking waiting for file lock on package cache
[INFO] running `Command { std: "docker" "create" "-v" "/var/lib/crater-agent-workspace/builds/worker-7-tc1/target:/opt/rustwide/target:rw,Z" "-v" "/var/lib/crater-agent-workspace/builds/worker-7-tc1/source:/opt/rustwide/workdir:ro,Z" "-v" "/var/lib/crater-agent-workspace/cargo-home:/opt/rustwide/cargo-home:ro,Z" "-v" "/var/lib/crater-agent-workspace/rustup-home:/opt/rustwide/rustup-home:ro,Z" "-e" "SOURCE_DIR=/opt/rustwide/workdir" "-e" "CARGO_TARGET_DIR=/opt/rustwide/target" "-e" "CARGO_HOME=/opt/rustwide/cargo-home" "-e" "RUSTUP_HOME=/opt/rustwide/rustup-home" "-w" "/opt/rustwide/workdir" "-m" "1610612736" "--user" "0:0" "--network" "none" "ghcr.io/rust-lang/crates-build-env/linux@sha256:4a844ea9eb2546a2d2c7022eacef16ef2e8229c7fbb2c7d4d55a9ceca922f72d" "/opt/rustwide/cargo-home/bin/cargo" "+nightly-2024-10-28" "metadata" "--no-deps" "--format-version=1", kill_on_drop: false }`
[INFO] [stdout] 643aa300818e28f6013513f3b4baebcfc54dcd51d54cecb1fd1cf36b89f29e21
[INFO] running `Command { std: "docker" "start" "-a" "643aa300818e28f6013513f3b4baebcfc54dcd51d54cecb1fd1cf36b89f29e21", kill_on_drop: false }`
[INFO] running `Command { std: "docker" "inspect" "643aa300818e28f6013513f3b4baebcfc54dcd51d54cecb1fd1cf36b89f29e21", kill_on_drop: false }`
[INFO] running `Command { std: "docker" "rm" "-f" "643aa300818e28f6013513f3b4baebcfc54dcd51d54cecb1fd1cf36b89f29e21", kill_on_drop: false }`
[INFO] [stdout] 643aa300818e28f6013513f3b4baebcfc54dcd51d54cecb1fd1cf36b89f29e21
[INFO] running `Command { std: "docker" "create" "-v" "/var/lib/crater-agent-workspace/builds/worker-7-tc1/target:/opt/rustwide/target:rw,Z" "-v" "/var/lib/crater-agent-workspace/builds/worker-7-tc1/source:/opt/rustwide/workdir:ro,Z" "-v" "/var/lib/crater-agent-workspace/cargo-home:/opt/rustwide/cargo-home:ro,Z" "-v" "/var/lib/crater-agent-workspace/rustup-home:/opt/rustwide/rustup-home:ro,Z" "-e" "SOURCE_DIR=/opt/rustwide/workdir" "-e" "CARGO_TARGET_DIR=/opt/rustwide/target" "-e" "CARGO_INCREMENTAL=0" "-e" "RUST_BACKTRACE=full" "-e" "RUSTFLAGS=--cap-lints=forbid" "-e" "RUSTDOCFLAGS=--cap-lints=forbid" "-e" "CARGO_HOME=/opt/rustwide/cargo-home" "-e" "RUSTUP_HOME=/opt/rustwide/rustup-home" "-w" "/opt/rustwide/workdir" "-m" "1610612736" "--user" "0:0" "--network" "none" "ghcr.io/rust-lang/crates-build-env/linux@sha256:4a844ea9eb2546a2d2c7022eacef16ef2e8229c7fbb2c7d4d55a9ceca922f72d" "/opt/rustwide/cargo-home/bin/cargo" "+nightly-2024-10-28" "build" "--frozen" "--message-format=json", kill_on_drop: false }`
[INFO] [stdout] 45f6474150a8685d618c8de3447fdeded7b3fcffb236173c22a19176e5f4b4d2
[INFO] running `Command { std: "docker" "start" "-a" "45f6474150a8685d618c8de3447fdeded7b3fcffb236173c22a19176e5f4b4d2", kill_on_drop: false }`
[INFO] [stderr]    Compiling libc v0.2.161
[INFO] [stderr]    Compiling shlex v1.3.0
[INFO] [stderr]    Compiling pkg-config v0.3.31
[INFO] [stderr]    Compiling vcpkg v0.2.15
[INFO] [stderr]    Compiling bytes v1.8.0
[INFO] [stderr]    Compiling futures-core v0.3.31
[INFO] [stderr]    Compiling autocfg v1.4.0
[INFO] [stderr]    Compiling syn v2.0.86
[INFO] [stderr]    Compiling openssl v0.10.68
[INFO] [stderr]    Compiling cc v1.1.31
[INFO] [stderr]    Compiling bitflags v2.6.0
[INFO] [stderr]    Compiling http v0.2.12
[INFO] [stderr]    Compiling slab v0.4.9
[INFO] [stderr]    Compiling futures-sink v0.3.31
[INFO] [stderr]    Compiling native-tls v0.2.12
[INFO] [stderr]    Compiling futures-task v0.3.31
[INFO] [stderr]    Compiling hashbrown v0.15.0
[INFO] [stderr]    Compiling serde v1.0.214
[INFO] [stderr]    Compiling httparse v1.9.5
[INFO] [stderr]    Compiling equivalent v1.0.1
[INFO] [stderr]    Compiling tinyvec_macros v0.1.1
[INFO] [stderr]    Compiling tinyvec v1.8.0
[INFO] [stderr]    Compiling socket2 v0.5.7
[INFO] [stderr]    Compiling mio v1.0.2
[INFO] [stderr]    Compiling indexmap v2.6.0
[INFO] [stderr]    Compiling futures-util v0.3.31
[INFO] [stderr]    Compiling tokio v1.41.0
[INFO] [stderr]    Compiling tracing v0.1.40
[INFO] [stderr]    Compiling percent-encoding v2.3.1
[INFO] [stderr]    Compiling log v0.4.22
[INFO] [stderr]    Compiling try-lock v0.2.5
[INFO] [stderr]    Compiling openssl-sys v0.9.104
[INFO] [stderr]    Compiling want v0.3.1
[INFO] [stderr]    Compiling form_urlencoded v1.2.1
[INFO] [stderr]    Compiling unicode-normalization v0.1.24
[INFO] [stderr]    Compiling http-body v0.4.6
[INFO] [stderr]    Compiling futures-channel v0.3.31
[INFO] [stderr]    Compiling tower-service v0.3.3
[INFO] [stderr]    Compiling unicode-bidi v0.3.17
[INFO] [stderr]    Compiling httpdate v1.0.3
[INFO] [stderr]    Compiling paste v1.0.15
[INFO] [stderr]    Compiling base64 v0.21.7
[INFO] [stderr]    Compiling encoding_rs v0.8.35
[INFO] [stderr]    Compiling sync_wrapper v0.1.2
[INFO] [stderr]    Compiling idna v0.5.0
[INFO] [stderr]    Compiling rustls-pemfile v1.0.4
[INFO] [stderr]    Compiling ipnet v2.10.1
[INFO] [stderr]    Compiling url v2.5.2
[INFO] [stderr]    Compiling mime v0.3.17
[INFO] [stderr]    Compiling serde_urlencoded v0.7.1
[INFO] [stderr]    Compiling serde_json v1.0.132
[INFO] [stderr]    Compiling openssl-macros v0.1.1
[INFO] [stderr]    Compiling thiserror-impl v1.0.66
[INFO] [stderr]    Compiling tokio-util v0.7.12
[INFO] [stderr]    Compiling h2 v0.3.26
[INFO] [stderr]    Compiling thiserror v1.0.66
[INFO] [stderr]    Compiling hyper v0.14.31
[INFO] [stderr]    Compiling tokio-native-tls v0.3.1
[INFO] [stderr]    Compiling hyper-tls v0.5.0
[INFO] [stderr]    Compiling reqwest v0.11.27
[INFO] [stderr]    Compiling http-typed v0.4.0 (/opt/rustwide/workdir)
[INFO] [stderr]     Finished `dev` profile [unoptimized + debuginfo] target(s) in 17.23s
[INFO] running `Command { std: "docker" "inspect" "45f6474150a8685d618c8de3447fdeded7b3fcffb236173c22a19176e5f4b4d2", kill_on_drop: false }`
[INFO] running `Command { std: "docker" "rm" "-f" "45f6474150a8685d618c8de3447fdeded7b3fcffb236173c22a19176e5f4b4d2", kill_on_drop: false }`
[INFO] [stdout] 45f6474150a8685d618c8de3447fdeded7b3fcffb236173c22a19176e5f4b4d2
[INFO] running `Command { std: "docker" "create" "-v" "/var/lib/crater-agent-workspace/builds/worker-7-tc1/target:/opt/rustwide/target:rw,Z" "-v" "/var/lib/crater-agent-workspace/builds/worker-7-tc1/source:/opt/rustwide/workdir:ro,Z" "-v" "/var/lib/crater-agent-workspace/cargo-home:/opt/rustwide/cargo-home:ro,Z" "-v" "/var/lib/crater-agent-workspace/rustup-home:/opt/rustwide/rustup-home:ro,Z" "-e" "SOURCE_DIR=/opt/rustwide/workdir" "-e" "CARGO_TARGET_DIR=/opt/rustwide/target" "-e" "CARGO_INCREMENTAL=0" "-e" "RUST_BACKTRACE=full" "-e" "RUSTFLAGS=--cap-lints=forbid" "-e" "RUSTDOCFLAGS=--cap-lints=forbid" "-e" "CARGO_HOME=/opt/rustwide/cargo-home" "-e" "RUSTUP_HOME=/opt/rustwide/rustup-home" "-w" "/opt/rustwide/workdir" "-m" "1610612736" "--user" "0:0" "--network" "none" "ghcr.io/rust-lang/crates-build-env/linux@sha256:4a844ea9eb2546a2d2c7022eacef16ef2e8229c7fbb2c7d4d55a9ceca922f72d" "/opt/rustwide/cargo-home/bin/cargo" "+nightly-2024-10-28" "test" "--frozen" "--no-run" "--message-format=json", kill_on_drop: false }`
[INFO] [stdout] f8f0081b2e9b93e12d8b896921cacca08a56394af12a2b1147e68d5ccf9b5178
[INFO] running `Command { std: "docker" "start" "-a" "f8f0081b2e9b93e12d8b896921cacca08a56394af12a2b1147e68d5ccf9b5178", kill_on_drop: false }`
[INFO] [stderr]    Compiling http-typed v0.4.0 (/opt/rustwide/workdir)
[INFO] [stderr]     Finished `test` profile [unoptimized + debuginfo] target(s) in 0.60s
[INFO] running `Command { std: "docker" "inspect" "f8f0081b2e9b93e12d8b896921cacca08a56394af12a2b1147e68d5ccf9b5178", kill_on_drop: false }`
[INFO] running `Command { std: "docker" "rm" "-f" "f8f0081b2e9b93e12d8b896921cacca08a56394af12a2b1147e68d5ccf9b5178", kill_on_drop: false }`
[INFO] [stdout] f8f0081b2e9b93e12d8b896921cacca08a56394af12a2b1147e68d5ccf9b5178
[INFO] running `Command { std: "docker" "create" "-v" "/var/lib/crater-agent-workspace/builds/worker-7-tc1/target:/opt/rustwide/target:rw,Z" "-v" "/var/lib/crater-agent-workspace/builds/worker-7-tc1/source:/opt/rustwide/workdir:ro,Z" "-v" "/var/lib/crater-agent-workspace/cargo-home:/opt/rustwide/cargo-home:ro,Z" "-v" "/var/lib/crater-agent-workspace/rustup-home:/opt/rustwide/rustup-home:ro,Z" "-e" "SOURCE_DIR=/opt/rustwide/workdir" "-e" "CARGO_TARGET_DIR=/opt/rustwide/target" "-e" "CARGO_INCREMENTAL=0" "-e" "RUST_BACKTRACE=full" "-e" "RUSTFLAGS=--cap-lints=forbid" "-e" "RUSTDOCFLAGS=--cap-lints=forbid" "-e" "CARGO_HOME=/opt/rustwide/cargo-home" "-e" "RUSTUP_HOME=/opt/rustwide/rustup-home" "-w" "/opt/rustwide/workdir" "-m" "1610612736" "--user" "0:0" "--network" "none" "ghcr.io/rust-lang/crates-build-env/linux@sha256:4a844ea9eb2546a2d2c7022eacef16ef2e8229c7fbb2c7d4d55a9ceca922f72d" "/opt/rustwide/cargo-home/bin/cargo" "+nightly-2024-10-28" "test" "--frozen", kill_on_drop: false }`
[INFO] [stdout] d88657efcbf247f29ee48c7392beec79765b87adcb1ad5936326c153fba6781b
[INFO] running `Command { std: "docker" "start" "-a" "d88657efcbf247f29ee48c7392beec79765b87adcb1ad5936326c153fba6781b", kill_on_drop: false }`
[INFO] [stderr]     Finished `test` profile [unoptimized + debuginfo] target(s) in 0.15s
[INFO] [stderr]      Running unittests src/lib.rs (/opt/rustwide/target/debug/deps/http_typed-de71911afef1fb98)
[INFO] [stdout] 
[INFO] [stdout] running 0 tests
[INFO] [stdout] 
[INFO] [stdout] test result: ok. 0 passed; 0 failed; 0 ignored; 0 measured; 0 filtered out; finished in 0.00s
[INFO] [stdout] 
[INFO] [stderr]    Doc-tests http_typed
[INFO] [stdout] 
[INFO] [stdout] running 11 tests
[INFO] [stdout] test src/lib.rs - (line 104) ... FAILED
[INFO] [stdout] test src/lib.rs - (line 138) ... FAILED
[INFO] [stdout] test src/lib.rs - (line 56) ... FAILED
[INFO] [stdout] test src/lib.rs - request_group (line 295) ... ignored
[INFO] [stdout] test src/lib.rs - (line 30) ... FAILED
[INFO] [stdout] test src/lib.rs - (line 129) ... FAILED
[INFO] [stdout] test src/lib.rs - (line 115) ... FAILED
[INFO] [stdout] test src/lib.rs - (line 40) ... FAILED
[INFO] [stdout] test src/lib.rs - (line 73) ... FAILED
[INFO] [stdout] test src/lib.rs - (line 118) ... FAILED
[INFO] [stdout] test src/lib.rs - (line 94) ... FAILED
[INFO] [stdout] 
[INFO] [stdout] failures:
[INFO] [stdout] 
[INFO] [stdout] ---- src/lib.rs - (line 104) stdout ----
[INFO] [stdout] error[E0433]: failed to resolve: use of undeclared type `Client`
[INFO] [stdout]  --> src/lib.rs:105:14
[INFO] [stdout]   |
[INFO] [stdout] 3 | let client = Client::new("http://example.com");
[INFO] [stdout]   |              ^^^^^^ use of undeclared type `Client`
[INFO] [stdout]   |
[INFO] [stdout] help: consider importing one of these structs
[INFO] [stdout]   |
[INFO] [stdout] 2 + use http_typed::Client;
[INFO] [stdout]   |
[INFO] [stdout] 2 + use reqwest::Client;
[INFO] [stdout]   |
[INFO] [stdout] 
[INFO] [stdout] error[E0728]: `await` is only allowed inside `async` functions and blocks
[INFO] [stdout]  --> src/lib.rs:106:49
[INFO] [stdout]   |
[INFO] [stdout] 2 | fn main() { #[allow(non_snake_case)] fn _doctest_main_src_lib_rs_104_0() {
[INFO] [stdout]   |                                      ----------------------------------- this is not `async`
[INFO] [stdout] 3 | let client = Client::new("http://example.com");
[INFO] [stdout] 4 | let my_response = client.send(MyRequest::new()).await?;
[INFO] [stdout]   |                                                 ^^^^^ only allowed inside `async` functions and blocks
[INFO] [stdout] 
[INFO] [stdout] error[E0433]: failed to resolve: use of undeclared type `MyRequest`
[INFO] [stdout]  --> src/lib.rs:106:31
[INFO] [stdout]   |
[INFO] [stdout] 4 | let my_response = client.send(MyRequest::new()).await?;
[INFO] [stdout]   |                               ^^^^^^^^^ use of undeclared type `MyRequest`
[INFO] [stdout] 
[INFO] [stdout] error: aborting due to 3 previous errors
[INFO] [stdout] 
[INFO] [stdout] Some errors have detailed explanations: E0433, E0728.
[INFO] [stdout] For more information about an error, try `rustc --explain E0433`.
[INFO] [stdout] Couldn't compile the test.
[INFO] [stdout] ---- src/lib.rs - (line 138) stdout ----
[INFO] [stdout] error[E0433]: failed to resolve: use of undeclared type `Client`
[INFO] [stdout]  --> src/lib.rs:139:17
[INFO] [stdout]   |
[INFO] [stdout] 3 | let my_client = Client::new("http://example.com");
[INFO] [stdout]   |                 ^^^^^^ use of undeclared type `Client`
[INFO] [stdout]   |
[INFO] [stdout] help: consider importing one of these structs
[INFO] [stdout]   |
[INFO] [stdout] 2 + use http_typed::Client;
[INFO] [stdout]   |
[INFO] [stdout] 2 + use reqwest::Client;
[INFO] [stdout]   |
[INFO] [stdout] 
[INFO] [stdout] error[E0728]: `await` is only allowed inside `async` functions and blocks
[INFO] [stdout]  --> src/lib.rs:140:66
[INFO] [stdout]   |
[INFO] [stdout] 2 | fn main() { #[allow(non_snake_case)] fn _doctest_main_src_lib_rs_138_0() {
[INFO] [stdout]   |                                      ----------------------------------- this is not `async`
[INFO] [stdout] 3 | let my_client = Client::new("http://example.com");
[INFO] [stdout] 4 | let my_response = my_client.send_to("/api/v2", MyRequest::new()).await?;
[INFO] [stdout]   |                                                                  ^^^^^ only allowed inside `async` functions and blocks
[INFO] [stdout] 
[INFO] [stdout] error[E0433]: failed to resolve: use of undeclared type `MyRequest`
[INFO] [stdout]  --> src/lib.rs:140:48
[INFO] [stdout]   |
[INFO] [stdout] 4 | let my_response = my_client.send_to("/api/v2", MyRequest::new()).await?;
[INFO] [stdout]   |                                                ^^^^^^^^^ use of undeclared type `MyRequest`
[INFO] [stdout] 
[INFO] [stdout] error: aborting due to 3 previous errors
[INFO] [stdout] 
[INFO] [stdout] Some errors have detailed explanations: E0433, E0728.
[INFO] [stdout] For more information about an error, try `rustc --explain E0433`.
[INFO] [stdout] Couldn't compile the test.
[INFO] [stdout] ---- src/lib.rs - (line 56) stdout ----
[INFO] [stdout] error[E0433]: failed to resolve: use of undeclared type `Client`
[INFO] [stdout]  --> src/lib.rs:57:14
[INFO] [stdout]   |
[INFO] [stdout] 3 | let client = Client::default();
[INFO] [stdout]   |              ^^^^^^ use of undeclared type `Client`
[INFO] [stdout]   |
[INFO] [stdout] help: consider importing one of these structs
[INFO] [stdout]   |
[INFO] [stdout] 2 + use http_typed::Client;
[INFO] [stdout]   |
[INFO] [stdout] 2 + use reqwest::Client;
[INFO] [stdout]   |
[INFO] [stdout] 
[INFO] [stdout] error[E0412]: cannot find type `MyResponse` in this scope
[INFO] [stdout]  --> src/lib.rs:58:18
[INFO] [stdout]   |
[INFO] [stdout] 4 | let my_response: MyResponse = client.send_custom(
[INFO] [stdout]   |                  ^^^^^^^^^^ not found in this scope
[INFO] [stdout] 
[INFO] [stdout] error[E0433]: failed to resolve: use of undeclared type `HttpMethod`
[INFO] [stdout]  --> src/lib.rs:60:5
[INFO] [stdout]   |
[INFO] [stdout] 6 |     HttpMethod::Get,
[INFO] [stdout]   |     ^^^^^^^^^^ use of undeclared type `HttpMethod`
[INFO] [stdout]   |
[INFO] [stdout] help: consider importing this enum
[INFO] [stdout]   |
[INFO] [stdout] 2 + use http_typed::HttpMethod;
[INFO] [stdout]   |
[INFO] [stdout] 
[INFO] [stdout] error[E0728]: `await` is only allowed inside `async` functions and blocks
[INFO] [stdout]  --> src/lib.rs:63:2
[INFO] [stdout]   |
[INFO] [stdout] 2 | fn main() { #[allow(non_snake_case)] fn _doctest_main_src_lib_rs_56_0() {
[INFO] [stdout]   |                                      ---------------------------------- this is not `async`
[INFO] [stdout] ...
[INFO] [stdout] 9 | .await?;
[INFO] [stdout]   |  ^^^^^ only allowed inside `async` functions and blocks
[INFO] [stdout] 
[INFO] [stdout] error[E0433]: failed to resolve: use of undeclared type `MyRequest`
[INFO] [stdout]  --> src/lib.rs:61:5
[INFO] [stdout]   |
[INFO] [stdout] 7 |     MyRequest::new()
[INFO] [stdout]   |     ^^^^^^^^^ use of undeclared type `MyRequest`
[INFO] [stdout] 
[INFO] [stdout] error: aborting due to 5 previous errors
[INFO] [stdout] 
[INFO] [stdout] Some errors have detailed explanations: E0412, E0433, E0728.
[INFO] [stdout] For more information about an error, try `rustc --explain E0412`.
[INFO] [stdout] Couldn't compile the test.
[INFO] [stdout] ---- src/lib.rs - (line 30) stdout ----
[INFO] [stdout] error[E0433]: failed to resolve: use of undeclared type `Client`
[INFO] [stdout]  --> src/lib.rs:31:14
[INFO] [stdout]   |
[INFO] [stdout] 3 | let client = Client::new("http://example.com");
[INFO] [stdout]   |              ^^^^^^ use of undeclared type `Client`
[INFO] [stdout]   |
[INFO] [stdout] help: consider importing one of these structs
[INFO] [stdout]   |
[INFO] [stdout] 2 + use http_typed::Client;
[INFO] [stdout]   |
[INFO] [stdout] 2 + use reqwest::Client;
[INFO] [stdout]   |
[INFO] [stdout] 
[INFO] [stdout] error[E0728]: `await` is only allowed inside `async` functions and blocks
[INFO] [stdout]  --> src/lib.rs:32:46
[INFO] [stdout]   |
[INFO] [stdout] 2 | fn main() { #[allow(non_snake_case)] fn _doctest_main_src_lib_rs_30_0() {
[INFO] [stdout]   |                                      ---------------------------------- this is not `async`
[INFO] [stdout] 3 | let client = Client::new("http://example.com");
[INFO] [stdout] 4 | let response = client.send(MyRequest::new()).await?;
[INFO] [stdout]   |                                              ^^^^^ only allowed inside `async` functions and blocks
[INFO] [stdout] 
[INFO] [stdout] error[E0433]: failed to resolve: use of undeclared type `MyRequest`
[INFO] [stdout]  --> src/lib.rs:32:28
[INFO] [stdout]   |
[INFO] [stdout] 4 | let response = client.send(MyRequest::new()).await?;
[INFO] [stdout]   |                            ^^^^^^^^^ use of undeclared type `MyRequest`
[INFO] [stdout] 
[INFO] [stdout] error: aborting due to 3 previous errors
[INFO] [stdout] 
[INFO] [stdout] Some errors have detailed explanations: E0433, E0728.
[INFO] [stdout] For more information about an error, try `rustc --explain E0433`.
[INFO] [stdout] Couldn't compile the test.
[INFO] [stdout] ---- src/lib.rs - (line 129) stdout ----
[INFO] [stdout] error[E0433]: failed to resolve: use of undeclared type `Client`
[INFO] [stdout]  --> src/lib.rs:130:17
[INFO] [stdout]   |
[INFO] [stdout] 3 | let my_client = Client::<MyApi>::default();
[INFO] [stdout]   |                 ^^^^^^ use of undeclared type `Client`
[INFO] [stdout]   |
[INFO] [stdout] help: consider importing one of these structs
[INFO] [stdout]   |
[INFO] [stdout] 2 + use http_typed::Client;
[INFO] [stdout]   |
[INFO] [stdout] 2 + use reqwest::Client;
[INFO] [stdout]   |
[INFO] [stdout] 
[INFO] [stdout] error[E0412]: cannot find type `MyApi` in this scope
[INFO] [stdout]  --> src/lib.rs:130:26
[INFO] [stdout]   |
[INFO] [stdout] 3 | let my_client = Client::<MyApi>::default();
[INFO] [stdout]   |                          ^^^^^ not found in this scope
[INFO] [stdout]   |
[INFO] [stdout] help: you might be missing a type parameter
[INFO] [stdout]   |
[INFO] [stdout] 2 | fn main() { #[allow(non_snake_case)] fn _doctest_main_src_lib_rs_129_0<MyApi>() {
[INFO] [stdout]   |                                                                       +++++++
[INFO] [stdout] 
[INFO] [stdout] error[E0728]: `await` is only allowed inside `async` functions and blocks
[INFO] [stdout]  --> src/lib.rs:131:79
[INFO] [stdout]   |
[INFO] [stdout] 2 | fn main() { #[allow(non_snake_case)] fn _doctest_main_src_lib_rs_129_0() {
[INFO] [stdout]   |                                      ----------------------------------- this is not `async`
[INFO] [stdout] 3 | let my_client = Client::<MyApi>::default();
[INFO] [stdout] 4 | let my_response2 = my_client.send_to("http://example.com", MyRequest2::new()).await?; // works
[INFO] [stdout]   |                                                                               ^^^^^ only allowed inside `async` functions and blocks
[INFO] [stdout] 
[INFO] [stdout] error[E0728]: `await` is only allowed inside `async` functions and blocks
[INFO] [stdout]  --> src/lib.rs:132:83
[INFO] [stdout]   |
[INFO] [stdout] 2 | fn main() { #[allow(non_snake_case)] fn _doctest_main_src_lib_rs_129_0() {
[INFO] [stdout]   |                                      ----------------------------------- this is not `async`
[INFO] [stdout] ...
[INFO] [stdout] 5 | let other_response = my_client.send_to("http://example.com", OtherRequest::new()).await?; // does not compile
[INFO] [stdout]   |                                                                                   ^^^^^ only allowed inside `async` functions and blocks
[INFO] [stdout] 
[INFO] [stdout] error[E0433]: failed to resolve: use of undeclared type `MyRequest2`
[INFO] [stdout]  --> src/lib.rs:131:60
[INFO] [stdout]   |
[INFO] [stdout] 4 | let my_response2 = my_client.send_to("http://example.com", MyRequest2::new()).await?; // works
[INFO] [stdout]   |                                                            ^^^^^^^^^^ use of undeclared type `MyRequest2`
[INFO] [stdout] 
[INFO] [stdout] error[E0433]: failed to resolve: use of undeclared type `OtherRequest`
[INFO] [stdout]  --> src/lib.rs:132:62
[INFO] [stdout]   |
[INFO] [stdout] 5 | let other_response = my_client.send_to("http://example.com", OtherRequest::new()).await?; // does not compile
[INFO] [stdout]   |                                                              ^^^^^^^^^^^^ use of undeclared type `OtherRequest`
[INFO] [stdout] 
[INFO] [stdout] error: aborting due to 6 previous errors
[INFO] [stdout] 
[INFO] [stdout] Some errors have detailed explanations: E0412, E0433, E0728.
[INFO] [stdout] For more information about an error, try `rustc --explain E0412`.
[INFO] [stdout] Couldn't compile the test.
[INFO] [stdout] ---- src/lib.rs - (line 115) stdout ----
[INFO] [stdout] error: cannot find macro `request_group` in this scope
[INFO] [stdout]  --> src/lib.rs:116:1
[INFO] [stdout]   |
[INFO] [stdout] 3 | request_group!(MyApi { MyRequest1, MyRequest2 });
[INFO] [stdout]   | ^^^^^^^^^^^^^
[INFO] [stdout]   |
[INFO] [stdout] help: consider importing this macro
[INFO] [stdout]   |
[INFO] [stdout] 2 + use http_typed::request_group;
[INFO] [stdout]   |
[INFO] [stdout] 
[INFO] [stdout] error: aborting due to 1 previous error
[INFO] [stdout] 
[INFO] [stdout] Couldn't compile the test.
[INFO] [stdout] ---- src/lib.rs - (line 40) stdout ----
[INFO] [stdout] error[E0412]: cannot find type `MyResponse` in this scope
[INFO] [stdout]  --> src/lib.rs:41:18
[INFO] [stdout]   |
[INFO] [stdout] 3 | let my_response: MyResponse = send_custom(
[INFO] [stdout]   |                  ^^^^^^^^^^ not found in this scope
[INFO] [stdout] 
[INFO] [stdout] error[E0425]: cannot find function `send_custom` in this scope
[INFO] [stdout]  --> src/lib.rs:41:31
[INFO] [stdout]   |
[INFO] [stdout] 3 | let my_response: MyResponse = send_custom(
[INFO] [stdout]   |                               ^^^^^^^^^^^ not found in this scope
[INFO] [stdout]   |
[INFO] [stdout] help: consider importing this function
[INFO] [stdout]   |
[INFO] [stdout] 2 + use http_typed::send_custom;
[INFO] [stdout]   |
[INFO] [stdout] 
[INFO] [stdout] error[E0433]: failed to resolve: use of undeclared type `HttpMethod`
[INFO] [stdout]  --> src/lib.rs:43:5
[INFO] [stdout]   |
[INFO] [stdout] 5 |     HttpMethod::Get,
[INFO] [stdout]   |     ^^^^^^^^^^ use of undeclared type `HttpMethod`
[INFO] [stdout]   |
[INFO] [stdout] help: consider importing this enum
[INFO] [stdout]   |
[INFO] [stdout] 2 + use http_typed::HttpMethod;
[INFO] [stdout]   |
[INFO] [stdout] 
[INFO] [stdout] error[E0728]: `await` is only allowed inside `async` functions and blocks
[INFO] [stdout]  --> src/lib.rs:46:2
[INFO] [stdout]   |
[INFO] [stdout] 2 | fn main() { #[allow(non_snake_case)] fn _doctest_main_src_lib_rs_40_0() {
[INFO] [stdout]   |                                      ---------------------------------- this is not `async`
[INFO] [stdout] ...
[INFO] [stdout] 8 | .await?;
[INFO] [stdout]   |  ^^^^^ only allowed inside `async` functions and blocks
[INFO] [stdout] 
[INFO] [stdout] error[E0433]: failed to resolve: use of undeclared type `MyRequest`
[INFO] [stdout]  --> src/lib.rs:44:5
[INFO] [stdout]   |
[INFO] [stdout] 6 |     MyRequest::new()
[INFO] [stdout]   |     ^^^^^^^^^ use of undeclared type `MyRequest`
[INFO] [stdout] 
[INFO] [stdout] error: aborting due to 5 previous errors
[INFO] [stdout] 
[INFO] [stdout] Some errors have detailed explanations: E0412, E0425, E0433, E0728.
[INFO] [stdout] For more information about an error, try `rustc --explain E0412`.
[INFO] [stdout] Couldn't compile the test.
[INFO] [stdout] ---- src/lib.rs - (line 73) stdout ----
[INFO] [stdout] error[E0412]: cannot find type `HttpMethod` in this scope
[INFO] [stdout]  --> src/lib.rs:76:25
[INFO] [stdout]   |
[INFO] [stdout] 5 |     fn method(&self) -> HttpMethod;
[INFO] [stdout]   |                         ^^^^^^^^^^ not found in this scope
[INFO] [stdout]   |
[INFO] [stdout] help: consider importing this enum
[INFO] [stdout]   |
[INFO] [stdout] 2 + use http_typed::HttpMethod;
[INFO] [stdout]   |
[INFO] [stdout] 
[INFO] [stdout] error: aborting due to 1 previous error
[INFO] [stdout] 
[INFO] [stdout] For more information about this error, try `rustc --explain E0412`.
[INFO] [stdout] Couldn't compile the test.
[INFO] [stdout] ---- src/lib.rs - (line 118) stdout ----
[INFO] [stdout] error[E0433]: failed to resolve: use of undeclared type `Client`
[INFO] [stdout]  --> src/lib.rs:119:17
[INFO] [stdout]   |
[INFO] [stdout] 3 | let my_client = Client::<MyApi>::new("http://example.com");
[INFO] [stdout]   |                 ^^^^^^ use of undeclared type `Client`
[INFO] [stdout]   |
[INFO] [stdout] help: consider importing one of these structs
[INFO] [stdout]   |
[INFO] [stdout] 2 + use http_typed::Client;
[INFO] [stdout]   |
[INFO] [stdout] 2 + use reqwest::Client;
[INFO] [stdout]   |
[INFO] [stdout] 
[INFO] [stdout] error[E0412]: cannot find type `MyApi` in this scope
[INFO] [stdout]  --> src/lib.rs:119:26
[INFO] [stdout]   |
[INFO] [stdout] 3 | let my_client = Client::<MyApi>::new("http://example.com");
[INFO] [stdout]   |                          ^^^^^ not found in this scope
[INFO] [stdout]   |
[INFO] [stdout] help: you might be missing a type parameter
[INFO] [stdout]   |
[INFO] [stdout] 2 | fn main() { #[allow(non_snake_case)] fn _doctest_main_src_lib_rs_118_0<MyApi>() {
[INFO] [stdout]   |                                                                       +++++++
[INFO] [stdout] 
[INFO] [stdout] error[E0728]: `await` is only allowed inside `async` functions and blocks
[INFO] [stdout]  --> src/lib.rs:120:54
[INFO] [stdout]   |
[INFO] [stdout] 2 | fn main() { #[allow(non_snake_case)] fn _doctest_main_src_lib_rs_118_0() {
[INFO] [stdout]   |                                      ----------------------------------- this is not `async`
[INFO] [stdout] 3 | let my_client = Client::<MyApi>::new("http://example.com");
[INFO] [stdout] 4 | let my_response1 = my_client.send(MyRequest1::new()).await?; // works
[INFO] [stdout]   |                                                      ^^^^^ only allowed inside `async` functions and blocks
[INFO] [stdout] 
[INFO] [stdout] error[E0728]: `await` is only allowed inside `async` functions and blocks
[INFO] [stdout]  --> src/lib.rs:121:58
[INFO] [stdout]   |
[INFO] [stdout] 2 | fn main() { #[allow(non_snake_case)] fn _doctest_main_src_lib_rs_118_0() {
[INFO] [stdout]   |                                      ----------------------------------- this is not `async`
[INFO] [stdout] ...
[INFO] [stdout] 5 | let other_response = my_client.send(OtherRequest::new()).await?; // does not compile
[INFO] [stdout]   |                                                          ^^^^^ only allowed inside `async` functions and blocks
[INFO] [stdout] 
[INFO] [stdout] error[E0433]: failed to resolve: use of undeclared type `MyRequest1`
[INFO] [stdout]  --> src/lib.rs:120:35
[INFO] [stdout]   |
[INFO] [stdout] 4 | let my_response1 = my_client.send(MyRequest1::new()).await?; // works
[INFO] [stdout]   |                                   ^^^^^^^^^^ use of undeclared type `MyRequest1`
[INFO] [stdout] 
[INFO] [stdout] error[E0433]: failed to resolve: use of undeclared type `OtherRequest`
[INFO] [stdout]  --> src/lib.rs:121:37
[INFO] [stdout]   |
[INFO] [stdout] 5 | let other_response = my_client.send(OtherRequest::new()).await?; // does not compile
[INFO] [stdout]   |                                     ^^^^^^^^^^^^ use of undeclared type `OtherRequest`
[INFO] [stdout] 
[INFO] [stdout] error: aborting due to 6 previous errors
[INFO] [stdout] 
[INFO] [stdout] Some errors have detailed explanations: E0412, E0433, E0728.
[INFO] [stdout] For more information about an error, try `rustc --explain E0412`.
[INFO] [stdout] Couldn't compile the test.
[INFO] [stdout] ---- src/lib.rs - (line 94) stdout ----
[INFO] [stdout] error[E0425]: cannot find function `send` in this scope
[INFO] [stdout]  --> src/lib.rs:95:19
[INFO] [stdout]   |
[INFO] [stdout] 3 | let my_response = send("http://example.com", MyRequest::new()).await?;
[INFO] [stdout]   |                   ^^^^ not found in this scope
[INFO] [stdout]   |
[INFO] [stdout] help: consider importing this function
[INFO] [stdout]   |
[INFO] [stdout] 2 + use http_typed::send;
[INFO] [stdout]   |
[INFO] [stdout] 
[INFO] [stdout] error[E0728]: `await` is only allowed inside `async` functions and blocks
[INFO] [stdout]  --> src/lib.rs:95:64
[INFO] [stdout]   |
[INFO] [stdout] 2 | fn main() { #[allow(non_snake_case)] fn _doctest_main_src_lib_rs_94_0() {
[INFO] [stdout]   |                                      ---------------------------------- this is not `async`
[INFO] [stdout] 3 | let my_response = send("http://example.com", MyRequest::new()).await?;
[INFO] [stdout]   |                                                                ^^^^^ only allowed inside `async` functions and blocks
[INFO] [stdout] 
[INFO] [stdout] error[E0433]: failed to resolve: use of undeclared type `MyRequest`
[INFO] [stdout]  --> src/lib.rs:95:46
[INFO] [stdout]   |
[INFO] [stdout] 3 | let my_response = send("http://example.com", MyRequest::new()).await?;
[INFO] [stdout]   |                                              ^^^^^^^^^ use of undeclared type `MyRequest`
[INFO] [stdout] 
[INFO] [stdout] error: aborting due to 3 previous errors
[INFO] [stdout] 
[INFO] [stdout] Some errors have detailed explanations: E0425, E0433, E0728.
[INFO] [stdout] For more information about an error, try `rustc --explain E0425`.
[INFO] [stdout] Couldn't compile the test.
[INFO] [stdout] 
[INFO] [stdout] failures:
[INFO] [stdout]     src/lib.rs - (line 104)
[INFO] [stdout]     src/lib.rs - (line 115)
[INFO] [stdout]     src/lib.rs - (line 118)
[INFO] [stdout]     src/lib.rs - (line 129)
[INFO] [stdout]     src/lib.rs - (line 138)
[INFO] [stdout]     src/lib.rs - (line 30)
[INFO] [stdout]     src/lib.rs - (line 40)
[INFO] [stdout]     src/lib.rs - (line 56)
[INFO] [stdout]     src/lib.rs - (line 73)
[INFO] [stdout]     src/lib.rs - (line 94)
[INFO] [stdout] 
[INFO] [stdout] test result: FAILED. 0 passed; 10 failed; 1 ignored; 0 measured; 0 filtered out; finished in 0.31s
[INFO] [stdout] 
[INFO] [stderr] error: doctest failed, to rerun pass `--doc`
[INFO] running `Command { std: "docker" "inspect" "d88657efcbf247f29ee48c7392beec79765b87adcb1ad5936326c153fba6781b", kill_on_drop: false }`
[INFO] running `Command { std: "docker" "rm" "-f" "d88657efcbf247f29ee48c7392beec79765b87adcb1ad5936326c153fba6781b", kill_on_drop: false }`
[INFO] [stdout] d88657efcbf247f29ee48c7392beec79765b87adcb1ad5936326c153fba6781b
