[INFO] fetching crate http-range-client 0.8.0...
[INFO] testing http-range-client-0.8.0 against nightly-2024-10-28 for randomize-layout
[INFO] extracting crate http-range-client 0.8.0 into /workspace/builds/worker-3-tc1/source
[INFO] validating manifest of crates.io crate http-range-client 0.8.0 on toolchain nightly-2024-10-28
[INFO] running `Command { std: CARGO_HOME="/workspace/cargo-home" RUSTUP_HOME="/workspace/rustup-home" "/workspace/cargo-home/bin/cargo" "+nightly-2024-10-28" "metadata" "--manifest-path" "Cargo.toml" "--no-deps", kill_on_drop: false }`
[INFO] started tweaking crates.io crate http-range-client 0.8.0
[INFO] finished tweaking crates.io crate http-range-client 0.8.0
[INFO] tweaked toml for crates.io crate http-range-client 0.8.0 written to /workspace/builds/worker-3-tc1/source/Cargo.toml
[INFO] running `Command { std: CARGO_HOME="/workspace/cargo-home" RUSTUP_HOME="/workspace/rustup-home" "/workspace/cargo-home/bin/cargo" "+nightly-2024-10-28" "generate-lockfile" "--manifest-path" "Cargo.toml", kill_on_drop: false }`
[INFO] [stderr]     Updating crates.io index
[INFO] [stderr]      Locking 146 packages to latest compatible versions
[INFO] running `Command { std: CARGO_HOME="/workspace/cargo-home" RUSTUP_HOME="/workspace/rustup-home" "/workspace/cargo-home/bin/cargo" "+nightly-2024-10-28" "fetch" "--manifest-path" "Cargo.toml", kill_on_drop: false }`
[INFO] [stderr]  Downloading crates ...
[INFO] [stderr]   Downloaded read-logger v0.2.0
[INFO] running `Command { std: "docker" "create" "-v" "/var/lib/crater-agent-workspace/builds/worker-3-tc1/target:/opt/rustwide/target:rw,Z" "-v" "/var/lib/crater-agent-workspace/builds/worker-3-tc1/source:/opt/rustwide/workdir:ro,Z" "-v" "/var/lib/crater-agent-workspace/cargo-home:/opt/rustwide/cargo-home:ro,Z" "-v" "/var/lib/crater-agent-workspace/rustup-home:/opt/rustwide/rustup-home:ro,Z" "-e" "SOURCE_DIR=/opt/rustwide/workdir" "-e" "CARGO_TARGET_DIR=/opt/rustwide/target" "-e" "CARGO_HOME=/opt/rustwide/cargo-home" "-e" "RUSTUP_HOME=/opt/rustwide/rustup-home" "-w" "/opt/rustwide/workdir" "-m" "1610612736" "--user" "0:0" "--network" "none" "ghcr.io/rust-lang/crates-build-env/linux@sha256:4a844ea9eb2546a2d2c7022eacef16ef2e8229c7fbb2c7d4d55a9ceca922f72d" "/opt/rustwide/cargo-home/bin/cargo" "+nightly-2024-10-28" "metadata" "--no-deps" "--format-version=1", kill_on_drop: false }`
[INFO] [stdout] 6becdecde1a6a73ccf6ba025459f5bb00b76419acc66fbc196f96bf27660aa54
[INFO] running `Command { std: "docker" "start" "-a" "6becdecde1a6a73ccf6ba025459f5bb00b76419acc66fbc196f96bf27660aa54", kill_on_drop: false }`
[INFO] running `Command { std: "docker" "inspect" "6becdecde1a6a73ccf6ba025459f5bb00b76419acc66fbc196f96bf27660aa54", kill_on_drop: false }`
[INFO] running `Command { std: "docker" "rm" "-f" "6becdecde1a6a73ccf6ba025459f5bb00b76419acc66fbc196f96bf27660aa54", kill_on_drop: false }`
[INFO] [stdout] 6becdecde1a6a73ccf6ba025459f5bb00b76419acc66fbc196f96bf27660aa54
[INFO] running `Command { std: "docker" "create" "-v" "/var/lib/crater-agent-workspace/builds/worker-3-tc1/target:/opt/rustwide/target:rw,Z" "-v" "/var/lib/crater-agent-workspace/builds/worker-3-tc1/source:/opt/rustwide/workdir:ro,Z" "-v" "/var/lib/crater-agent-workspace/cargo-home:/opt/rustwide/cargo-home:ro,Z" "-v" "/var/lib/crater-agent-workspace/rustup-home:/opt/rustwide/rustup-home:ro,Z" "-e" "SOURCE_DIR=/opt/rustwide/workdir" "-e" "CARGO_TARGET_DIR=/opt/rustwide/target" "-e" "CARGO_INCREMENTAL=0" "-e" "RUST_BACKTRACE=full" "-e" "RUSTFLAGS=--cap-lints=forbid" "-e" "RUSTDOCFLAGS=--cap-lints=forbid" "-e" "CARGO_HOME=/opt/rustwide/cargo-home" "-e" "RUSTUP_HOME=/opt/rustwide/rustup-home" "-w" "/opt/rustwide/workdir" "-m" "1610612736" "--user" "0:0" "--network" "none" "ghcr.io/rust-lang/crates-build-env/linux@sha256:4a844ea9eb2546a2d2c7022eacef16ef2e8229c7fbb2c7d4d55a9ceca922f72d" "/opt/rustwide/cargo-home/bin/cargo" "+nightly-2024-10-28" "build" "--frozen" "--message-format=json", kill_on_drop: false }`
[INFO] [stdout] bbbe6e64b1ff0181be320a7ace9c93eea63784a18773a584808827e2976301f7
[INFO] running `Command { std: "docker" "start" "-a" "bbbe6e64b1ff0181be320a7ace9c93eea63784a18773a584808827e2976301f7", kill_on_drop: false }`
[INFO] [stderr]    Compiling vcpkg v0.2.15
[INFO] [stderr]    Compiling futures-sink v0.3.31
[INFO] [stderr]    Compiling mio v1.0.2
[INFO] [stderr]    Compiling socket2 v0.5.7
[INFO] [stderr]    Compiling tokio-macros v2.4.0
[INFO] [stderr]    Compiling foreign-types-shared v0.1.1
[INFO] [stderr]    Compiling openssl v0.10.68
[INFO] [stderr]    Compiling openssl-macros v0.1.1
[INFO] [stderr]    Compiling futures-util v0.3.31
[INFO] [stderr]    Compiling foreign-types v0.3.2
[INFO] [stderr]    Compiling native-tls v0.2.12
[INFO] [stderr]    Compiling futures-channel v0.3.31
[INFO] [stderr]    Compiling serde_urlencoded v0.7.1
[INFO] [stderr]    Compiling thiserror-impl v1.0.66
[INFO] [stderr]    Compiling sync_wrapper v1.0.1
[INFO] [stderr]    Compiling ipnet v2.10.1
[INFO] [stderr]    Compiling read-logger v0.2.0
[INFO] [stderr]    Compiling async-trait v0.1.83
[INFO] [stderr]    Compiling byteorder v1.5.0
[INFO] [stderr]    Compiling tokio v1.41.0
[INFO] [stderr]    Compiling openssl-sys v0.9.104
[INFO] [stderr]    Compiling thiserror v1.0.66
[INFO] [stderr]    Compiling http-body-util v0.1.2
[INFO] [stderr]    Compiling hyper v1.5.0
[INFO] [stderr]    Compiling hyper-util v0.1.10
[INFO] [stderr]    Compiling tokio-native-tls v0.3.1
[INFO] [stderr]    Compiling hyper-tls v0.6.0
[INFO] [stderr]    Compiling reqwest v0.12.9
[INFO] [stderr]    Compiling http-range-client v0.8.0 (/opt/rustwide/workdir)
[INFO] [stderr]     Finished `dev` profile [unoptimized + debuginfo] target(s) in 5.98s
[INFO] running `Command { std: "docker" "inspect" "bbbe6e64b1ff0181be320a7ace9c93eea63784a18773a584808827e2976301f7", kill_on_drop: false }`
[INFO] running `Command { std: "docker" "rm" "-f" "bbbe6e64b1ff0181be320a7ace9c93eea63784a18773a584808827e2976301f7", kill_on_drop: false }`
[INFO] [stdout] bbbe6e64b1ff0181be320a7ace9c93eea63784a18773a584808827e2976301f7
[INFO] running `Command { std: "docker" "create" "-v" "/var/lib/crater-agent-workspace/builds/worker-3-tc1/target:/opt/rustwide/target:rw,Z" "-v" "/var/lib/crater-agent-workspace/builds/worker-3-tc1/source:/opt/rustwide/workdir:ro,Z" "-v" "/var/lib/crater-agent-workspace/cargo-home:/opt/rustwide/cargo-home:ro,Z" "-v" "/var/lib/crater-agent-workspace/rustup-home:/opt/rustwide/rustup-home:ro,Z" "-e" "SOURCE_DIR=/opt/rustwide/workdir" "-e" "CARGO_TARGET_DIR=/opt/rustwide/target" "-e" "CARGO_INCREMENTAL=0" "-e" "RUST_BACKTRACE=full" "-e" "RUSTFLAGS=--cap-lints=forbid" "-e" "RUSTDOCFLAGS=--cap-lints=forbid" "-e" "CARGO_HOME=/opt/rustwide/cargo-home" "-e" "RUSTUP_HOME=/opt/rustwide/rustup-home" "-w" "/opt/rustwide/workdir" "-m" "1610612736" "--user" "0:0" "--network" "none" "ghcr.io/rust-lang/crates-build-env/linux@sha256:4a844ea9eb2546a2d2c7022eacef16ef2e8229c7fbb2c7d4d55a9ceca922f72d" "/opt/rustwide/cargo-home/bin/cargo" "+nightly-2024-10-28" "test" "--frozen" "--no-run" "--message-format=json", kill_on_drop: false }`
[INFO] [stdout] 110d383de5dd490cbb37a910e1aadd8a2b6ac69aee6b94aba7c88c6158d03ee3
[INFO] running `Command { std: "docker" "start" "-a" "110d383de5dd490cbb37a910e1aadd8a2b6ac69aee6b94aba7c88c6158d03ee3", kill_on_drop: false }`
[INFO] [stderr]    Compiling aho-corasick v1.1.3
[INFO] [stderr]    Compiling regex-syntax v0.8.5
[INFO] [stderr]    Compiling utf8parse v0.2.2
[INFO] [stderr]    Compiling colorchoice v1.0.3
[INFO] [stderr]    Compiling anstyle v1.0.9
[INFO] [stderr]    Compiling is_terminal_polyfill v1.70.1
[INFO] [stderr]    Compiling anstyle-query v1.1.2
[INFO] [stderr]    Compiling humantime v2.1.0
[INFO] [stderr]    Compiling anstyle-parse v0.2.6
[INFO] [stderr]    Compiling anstream v0.6.17
[INFO] [stderr]    Compiling regex-automata v0.4.8
[INFO] [stderr]    Compiling regex v1.11.1
[INFO] [stderr]    Compiling env_filter v0.1.2
[INFO] [stderr]    Compiling env_logger v0.11.5
[INFO] [stderr]    Compiling http-range-client v0.8.0 (/opt/rustwide/workdir)
[INFO] [stderr]     Finished `test` profile [unoptimized + debuginfo] target(s) in 3.46s
[INFO] running `Command { std: "docker" "inspect" "110d383de5dd490cbb37a910e1aadd8a2b6ac69aee6b94aba7c88c6158d03ee3", kill_on_drop: false }`
[INFO] running `Command { std: "docker" "rm" "-f" "110d383de5dd490cbb37a910e1aadd8a2b6ac69aee6b94aba7c88c6158d03ee3", kill_on_drop: false }`
[INFO] [stdout] 110d383de5dd490cbb37a910e1aadd8a2b6ac69aee6b94aba7c88c6158d03ee3
[INFO] running `Command { std: "docker" "create" "-v" "/var/lib/crater-agent-workspace/builds/worker-3-tc1/target:/opt/rustwide/target:rw,Z" "-v" "/var/lib/crater-agent-workspace/builds/worker-3-tc1/source:/opt/rustwide/workdir:ro,Z" "-v" "/var/lib/crater-agent-workspace/cargo-home:/opt/rustwide/cargo-home:ro,Z" "-v" "/var/lib/crater-agent-workspace/rustup-home:/opt/rustwide/rustup-home:ro,Z" "-e" "SOURCE_DIR=/opt/rustwide/workdir" "-e" "CARGO_TARGET_DIR=/opt/rustwide/target" "-e" "CARGO_INCREMENTAL=0" "-e" "RUST_BACKTRACE=full" "-e" "RUSTFLAGS=--cap-lints=forbid" "-e" "RUSTDOCFLAGS=--cap-lints=forbid" "-e" "CARGO_HOME=/opt/rustwide/cargo-home" "-e" "RUSTUP_HOME=/opt/rustwide/rustup-home" "-w" "/opt/rustwide/workdir" "-m" "1610612736" "--user" "0:0" "--network" "none" "ghcr.io/rust-lang/crates-build-env/linux@sha256:4a844ea9eb2546a2d2c7022eacef16ef2e8229c7fbb2c7d4d55a9ceca922f72d" "/opt/rustwide/cargo-home/bin/cargo" "+nightly-2024-10-28" "test" "--frozen", kill_on_drop: false }`
[INFO] [stdout] 755b459b186a2afd9feb0697be140523c4d8463ea658e4f57e17cf3c1e4eceff
[INFO] running `Command { std: "docker" "start" "-a" "755b459b186a2afd9feb0697be140523c4d8463ea658e4f57e17cf3c1e4eceff", kill_on_drop: false }`
[INFO] [stderr]     Finished `test` profile [unoptimized + debuginfo] target(s) in 0.07s
[INFO] [stderr]      Running unittests src/lib.rs (/opt/rustwide/target/debug/deps/http_range_client-2c455e74cbc0fe08)
[INFO] [stdout] 
[INFO] [stdout] running 16 tests
[INFO] [stdout] test buffered_range_client::test_sync::after_end ... FAILED
[INFO] [stdout] test buffered_range_client::test_async::http_read_async ... FAILED
[INFO] [stdout] test buffered_range_client::test_async::buffer_overlap ... FAILED
[INFO] [stdout] test buffered_range_client::test_async::zero_range ... FAILED
[INFO] [stdout] test buffered_range_client::test_async::read_over_min_req_size ... FAILED
[INFO] [stdout] test buffered_range_client::test_sync::http_read_sync_zero_range ... ok
[INFO] [stdout] test buffered_range_client::test_sync::http_read_sync ... FAILED
[INFO] [stdout] test buffered_range_client::test_sync::io_read_non_exact ... FAILED
[INFO] [stdout] test buffered_range_client::test_sync::io_read ... FAILED
[INFO] [stdout] test buffered_range_client::test_async::after_end ... FAILED
[INFO] [stdout] test buffered_range_client::test_async::custom_headers ... FAILED
[INFO] [stdout] test buffered_range_client::test_sync::bufread ... FAILED
[INFO] [stdout] test buffered_range_client::test_sync::remote_png ... FAILED
[INFO] [stdout] test buffered_range_client::test_sync::io_read_over_min_req_size ... FAILED
[INFO] [stdout] test buffered_range_client::test_sync::seek_current ... FAILED
[INFO] [stdout] test buffered_range_client::test_sync::seek_end ... FAILED
[INFO] [stdout] 
[INFO] [stdout] failures:
[INFO] [stdout] 
[INFO] [stdout] ---- buffered_range_client::test_sync::after_end stdout ----
[INFO] [stdout] Error: Custom { kind: Other, error: "http error `error sending request for url (https://flatgeobuf.org/test/data/countries.fgb)`" }
[INFO] [stdout] 
[INFO] [stdout] ---- buffered_range_client::test_async::http_read_async stdout ----
[INFO] [stdout] Error: HttpError("error sending request for url (https://flatgeobuf.org/test/data/countries.fgb)")
[INFO] [stdout] 
[INFO] [stdout] ---- buffered_range_client::test_async::buffer_overlap stdout ----
[INFO] [stdout] Error: HttpError("error sending request for url (https://flatgeobuf.org/test/data/countries.fgb)")
[INFO] [stdout] 
[INFO] [stdout] ---- buffered_range_client::test_async::zero_range stdout ----
[INFO] [stdout] Error: HttpError("error sending request for url (https://flatgeobuf.org/test/data/countries.fgb)")
[INFO] [stdout] 
[INFO] [stdout] ---- buffered_range_client::test_async::read_over_min_req_size stdout ----
[INFO] [stdout] Error: HttpError("error sending request for url (https://flatgeobuf.org/test/data/countries.fgb)")
[INFO] [stdout] 
[INFO] [stdout] ---- buffered_range_client::test_sync::http_read_sync stdout ----
[INFO] [stdout] Error: HttpError("error sending request for url (https://flatgeobuf.org/test/data/countries.fgb)")
[INFO] [stdout] 
[INFO] [stdout] ---- buffered_range_client::test_sync::io_read_non_exact stdout ----
[INFO] [stdout] Error: Custom { kind: Other, error: "http error `error sending request for url (https://flatgeobuf.org/test/data/countries.fgb)`" }
[INFO] [stdout] 
[INFO] [stdout] ---- buffered_range_client::test_sync::io_read stdout ----
[INFO] [stdout] Error: Custom { kind: Other, error: "http error `error sending request for url (https://flatgeobuf.org/test/data/countries.fgb)`" }
[INFO] [stdout] 
[INFO] [stdout] ---- buffered_range_client::test_async::after_end stdout ----
[INFO] [stdout] Error: HttpError("error sending request for url (https://flatgeobuf.org/test/data/countries.fgb)")
[INFO] [stdout] 
[INFO] [stdout] ---- buffered_range_client::test_async::custom_headers stdout ----
[INFO] [stdout] Error: HttpError("error sending request for url (https://flatgeobuf.org/test/data/countries.fgb)")
[INFO] [stdout] 
[INFO] [stdout] ---- buffered_range_client::test_sync::bufread stdout ----
[INFO] [stdout] thread 'buffered_range_client::test_sync::bufread' panicked at src/buffered_range_client.rs:516:58:
[INFO] [stdout] called `Result::unwrap()` on an `Err` value: Custom { kind: Other, error: "http error `error sending request for url (https://flatgeobuf.org/test/data/countries.fgb)`" }
[INFO] [stdout] stack backtrace:
[INFO] [stdout]    0:     0x60360216884a - std::backtrace_rs::backtrace::libunwind::trace::h207520d6e9873551
[INFO] [stdout]                                at /rustc/df4ca44d3fbc9301ee17f30f4d474e6ae4b05252/library/std/src/../../backtrace/src/backtrace/libunwind.rs:116:5
[INFO] [stdout]    1:     0x60360216884a - std::backtrace_rs::backtrace::trace_unsynchronized::h2ed7433f370e3eca
[INFO] [stdout]                                at /rustc/df4ca44d3fbc9301ee17f30f4d474e6ae4b05252/library/std/src/../../backtrace/src/backtrace/mod.rs:66:5
[INFO] [stdout]    2:     0x60360216884a - std::sys::backtrace::_print_fmt::h916fac51166b18d7
[INFO] [stdout]                                at /rustc/df4ca44d3fbc9301ee17f30f4d474e6ae4b05252/library/std/src/sys/backtrace.rs:66:9
[INFO] [stdout]    3:     0x60360216884a - <std::sys::backtrace::BacktraceLock::print::DisplayBacktrace as core::fmt::Display>::fmt::ha0a4c9b8ce3802e6
[INFO] [stdout]                                at /rustc/df4ca44d3fbc9301ee17f30f4d474e6ae4b05252/library/std/src/sys/backtrace.rs:39:26
[INFO] [stdout]    4:     0x6036021927a3 - core::fmt::rt::Argument::fmt::h4cfc8587d52b3eb5
[INFO] [stdout]                                at /rustc/df4ca44d3fbc9301ee17f30f4d474e6ae4b05252/library/core/src/fmt/rt.rs:177:76
[INFO] [stdout]    5:     0x6036021927a3 - core::fmt::write::h522cc39e5b36ae9f
[INFO] [stdout]                                at /rustc/df4ca44d3fbc9301ee17f30f4d474e6ae4b05252/library/core/src/fmt/mod.rs:1190:21
[INFO] [stdout]    6:     0x603602164883 - std::io::Write::write_fmt::h7d3c26752da97734
[INFO] [stdout]                                at /rustc/df4ca44d3fbc9301ee17f30f4d474e6ae4b05252/library/std/src/io/mod.rs:1839:15
[INFO] [stdout]    7:     0x603602168692 - std::sys::backtrace::BacktraceLock::print::h4b9e00b29e9c0942
[INFO] [stdout]                                at /rustc/df4ca44d3fbc9301ee17f30f4d474e6ae4b05252/library/std/src/sys/backtrace.rs:42:9
[INFO] [stdout]    8:     0x603602169cda - std::panicking::default_hook::{{closure}}::hb59b88280d0324d9
[INFO] [stdout]                                at /rustc/df4ca44d3fbc9301ee17f30f4d474e6ae4b05252/library/std/src/panicking.rs:268:22
[INFO] [stdout]    9:     0x603602169ae4 - std::panicking::default_hook::he1dd496665be4a29
[INFO] [stdout]                                at /rustc/df4ca44d3fbc9301ee17f30f4d474e6ae4b05252/library/std/src/panicking.rs:292:9
[INFO] [stdout]   10:     0x6036020a9ea9 - <alloc::boxed::Box<F,A> as core::ops::function::Fn<Args>>::call::h4ff71de18744e1dc
[INFO] [stdout]                                at /rustc/df4ca44d3fbc9301ee17f30f4d474e6ae4b05252/library/alloc/src/boxed.rs:2468:9
[INFO] [stdout]   11:     0x6036020a9ea9 - test::test_main::{{closure}}::hcf7c055ce117aa81
[INFO] [stdout]                                at /rustc/df4ca44d3fbc9301ee17f30f4d474e6ae4b05252/library/test/src/lib.rs:133:21
[INFO] [stdout]   12:     0x60360216a3d8 - <alloc::boxed::Box<F,A> as core::ops::function::Fn<Args>>::call::h1d66c6bbd60c9692
[INFO] [stdout]                                at /rustc/df4ca44d3fbc9301ee17f30f4d474e6ae4b05252/library/alloc/src/boxed.rs:2468:9
[INFO] [stdout]   13:     0x60360216a3d8 - std::panicking::rust_panic_with_hook::h2ff17fe8f26dfcf8
[INFO] [stdout]                                at /rustc/df4ca44d3fbc9301ee17f30f4d474e6ae4b05252/library/std/src/panicking.rs:809:13
[INFO] [stdout]   14:     0x60360216a19a - std::panicking::begin_panic_handler::{{closure}}::h4fad77951c07e101
[INFO] [stdout]                                at /rustc/df4ca44d3fbc9301ee17f30f4d474e6ae4b05252/library/std/src/panicking.rs:674:13
[INFO] [stdout]   15:     0x603602168d29 - std::sys::backtrace::__rust_end_short_backtrace::hb1a25b3da5d0ea08
[INFO] [stdout]                                at /rustc/df4ca44d3fbc9301ee17f30f4d474e6ae4b05252/library/std/src/sys/backtrace.rs:170:18
[INFO] [stdout]   16:     0x603602169e2c - rust_begin_unwind
[INFO] [stdout]                                at /rustc/df4ca44d3fbc9301ee17f30f4d474e6ae4b05252/library/std/src/panicking.rs:665:5
[INFO] [stdout]   17:     0x603602190910 - core::panicking::panic_fmt::ha9db07b529f9b256
[INFO] [stdout]                                at /rustc/df4ca44d3fbc9301ee17f30f4d474e6ae4b05252/library/core/src/panicking.rs:75:14
[INFO] [stdout]   18:     0x603602190df6 - core::result::unwrap_failed::h5e8218e4d4338b8a
[INFO] [stdout]                                at /rustc/df4ca44d3fbc9301ee17f30f4d474e6ae4b05252/library/core/src/result.rs:1698:5
[INFO] [stdout]   19:     0x603601bc54d8 - core::result::Result<T,E>::unwrap::haae5e8b5c18722d3
[INFO] [stdout]                                at /rustc/df4ca44d3fbc9301ee17f30f4d474e6ae4b05252/library/core/src/result.rs:1103:23
[INFO] [stdout]   20:     0x603601bc54d8 - http_range_client::buffered_range_client::test_sync::bufread::hbe2133fa331d4e52
[INFO] [stdout]                                at /opt/rustwide/workdir/src/buffered_range_client.rs:516:25
[INFO] [stdout]   21:     0x603601bc5367 - http_range_client::buffered_range_client::test_sync::bufread::{{closure}}::h49e94a56f567e456
[INFO] [stdout]                                at /opt/rustwide/workdir/src/buffered_range_client.rs:510:21
[INFO] [stdout]   22:     0x603601bc6776 - core::ops::function::FnOnce::call_once::h2060b53004acf4fe
[INFO] [stdout]                                at /rustc/df4ca44d3fbc9301ee17f30f4d474e6ae4b05252/library/core/src/ops/function.rs:250:5
[INFO] [stdout]   23:     0x6036020ae77b - core::ops::function::FnOnce::call_once::h22c3ba5715e93f05
[INFO] [stdout]                                at /rustc/df4ca44d3fbc9301ee17f30f4d474e6ae4b05252/library/core/src/ops/function.rs:250:5
[INFO] [stdout]   24:     0x6036020ae77b - test::__rust_begin_short_backtrace::h8e82d8113d0da17f
[INFO] [stdout]                                at /rustc/df4ca44d3fbc9301ee17f30f4d474e6ae4b05252/library/test/src/lib.rs:621:18
[INFO] [stdout]   25:     0x6036020ae0f7 - test::run_test_in_process::{{closure}}::h33235f4f20b7b7c7
[INFO] [stdout]                                at /rustc/df4ca44d3fbc9301ee17f30f4d474e6ae4b05252/library/test/src/lib.rs:644:60
[INFO] [stdout]   26:     0x6036020ae0f7 - <core::panic::unwind_safe::AssertUnwindSafe<F> as core::ops::function::FnOnce<()>>::call_once::hb5043206310c586f
[INFO] [stdout]                                at /rustc/df4ca44d3fbc9301ee17f30f4d474e6ae4b05252/library/core/src/panic/unwind_safe.rs:272:9
[INFO] [stdout]   27:     0x6036020ae0f7 - std::panicking::try::do_call::h9ad4731a60ab23e2
[INFO] [stdout]                                at /rustc/df4ca44d3fbc9301ee17f30f4d474e6ae4b05252/library/std/src/panicking.rs:557:40
[INFO] [stdout]   28:     0x6036020ae0f7 - std::panicking::try::h3824d23db772a716
[INFO] [stdout]                                at /rustc/df4ca44d3fbc9301ee17f30f4d474e6ae4b05252/library/std/src/panicking.rs:520:19
[INFO] [stdout]   29:     0x6036020ae0f7 - std::panic::catch_unwind::h5afd514605fde46b
[INFO] [stdout]                                at /rustc/df4ca44d3fbc9301ee17f30f4d474e6ae4b05252/library/std/src/panic.rs:358:14
[INFO] [stdout]   30:     0x6036020ae0f7 - test::run_test_in_process::h0d5cbfa7067d1720
[INFO] [stdout]                                at /rustc/df4ca44d3fbc9301ee17f30f4d474e6ae4b05252/library/test/src/lib.rs:644:27
[INFO] [stdout]   31:     0x6036020ae0f7 - test::run_test::{{closure}}::h708eb8872708115d
[INFO] [stdout]                                at /rustc/df4ca44d3fbc9301ee17f30f4d474e6ae4b05252/library/test/src/lib.rs:565:43
[INFO] [stdout]   32:     0x603602071814 - test::run_test::{{closure}}::h392c51cee94713ab
[INFO] [stdout]                                at /rustc/df4ca44d3fbc9301ee17f30f4d474e6ae4b05252/library/test/src/lib.rs:595:41
[INFO] [stdout]   33:     0x603602071814 - std::sys::backtrace::__rust_begin_short_backtrace::h2f40290710935a8b
[INFO] [stdout]                                at /rustc/df4ca44d3fbc9301ee17f30f4d474e6ae4b05252/library/std/src/sys/backtrace.rs:154:18
[INFO] [stdout]   34:     0x603602074fbe - std::thread::Builder::spawn_unchecked_::{{closure}}::{{closure}}::h3fd968d89053a903
[INFO] [stdout]                                at /rustc/df4ca44d3fbc9301ee17f30f4d474e6ae4b05252/library/std/src/thread/mod.rs:541:17
[INFO] [stdout]   35:     0x603602074fbe - <core::panic::unwind_safe::AssertUnwindSafe<F> as core::ops::function::FnOnce<()>>::call_once::h743f637ba4229880
[INFO] [stdout]                                at /rustc/df4ca44d3fbc9301ee17f30f4d474e6ae4b05252/library/core/src/panic/unwind_safe.rs:272:9
[INFO] [stdout]   36:     0x603602074fbe - std::panicking::try::do_call::h07440897322525a6
[INFO] [stdout]                                at /rustc/df4ca44d3fbc9301ee17f30f4d474e6ae4b05252/library/std/src/panicking.rs:557:40
[INFO] [stdout]   37:     0x603602074fbe - std::panicking::try::he5a2e00188156637
[INFO] [stdout]                                at /rustc/df4ca44d3fbc9301ee17f30f4d474e6ae4b05252/library/std/src/panicking.rs:520:19
[INFO] [stdout]   38:     0x603602074fbe - std::panic::catch_unwind::hbaf3cae49b3c6433
[INFO] [stdout]                                at /rustc/df4ca44d3fbc9301ee17f30f4d474e6ae4b05252/library/std/src/panic.rs:358:14
[INFO] [stdout]   39:     0x603602074fbe - std::thread::Builder::spawn_unchecked_::{{closure}}::h8e141ea224820bce
[INFO] [stdout]                                at /rustc/df4ca44d3fbc9301ee17f30f4d474e6ae4b05252/library/std/src/thread/mod.rs:540:30
[INFO] [stdout]   40:     0x603602074fbe - core::ops::function::FnOnce::call_once{{vtable.shim}}::h90d312fedd7b8ea8
[INFO] [stdout]                                at /rustc/df4ca44d3fbc9301ee17f30f4d474e6ae4b05252/library/core/src/ops/function.rs:250:5
[INFO] [stdout]   41:     0x60360216e60b - <alloc::boxed::Box<F,A> as core::ops::function::FnOnce<Args>>::call_once::h69aa08ddb6adb8b6
[INFO] [stdout]                                at /rustc/df4ca44d3fbc9301ee17f30f4d474e6ae4b05252/library/alloc/src/boxed.rs:2454:9
[INFO] [stdout]   42:     0x60360216e60b - <alloc::boxed::Box<F,A> as core::ops::function::FnOnce<Args>>::call_once::h5aa36efdb79c806f
[INFO] [stdout]                                at /rustc/df4ca44d3fbc9301ee17f30f4d474e6ae4b05252/library/alloc/src/boxed.rs:2454:9
[INFO] [stdout]   43:     0x60360216e60b - std::sys::pal::unix::thread::Thread::new::thread_start::h6cd80a1b4be5158d
[INFO] [stdout]                                at /rustc/df4ca44d3fbc9301ee17f30f4d474e6ae4b05252/library/std/src/sys/pal/unix/thread.rs:105:17
[INFO] [stdout]   44:     0x7bc2186abac3 - <unknown>
[INFO] [stdout]   45:     0x7bc21873ca04 - clone
[INFO] [stdout]   46:                0x0 - <unknown>
[INFO] [stdout] 
[INFO] [stdout] ---- buffered_range_client::test_sync::remote_png stdout ----
[INFO] [stdout] Error: Custom { kind: Other, error: "http error `error sending request for url (https://www.rust-lang.org/static/images/favicon-32x32.png)`" }
[INFO] [stdout] 
[INFO] [stdout] ---- buffered_range_client::test_sync::io_read_over_min_req_size stdout ----
[INFO] [stdout] Error: Custom { kind: Other, error: "http error `error sending request for url (https://flatgeobuf.org/test/data/countries.fgb)`" }
[INFO] [stdout] 
[INFO] [stdout] ---- buffered_range_client::test_sync::seek_current stdout ----
[INFO] [stdout] Error: Custom { kind: Other, error: "http error `error sending request for url (https://flatgeobuf.org/test/data/countries.fgb)`" }
[INFO] [stdout] 
[INFO] [stdout] ---- buffered_range_client::test_sync::seek_end stdout ----
[INFO] [stdout] Error: Custom { kind: Other, error: "http error `error sending request for url (https://flatgeobuf.org/test/data/countries.fgb)`" }
[INFO] [stdout] 
[INFO] [stdout] 
[INFO] [stdout] failures:
[INFO] [stdout]     buffered_range_client::test_async::after_end
[INFO] [stdout]     buffered_range_client::test_async::buffer_overlap
[INFO] [stdout]     buffered_range_client::test_async::custom_headers
[INFO] [stdout]     buffered_range_client::test_async::http_read_async
[INFO] [stdout]     buffered_range_client::test_async::read_over_min_req_size
[INFO] [stdout]     buffered_range_client::test_async::zero_range
[INFO] [stdout]     buffered_range_client::test_sync::after_end
[INFO] [stdout]     buffered_range_client::test_sync::bufread
[INFO] [stdout]     buffered_range_client::test_sync::http_read_sync
[INFO] [stdout]     buffered_range_client::test_sync::io_read
[INFO] [stdout]     buffered_range_client::test_sync::io_read_non_exact
[INFO] [stdout]     buffered_range_client::test_sync::io_read_over_min_req_size
[INFO] [stdout]     buffered_range_client::test_sync::remote_png
[INFO] [stdout]     buffered_range_client::test_sync::seek_current
[INFO] [stdout]     buffered_range_client::test_sync::seek_end
[INFO] [stdout] 
[INFO] [stdout] test result: FAILED. 1 passed; 15 failed; 0 ignored; 0 measured; 0 filtered out; finished in 0.37s
[INFO] [stdout] 
[INFO] [stderr] error: test failed, to rerun pass `--lib`
[INFO] running `Command { std: "docker" "inspect" "755b459b186a2afd9feb0697be140523c4d8463ea658e4f57e17cf3c1e4eceff", kill_on_drop: false }`
[INFO] running `Command { std: "docker" "rm" "-f" "755b459b186a2afd9feb0697be140523c4d8463ea658e4f57e17cf3c1e4eceff", kill_on_drop: false }`
[INFO] [stdout] 755b459b186a2afd9feb0697be140523c4d8463ea658e4f57e17cf3c1e4eceff
