[INFO] fetching crate http-problem 0.3.0...
[INFO] testing http-problem-0.3.0 against nightly-2024-10-28 for randomize-layout
[INFO] extracting crate http-problem 0.3.0 into /workspace/builds/worker-5-tc1/source
[INFO] validating manifest of crates.io crate http-problem 0.3.0 on toolchain nightly-2024-10-28
[INFO] running `Command { std: CARGO_HOME="/workspace/cargo-home" RUSTUP_HOME="/workspace/rustup-home" "/workspace/cargo-home/bin/cargo" "+nightly-2024-10-28" "metadata" "--manifest-path" "Cargo.toml" "--no-deps", kill_on_drop: false }`
[INFO] started tweaking crates.io crate http-problem 0.3.0
[INFO] finished tweaking crates.io crate http-problem 0.3.0
[INFO] tweaked toml for crates.io crate http-problem 0.3.0 written to /workspace/builds/worker-5-tc1/source/Cargo.toml
[INFO] running `Command { std: CARGO_HOME="/workspace/cargo-home" RUSTUP_HOME="/workspace/rustup-home" "/workspace/cargo-home/bin/cargo" "+nightly-2024-10-28" "generate-lockfile" "--manifest-path" "Cargo.toml", kill_on_drop: false }`
[INFO] [stderr]     Updating crates.io index
[INFO] [stderr]      Locking 173 packages to latest compatible versions
[INFO] [stderr]       Adding axum v0.6.20 (available: v0.7.7)
[INFO] [stderr]       Adding diesel v1.4.8 (available: v2.2.4)
[INFO] [stderr]       Adding http v0.2.12 (available: v1.1.0)
[INFO] running `Command { std: CARGO_HOME="/workspace/cargo-home" RUSTUP_HOME="/workspace/rustup-home" "/workspace/cargo-home/bin/cargo" "+nightly-2024-10-28" "fetch" "--manifest-path" "Cargo.toml", kill_on_drop: false }`
[INFO] [stderr]  Downloading crates ...
[INFO] [stderr]   Downloaded r2d2 v0.8.10
[INFO] [stderr]   Downloaded impl-more v0.1.8
[INFO] [stderr]   Downloaded scheduled-thread-pool v0.2.7
[INFO] running `Command { std: "docker" "create" "-v" "/var/lib/crater-agent-workspace/builds/worker-5-tc1/target:/opt/rustwide/target:rw,Z" "-v" "/var/lib/crater-agent-workspace/builds/worker-5-tc1/source:/opt/rustwide/workdir:ro,Z" "-v" "/var/lib/crater-agent-workspace/cargo-home:/opt/rustwide/cargo-home:ro,Z" "-v" "/var/lib/crater-agent-workspace/rustup-home:/opt/rustwide/rustup-home:ro,Z" "-e" "SOURCE_DIR=/opt/rustwide/workdir" "-e" "CARGO_TARGET_DIR=/opt/rustwide/target" "-e" "CARGO_HOME=/opt/rustwide/cargo-home" "-e" "RUSTUP_HOME=/opt/rustwide/rustup-home" "-w" "/opt/rustwide/workdir" "-m" "1610612736" "--user" "0:0" "--network" "none" "ghcr.io/rust-lang/crates-build-env/linux@sha256:4a844ea9eb2546a2d2c7022eacef16ef2e8229c7fbb2c7d4d55a9ceca922f72d" "/opt/rustwide/cargo-home/bin/cargo" "+nightly-2024-10-28" "metadata" "--no-deps" "--format-version=1", kill_on_drop: false }`
[INFO] [stdout] a4f9d19b6521a649306817f90130ae4f5b9ff65c92da6541501ad0528f4069d3
[INFO] running `Command { std: "docker" "start" "-a" "a4f9d19b6521a649306817f90130ae4f5b9ff65c92da6541501ad0528f4069d3", kill_on_drop: false }`
[INFO] running `Command { std: "docker" "inspect" "a4f9d19b6521a649306817f90130ae4f5b9ff65c92da6541501ad0528f4069d3", kill_on_drop: false }`
[INFO] running `Command { std: "docker" "rm" "-f" "a4f9d19b6521a649306817f90130ae4f5b9ff65c92da6541501ad0528f4069d3", kill_on_drop: false }`
[INFO] [stdout] a4f9d19b6521a649306817f90130ae4f5b9ff65c92da6541501ad0528f4069d3
[INFO] running `Command { std: "docker" "create" "-v" "/var/lib/crater-agent-workspace/builds/worker-5-tc1/target:/opt/rustwide/target:rw,Z" "-v" "/var/lib/crater-agent-workspace/builds/worker-5-tc1/source:/opt/rustwide/workdir:ro,Z" "-v" "/var/lib/crater-agent-workspace/cargo-home:/opt/rustwide/cargo-home:ro,Z" "-v" "/var/lib/crater-agent-workspace/rustup-home:/opt/rustwide/rustup-home:ro,Z" "-e" "SOURCE_DIR=/opt/rustwide/workdir" "-e" "CARGO_TARGET_DIR=/opt/rustwide/target" "-e" "CARGO_INCREMENTAL=0" "-e" "RUST_BACKTRACE=full" "-e" "RUSTFLAGS=--cap-lints=forbid" "-e" "RUSTDOCFLAGS=--cap-lints=forbid" "-e" "CARGO_HOME=/opt/rustwide/cargo-home" "-e" "RUSTUP_HOME=/opt/rustwide/rustup-home" "-w" "/opt/rustwide/workdir" "-m" "1610612736" "--user" "0:0" "--network" "none" "ghcr.io/rust-lang/crates-build-env/linux@sha256:4a844ea9eb2546a2d2c7022eacef16ef2e8229c7fbb2c7d4d55a9ceca922f72d" "/opt/rustwide/cargo-home/bin/cargo" "+nightly-2024-10-28" "build" "--frozen" "--message-format=json", kill_on_drop: false }`
[INFO] [stdout] d3166ff6b20b6fc06cd9c089bb57898614d7144977434c67cd823ab0eacbad89
[INFO] running `Command { std: "docker" "start" "-a" "d3166ff6b20b6fc06cd9c089bb57898614d7144977434c67cd823ab0eacbad89", kill_on_drop: false }`
[INFO] [stderr]    Compiling proc-macro2 v1.0.89
[INFO] [stderr]    Compiling serde v1.0.214
[INFO] [stderr]    Compiling memchr v2.7.4
[INFO] [stderr]    Compiling adler2 v2.0.0
[INFO] [stderr]    Compiling gimli v0.31.1
[INFO] [stderr]    Compiling eyre v0.6.12
[INFO] [stderr]    Compiling indenter v0.3.3
[INFO] [stderr]    Compiling rustc-demangle v0.1.24
[INFO] [stderr]    Compiling miniz_oxide v0.8.0
[INFO] [stderr]    Compiling http v0.2.12
[INFO] [stderr]    Compiling quote v1.0.37
[INFO] [stderr]    Compiling syn v2.0.86
[INFO] [stderr]    Compiling object v0.36.5
[INFO] [stderr]    Compiling addr2line v0.24.2
[INFO] [stderr]    Compiling serde_derive v1.0.214
[INFO] [stderr]    Compiling backtrace v0.3.74
[INFO] [stderr]    Compiling serde_json v1.0.132
[INFO] [stderr]    Compiling http-problem v0.3.0 (/opt/rustwide/workdir)
[INFO] [stdout] warning: method `report_as_error` is never used
[INFO] [stdout]    --> src/lib.rs:229:19
[INFO] [stdout]     |
[INFO] [stdout] 228 | impl Problem {
[INFO] [stdout]     | ------------ method in this implementation
[INFO] [stdout] 229 |     pub(crate) fn report_as_error(&self) {
[INFO] [stdout]     |                   ^^^^^^^^^^^^^^^
[INFO] [stdout]     |
[INFO] [stdout]     = note: `#[warn(dead_code)]` on by default
[INFO] [stdout] 
[INFO] [stdout] 
[INFO] [stderr]     Finished `dev` profile [unoptimized + debuginfo] target(s) in 18.50s
[INFO] running `Command { std: "docker" "inspect" "d3166ff6b20b6fc06cd9c089bb57898614d7144977434c67cd823ab0eacbad89", kill_on_drop: false }`
[INFO] running `Command { std: "docker" "rm" "-f" "d3166ff6b20b6fc06cd9c089bb57898614d7144977434c67cd823ab0eacbad89", kill_on_drop: false }`
[INFO] [stdout] d3166ff6b20b6fc06cd9c089bb57898614d7144977434c67cd823ab0eacbad89
[INFO] running `Command { std: "docker" "create" "-v" "/var/lib/crater-agent-workspace/builds/worker-5-tc1/target:/opt/rustwide/target:rw,Z" "-v" "/var/lib/crater-agent-workspace/builds/worker-5-tc1/source:/opt/rustwide/workdir:ro,Z" "-v" "/var/lib/crater-agent-workspace/cargo-home:/opt/rustwide/cargo-home:ro,Z" "-v" "/var/lib/crater-agent-workspace/rustup-home:/opt/rustwide/rustup-home:ro,Z" "-e" "SOURCE_DIR=/opt/rustwide/workdir" "-e" "CARGO_TARGET_DIR=/opt/rustwide/target" "-e" "CARGO_INCREMENTAL=0" "-e" "RUST_BACKTRACE=full" "-e" "RUSTFLAGS=--cap-lints=forbid" "-e" "RUSTDOCFLAGS=--cap-lints=forbid" "-e" "CARGO_HOME=/opt/rustwide/cargo-home" "-e" "RUSTUP_HOME=/opt/rustwide/rustup-home" "-w" "/opt/rustwide/workdir" "-m" "1610612736" "--user" "0:0" "--network" "none" "ghcr.io/rust-lang/crates-build-env/linux@sha256:4a844ea9eb2546a2d2c7022eacef16ef2e8229c7fbb2c7d4d55a9ceca922f72d" "/opt/rustwide/cargo-home/bin/cargo" "+nightly-2024-10-28" "test" "--frozen" "--no-run" "--message-format=json", kill_on_drop: false }`
[INFO] [stdout] 06e992aa677e526c4294c3cbf8fcca8ef25197888853e64e0dc1537e3a511d82
[INFO] running `Command { std: "docker" "start" "-a" "06e992aa677e526c4294c3cbf8fcca8ef25197888853e64e0dc1537e3a511d82", kill_on_drop: false }`
[INFO] [stderr]    Compiling http-problem v0.3.0 (/opt/rustwide/workdir)
[INFO] [stdout] warning: method `report_as_error` is never used
[INFO] [stdout]    --> src/lib.rs:229:19
[INFO] [stdout]     |
[INFO] [stdout] 228 | impl Problem {
[INFO] [stdout]     | ------------ method in this implementation
[INFO] [stdout] 229 |     pub(crate) fn report_as_error(&self) {
[INFO] [stdout]     |                   ^^^^^^^^^^^^^^^
[INFO] [stdout]     |
[INFO] [stdout]     = note: `#[warn(dead_code)]` on by default
[INFO] [stdout] 
[INFO] [stdout] 
[INFO] [stdout] warning: method `report_as_error` is never used
[INFO] [stdout]    --> src/lib.rs:229:19
[INFO] [stdout]     |
[INFO] [stdout] 228 | impl Problem {
[INFO] [stdout]     | ------------ method in this implementation
[INFO] [stdout] 229 |     pub(crate) fn report_as_error(&self) {
[INFO] [stdout]     |                   ^^^^^^^^^^^^^^^
[INFO] [stdout]     |
[INFO] [stdout]     = note: `#[warn(dead_code)]` on by default
[INFO] [stdout] 
[INFO] [stdout] 
[INFO] [stderr]     Finished `test` profile [unoptimized + debuginfo] target(s) in 1.20s
[INFO] running `Command { std: "docker" "inspect" "06e992aa677e526c4294c3cbf8fcca8ef25197888853e64e0dc1537e3a511d82", kill_on_drop: false }`
[INFO] running `Command { std: "docker" "rm" "-f" "06e992aa677e526c4294c3cbf8fcca8ef25197888853e64e0dc1537e3a511d82", kill_on_drop: false }`
[INFO] [stdout] 06e992aa677e526c4294c3cbf8fcca8ef25197888853e64e0dc1537e3a511d82
[INFO] running `Command { std: "docker" "create" "-v" "/var/lib/crater-agent-workspace/builds/worker-5-tc1/target:/opt/rustwide/target:rw,Z" "-v" "/var/lib/crater-agent-workspace/builds/worker-5-tc1/source:/opt/rustwide/workdir:ro,Z" "-v" "/var/lib/crater-agent-workspace/cargo-home:/opt/rustwide/cargo-home:ro,Z" "-v" "/var/lib/crater-agent-workspace/rustup-home:/opt/rustwide/rustup-home:ro,Z" "-e" "SOURCE_DIR=/opt/rustwide/workdir" "-e" "CARGO_TARGET_DIR=/opt/rustwide/target" "-e" "CARGO_INCREMENTAL=0" "-e" "RUST_BACKTRACE=full" "-e" "RUSTFLAGS=--cap-lints=forbid" "-e" "RUSTDOCFLAGS=--cap-lints=forbid" "-e" "CARGO_HOME=/opt/rustwide/cargo-home" "-e" "RUSTUP_HOME=/opt/rustwide/rustup-home" "-w" "/opt/rustwide/workdir" "-m" "1610612736" "--user" "0:0" "--network" "none" "ghcr.io/rust-lang/crates-build-env/linux@sha256:4a844ea9eb2546a2d2c7022eacef16ef2e8229c7fbb2c7d4d55a9ceca922f72d" "/opt/rustwide/cargo-home/bin/cargo" "+nightly-2024-10-28" "test" "--frozen", kill_on_drop: false }`
[INFO] [stdout] 7a88494c03e732afac724c62af69c952ee697069d387cb4d961f1565c011a46a
[INFO] running `Command { std: "docker" "start" "-a" "7a88494c03e732afac724c62af69c952ee697069d387cb4d961f1565c011a46a", kill_on_drop: false }`
[INFO] [stderr] warning: method `report_as_error` is never used
[INFO] [stderr]    --> src/lib.rs:229:19
[INFO] [stderr]     |
[INFO] [stderr] 228 | impl Problem {
[INFO] [stderr]     | ------------ method in this implementation
[INFO] [stderr] 229 |     pub(crate) fn report_as_error(&self) {
[INFO] [stderr]     |                   ^^^^^^^^^^^^^^^
[INFO] [stderr]     |
[INFO] [stderr]     = note: `#[warn(dead_code)]` on by default
[INFO] [stderr] 
[INFO] [stderr] warning: `http-problem` (lib) generated 1 warning
[INFO] [stderr] warning: `http-problem` (lib test) generated 1 warning (1 duplicate)
[INFO] [stderr]     Finished `test` profile [unoptimized + debuginfo] target(s) in 0.09s
[INFO] [stderr]      Running unittests src/lib.rs (/opt/rustwide/target/debug/deps/http_problem-a71de2385f4093f8)
[INFO] [stdout] 
[INFO] [stdout] running 33 tests
[INFO] [stdout] test commons::tests::test_assert_static ... ok
[INFO] [stdout] test commons::tests::test_assert_owned ... ok
[INFO] [stdout] test custom::tests::test_macro_output ... ok
[INFO] [stdout] test custom::tests::test_custom_problem_to_problem ... ok
[INFO] [stdout] test ext::tests::test_catch_err ... ok
[INFO] [stdout] test ext::tests::test_or_not_found ... ok
[INFO] [stdout] test http::tests::test_bad_request ... ok
[INFO] [stdout] test ext::tests::test_internal ... ok
[INFO] [stdout] test http::tests::test_conflict ... ok
[INFO] [stdout] test http::tests::test_forbidden ... ok
[INFO] [stdout] test http::tests::test_not_found ... ok
[INFO] [stdout] test http::tests::test_internal_error ... ok
[INFO] [stdout] test http::tests::test_service_unavailable ... ok
[INFO] [stdout] test reporter::tests::test_report_extensions ... ok
[INFO] [stdout] test macros::tests::test_ensure ... ok
[INFO] [stdout] test tests::test_extensions ... ok
[INFO] [stdout] test ext::tests::test_optional ... ok
[INFO] [stdout] test tests::test_problem_getter_report ... ok
[INFO] [stdout] test http::tests::test_unprocessable ... ok
[INFO] [stdout] test http::tests::test_failed_precondition ... ok
[INFO] [stdout] test http::tests::test_unauthorized ... ok
[INFO] [stdout] test tests::test_problem_serialize_type ... ok
[INFO] [stdout] test tests::test_problem_source ... ok
[INFO] [stdout] test tests::test_problem_getter_type_ ... ok
[INFO] [stdout] test tests::test_problem_serialize_no_type ... ok
[INFO] [stdout] test tests::test_problem_with_extensions_good ... ok
[INFO] [stdout] test tests::test_problem_error_handling ... ok
[INFO] [stdout] test tests::test_problem_with_extension_empty - should panic ... ok
[INFO] [stdout] test tests::test_problem_with_extension_status - should panic ... ok
[INFO] [stdout] test tests::test_problem_with_extension_cause - should panic ... ok
[INFO] [stdout] test tests::test_problem_with_extension_type - should panic ... ok
[INFO] [stdout] test tests::test_problem_with_extension_details - should panic ... ok
[INFO] [stdout] test reporter::tests::test_report ... ok
[INFO] [stdout] 
[INFO] [stdout] test result: ok. 33 passed; 0 failed; 0 ignored; 0 measured; 0 filtered out; finished in 0.36s
[INFO] [stdout] 
[INFO] [stderr]    Doc-tests http_problem
[INFO] [stdout] 
[INFO] [stdout] running 2 tests
[INFO] [stdout] test src/lib.rs - Problem (line 117) ... ignored
[INFO] [stdout] test src/custom.rs - custom::define_custom_type (line 13) ... FAILED
[INFO] [stderr] error: doctest failed, to rerun pass `--doc`
[INFO] [stdout] 
[INFO] [stdout] failures:
[INFO] [stdout] 
[INFO] [stdout] ---- src/custom.rs - custom::define_custom_type (line 13) stdout ----
[INFO] [stdout] error[E0433]: failed to resolve: use of undeclared crate or module `problem`
[INFO] [stdout]  --> src/custom.rs:16:1
[INFO] [stdout]   |
[INFO] [stdout] 5 | problem::define_custom_type! {
[INFO] [stdout]   | ^^^^^^^ use of undeclared crate or module `problem`
[INFO] [stdout] 
[INFO] [stdout] error[E0422]: cannot find struct, variant or union type `OutOfCredit` in this scope
[INFO] [stdout]   --> src/custom.rs:33:9
[INFO] [stdout]    |
[INFO] [stdout] 22 |     Err(OutOfCredit {
[INFO] [stdout]    |         ^^^^^^^^^^^ not found in this scope
[INFO] [stdout] 
[INFO] [stdout] error[E0433]: failed to resolve: use of undeclared crate or module `problem`
[INFO] [stdout]   --> src/custom.rs:32:24
[INFO] [stdout]    |
[INFO] [stdout] 21 | fn do_transaction() -> problem::Result<()> {
[INFO] [stdout]    |                        ^^^^^^^ use of undeclared crate or module `problem`
[INFO] [stdout] 
[INFO] [stdout] error: aborting due to 3 previous errors
[INFO] [stdout] 
[INFO] [stdout] Some errors have detailed explanations: E0422, E0433.
[INFO] [stdout] For more information about an error, try `rustc --explain E0422`.
[INFO] [stdout] Couldn't compile the test.
[INFO] [stdout] 
[INFO] [stdout] failures:
[INFO] [stdout]     src/custom.rs - custom::define_custom_type (line 13)
[INFO] [stdout] 
[INFO] [stdout] test result: FAILED. 0 passed; 1 failed; 1 ignored; 0 measured; 0 filtered out; finished in 0.13s
[INFO] [stdout] 
[INFO] running `Command { std: "docker" "inspect" "7a88494c03e732afac724c62af69c952ee697069d387cb4d961f1565c011a46a", kill_on_drop: false }`
[INFO] running `Command { std: "docker" "rm" "-f" "7a88494c03e732afac724c62af69c952ee697069d387cb4d961f1565c011a46a", kill_on_drop: false }`
[INFO] [stdout] 7a88494c03e732afac724c62af69c952ee697069d387cb4d961f1565c011a46a
