[INFO] fetching crate horizon_data_types 0.3.0...
[INFO] testing horizon_data_types-0.3.0 against nightly-2024-10-28 for randomize-layout
[INFO] extracting crate horizon_data_types 0.3.0 into /workspace/builds/worker-0-tc1/source
[INFO] validating manifest of crates.io crate horizon_data_types 0.3.0 on toolchain nightly-2024-10-28
[INFO] running `Command { std: CARGO_HOME="/workspace/cargo-home" RUSTUP_HOME="/workspace/rustup-home" "/workspace/cargo-home/bin/cargo" "+nightly-2024-10-28" "metadata" "--manifest-path" "Cargo.toml" "--no-deps", kill_on_drop: false }`
[INFO] started tweaking crates.io crate horizon_data_types 0.3.0
[INFO] finished tweaking crates.io crate horizon_data_types 0.3.0
[INFO] tweaked toml for crates.io crate horizon_data_types 0.3.0 written to /workspace/builds/worker-0-tc1/source/Cargo.toml
[INFO] running `Command { std: CARGO_HOME="/workspace/cargo-home" RUSTUP_HOME="/workspace/rustup-home" "/workspace/cargo-home/bin/cargo" "+nightly-2024-10-28" "generate-lockfile" "--manifest-path" "Cargo.toml", kill_on_drop: false }`
[INFO] [stderr]     Updating crates.io index
[INFO] [stderr]      Locking 100 packages to latest compatible versions
[INFO] running `Command { std: CARGO_HOME="/workspace/cargo-home" RUSTUP_HOME="/workspace/rustup-home" "/workspace/cargo-home/bin/cargo" "+nightly-2024-10-28" "fetch" "--manifest-path" "Cargo.toml", kill_on_drop: false }`
[INFO] [stderr]  Downloading crates ...
[INFO] [stderr]   Downloaded engineioxide v0.15.0
[INFO] [stderr]   Downloaded socketioxide-core v0.15.0
[INFO] [stderr]   Downloaded matchit v0.8.4
[INFO] [stderr]   Downloaded socketioxide-parser-common v0.15.0
[INFO] [stderr]   Downloaded socketioxide v0.15.0
[INFO] running `Command { std: "docker" "create" "-v" "/var/lib/crater-agent-workspace/builds/worker-0-tc1/target:/opt/rustwide/target:rw,Z" "-v" "/var/lib/crater-agent-workspace/builds/worker-0-tc1/source:/opt/rustwide/workdir:ro,Z" "-v" "/var/lib/crater-agent-workspace/cargo-home:/opt/rustwide/cargo-home:ro,Z" "-v" "/var/lib/crater-agent-workspace/rustup-home:/opt/rustwide/rustup-home:ro,Z" "-e" "SOURCE_DIR=/opt/rustwide/workdir" "-e" "CARGO_TARGET_DIR=/opt/rustwide/target" "-e" "CARGO_HOME=/opt/rustwide/cargo-home" "-e" "RUSTUP_HOME=/opt/rustwide/rustup-home" "-w" "/opt/rustwide/workdir" "-m" "1610612736" "--user" "0:0" "--network" "none" "ghcr.io/rust-lang/crates-build-env/linux@sha256:4a844ea9eb2546a2d2c7022eacef16ef2e8229c7fbb2c7d4d55a9ceca922f72d" "/opt/rustwide/cargo-home/bin/cargo" "+nightly-2024-10-28" "metadata" "--no-deps" "--format-version=1", kill_on_drop: false }`
[INFO] [stdout] 1f475700f3fa7b27b1bc358e1adc4b519d642f4c314581da0a661c6a4444df0b
[INFO] running `Command { std: "docker" "start" "-a" "1f475700f3fa7b27b1bc358e1adc4b519d642f4c314581da0a661c6a4444df0b", kill_on_drop: false }`
[INFO] running `Command { std: "docker" "inspect" "1f475700f3fa7b27b1bc358e1adc4b519d642f4c314581da0a661c6a4444df0b", kill_on_drop: false }`
[INFO] running `Command { std: "docker" "rm" "-f" "1f475700f3fa7b27b1bc358e1adc4b519d642f4c314581da0a661c6a4444df0b", kill_on_drop: false }`
[INFO] [stdout] 1f475700f3fa7b27b1bc358e1adc4b519d642f4c314581da0a661c6a4444df0b
[INFO] running `Command { std: "docker" "create" "-v" "/var/lib/crater-agent-workspace/builds/worker-0-tc1/target:/opt/rustwide/target:rw,Z" "-v" "/var/lib/crater-agent-workspace/builds/worker-0-tc1/source:/opt/rustwide/workdir:ro,Z" "-v" "/var/lib/crater-agent-workspace/cargo-home:/opt/rustwide/cargo-home:ro,Z" "-v" "/var/lib/crater-agent-workspace/rustup-home:/opt/rustwide/rustup-home:ro,Z" "-e" "SOURCE_DIR=/opt/rustwide/workdir" "-e" "CARGO_TARGET_DIR=/opt/rustwide/target" "-e" "CARGO_INCREMENTAL=0" "-e" "RUST_BACKTRACE=full" "-e" "RUSTFLAGS=--cap-lints=forbid" "-e" "RUSTDOCFLAGS=--cap-lints=forbid" "-e" "CARGO_HOME=/opt/rustwide/cargo-home" "-e" "RUSTUP_HOME=/opt/rustwide/rustup-home" "-w" "/opt/rustwide/workdir" "-m" "1610612736" "--user" "0:0" "--network" "none" "ghcr.io/rust-lang/crates-build-env/linux@sha256:4a844ea9eb2546a2d2c7022eacef16ef2e8229c7fbb2c7d4d55a9ceca922f72d" "/opt/rustwide/cargo-home/bin/cargo" "+nightly-2024-10-28" "build" "--frozen" "--message-format=json", kill_on_drop: false }`
[INFO] [stdout] 01b0ccc6511d8173108a12a95ba7d4c87c79ee0d887f567c965656a35e494ec7
[INFO] running `Command { std: "docker" "start" "-a" "01b0ccc6511d8173108a12a95ba7d4c87c79ee0d887f567c965656a35e494ec7", kill_on_drop: false }`
[INFO] [stderr]    Compiling proc-macro2 v1.0.89
[INFO] [stderr]    Compiling unicode-ident v1.0.13
[INFO] [stderr]    Compiling autocfg v1.4.0
[INFO] [stderr]    Compiling serde v1.0.214
[INFO] [stderr]    Compiling libc v0.2.161
[INFO] [stderr]    Compiling typenum v1.17.0
[INFO] [stderr]    Compiling version_check v0.9.5
[INFO] [stderr]    Compiling itoa v1.0.11
[INFO] [stderr]    Compiling cfg-if v1.0.0
[INFO] [stderr]    Compiling fnv v1.0.7
[INFO] [stderr]    Compiling pin-project-lite v0.2.15
[INFO] [stderr]    Compiling byteorder v1.5.0
[INFO] [stderr]    Compiling httparse v1.9.5
[INFO] [stderr]    Compiling pin-utils v0.1.0
[INFO] [stderr]    Compiling futures-task v0.3.31
[INFO] [stderr]    Compiling slab v0.4.9
[INFO] [stderr]    Compiling generic-array v0.14.7
[INFO] [stderr]    Compiling num-traits v0.2.19
[INFO] [stderr]    Compiling futures-core v0.3.31
[INFO] [stderr]    Compiling futures-sink v0.3.31
[INFO] [stderr]    Compiling thiserror v1.0.66
[INFO] [stderr]    Compiling cpufeatures v0.2.14
[INFO] [stderr]    Compiling getrandom v0.2.15
[INFO] [stderr]    Compiling mio v1.0.2
[INFO] [stderr]    Compiling socket2 v0.5.7
[INFO] [stderr]    Compiling rand_core v0.6.4
[INFO] [stderr]    Compiling futures-util v0.3.31
[INFO] [stderr]    Compiling quote v1.0.37
[INFO] [stderr]    Compiling syn v2.0.86
[INFO] [stderr]    Compiling data-encoding v2.6.0
[INFO] [stderr]    Compiling utf-8 v0.7.6
[INFO] [stderr]    Compiling log v0.4.22
[INFO] [stderr]    Compiling serde_json v1.0.132
[INFO] [stderr]    Compiling memchr v2.7.4
[INFO] [stderr]    Compiling ryu v1.0.18
[INFO] [stderr]    Compiling bytemuck v1.19.0
[INFO] [stderr]    Compiling base64 v0.22.1
[INFO] [stderr]    Compiling crypto-common v0.1.6
[INFO] [stderr]    Compiling block-buffer v0.10.4
[INFO] [stderr]    Compiling tower-layer v0.3.3
[INFO] [stderr]    Compiling tower-service v0.3.3
[INFO] [stderr]    Compiling digest v0.10.7
[INFO] [stderr]    Compiling smallvec v1.13.2
[INFO] [stderr]    Compiling paste v1.0.15
[INFO] [stderr]    Compiling safe_arch v0.7.2
[INFO] [stderr]    Compiling matrixmultiply v0.3.9
[INFO] [stderr]    Compiling sha1 v0.10.6
[INFO] [stderr]    Compiling rustversion v1.0.18
[INFO] [stderr]    Compiling approx v0.5.1
[INFO] [stderr]    Compiling num-integer v0.1.46
[INFO] [stderr]    Compiling wide v0.7.28
[INFO] [stderr]    Compiling rawpointer v0.2.1
[INFO] [stderr]    Compiling matchit v0.8.4
[INFO] [stderr]    Compiling num-rational v0.4.2
[INFO] [stderr]    Compiling serde_derive v1.0.214
[INFO] [stderr]    Compiling zerocopy-derive v0.7.35
[INFO] [stderr]    Compiling thiserror-impl v1.0.66
[INFO] [stderr]    Compiling nalgebra-macros v0.2.2
[INFO] [stderr]    Compiling zerocopy v0.7.35
[INFO] [stderr]    Compiling ppv-lite86 v0.2.20
[INFO] [stderr]    Compiling rand_chacha v0.3.1
[INFO] [stderr]    Compiling rand v0.8.5
[INFO] [stderr]    Compiling bytes v1.8.0
[INFO] [stderr]    Compiling num-complex v0.4.6
[INFO] [stderr]    Compiling uuid v1.11.0
[INFO] [stderr]    Compiling bincode v1.3.3
[INFO] [stderr]    Compiling http v1.1.0
[INFO] [stderr]    Compiling tokio v1.41.0
[INFO] [stderr]    Compiling simba v0.9.0
[INFO] [stderr]    Compiling http-body v1.0.1
[INFO] [stderr]    Compiling tungstenite v0.24.0
[INFO] [stderr]    Compiling http-body-util v0.1.2
[INFO] [stderr]    Compiling hyper v1.5.0
[INFO] [stderr]    Compiling tokio-tungstenite v0.24.0
[INFO] [stderr]    Compiling hyper-util v0.1.10
[INFO] [stderr]    Compiling engineioxide v0.15.0
[INFO] [stderr]    Compiling socketioxide-core v0.15.0
[INFO] [stderr]    Compiling socketioxide-parser-common v0.15.0
[INFO] [stderr]    Compiling socketioxide v0.15.0
[INFO] [stderr]    Compiling nalgebra v0.33.2
[INFO] [stderr]    Compiling horizon_data_types v0.3.0 (/opt/rustwide/workdir)
[INFO] [stdout] warning: unused variable: `data`
[INFO] [stdout]    --> src/lib.rs:154:40
[INFO] [stdout]     |
[INFO] [stdout] 154 |     pub fn update_from_data(&mut self, data: &serde_json::Value) {
[INFO] [stdout]     |                                        ^^^^ help: if this is intentional, prefix it with an underscore: `_data`
[INFO] [stdout]     |
[INFO] [stdout]     = note: `#[warn(unused_variables)]` on by default
[INFO] [stdout] 
[INFO] [stdout] 
[INFO] [stdout] warning: structure field `Vec2D` should have a snake case name
[INFO] [stdout]    --> src/lib.rs:121:9
[INFO] [stdout]     |
[INFO] [stdout] 121 |     pub Vec2D: Option<Vec2D>,
[INFO] [stdout]     |         ^^^^^ help: convert the identifier to snake case: `vec2_d`
[INFO] [stdout]     |
[INFO] [stdout]     = note: `#[warn(non_snake_case)]` on by default
[INFO] [stdout] 
[INFO] [stdout] 
[INFO] [stdout] warning: structure field `controlRotation` should have a snake case name
[INFO] [stdout]    --> src/lib.rs:122:9
[INFO] [stdout]     |
[INFO] [stdout] 122 |     pub controlRotation: Option<Vec3D>,
[INFO] [stdout]     |         ^^^^^^^^^^^^^^^ help: convert the identifier to snake case: `control_rotation`
[INFO] [stdout] 
[INFO] [stdout] 
[INFO] [stdout] warning: structure field `scale3D` should have a snake case name
[INFO] [stdout]    --> src/lib.rs:188:9
[INFO] [stdout]     |
[INFO] [stdout] 188 |     pub scale3D: Scale3D,
[INFO] [stdout]     |         ^^^^^^^ help: convert the identifier to snake case: `scale3_d`
[INFO] [stdout] 
[INFO] [stdout] 
[INFO] [stderr]     Finished `dev` profile [unoptimized + debuginfo] target(s) in 46.04s
[INFO] running `Command { std: "docker" "inspect" "01b0ccc6511d8173108a12a95ba7d4c87c79ee0d887f567c965656a35e494ec7", kill_on_drop: false }`
[INFO] running `Command { std: "docker" "rm" "-f" "01b0ccc6511d8173108a12a95ba7d4c87c79ee0d887f567c965656a35e494ec7", kill_on_drop: false }`
[INFO] [stdout] 01b0ccc6511d8173108a12a95ba7d4c87c79ee0d887f567c965656a35e494ec7
[INFO] running `Command { std: "docker" "create" "-v" "/var/lib/crater-agent-workspace/builds/worker-0-tc1/target:/opt/rustwide/target:rw,Z" "-v" "/var/lib/crater-agent-workspace/builds/worker-0-tc1/source:/opt/rustwide/workdir:ro,Z" "-v" "/var/lib/crater-agent-workspace/cargo-home:/opt/rustwide/cargo-home:ro,Z" "-v" "/var/lib/crater-agent-workspace/rustup-home:/opt/rustwide/rustup-home:ro,Z" "-e" "SOURCE_DIR=/opt/rustwide/workdir" "-e" "CARGO_TARGET_DIR=/opt/rustwide/target" "-e" "CARGO_INCREMENTAL=0" "-e" "RUST_BACKTRACE=full" "-e" "RUSTFLAGS=--cap-lints=forbid" "-e" "RUSTDOCFLAGS=--cap-lints=forbid" "-e" "CARGO_HOME=/opt/rustwide/cargo-home" "-e" "RUSTUP_HOME=/opt/rustwide/rustup-home" "-w" "/opt/rustwide/workdir" "-m" "1610612736" "--user" "0:0" "--network" "none" "ghcr.io/rust-lang/crates-build-env/linux@sha256:4a844ea9eb2546a2d2c7022eacef16ef2e8229c7fbb2c7d4d55a9ceca922f72d" "/opt/rustwide/cargo-home/bin/cargo" "+nightly-2024-10-28" "test" "--frozen" "--no-run" "--message-format=json", kill_on_drop: false }`
[INFO] [stdout] 66706d1f1909870cfc11863c26389ce6a3ed8c04444e6232d087c8f5ede3134c
[INFO] running `Command { std: "docker" "start" "-a" "66706d1f1909870cfc11863c26389ce6a3ed8c04444e6232d087c8f5ede3134c", kill_on_drop: false }`
[INFO] [stdout] warning: unused variable: `data`
[INFO] [stdout]    --> src/lib.rs:154:40
[INFO] [stdout]     |
[INFO] [stdout] 154 |     pub fn update_from_data(&mut self, data: &serde_json::Value) {
[INFO] [stdout]     |                                        ^^^^ help: if this is intentional, prefix it with an underscore: `_data`
[INFO] [stdout]     |
[INFO] [stdout]     = note: `#[warn(unused_variables)]` on by default
[INFO] [stdout] 
[INFO] [stdout] 
[INFO] [stdout] warning: structure field `Vec2D` should have a snake case name
[INFO] [stdout]    --> src/lib.rs:121:9
[INFO] [stdout]     |
[INFO] [stdout] 121 |     pub Vec2D: Option<Vec2D>,
[INFO] [stdout]     |         ^^^^^ help: convert the identifier to snake case: `vec2_d`
[INFO] [stdout]     |
[INFO] [stdout]     = note: `#[warn(non_snake_case)]` on by default
[INFO] [stdout] 
[INFO] [stdout] 
[INFO] [stdout] warning: structure field `controlRotation` should have a snake case name
[INFO] [stdout]    --> src/lib.rs:122:9
[INFO] [stdout]     |
[INFO] [stdout] 122 |     pub controlRotation: Option<Vec3D>,
[INFO] [stdout]     |         ^^^^^^^^^^^^^^^ help: convert the identifier to snake case: `control_rotation`
[INFO] [stdout] 
[INFO] [stdout] 
[INFO] [stdout] warning: structure field `scale3D` should have a snake case name
[INFO] [stdout]    --> src/lib.rs:188:9
[INFO] [stdout]     |
[INFO] [stdout] 188 |     pub scale3D: Scale3D,
[INFO] [stdout]     |         ^^^^^^^ help: convert the identifier to snake case: `scale3_d`
[INFO] [stdout] 
[INFO] [stdout] 
[INFO] [stderr]    Compiling horizon_data_types v0.3.0 (/opt/rustwide/workdir)
[INFO] [stdout] warning: unused variable: `data`
[INFO] [stdout]    --> src/lib.rs:154:40
[INFO] [stdout]     |
[INFO] [stdout] 154 |     pub fn update_from_data(&mut self, data: &serde_json::Value) {
[INFO] [stdout]     |                                        ^^^^ help: if this is intentional, prefix it with an underscore: `_data`
[INFO] [stdout]     |
[INFO] [stdout]     = note: `#[warn(unused_variables)]` on by default
[INFO] [stdout] 
[INFO] [stdout] 
[INFO] [stdout] warning: structure field `Vec2D` should have a snake case name
[INFO] [stdout]    --> src/lib.rs:121:9
[INFO] [stdout]     |
[INFO] [stdout] 121 |     pub Vec2D: Option<Vec2D>,
[INFO] [stdout]     |         ^^^^^ help: convert the identifier to snake case: `vec2_d`
[INFO] [stdout]     |
[INFO] [stdout]     = note: `#[warn(non_snake_case)]` on by default
[INFO] [stdout] 
[INFO] [stdout] 
[INFO] [stdout] warning: structure field `controlRotation` should have a snake case name
[INFO] [stdout]    --> src/lib.rs:122:9
[INFO] [stdout]     |
[INFO] [stdout] 122 |     pub controlRotation: Option<Vec3D>,
[INFO] [stdout]     |         ^^^^^^^^^^^^^^^ help: convert the identifier to snake case: `control_rotation`
[INFO] [stdout] 
[INFO] [stdout] 
[INFO] [stdout] warning: structure field `scale3D` should have a snake case name
[INFO] [stdout]    --> src/lib.rs:188:9
[INFO] [stdout]     |
[INFO] [stdout] 188 |     pub scale3D: Scale3D,
[INFO] [stdout]     |         ^^^^^^^ help: convert the identifier to snake case: `scale3_d`
[INFO] [stdout] 
[INFO] [stdout] 
[INFO] [stderr]     Finished `test` profile [unoptimized + debuginfo] target(s) in 0.63s
[INFO] running `Command { std: "docker" "inspect" "66706d1f1909870cfc11863c26389ce6a3ed8c04444e6232d087c8f5ede3134c", kill_on_drop: false }`
[INFO] running `Command { std: "docker" "rm" "-f" "66706d1f1909870cfc11863c26389ce6a3ed8c04444e6232d087c8f5ede3134c", kill_on_drop: false }`
[INFO] [stdout] 66706d1f1909870cfc11863c26389ce6a3ed8c04444e6232d087c8f5ede3134c
[INFO] running `Command { std: "docker" "create" "-v" "/var/lib/crater-agent-workspace/builds/worker-0-tc1/target:/opt/rustwide/target:rw,Z" "-v" "/var/lib/crater-agent-workspace/builds/worker-0-tc1/source:/opt/rustwide/workdir:ro,Z" "-v" "/var/lib/crater-agent-workspace/cargo-home:/opt/rustwide/cargo-home:ro,Z" "-v" "/var/lib/crater-agent-workspace/rustup-home:/opt/rustwide/rustup-home:ro,Z" "-e" "SOURCE_DIR=/opt/rustwide/workdir" "-e" "CARGO_TARGET_DIR=/opt/rustwide/target" "-e" "CARGO_INCREMENTAL=0" "-e" "RUST_BACKTRACE=full" "-e" "RUSTFLAGS=--cap-lints=forbid" "-e" "RUSTDOCFLAGS=--cap-lints=forbid" "-e" "CARGO_HOME=/opt/rustwide/cargo-home" "-e" "RUSTUP_HOME=/opt/rustwide/rustup-home" "-w" "/opt/rustwide/workdir" "-m" "1610612736" "--user" "0:0" "--network" "none" "ghcr.io/rust-lang/crates-build-env/linux@sha256:4a844ea9eb2546a2d2c7022eacef16ef2e8229c7fbb2c7d4d55a9ceca922f72d" "/opt/rustwide/cargo-home/bin/cargo" "+nightly-2024-10-28" "test" "--frozen", kill_on_drop: false }`
[INFO] [stdout] 8ba7b98fdd6e33e36e3e0497e2ac71693d539ba4457b3df2af2e250b409e4116
[INFO] running `Command { std: "docker" "start" "-a" "8ba7b98fdd6e33e36e3e0497e2ac71693d539ba4457b3df2af2e250b409e4116", kill_on_drop: false }`
[INFO] [stderr] warning: unused variable: `data`
[INFO] [stderr]    --> src/lib.rs:154:40
[INFO] [stderr]     |
[INFO] [stderr] 154 |     pub fn update_from_data(&mut self, data: &serde_json::Value) {
[INFO] [stderr]     |                                        ^^^^ help: if this is intentional, prefix it with an underscore: `_data`
[INFO] [stderr]     |
[INFO] [stderr]     = note: `#[warn(unused_variables)]` on by default
[INFO] [stderr] 
[INFO] [stderr] warning: structure field `Vec2D` should have a snake case name
[INFO] [stderr]    --> src/lib.rs:121:9
[INFO] [stderr]     |
[INFO] [stderr] 121 |     pub Vec2D: Option<Vec2D>,
[INFO] [stderr]     |         ^^^^^ help: convert the identifier to snake case: `vec2_d`
[INFO] [stderr]     |
[INFO] [stderr]     = note: `#[warn(non_snake_case)]` on by default
[INFO] [stderr] 
[INFO] [stderr] warning: structure field `controlRotation` should have a snake case name
[INFO] [stderr]    --> src/lib.rs:122:9
[INFO] [stderr]     |
[INFO] [stderr] 122 |     pub controlRotation: Option<Vec3D>,
[INFO] [stderr]     |         ^^^^^^^^^^^^^^^ help: convert the identifier to snake case: `control_rotation`
[INFO] [stderr] 
[INFO] [stderr] warning: structure field `scale3D` should have a snake case name
[INFO] [stderr]    --> src/lib.rs:188:9
[INFO] [stderr]     |
[INFO] [stderr] 188 |     pub scale3D: Scale3D,
[INFO] [stderr]     |         ^^^^^^^ help: convert the identifier to snake case: `scale3_d`
[INFO] [stderr] 
[INFO] [stderr] warning: `horizon_data_types` (lib) generated 4 warnings
[INFO] [stderr] warning: `horizon_data_types` (lib test) generated 4 warnings (4 duplicates)
[INFO] [stderr]     Finished `test` profile [unoptimized + debuginfo] target(s) in 0.08s
[INFO] [stderr]      Running unittests src/lib.rs (/opt/rustwide/target/debug/deps/horizon_data_types-2f987667d2acf35c)
[INFO] [stdout] 
[INFO] [stdout] running 0 tests
[INFO] [stdout] 
[INFO] [stdout] test result: ok. 0 passed; 0 failed; 0 ignored; 0 measured; 0 filtered out; finished in 0.00s
[INFO] [stdout] 
[INFO] [stderr]    Doc-tests horizon_data_types
[INFO] [stdout] 
[INFO] [stdout] running 14 tests
[INFO] [stdout] test src/lib.rs - MasterServer::new (line 641) ... FAILED
[INFO] [stdout] test src/lib.rs - MasterServer::add_cluster (line 662) ... FAILED
[INFO] [stdout] test src/lib.rs - MasterServer::propagate_event (line 688) ... FAILED
[INFO] [stdout] test src/lib.rs - GameServer::new (line 441) ... FAILED
[INFO] [stdout] test src/lib.rs - ServerCluster::add_server (line 544) ... FAILED
[INFO] [stdout] test src/lib.rs - GameEvent::new (line 276) ... FAILED
[INFO] [stdout] test src/lib.rs - GameObject::new (line 82) ... FAILED
[INFO] [stdout] test src/lib.rs - ServerCluster::new (line 517) ... FAILED
[INFO] [stdout] test src/lib.rs - Vector3::new (line 41) ... FAILED
[INFO] [stdout] test src/lib.rs - SpatialPartition::contains (line 358) ... FAILED
[INFO] [stdout] test src/lib.rs - SpatialPartition::intersects (line 387) ... FAILED
[INFO] [stdout] test src/lib.rs - SpatialPartition::new (line 327) ... FAILED
[INFO] [stdout] test src/lib.rs - ServerCluster::propagate_event (line 578) ... FAILED
[INFO] [stdout] test src/lib.rs - GameServer::process_event (line 477) ... ok
[INFO] [stdout] 
[INFO] [stdout] failures:
[INFO] [stdout] 
[INFO] [stdout] ---- src/lib.rs - MasterServer::new (line 641) stdout ----
[INFO] [stdout] error[E0432]: unresolved import `game_server_architecture`
[INFO] [stdout]  --> src/lib.rs:642:5
[INFO] [stdout]   |
[INFO] [stdout] 3 | use game_server_architecture::MasterServer;
[INFO] [stdout]   |     ^^^^^^^^^^^^^^^^^^^^^^^^ use of undeclared crate or module `game_server_architecture`
[INFO] [stdout] 
[INFO] [stdout] error: aborting due to 1 previous error
[INFO] [stdout] 
[INFO] [stdout] For more information about this error, try `rustc --explain E0432`.
[INFO] [stdout] Couldn't compile the test.
[INFO] [stdout] ---- src/lib.rs - MasterServer::add_cluster (line 662) stdout ----
[INFO] [stdout] error[E0432]: unresolved import `game_server_architecture`
[INFO] [stdout]  --> src/lib.rs:663:5
[INFO] [stdout]   |
[INFO] [stdout] 3 | use game_server_architecture::{MasterServer, ServerCluster, SpatialPartition, Vector3};
[INFO] [stdout]   |     ^^^^^^^^^^^^^^^^^^^^^^^^ use of undeclared crate or module `game_server_architecture`
[INFO] [stdout] 
[INFO] [stdout] error: aborting due to 1 previous error
[INFO] [stdout] 
[INFO] [stdout] For more information about this error, try `rustc --explain E0432`.
[INFO] [stdout] Couldn't compile the test.
[INFO] [stdout] ---- src/lib.rs - MasterServer::propagate_event (line 688) stdout ----
[INFO] [stdout] error[E0432]: unresolved import `game_server_architecture`
[INFO] [stdout]  --> src/lib.rs:689:5
[INFO] [stdout]   |
[INFO] [stdout] 3 | use game_server_architecture::{MasterServer, ServerCluster, GameServer, SpatialPartition, Vector3, GameEvent};
[INFO] [stdout]   |     ^^^^^^^^^^^^^^^^^^^^^^^^ use of undeclared crate or module `game_server_architecture`
[INFO] [stdout] 
[INFO] [stdout] error: aborting due to 1 previous error
[INFO] [stdout] 
[INFO] [stdout] For more information about this error, try `rustc --explain E0432`.
[INFO] [stdout] Couldn't compile the test.
[INFO] [stdout] ---- src/lib.rs - GameServer::new (line 441) stdout ----
[INFO] [stdout] error[E0432]: unresolved import `game_server_architecture`
[INFO] [stdout]  --> src/lib.rs:442:5
[INFO] [stdout]   |
[INFO] [stdout] 3 | use game_server_architecture::{GameServer, SpatialPartition, Vector3};
[INFO] [stdout]   |     ^^^^^^^^^^^^^^^^^^^^^^^^ use of undeclared crate or module `game_server_architecture`
[INFO] [stdout] 
[INFO] [stdout] error: aborting due to 1 previous error
[INFO] [stdout] 
[INFO] [stdout] For more information about this error, try `rustc --explain E0432`.
[INFO] [stdout] Couldn't compile the test.
[INFO] [stdout] ---- src/lib.rs - ServerCluster::add_server (line 544) stdout ----
[INFO] [stdout] error[E0432]: unresolved import `game_server_architecture`
[INFO] [stdout]  --> src/lib.rs:545:5
[INFO] [stdout]   |
[INFO] [stdout] 3 | use game_server_architecture::{ServerCluster, GameServer, SpatialPartition, Vector3};
[INFO] [stdout]   |     ^^^^^^^^^^^^^^^^^^^^^^^^ use of undeclared crate or module `game_server_architecture`
[INFO] [stdout] 
[INFO] [stdout] error: aborting due to 1 previous error
[INFO] [stdout] 
[INFO] [stdout] For more information about this error, try `rustc --explain E0432`.
[INFO] [stdout] Couldn't compile the test.
[INFO] [stdout] ---- src/lib.rs - GameEvent::new (line 276) stdout ----
[INFO] [stdout] error[E0432]: unresolved import `game_server_architecture`
[INFO] [stdout]  --> src/lib.rs:277:5
[INFO] [stdout]   |
[INFO] [stdout] 3 | use game_server_architecture::{GameEvent, Vector3};
[INFO] [stdout]   |     ^^^^^^^^^^^^^^^^^^^^^^^^ use of undeclared crate or module `game_server_architecture`
[INFO] [stdout] 
[INFO] [stdout] error: aborting due to 1 previous error
[INFO] [stdout] 
[INFO] [stdout] For more information about this error, try `rustc --explain E0432`.
[INFO] [stdout] Couldn't compile the test.
[INFO] [stdout] ---- src/lib.rs - GameObject::new (line 82) stdout ----
[INFO] [stdout] error[E0432]: unresolved import `game_server_architecture`
[INFO] [stdout]  --> src/lib.rs:83:5
[INFO] [stdout]   |
[INFO] [stdout] 3 | use game_server_architecture::{GameObject, Vector3};
[INFO] [stdout]   |     ^^^^^^^^^^^^^^^^^^^^^^^^ use of undeclared crate or module `game_server_architecture`
[INFO] [stdout] 
[INFO] [stdout] error: aborting due to 1 previous error
[INFO] [stdout] 
[INFO] [stdout] For more information about this error, try `rustc --explain E0432`.
[INFO] [stdout] Couldn't compile the test.
[INFO] [stdout] ---- src/lib.rs - ServerCluster::new (line 517) stdout ----
[INFO] [stdout] error[E0432]: unresolved import `game_server_architecture`
[INFO] [stdout]  --> src/lib.rs:518:5
[INFO] [stdout]   |
[INFO] [stdout] 3 | use game_server_architecture::{ServerCluster, SpatialPartition, Vector3};
[INFO] [stdout]   |     ^^^^^^^^^^^^^^^^^^^^^^^^ use of undeclared crate or module `game_server_architecture`
[INFO] [stdout] 
[INFO] [stdout] error: aborting due to 1 previous error
[INFO] [stdout] 
[INFO] [stdout] For more information about this error, try `rustc --explain E0432`.
[INFO] [stdout] Couldn't compile the test.
[INFO] [stdout] ---- src/lib.rs - Vector3::new (line 41) stdout ----
[INFO] [stdout] error[E0432]: unresolved import `game_server_architecture`
[INFO] [stdout]  --> src/lib.rs:42:5
[INFO] [stdout]   |
[INFO] [stdout] 3 | use game_server_architecture::Vector3;
[INFO] [stdout]   |     ^^^^^^^^^^^^^^^^^^^^^^^^ use of undeclared crate or module `game_server_architecture`
[INFO] [stdout] 
[INFO] [stdout] error: aborting due to 1 previous error
[INFO] [stdout] 
[INFO] [stdout] For more information about this error, try `rustc --explain E0432`.
[INFO] [stdout] Couldn't compile the test.
[INFO] [stdout] ---- src/lib.rs - SpatialPartition::contains (line 358) stdout ----
[INFO] [stdout] error[E0432]: unresolved import `game_server_architecture`
[INFO] [stdout]  --> src/lib.rs:359:5
[INFO] [stdout]   |
[INFO] [stdout] 3 | use game_server_architecture::{SpatialPartition, Vector3};
[INFO] [stdout]   |     ^^^^^^^^^^^^^^^^^^^^^^^^ use of undeclared crate or module `game_server_architecture`
[INFO] [stdout] 
[INFO] [stdout] error: aborting due to 1 previous error
[INFO] [stdout] 
[INFO] [stdout] For more information about this error, try `rustc --explain E0432`.
[INFO] [stdout] Couldn't compile the test.
[INFO] [stdout] ---- src/lib.rs - SpatialPartition::intersects (line 387) stdout ----
[INFO] [stdout] error[E0432]: unresolved import `game_server_architecture`
[INFO] [stdout]  --> src/lib.rs:388:5
[INFO] [stdout]   |
[INFO] [stdout] 3 | use game_server_architecture::{SpatialPartition, Vector3};
[INFO] [stdout]   |     ^^^^^^^^^^^^^^^^^^^^^^^^ use of undeclared crate or module `game_server_architecture`
[INFO] [stdout] 
[INFO] [stdout] error: aborting due to 1 previous error
[INFO] [stdout] 
[INFO] [stdout] For more information about this error, try `rustc --explain E0432`.
[INFO] [stdout] Couldn't compile the test.
[INFO] [stdout] ---- src/lib.rs - SpatialPartition::new (line 327) stdout ----
[INFO] [stdout] error[E0432]: unresolved import `game_server_architecture`
[INFO] [stdout]  --> src/lib.rs:328:5
[INFO] [stdout]   |
[INFO] [stdout] 3 | use game_server_architecture::{SpatialPartition, Vector3};
[INFO] [stdout]   |     ^^^^^^^^^^^^^^^^^^^^^^^^ use of undeclared crate or module `game_server_architecture`
[INFO] [stdout] 
[INFO] [stdout] error: aborting due to 1 previous error
[INFO] [stdout] 
[INFO] [stdout] For more information about this error, try `rustc --explain E0432`.
[INFO] [stdout] Couldn't compile the test.
[INFO] [stdout] ---- src/lib.rs - ServerCluster::propagate_event (line 578) stdout ----
[INFO] [stdout] error[E0432]: unresolved import `game_server_architecture`
[INFO] [stdout]  --> src/lib.rs:579:5
[INFO] [stdout]   |
[INFO] [stdout] 3 | use game_server_architecture::{ServerCluster, GameServer, SpatialPartition, Vector3, GameEvent};
[INFO] [stdout]   |     ^^^^^^^^^^^^^^^^^^^^^^^^ use of undeclared crate or module `game_server_architecture`
[INFO] [stdout] 
[INFO] [stdout] error: aborting due to 1 previous error
[INFO] [stdout] 
[INFO] [stdout] For more information about this error, try `rustc --explain E0432`.
[INFO] [stdout] Couldn't compile the test.
[INFO] [stdout] 
[INFO] [stdout] failures:
[INFO] [stdout]     src/lib.rs - GameEvent::new (line 276)
[INFO] [stdout]     src/lib.rs - GameObject::new (line 82)
[INFO] [stdout]     src/lib.rs - GameServer::new (line 441)
[INFO] [stdout]     src/lib.rs - MasterServer::add_cluster (line 662)
[INFO] [stdout]     src/lib.rs - MasterServer::new (line 641)
[INFO] [stdout]     src/lib.rs - MasterServer::propagate_event (line 688)
[INFO] [stdout]     src/lib.rs - ServerCluster::add_server (line 544)
[INFO] [stdout]     src/lib.rs - ServerCluster::new (line 517)
[INFO] [stdout]     src/lib.rs - ServerCluster::propagate_event (line 578)
[INFO] [stdout]     src/lib.rs - SpatialPartition::contains (line 358)
[INFO] [stdout]     src/lib.rs - SpatialPartition::intersects (line 387)
[INFO] [stdout]     src/lib.rs - SpatialPartition::new (line 327)
[INFO] [stdout]     src/lib.rs - Vector3::new (line 41)
[INFO] [stdout] 
[INFO] [stdout] test result: FAILED. 1 passed; 13 failed; 0 ignored; 0 measured; 0 filtered out; finished in 0.33s
[INFO] [stdout] 
[INFO] [stderr] error: doctest failed, to rerun pass `--doc`
[INFO] running `Command { std: "docker" "inspect" "8ba7b98fdd6e33e36e3e0497e2ac71693d539ba4457b3df2af2e250b409e4116", kill_on_drop: false }`
[INFO] running `Command { std: "docker" "rm" "-f" "8ba7b98fdd6e33e36e3e0497e2ac71693d539ba4457b3df2af2e250b409e4116", kill_on_drop: false }`
[INFO] [stdout] 8ba7b98fdd6e33e36e3e0497e2ac71693d539ba4457b3df2af2e250b409e4116
