[INFO] fetching crate hooks-derive-core 1.1.0-alpha.8...
[INFO] testing hooks-derive-core-1.1.0-alpha.8 against nightly-2024-10-28 for randomize-layout
[INFO] extracting crate hooks-derive-core 1.1.0-alpha.8 into /workspace/builds/worker-3-tc1/source
[INFO] validating manifest of crates.io crate hooks-derive-core 1.1.0-alpha.8 on toolchain nightly-2024-10-28
[INFO] running `Command { std: CARGO_HOME="/workspace/cargo-home" RUSTUP_HOME="/workspace/rustup-home" "/workspace/cargo-home/bin/cargo" "+nightly-2024-10-28" "metadata" "--manifest-path" "Cargo.toml" "--no-deps", kill_on_drop: false }`
[INFO] started tweaking crates.io crate hooks-derive-core 1.1.0-alpha.8
[INFO] finished tweaking crates.io crate hooks-derive-core 1.1.0-alpha.8
[INFO] tweaked toml for crates.io crate hooks-derive-core 1.1.0-alpha.8 written to /workspace/builds/worker-3-tc1/source/Cargo.toml
[INFO] running `Command { std: CARGO_HOME="/workspace/cargo-home" RUSTUP_HOME="/workspace/rustup-home" "/workspace/cargo-home/bin/cargo" "+nightly-2024-10-28" "generate-lockfile" "--manifest-path" "Cargo.toml", kill_on_drop: false }`
[INFO] [stderr]     Updating crates.io index
[INFO] [stderr]      Locking 10 packages to latest compatible versions
[INFO] [stderr]       Adding darling v0.14.4 (available: v0.20.10)
[INFO] [stderr]       Adding syn v1.0.109 (available: v2.0.86)
[INFO] running `Command { std: CARGO_HOME="/workspace/cargo-home" RUSTUP_HOME="/workspace/rustup-home" "/workspace/cargo-home/bin/cargo" "+nightly-2024-10-28" "fetch" "--manifest-path" "Cargo.toml", kill_on_drop: false }`
[INFO] running `Command { std: "docker" "create" "-v" "/var/lib/crater-agent-workspace/builds/worker-3-tc1/target:/opt/rustwide/target:rw,Z" "-v" "/var/lib/crater-agent-workspace/builds/worker-3-tc1/source:/opt/rustwide/workdir:ro,Z" "-v" "/var/lib/crater-agent-workspace/cargo-home:/opt/rustwide/cargo-home:ro,Z" "-v" "/var/lib/crater-agent-workspace/rustup-home:/opt/rustwide/rustup-home:ro,Z" "-e" "SOURCE_DIR=/opt/rustwide/workdir" "-e" "CARGO_TARGET_DIR=/opt/rustwide/target" "-e" "CARGO_HOME=/opt/rustwide/cargo-home" "-e" "RUSTUP_HOME=/opt/rustwide/rustup-home" "-w" "/opt/rustwide/workdir" "-m" "1610612736" "--user" "0:0" "--network" "none" "ghcr.io/rust-lang/crates-build-env/linux@sha256:4a844ea9eb2546a2d2c7022eacef16ef2e8229c7fbb2c7d4d55a9ceca922f72d" "/opt/rustwide/cargo-home/bin/cargo" "+nightly-2024-10-28" "metadata" "--no-deps" "--format-version=1", kill_on_drop: false }`
[INFO] [stdout] 9ce4d81eea90347cc42ff565152e736e8efa5284f46569694e872d252551cfa2
[INFO] running `Command { std: "docker" "start" "-a" "9ce4d81eea90347cc42ff565152e736e8efa5284f46569694e872d252551cfa2", kill_on_drop: false }`
[INFO] running `Command { std: "docker" "inspect" "9ce4d81eea90347cc42ff565152e736e8efa5284f46569694e872d252551cfa2", kill_on_drop: false }`
[INFO] running `Command { std: "docker" "rm" "-f" "9ce4d81eea90347cc42ff565152e736e8efa5284f46569694e872d252551cfa2", kill_on_drop: false }`
[INFO] [stdout] 9ce4d81eea90347cc42ff565152e736e8efa5284f46569694e872d252551cfa2
[INFO] running `Command { std: "docker" "create" "-v" "/var/lib/crater-agent-workspace/builds/worker-3-tc1/target:/opt/rustwide/target:rw,Z" "-v" "/var/lib/crater-agent-workspace/builds/worker-3-tc1/source:/opt/rustwide/workdir:ro,Z" "-v" "/var/lib/crater-agent-workspace/cargo-home:/opt/rustwide/cargo-home:ro,Z" "-v" "/var/lib/crater-agent-workspace/rustup-home:/opt/rustwide/rustup-home:ro,Z" "-e" "SOURCE_DIR=/opt/rustwide/workdir" "-e" "CARGO_TARGET_DIR=/opt/rustwide/target" "-e" "CARGO_INCREMENTAL=0" "-e" "RUST_BACKTRACE=full" "-e" "RUSTFLAGS=--cap-lints=forbid" "-e" "RUSTDOCFLAGS=--cap-lints=forbid" "-e" "CARGO_HOME=/opt/rustwide/cargo-home" "-e" "RUSTUP_HOME=/opt/rustwide/rustup-home" "-w" "/opt/rustwide/workdir" "-m" "1610612736" "--user" "0:0" "--network" "none" "ghcr.io/rust-lang/crates-build-env/linux@sha256:4a844ea9eb2546a2d2c7022eacef16ef2e8229c7fbb2c7d4d55a9ceca922f72d" "/opt/rustwide/cargo-home/bin/cargo" "+nightly-2024-10-28" "build" "--frozen" "--message-format=json", kill_on_drop: false }`
[INFO] [stdout] 445ac7d237d591bb91a97798754c2ba75dcb18c22fdebd79549e01f2432f3435
[INFO] running `Command { std: "docker" "start" "-a" "445ac7d237d591bb91a97798754c2ba75dcb18c22fdebd79549e01f2432f3435", kill_on_drop: false }`
[INFO] [stderr]    Compiling proc-macro2 v1.0.89
[INFO] [stderr]    Compiling unicode-ident v1.0.13
[INFO] [stderr]    Compiling syn v1.0.109
[INFO] [stderr]    Compiling ident_case v1.0.1
[INFO] [stderr]    Compiling quote v1.0.37
[INFO] [stderr]    Compiling darling_core v0.14.4
[INFO] [stderr]    Compiling darling_macro v0.14.4
[INFO] [stderr]    Compiling darling v0.14.4
[INFO] [stderr]    Compiling hooks-derive-core v1.1.0-alpha.8 (/opt/rustwide/workdir)
[INFO] [stderr]     Finished `dev` profile [unoptimized + debuginfo] target(s) in 4.98s
[INFO] running `Command { std: "docker" "inspect" "445ac7d237d591bb91a97798754c2ba75dcb18c22fdebd79549e01f2432f3435", kill_on_drop: false }`
[INFO] running `Command { std: "docker" "rm" "-f" "445ac7d237d591bb91a97798754c2ba75dcb18c22fdebd79549e01f2432f3435", kill_on_drop: false }`
[INFO] [stdout] 445ac7d237d591bb91a97798754c2ba75dcb18c22fdebd79549e01f2432f3435
[INFO] running `Command { std: "docker" "create" "-v" "/var/lib/crater-agent-workspace/builds/worker-3-tc1/target:/opt/rustwide/target:rw,Z" "-v" "/var/lib/crater-agent-workspace/builds/worker-3-tc1/source:/opt/rustwide/workdir:ro,Z" "-v" "/var/lib/crater-agent-workspace/cargo-home:/opt/rustwide/cargo-home:ro,Z" "-v" "/var/lib/crater-agent-workspace/rustup-home:/opt/rustwide/rustup-home:ro,Z" "-e" "SOURCE_DIR=/opt/rustwide/workdir" "-e" "CARGO_TARGET_DIR=/opt/rustwide/target" "-e" "CARGO_INCREMENTAL=0" "-e" "RUST_BACKTRACE=full" "-e" "RUSTFLAGS=--cap-lints=forbid" "-e" "RUSTDOCFLAGS=--cap-lints=forbid" "-e" "CARGO_HOME=/opt/rustwide/cargo-home" "-e" "RUSTUP_HOME=/opt/rustwide/rustup-home" "-w" "/opt/rustwide/workdir" "-m" "1610612736" "--user" "0:0" "--network" "none" "ghcr.io/rust-lang/crates-build-env/linux@sha256:4a844ea9eb2546a2d2c7022eacef16ef2e8229c7fbb2c7d4d55a9ceca922f72d" "/opt/rustwide/cargo-home/bin/cargo" "+nightly-2024-10-28" "test" "--frozen" "--no-run" "--message-format=json", kill_on_drop: false }`
[INFO] [stdout] 59501a3bf335688358c34d6d57e97ba7852a17c89fb263393995a7b4e493337f
[INFO] running `Command { std: "docker" "start" "-a" "59501a3bf335688358c34d6d57e97ba7852a17c89fb263393995a7b4e493337f", kill_on_drop: false }`
[INFO] [stderr]    Compiling hooks-derive-core v1.1.0-alpha.8 (/opt/rustwide/workdir)
[INFO] [stderr]     Finished `test` profile [unoptimized + debuginfo] target(s) in 0.26s
[INFO] running `Command { std: "docker" "inspect" "59501a3bf335688358c34d6d57e97ba7852a17c89fb263393995a7b4e493337f", kill_on_drop: false }`
[INFO] running `Command { std: "docker" "rm" "-f" "59501a3bf335688358c34d6d57e97ba7852a17c89fb263393995a7b4e493337f", kill_on_drop: false }`
[INFO] [stdout] 59501a3bf335688358c34d6d57e97ba7852a17c89fb263393995a7b4e493337f
[INFO] running `Command { std: "docker" "create" "-v" "/var/lib/crater-agent-workspace/builds/worker-3-tc1/target:/opt/rustwide/target:rw,Z" "-v" "/var/lib/crater-agent-workspace/builds/worker-3-tc1/source:/opt/rustwide/workdir:ro,Z" "-v" "/var/lib/crater-agent-workspace/cargo-home:/opt/rustwide/cargo-home:ro,Z" "-v" "/var/lib/crater-agent-workspace/rustup-home:/opt/rustwide/rustup-home:ro,Z" "-e" "SOURCE_DIR=/opt/rustwide/workdir" "-e" "CARGO_TARGET_DIR=/opt/rustwide/target" "-e" "CARGO_INCREMENTAL=0" "-e" "RUST_BACKTRACE=full" "-e" "RUSTFLAGS=--cap-lints=forbid" "-e" "RUSTDOCFLAGS=--cap-lints=forbid" "-e" "CARGO_HOME=/opt/rustwide/cargo-home" "-e" "RUSTUP_HOME=/opt/rustwide/rustup-home" "-w" "/opt/rustwide/workdir" "-m" "1610612736" "--user" "0:0" "--network" "none" "ghcr.io/rust-lang/crates-build-env/linux@sha256:4a844ea9eb2546a2d2c7022eacef16ef2e8229c7fbb2c7d4d55a9ceca922f72d" "/opt/rustwide/cargo-home/bin/cargo" "+nightly-2024-10-28" "test" "--frozen", kill_on_drop: false }`
[INFO] [stdout] f82b0418b582449e13df62ab22f4577fb6b89b91bd004a042695e50fc136ac0d
[INFO] running `Command { std: "docker" "start" "-a" "f82b0418b582449e13df62ab22f4577fb6b89b91bd004a042695e50fc136ac0d", kill_on_drop: false }`
[INFO] [stderr]     Finished `test` profile [unoptimized + debuginfo] target(s) in 0.09s
[INFO] [stderr]      Running unittests src/lib.rs (/opt/rustwide/target/debug/deps/hooks_derive_core-17d2bf139d28a06a)
[INFO] [stdout] 
[INFO] [stdout] running 0 tests
[INFO] [stdout] 
[INFO] [stdout] test result: ok. 0 passed; 0 failed; 0 ignored; 0 measured; 0 filtered out; finished in 0.00s
[INFO] [stdout] 
[INFO] [stderr]    Doc-tests hooks_derive_core
[INFO] [stdout] 
[INFO] [stdout] running 1 test
[INFO] [stdout] test src/hook_macro.rs - hook_macro::HookArgs::custom_bounds (line 40) ... FAILED
[INFO] [stdout] 
[INFO] [stdout] failures:
[INFO] [stdout] 
[INFO] [stdout] ---- src/hook_macro.rs - hook_macro::HookArgs::custom_bounds (line 40) stdout ----
[INFO] [stdout] error[E0463]: can't find crate for `hooks_dev`
[INFO] [stdout]  --> src/hook_macro.rs:40:1
[INFO] [stdout]   |
[INFO] [stdout] 2 | extern crate hooks_dev as hooks;
[INFO] [stdout]   | ^^^^^^^^^^^^^^^^^^^^^^^^^^^^^^^^ can't find crate
[INFO] [stdout] 
[INFO] [stdout] error: aborting due to 1 previous error
[INFO] [stdout] 
[INFO] [stdout] For more information about this error, try `rustc --explain E0463`.
[INFO] [stdout] Couldn't compile the test.
[INFO] [stdout] 
[INFO] [stdout] failures:
[INFO] [stdout]     src/hook_macro.rs - hook_macro::HookArgs::custom_bounds (line 40)
[INFO] [stdout] 
[INFO] [stdout] test result: FAILED. 0 passed; 1 failed; 0 ignored; 0 measured; 0 filtered out; finished in 0.03s
[INFO] [stdout] 
[INFO] [stderr] error: doctest failed, to rerun pass `--doc`
[INFO] running `Command { std: "docker" "inspect" "f82b0418b582449e13df62ab22f4577fb6b89b91bd004a042695e50fc136ac0d", kill_on_drop: false }`
[INFO] running `Command { std: "docker" "rm" "-f" "f82b0418b582449e13df62ab22f4577fb6b89b91bd004a042695e50fc136ac0d", kill_on_drop: false }`
[INFO] [stdout] f82b0418b582449e13df62ab22f4577fb6b89b91bd004a042695e50fc136ac0d
