[INFO] fetching crate hoedown 6.0.0...
[INFO] testing hoedown-6.0.0 against nightly-2024-10-28+rustflags=-Zrandomize-layout for randomize-layout
[INFO] extracting crate hoedown 6.0.0 into /workspace/builds/worker-4-tc2/source
[INFO] validating manifest of crates.io crate hoedown 6.0.0 on toolchain nightly-2024-10-28
[INFO] running `Command { std: CARGO_HOME="/workspace/cargo-home" RUSTUP_HOME="/workspace/rustup-home" "/workspace/cargo-home/bin/cargo" "+nightly-2024-10-28" "metadata" "--manifest-path" "Cargo.toml" "--no-deps", kill_on_drop: false }`
[INFO] started tweaking crates.io crate hoedown 6.0.0
[INFO] finished tweaking crates.io crate hoedown 6.0.0
[INFO] tweaked toml for crates.io crate hoedown 6.0.0 written to /workspace/builds/worker-4-tc2/source/Cargo.toml
[INFO] running `Command { std: CARGO_HOME="/workspace/cargo-home" RUSTUP_HOME="/workspace/rustup-home" "/workspace/cargo-home/bin/cargo" "+nightly-2024-10-28" "generate-lockfile" "--manifest-path" "Cargo.toml", kill_on_drop: false }`
[INFO] [stderr]     Updating crates.io index
[INFO] [stderr]      Locking 23 packages to latest compatible versions
[INFO] [stderr]       Adding bitflags v0.5.0 (available: v2.6.0)
[INFO] [stderr]       Adding glob v0.2.11 (available: v0.3.1)
[INFO] [stderr]       Adding wasi v0.10.0+wasi-snapshot-preview1 (available: v0.10.2+wasi-snapshot-preview1)
[INFO] running `Command { std: CARGO_HOME="/workspace/cargo-home" RUSTUP_HOME="/workspace/rustup-home" "/workspace/cargo-home/bin/cargo" "+nightly-2024-10-28" "fetch" "--manifest-path" "Cargo.toml", kill_on_drop: false }`
[INFO] [stderr] warning: no edition set: defaulting to the 2015 edition while the latest is 2021
[INFO] running `Command { std: "docker" "create" "-v" "/var/lib/crater-agent-workspace/builds/worker-4-tc2/target:/opt/rustwide/target:rw,Z" "-v" "/var/lib/crater-agent-workspace/builds/worker-4-tc2/source:/opt/rustwide/workdir:ro,Z" "-v" "/var/lib/crater-agent-workspace/cargo-home:/opt/rustwide/cargo-home:ro,Z" "-v" "/var/lib/crater-agent-workspace/rustup-home:/opt/rustwide/rustup-home:ro,Z" "-e" "SOURCE_DIR=/opt/rustwide/workdir" "-e" "CARGO_TARGET_DIR=/opt/rustwide/target" "-e" "CARGO_HOME=/opt/rustwide/cargo-home" "-e" "RUSTUP_HOME=/opt/rustwide/rustup-home" "-w" "/opt/rustwide/workdir" "-m" "1610612736" "--user" "0:0" "--network" "none" "ghcr.io/rust-lang/crates-build-env/linux@sha256:4a844ea9eb2546a2d2c7022eacef16ef2e8229c7fbb2c7d4d55a9ceca922f72d" "/opt/rustwide/cargo-home/bin/cargo" "+nightly-2024-10-28" "metadata" "--no-deps" "--format-version=1", kill_on_drop: false }`
[INFO] [stdout] 9c0859f1f88200c6ab8c27b5f207dde6f92c1c4f2fec4c9bd7938400de8ad9b5
[INFO] running `Command { std: "docker" "start" "-a" "9c0859f1f88200c6ab8c27b5f207dde6f92c1c4f2fec4c9bd7938400de8ad9b5", kill_on_drop: false }`
[INFO] running `Command { std: "docker" "inspect" "9c0859f1f88200c6ab8c27b5f207dde6f92c1c4f2fec4c9bd7938400de8ad9b5", kill_on_drop: false }`
[INFO] running `Command { std: "docker" "rm" "-f" "9c0859f1f88200c6ab8c27b5f207dde6f92c1c4f2fec4c9bd7938400de8ad9b5", kill_on_drop: false }`
[INFO] [stdout] 9c0859f1f88200c6ab8c27b5f207dde6f92c1c4f2fec4c9bd7938400de8ad9b5
[INFO] running `Command { std: "docker" "create" "-v" "/var/lib/crater-agent-workspace/builds/worker-4-tc2/target:/opt/rustwide/target:rw,Z" "-v" "/var/lib/crater-agent-workspace/builds/worker-4-tc2/source:/opt/rustwide/workdir:ro,Z" "-v" "/var/lib/crater-agent-workspace/cargo-home:/opt/rustwide/cargo-home:ro,Z" "-v" "/var/lib/crater-agent-workspace/rustup-home:/opt/rustwide/rustup-home:ro,Z" "-e" "SOURCE_DIR=/opt/rustwide/workdir" "-e" "CARGO_TARGET_DIR=/opt/rustwide/target" "-e" "CARGO_INCREMENTAL=0" "-e" "RUST_BACKTRACE=full" "-e" "RUSTFLAGS=--cap-lints=forbid -Zrandomize-layout" "-e" "RUSTDOCFLAGS=--cap-lints=forbid" "-e" "CARGO_HOME=/opt/rustwide/cargo-home" "-e" "RUSTUP_HOME=/opt/rustwide/rustup-home" "-w" "/opt/rustwide/workdir" "-m" "1610612736" "--user" "0:0" "--network" "none" "ghcr.io/rust-lang/crates-build-env/linux@sha256:4a844ea9eb2546a2d2c7022eacef16ef2e8229c7fbb2c7d4d55a9ceca922f72d" "/opt/rustwide/cargo-home/bin/cargo" "+nightly-2024-10-28" "build" "--frozen" "--message-format=json", kill_on_drop: false }`
[INFO] [stdout] fd1b3b6d7468706c211b2754b81510aa7da57b0d522c19d908734b27f4d4910f
[INFO] running `Command { std: "docker" "start" "-a" "fd1b3b6d7468706c211b2754b81510aa7da57b0d522c19d908734b27f4d4910f", kill_on_drop: false }`
[INFO] [stderr] warning: no edition set: defaulting to the 2015 edition while the latest is 2021
[INFO] [stderr]    Compiling libc v0.2.161
[INFO] [stderr]    Compiling gcc v0.3.55
[INFO] [stderr]    Compiling bitflags v0.5.0
[INFO] [stderr]    Compiling hoedown v6.0.0 (/opt/rustwide/workdir)
[INFO] [stdout] warning: use of deprecated function `gcc::compile_library`: crate has been renamed to `cc`, the `gcc` name is not maintained
[INFO] [stdout]   --> build.rs:19:8
[INFO] [stdout]    |
[INFO] [stdout] 19 |   gcc::compile_library("libhoedown.a", LIBHOEDOWN_SRC);
[INFO] [stdout]    |        ^^^^^^^^^^^^^^^
[INFO] [stdout]    |
[INFO] [stdout]    = note: `#[warn(deprecated)]` on by default
[INFO] [stdout] 
[INFO] [stdout] 
[INFO] [stderr] warning: hoedown@6.0.0: libhoedown/src/autolink.c: In function 'autolink_delim':
[INFO] [stderr] warning: hoedown@6.0.0: libhoedown/src/autolink.c:37:55: warning: unused parameter 'max_rewind' [-Wunused-parameter]
[INFO] [stderr] warning: hoedown@6.0.0:    37 | autolink_delim(uint8_t *data, size_t link_end, size_t max_rewind, size_t size)
[INFO] [stderr] warning: hoedown@6.0.0:       |                                                ~~~~~~~^~~~~~~~~~
[INFO] [stderr] warning: hoedown@6.0.0: libhoedown/src/autolink.c:37:74: warning: unused parameter 'size' [-Wunused-parameter]
[INFO] [stderr] warning: hoedown@6.0.0:    37 | autolink_delim(uint8_t *data, size_t link_end, size_t max_rewind, size_t size)
[INFO] [stderr] warning: hoedown@6.0.0:       |                                                                   ~~~~~~~^~~~
[INFO] [stderr] warning: hoedown@6.0.0: libhoedown/src/autolink.c: In function 'hoedown_autolink__www':
[INFO] [stderr] warning: hoedown@6.0.0: libhoedown/src/autolink.c:153:22: warning: unused parameter 'flags' [-Wunused-parameter]
[INFO] [stderr] warning: hoedown@6.0.0:   153 |         unsigned int flags)
[INFO] [stderr] warning: hoedown@6.0.0:       |         ~~~~~~~~~~~~~^~~~~
[INFO] [stderr] warning: hoedown@6.0.0: libhoedown/src/autolink.c: In function 'hoedown_autolink__email':
[INFO] [stderr] warning: hoedown@6.0.0: libhoedown/src/autolink.c:189:22: warning: unused parameter 'flags' [-Wunused-parameter]
[INFO] [stderr] warning: hoedown@6.0.0:   189 |         unsigned int flags)
[INFO] [stderr] warning: hoedown@6.0.0:       |         ~~~~~~~~~~~~~^~~~~
[INFO] [stderr] warning: hoedown@6.0.0: libhoedown/src/document.c: In function 'create_footnote_ref':
[INFO] [stderr] warning: hoedown@6.0.0: libhoedown/src/document.c:244:43: warning: unused parameter 'list' [-Wunused-parameter]
[INFO] [stderr] warning: hoedown@6.0.0:   244 | create_footnote_ref(struct footnote_list *list, const uint8_t *name, size_t name_size)
[INFO] [stderr] warning: hoedown@6.0.0:       |                     ~~~~~~~~~~~~~~~~~~~~~~^~~~
[INFO] [stderr] warning: hoedown@6.0.0: libhoedown/src/document.c: In function 'char_linebreak':
[INFO] [stderr] warning: hoedown@6.0.0: libhoedown/src/document.c:800:96: warning: unused parameter 'size' [-Wunused-parameter]
[INFO] [stderr] warning: hoedown@6.0.0:   800 | char_linebreak(hoedown_buffer *ob, hoedown_document *doc, uint8_t *data, size_t offset, size_t size)
[INFO] [stderr] warning: hoedown@6.0.0:       |                                                                                         ~~~~~~~^~~~
[INFO] [stderr] warning: hoedown@6.0.0: libhoedown/src/document.c: In function 'char_codespan':
[INFO] [stderr] warning: hoedown@6.0.0: libhoedown/src/document.c:815:80: warning: unused parameter 'offset' [-Wunused-parameter]
[INFO] [stderr] warning: hoedown@6.0.0:   815 | char_codespan(hoedown_buffer *ob, hoedown_document *doc, uint8_t *data, size_t offset, size_t size)
[INFO] [stderr] warning: hoedown@6.0.0:       |                                                                         ~~~~~~~^~~~~~
[INFO] [stderr] warning: hoedown@6.0.0: libhoedown/src/document.c: In function 'char_quote':
[INFO] [stderr] warning: hoedown@6.0.0: libhoedown/src/document.c:860:77: warning: unused parameter 'offset' [-Wunused-parameter]
[INFO] [stderr] warning: hoedown@6.0.0:   860 | char_quote(hoedown_buffer *ob, hoedown_document *doc, uint8_t *data, size_t offset, size_t size)
[INFO] [stderr] warning: hoedown@6.0.0:       |                                                                      ~~~~~~~^~~~~~
[INFO] [stderr] warning: hoedown@6.0.0: libhoedown/src/document.c: In function 'char_entity':
[INFO] [stderr] warning: hoedown@6.0.0: libhoedown/src/document.c:940:78: warning: unused parameter 'offset' [-Wunused-parameter]
[INFO] [stderr] warning: hoedown@6.0.0:   940 | char_entity(hoedown_buffer *ob, hoedown_document *doc, uint8_t *data, size_t offset, size_t size)
[INFO] [stderr] warning: hoedown@6.0.0:       |                                                                       ~~~~~~~^~~~~~
[INFO] [stderr] warning: hoedown@6.0.0: libhoedown/src/document.c: In function 'char_langle_tag':
[INFO] [stderr] warning: hoedown@6.0.0: libhoedown/src/document.c:968:82: warning: unused parameter 'offset' [-Wunused-parameter]
[INFO] [stderr] warning: hoedown@6.0.0:   968 | char_langle_tag(hoedown_buffer *ob, hoedown_document *doc, uint8_t *data, size_t offset, size_t size)
[INFO] [stderr] warning: hoedown@6.0.0:       |                                                                           ~~~~~~~^~~~~~
[INFO] [stderr] warning: hoedown@6.0.0: libhoedown/src/document.c: In function 'char_link':
[INFO] [stderr] warning: hoedown@6.0.0: libhoedown/src/document.c:1149:33: warning: this 'else' clause does not guard... [-Wmisleading-indentation]
[INFO] [stderr] warning: hoedown@6.0.0:  1149 |                                 else nb_p--; i++;
[INFO] [stderr] warning: hoedown@6.0.0:       |                                 ^~~~
[INFO] [stderr] warning: hoedown@6.0.0: libhoedown/src/document.c:1149:46: note: ...this statement, but the latter is misleadingly indented as if it were guarded by the 'else'
[INFO] [stderr] warning: hoedown@6.0.0:  1149 |                                 else nb_p--; i++;
[INFO] [stderr] warning: hoedown@6.0.0:       |                                              ^
[INFO] [stderr] warning: hoedown@6.0.0: libhoedown/src/document.c: In function 'char_superscript':
[INFO] [stderr] warning: hoedown@6.0.0: libhoedown/src/document.c:1292:83: warning: unused parameter 'offset' [-Wunused-parameter]
[INFO] [stderr] warning: hoedown@6.0.0:  1292 | char_superscript(hoedown_buffer *ob, hoedown_document *doc, uint8_t *data, size_t offset, size_t size)
[INFO] [stderr] warning: hoedown@6.0.0:       |                                                                            ~~~~~~~^~~~~~
[INFO] [stderr] warning: hoedown@6.0.0: libhoedown/src/document.c: In function 'htmlblock_is_end':
[INFO] [stderr] warning: hoedown@6.0.0: libhoedown/src/document.c:2039:27: warning: unused parameter 'doc' [-Wunused-parameter]
[INFO] [stderr] warning: hoedown@6.0.0:  2039 |         hoedown_document *doc,
[INFO] [stderr] warning: hoedown@6.0.0:       |         ~~~~~~~~~~~~~~~~~~^~~
[INFO] [stderr] warning: hoedown@6.0.0: libhoedown/src/html.c: In function 'rndr_blockcode':
[INFO] [stderr] warning: hoedown@6.0.0: libhoedown/src/html.c:96:121: warning: unused parameter 'data' [-Wunused-parameter]
[INFO] [stderr] warning: hoedown@6.0.0:    96 | rndr_blockcode(hoedown_buffer *ob, const hoedown_buffer *text, const hoedown_buffer *lang, const hoedown_renderer_data *data)
[INFO] [stderr] warning: hoedown@6.0.0:       |                                                                                            ~~~~~~~~~~~~~~~~~~~~~~~~~~~~~^~~~
[INFO] [stderr] warning: hoedown@6.0.0: libhoedown/src/html.c: In function 'rndr_blockquote':
[INFO] [stderr] warning: hoedown@6.0.0: libhoedown/src/html.c:115:97: warning: unused parameter 'data' [-Wunused-parameter]
[INFO] [stderr] warning: hoedown@6.0.0:   115 | rndr_blockquote(hoedown_buffer *ob, const hoedown_buffer *content, const hoedown_renderer_data *data)
[INFO] [stderr] warning: hoedown@6.0.0:       |                                                                    ~~~~~~~~~~~~~~~~~~~~~~~~~~~~~^~~~
[INFO] [stderr] warning: hoedown@6.0.0: libhoedown/src/html.c: In function 'rndr_codespan':
[INFO] [stderr] warning: hoedown@6.0.0: libhoedown/src/html.c:124:92: warning: unused parameter 'data' [-Wunused-parameter]
[INFO] [stderr] warning: hoedown@6.0.0:   124 | rndr_codespan(hoedown_buffer *ob, const hoedown_buffer *text, const hoedown_renderer_data *data)
[INFO] [stderr] warning: hoedown@6.0.0:       |                                                               ~~~~~~~~~~~~~~~~~~~~~~~~~~~~~^~~~
[INFO] [stderr] warning: hoedown@6.0.0: libhoedown/src/html.c: In function 'rndr_strikethrough':
[INFO] [stderr] warning: hoedown@6.0.0: libhoedown/src/html.c:133:100: warning: unused parameter 'data' [-Wunused-parameter]
[INFO] [stderr] warning: hoedown@6.0.0:   133 | rndr_strikethrough(hoedown_buffer *ob, const hoedown_buffer *content, const hoedown_renderer_data *data)
[INFO] [stderr] warning: hoedown@6.0.0:       |                                                                       ~~~~~~~~~~~~~~~~~~~~~~~~~~~~~^~~~
[INFO] [stderr] warning: hoedown@6.0.0: libhoedown/src/html.c: In function 'rndr_double_emphasis':
[INFO] [stderr] warning: hoedown@6.0.0: libhoedown/src/html.c:145:102: warning: unused parameter 'data' [-Wunused-parameter]
[INFO] [stderr] warning: hoedown@6.0.0:   145 | rndr_double_emphasis(hoedown_buffer *ob, const hoedown_buffer *content, const hoedown_renderer_data *data)
[INFO] [stderr] warning: hoedown@6.0.0:       |                                                                         ~~~~~~~~~~~~~~~~~~~~~~~~~~~~~^~~~
[INFO] [stderr] warning: hoedown@6.0.0: libhoedown/src/html.c: In function 'rndr_emphasis':
[INFO] [stderr] warning: hoedown@6.0.0: libhoedown/src/html.c:158:95: warning: unused parameter 'data' [-Wunused-parameter]
[INFO] [stderr] warning: hoedown@6.0.0:   158 | rndr_emphasis(hoedown_buffer *ob, const hoedown_buffer *content, const hoedown_renderer_data *data)
[INFO] [stderr] warning: hoedown@6.0.0:       |                                                                  ~~~~~~~~~~~~~~~~~~~~~~~~~~~~~^~~~
[INFO] [stderr] warning: hoedown@6.0.0: libhoedown/src/html.c: In function 'rndr_underline':
[INFO] [stderr] warning: hoedown@6.0.0: libhoedown/src/html.c:168:96: warning: unused parameter 'data' [-Wunused-parameter]
[INFO] [stderr] warning: hoedown@6.0.0:   168 | rndr_underline(hoedown_buffer *ob, const hoedown_buffer *content, const hoedown_renderer_data *data)
[INFO] [stderr] warning: hoedown@6.0.0:       |                                                                   ~~~~~~~~~~~~~~~~~~~~~~~~~~~~~^~~~
[INFO] [stderr] warning: hoedown@6.0.0: libhoedown/src/html.c: In function 'rndr_highlight':
[INFO] [stderr] warning: hoedown@6.0.0: libhoedown/src/html.c:181:96: warning: unused parameter 'data' [-Wunused-parameter]
[INFO] [stderr] warning: hoedown@6.0.0:   181 | rndr_highlight(hoedown_buffer *ob, const hoedown_buffer *content, const hoedown_renderer_data *data)
[INFO] [stderr] warning: hoedown@6.0.0:       |                                                                   ~~~~~~~~~~~~~~~~~~~~~~~~~~~~~^~~~
[INFO] [stderr] warning: hoedown@6.0.0: libhoedown/src/html.c: In function 'rndr_quote':
[INFO] [stderr] warning: hoedown@6.0.0: libhoedown/src/html.c:194:92: warning: unused parameter 'data' [-Wunused-parameter]
[INFO] [stderr] warning: hoedown@6.0.0:   194 | rndr_quote(hoedown_buffer *ob, const hoedown_buffer *content, const hoedown_renderer_data *data)
[INFO] [stderr] warning: hoedown@6.0.0:       |                                                               ~~~~~~~~~~~~~~~~~~~~~~~~~~~~~^~~~
[INFO] [stderr] warning: hoedown@6.0.0: libhoedown/src/html.c: In function 'rndr_list':
[INFO] [stderr] warning: hoedown@6.0.0: libhoedown/src/html.c:260:117: warning: unused parameter 'data' [-Wunused-parameter]
[INFO] [stderr] warning: hoedown@6.0.0:   260 | rndr_list(hoedown_buffer *ob, const hoedown_buffer *content, hoedown_list_flags flags, const hoedown_renderer_data *data)
[INFO] [stderr] warning: hoedown@6.0.0:       |                                                                                        ~~~~~~~~~~~~~~~~~~~~~~~~~~~~~^~~~
[INFO] [stderr] warning: hoedown@6.0.0: libhoedown/src/html.c: In function 'rndr_listitem':
[INFO] [stderr] warning: hoedown@6.0.0: libhoedown/src/html.c:269:85: warning: unused parameter 'flags' [-Wunused-parameter]
[INFO] [stderr] warning: hoedown@6.0.0:   269 | rndr_listitem(hoedown_buffer *ob, const hoedown_buffer *content, hoedown_list_flags flags, const hoedown_renderer_data *data)
[INFO] [stderr] warning: hoedown@6.0.0:       |                                                                  ~~~~~~~~~~~~~~~~~~~^~~~~
[INFO] [stderr] warning: hoedown@6.0.0: libhoedown/src/html.c:269:121: warning: unused parameter 'data' [-Wunused-parameter]
[INFO] [stderr] warning: hoedown@6.0.0:   269 | rndr_listitem(hoedown_buffer *ob, const hoedown_buffer *content, hoedown_list_flags flags, const hoedown_renderer_data *data)
[INFO] [stderr] warning: hoedown@6.0.0:       |                                                                                            ~~~~~~~~~~~~~~~~~~~~~~~~~~~~~^~~~
[INFO] [stderr] warning: hoedown@6.0.0: libhoedown/src/html.c: In function 'rndr_raw_block':
[INFO] [stderr] warning: hoedown@6.0.0: libhoedown/src/html.c:326:93: warning: unused parameter 'data' [-Wunused-parameter]
[INFO] [stderr] warning: hoedown@6.0.0:   326 | rndr_raw_block(hoedown_buffer *ob, const hoedown_buffer *text, const hoedown_renderer_data *data)
[INFO] [stderr] warning: hoedown@6.0.0:       |                                                                ~~~~~~~~~~~~~~~~~~~~~~~~~~~~~^~~~
[INFO] [stderr] warning: hoedown@6.0.0: libhoedown/src/html.c: In function 'rndr_triple_emphasis':
[INFO] [stderr] warning: hoedown@6.0.0: libhoedown/src/html.c:353:102: warning: unused parameter 'data' [-Wunused-parameter]
[INFO] [stderr] warning: hoedown@6.0.0:   353 | rndr_triple_emphasis(hoedown_buffer *ob, const hoedown_buffer *content, const hoedown_renderer_data *data)
[INFO] [stderr] warning: hoedown@6.0.0:       |                                                                         ~~~~~~~~~~~~~~~~~~~~~~~~~~~~~^~~~
[INFO] [stderr] warning: hoedown@6.0.0: libhoedown/src/html.c: In function 'rndr_table':
[INFO] [stderr] warning: hoedown@6.0.0: libhoedown/src/html.c:411:92: warning: unused parameter 'data' [-Wunused-parameter]
[INFO] [stderr] warning: hoedown@6.0.0:   411 | rndr_table(hoedown_buffer *ob, const hoedown_buffer *content, const hoedown_renderer_data *data)
[INFO] [stderr] warning: hoedown@6.0.0:       |                                                               ~~~~~~~~~~~~~~~~~~~~~~~~~~~~~^~~~
[INFO] [stderr] warning: hoedown@6.0.0: libhoedown/src/html.c: In function 'rndr_table_header':
[INFO] [stderr] warning: hoedown@6.0.0: libhoedown/src/html.c:420:99: warning: unused parameter 'data' [-Wunused-parameter]
[INFO] [stderr] warning: hoedown@6.0.0:   420 | rndr_table_header(hoedown_buffer *ob, const hoedown_buffer *content, const hoedown_renderer_data *data)
[INFO] [stderr] warning: hoedown@6.0.0:       |                                                                      ~~~~~~~~~~~~~~~~~~~~~~~~~~~~~^~~~
[INFO] [stderr] warning: hoedown@6.0.0: libhoedown/src/html.c: In function 'rndr_table_body':
[INFO] [stderr] warning: hoedown@6.0.0: libhoedown/src/html.c:429:97: warning: unused parameter 'data' [-Wunused-parameter]
[INFO] [stderr] warning: hoedown@6.0.0:   429 | rndr_table_body(hoedown_buffer *ob, const hoedown_buffer *content, const hoedown_renderer_data *data)
[INFO] [stderr] warning: hoedown@6.0.0:       |                                                                    ~~~~~~~~~~~~~~~~~~~~~~~~~~~~~^~~~
[INFO] [stderr] warning: hoedown@6.0.0: libhoedown/src/html.c: In function 'rndr_tablerow':
[INFO] [stderr] warning: hoedown@6.0.0: libhoedown/src/html.c:438:95: warning: unused parameter 'data' [-Wunused-parameter]
[INFO] [stderr] warning: hoedown@6.0.0:   438 | rndr_tablerow(hoedown_buffer *ob, const hoedown_buffer *content, const hoedown_renderer_data *data)
[INFO] [stderr] warning: hoedown@6.0.0:       |                                                                  ~~~~~~~~~~~~~~~~~~~~~~~~~~~~~^~~~
[INFO] [stderr] warning: hoedown@6.0.0: libhoedown/src/html.c: In function 'rndr_tablecell':
[INFO] [stderr] warning: hoedown@6.0.0: libhoedown/src/html.c:446:123: warning: unused parameter 'data' [-Wunused-parameter]
[INFO] [stderr] warning: hoedown@6.0.0:   446 | rndr_tablecell(hoedown_buffer *ob, const hoedown_buffer *content, hoedown_table_flags flags, const hoedown_renderer_data *data)
[INFO] [stderr] warning: hoedown@6.0.0:       |                                                                                              ~~~~~~~~~~~~~~~~~~~~~~~~~~~~~^~~~
[INFO] [stderr] warning: hoedown@6.0.0: libhoedown/src/html.c: In function 'rndr_superscript':
[INFO] [stderr] warning: hoedown@6.0.0: libhoedown/src/html.c:482:98: warning: unused parameter 'data' [-Wunused-parameter]
[INFO] [stderr] warning: hoedown@6.0.0:   482 | rndr_superscript(hoedown_buffer *ob, const hoedown_buffer *content, const hoedown_renderer_data *data)
[INFO] [stderr] warning: hoedown@6.0.0:       |                                                                     ~~~~~~~~~~~~~~~~~~~~~~~~~~~~~^~~~
[INFO] [stderr] warning: hoedown@6.0.0: libhoedown/src/html.c: In function 'rndr_normal_text':
[INFO] [stderr] warning: hoedown@6.0.0: libhoedown/src/html.c:492:98: warning: unused parameter 'data' [-Wunused-parameter]
[INFO] [stderr] warning: hoedown@6.0.0:   492 | rndr_normal_text(hoedown_buffer *ob, const hoedown_buffer *content, const hoedown_renderer_data *data)
[INFO] [stderr] warning: hoedown@6.0.0:       |                                                                     ~~~~~~~~~~~~~~~~~~~~~~~~~~~~~^~~~
[INFO] [stderr] warning: hoedown@6.0.0: libhoedown/src/html.c: In function 'rndr_footnote_def':
[INFO] [stderr] warning: hoedown@6.0.0: libhoedown/src/html.c:514:117: warning: unused parameter 'data' [-Wunused-parameter]
[INFO] [stderr] warning: hoedown@6.0.0:   514 | rndr_footnote_def(hoedown_buffer *ob, const hoedown_buffer *content, unsigned int num, const hoedown_renderer_data *data)
[INFO] [stderr] warning: hoedown@6.0.0:       |                                                                                        ~~~~~~~~~~~~~~~~~~~~~~~~~~~~~^~~~
[INFO] [stderr] warning: hoedown@6.0.0: libhoedown/src/html.c: In function 'rndr_footnote_ref':
[INFO] [stderr] warning: hoedown@6.0.0: libhoedown/src/html.c:544:86: warning: unused parameter 'data' [-Wunused-parameter]
[INFO] [stderr] warning: hoedown@6.0.0:   544 | rndr_footnote_ref(hoedown_buffer *ob, unsigned int num, const hoedown_renderer_data *data)
[INFO] [stderr] warning: hoedown@6.0.0:       |                                                         ~~~~~~~~~~~~~~~~~~~~~~~~~~~~~^~~~
[INFO] [stderr] warning: hoedown@6.0.0: libhoedown/src/html.c: In function 'rndr_math':
[INFO] [stderr] warning: hoedown@6.0.0: libhoedown/src/html.c:551:105: warning: unused parameter 'data' [-Wunused-parameter]
[INFO] [stderr] warning: hoedown@6.0.0:   551 | rndr_math(hoedown_buffer *ob, const hoedown_buffer *text, int displaymode, const hoedown_renderer_data *data)
[INFO] [stderr] warning: hoedown@6.0.0:       |                                                                            ~~~~~~~~~~~~~~~~~~~~~~~~~~~~~^~~~
[INFO] [stderr] warning: hoedown@6.0.0: libhoedown/src/html.c: In function 'toc_link':
[INFO] [stderr] warning: hoedown@6.0.0: libhoedown/src/html.c:595:83: warning: unused parameter 'link' [-Wunused-parameter]
[INFO] [stderr] warning: hoedown@6.0.0:   595 | toc_link(hoedown_buffer *ob, const hoedown_buffer *content, const hoedown_buffer *link, const hoedown_buffer *title, const hoedown_renderer_data *data)
[INFO] [stderr] warning: hoedown@6.0.0:       |                                                             ~~~~~~~~~~~~~~~~~~~~~~^~~~
[INFO] [stderr] warning: hoedown@6.0.0: libhoedown/src/html.c:595:111: warning: unused parameter 'title' [-Wunused-parameter]
[INFO] [stderr] warning: hoedown@6.0.0:   595 | toc_link(hoedown_buffer *ob, const hoedown_buffer *content, const hoedown_buffer *link, const hoedown_buffer *title, const hoedown_renderer_data *data)
[INFO] [stderr] warning: hoedown@6.0.0:       |                                                                                         ~~~~~~~~~~~~~~~~~~~~~~^~~~~
[INFO] [stderr] warning: hoedown@6.0.0: libhoedown/src/html.c:595:147: warning: unused parameter 'data' [-Wunused-parameter]
[INFO] [stderr] warning: hoedown@6.0.0:   595 | toc_link(hoedown_buffer *ob, const hoedown_buffer *content, const hoedown_buffer *link, const hoedown_buffer *title, const hoedown_renderer_data *data)
[INFO] [stderr] warning: hoedown@6.0.0:       |                                                                                                                      ~~~~~~~~~~~~~~~~~~~~~~~~~~~~~^~~~
[INFO] [stderr] warning: hoedown@6.0.0: libhoedown/src/html_smartypants.c: In function 'smartypants_cb__parens':
[INFO] [stderr] warning: hoedown@6.0.0: libhoedown/src/html_smartypants.c:166:69: warning: unused parameter 'smrt' [-Wunused-parameter]
[INFO] [stderr] warning: hoedown@6.0.0:   166 | smartypants_cb__parens(hoedown_buffer *ob, struct smartypants_data *smrt, uint8_t previous_char, const uint8_t *text, size_t size)
[INFO] [stderr] warning: hoedown@6.0.0:       |                                            ~~~~~~~~~~~~~~~~~~~~~~~~~^~~~
[INFO] [stderr] warning: hoedown@6.0.0: libhoedown/src/html_smartypants.c:166:83: warning: unused parameter 'previous_char' [-Wunused-parameter]
[INFO] [stderr] warning: hoedown@6.0.0:   166 | smartypants_cb__parens(hoedown_buffer *ob, struct smartypants_data *smrt, uint8_t previous_char, const uint8_t *text, size_t size)
[INFO] [stderr] warning: hoedown@6.0.0:       |                                                                           ~~~~~~~~^~~~~~~~~~~~~
[INFO] [stderr] warning: hoedown@6.0.0: libhoedown/src/html_smartypants.c: In function 'smartypants_cb__dash':
[INFO] [stderr] warning: hoedown@6.0.0: libhoedown/src/html_smartypants.c:194:67: warning: unused parameter 'smrt' [-Wunused-parameter]
[INFO] [stderr] warning: hoedown@6.0.0:   194 | smartypants_cb__dash(hoedown_buffer *ob, struct smartypants_data *smrt, uint8_t previous_char, const uint8_t *text, size_t size)
[INFO] [stderr] warning: hoedown@6.0.0:       |                                          ~~~~~~~~~~~~~~~~~~~~~~~~~^~~~
[INFO] [stderr] warning: hoedown@6.0.0: libhoedown/src/html_smartypants.c:194:81: warning: unused parameter 'previous_char' [-Wunused-parameter]
[INFO] [stderr] warning: hoedown@6.0.0:   194 | smartypants_cb__dash(hoedown_buffer *ob, struct smartypants_data *smrt, uint8_t previous_char, const uint8_t *text, size_t size)
[INFO] [stderr] warning: hoedown@6.0.0:       |                                                                         ~~~~~~~~^~~~~~~~~~~~~
[INFO] [stderr] warning: hoedown@6.0.0: libhoedown/src/html_smartypants.c: In function 'smartypants_cb__period':
[INFO] [stderr] warning: hoedown@6.0.0: libhoedown/src/html_smartypants.c:234:69: warning: unused parameter 'smrt' [-Wunused-parameter]
[INFO] [stderr] warning: hoedown@6.0.0:   234 | smartypants_cb__period(hoedown_buffer *ob, struct smartypants_data *smrt, uint8_t previous_char, const uint8_t *text, size_t size)
[INFO] [stderr] warning: hoedown@6.0.0:       |                                            ~~~~~~~~~~~~~~~~~~~~~~~~~^~~~
[INFO] [stderr] warning: hoedown@6.0.0: libhoedown/src/html_smartypants.c:234:83: warning: unused parameter 'previous_char' [-Wunused-parameter]
[INFO] [stderr] warning: hoedown@6.0.0:   234 | smartypants_cb__period(hoedown_buffer *ob, struct smartypants_data *smrt, uint8_t previous_char, const uint8_t *text, size_t size)
[INFO] [stderr] warning: hoedown@6.0.0:       |                                                                           ~~~~~~~~^~~~~~~~~~~~~
[INFO] [stderr] warning: hoedown@6.0.0: libhoedown/src/html_smartypants.c: In function 'smartypants_cb__number':
[INFO] [stderr] warning: hoedown@6.0.0: libhoedown/src/html_smartypants.c:265:69: warning: unused parameter 'smrt' [-Wunused-parameter]
[INFO] [stderr] warning: hoedown@6.0.0:   265 | smartypants_cb__number(hoedown_buffer *ob, struct smartypants_data *smrt, uint8_t previous_char, const uint8_t *text, size_t size)
[INFO] [stderr] warning: hoedown@6.0.0:       |                                            ~~~~~~~~~~~~~~~~~~~~~~~~~^~~~
[INFO] [stderr] warning: hoedown@6.0.0: libhoedown/src/html_smartypants.c: In function 'smartypants_cb__ltag':
[INFO] [stderr] warning: hoedown@6.0.0: libhoedown/src/html_smartypants.c:307:67: warning: unused parameter 'smrt' [-Wunused-parameter]
[INFO] [stderr] warning: hoedown@6.0.0:   307 | smartypants_cb__ltag(hoedown_buffer *ob, struct smartypants_data *smrt, uint8_t previous_char, const uint8_t *text, size_t size)
[INFO] [stderr] warning: hoedown@6.0.0:       |                                          ~~~~~~~~~~~~~~~~~~~~~~~~~^~~~
[INFO] [stderr] warning: hoedown@6.0.0: libhoedown/src/html_smartypants.c:307:81: warning: unused parameter 'previous_char' [-Wunused-parameter]
[INFO] [stderr] warning: hoedown@6.0.0:   307 | smartypants_cb__ltag(hoedown_buffer *ob, struct smartypants_data *smrt, uint8_t previous_char, const uint8_t *text, size_t size)
[INFO] [stderr] warning: hoedown@6.0.0:       |                                                                         ~~~~~~~~^~~~~~~~~~~~~
[INFO] [stderr] warning: hoedown@6.0.0: libhoedown/src/html_smartypants.c: In function 'smartypants_cb__escape':
[INFO] [stderr] warning: hoedown@6.0.0: libhoedown/src/html_smartypants.c:357:69: warning: unused parameter 'smrt' [-Wunused-parameter]
[INFO] [stderr] warning: hoedown@6.0.0:   357 | smartypants_cb__escape(hoedown_buffer *ob, struct smartypants_data *smrt, uint8_t previous_char, const uint8_t *text, size_t size)
[INFO] [stderr] warning: hoedown@6.0.0:       |                                            ~~~~~~~~~~~~~~~~~~~~~~~~~^~~~
[INFO] [stderr] warning: hoedown@6.0.0: libhoedown/src/html_smartypants.c:357:83: warning: unused parameter 'previous_char' [-Wunused-parameter]
[INFO] [stderr] warning: hoedown@6.0.0:   357 | smartypants_cb__escape(hoedown_buffer *ob, struct smartypants_data *smrt, uint8_t previous_char, const uint8_t *text, size_t size)
[INFO] [stderr] warning: hoedown@6.0.0:       |                                                                           ~~~~~~~~^~~~~~~~~~~~~
[INFO] [stdout] warning: use of deprecated macro `try`: use the `?` operator instead
[INFO] [stdout]   --> src/extensions.rs:1:1
[INFO] [stdout]    |
[INFO] [stdout] 1  | / bitflags! {
[INFO] [stdout] 2  | |     /// Constants for the various Hoedown extensions
[INFO] [stdout] 3  | |     pub flags Extension: u32 {
[INFO] [stdout] 4  | |         // block-level
[INFO] [stdout] ...  |
[INFO] [stdout] 53 | |     }
[INFO] [stdout] 54 | | }
[INFO] [stdout]    | |_^
[INFO] [stdout]    |
[INFO] [stdout]    = note: `#[warn(deprecated)]` on by default
[INFO] [stdout]    = note: this warning originates in the macro `bitflags` (in Nightly builds, run with -Z macro-backtrace for more info)
[INFO] [stdout] 
[INFO] [stdout] 
[INFO] [stdout] warning: use of deprecated macro `try`: use the `?` operator instead
[INFO] [stdout]   --> src/extensions.rs:1:1
[INFO] [stdout]    |
[INFO] [stdout] 1  | / bitflags! {
[INFO] [stdout] 2  | |     /// Constants for the various Hoedown extensions
[INFO] [stdout] 3  | |     pub flags Extension: u32 {
[INFO] [stdout] 4  | |         // block-level
[INFO] [stdout] ...  |
[INFO] [stdout] 53 | |     }
[INFO] [stdout] 54 | | }
[INFO] [stdout]    | |_^
[INFO] [stdout]    |
[INFO] [stdout]    = note: this warning originates in the macro `bitflags` (in Nightly builds, run with -Z macro-backtrace for more info)
[INFO] [stdout] 
[INFO] [stdout] 
[INFO] [stdout] warning: elided lifetime has a name
[INFO] [stdout]    --> src/buffer.rs:100:43
[INFO] [stdout]     |
[INFO] [stdout] 100 |     pub fn to_str<'a>(&'a self) -> Result<&str, str::Utf8Error> {
[INFO] [stdout]     |                   --                      ^ this elided lifetime gets resolved as `'a`
[INFO] [stdout]     |                   |
[INFO] [stdout]     |                   lifetime `'a` declared here
[INFO] [stdout]     |
[INFO] [stdout]     = note: `#[warn(elided_named_lifetimes)]` on by default
[INFO] [stdout] 
[INFO] [stdout] 
[INFO] [stdout] warning: use of deprecated macro `try`: use the `?` operator instead
[INFO] [stdout]    --> src/renderer/mod.rs:564:5
[INFO] [stdout]     |
[INFO] [stdout] 564 | /     bitflags! {
[INFO] [stdout] 565 | |         /// Flags that describe a list or list item
[INFO] [stdout] 566 | |         #[repr(C)]
[INFO] [stdout] 567 | |         pub flags List: u32 {
[INFO] [stdout] ...   |
[INFO] [stdout] 575 | |         }
[INFO] [stdout] 576 | |     }
[INFO] [stdout]     | |_____^
[INFO] [stdout]     |
[INFO] [stdout]     = note: this warning originates in the macro `bitflags` (in Nightly builds, run with -Z macro-backtrace for more info)
[INFO] [stdout] 
[INFO] [stdout] 
[INFO] [stdout] warning: use of deprecated macro `try`: use the `?` operator instead
[INFO] [stdout]    --> src/renderer/mod.rs:564:5
[INFO] [stdout]     |
[INFO] [stdout] 564 | /     bitflags! {
[INFO] [stdout] 565 | |         /// Flags that describe a list or list item
[INFO] [stdout] 566 | |         #[repr(C)]
[INFO] [stdout] 567 | |         pub flags List: u32 {
[INFO] [stdout] ...   |
[INFO] [stdout] 575 | |         }
[INFO] [stdout] 576 | |     }
[INFO] [stdout]     | |_____^
[INFO] [stdout]     |
[INFO] [stdout]     = note: this warning originates in the macro `bitflags` (in Nightly builds, run with -Z macro-backtrace for more info)
[INFO] [stdout] 
[INFO] [stdout] 
[INFO] [stdout] warning: unused doc comment
[INFO] [stdout]   --> src/renderer/html.rs:32:1
[INFO] [stdout]    |
[INFO] [stdout] 32 | /// Flags to control the behavior of the html renderer
[INFO] [stdout]    | ^^^^^^^^^^^^^^^^^^^^^^^^^^^^^^^^^^^^^^^^^^^^^^^^^^^^^^ rustdoc does not generate documentation for macro invocations
[INFO] [stdout]    |
[INFO] [stdout]    = help: to document an item produced by a macro, the macro must produce the documentation as part of its expansion
[INFO] [stdout]    = note: `#[warn(unused_doc_comments)]` on by default
[INFO] [stdout] 
[INFO] [stdout] 
[INFO] [stdout] warning: use of deprecated macro `try`: use the `?` operator instead
[INFO] [stdout]   --> src/renderer/html.rs:33:1
[INFO] [stdout]    |
[INFO] [stdout] 33 | / bitflags! {
[INFO] [stdout] 34 | |     /// Information about a list item
[INFO] [stdout] 35 | |     pub flags Flags: u32 {
[INFO] [stdout] 36 | |         /// Ignore raw html
[INFO] [stdout] ...  |
[INFO] [stdout] 47 | |     }
[INFO] [stdout] 48 | | }
[INFO] [stdout]    | |_^
[INFO] [stdout]    |
[INFO] [stdout]    = note: this warning originates in the macro `bitflags` (in Nightly builds, run with -Z macro-backtrace for more info)
[INFO] [stdout] 
[INFO] [stdout] 
[INFO] [stdout] warning: use of deprecated macro `try`: use the `?` operator instead
[INFO] [stdout]   --> src/renderer/html.rs:33:1
[INFO] [stdout]    |
[INFO] [stdout] 33 | / bitflags! {
[INFO] [stdout] 34 | |     /// Information about a list item
[INFO] [stdout] 35 | |     pub flags Flags: u32 {
[INFO] [stdout] 36 | |         /// Ignore raw html
[INFO] [stdout] ...  |
[INFO] [stdout] 47 | |     }
[INFO] [stdout] 48 | | }
[INFO] [stdout]    | |_^
[INFO] [stdout]    |
[INFO] [stdout]    = note: this warning originates in the macro `bitflags` (in Nightly builds, run with -Z macro-backtrace for more info)
[INFO] [stdout] 
[INFO] [stdout] 
[INFO] [stderr]     Finished `dev` profile [unoptimized + debuginfo] target(s) in 1.30s
[INFO] [stderr] warning: the following packages contain code that will be rejected by a future version of Rust: bitflags v0.5.0
[INFO] [stderr] note: to see what the problems were, use the option `--future-incompat-report`, or run `cargo report future-incompatibilities --id 1`
[INFO] running `Command { std: "docker" "inspect" "fd1b3b6d7468706c211b2754b81510aa7da57b0d522c19d908734b27f4d4910f", kill_on_drop: false }`
[INFO] running `Command { std: "docker" "rm" "-f" "fd1b3b6d7468706c211b2754b81510aa7da57b0d522c19d908734b27f4d4910f", kill_on_drop: false }`
[INFO] [stdout] fd1b3b6d7468706c211b2754b81510aa7da57b0d522c19d908734b27f4d4910f
[INFO] running `Command { std: "docker" "create" "-v" "/var/lib/crater-agent-workspace/builds/worker-4-tc2/target:/opt/rustwide/target:rw,Z" "-v" "/var/lib/crater-agent-workspace/builds/worker-4-tc2/source:/opt/rustwide/workdir:ro,Z" "-v" "/var/lib/crater-agent-workspace/cargo-home:/opt/rustwide/cargo-home:ro,Z" "-v" "/var/lib/crater-agent-workspace/rustup-home:/opt/rustwide/rustup-home:ro,Z" "-e" "SOURCE_DIR=/opt/rustwide/workdir" "-e" "CARGO_TARGET_DIR=/opt/rustwide/target" "-e" "CARGO_INCREMENTAL=0" "-e" "RUST_BACKTRACE=full" "-e" "RUSTFLAGS=--cap-lints=forbid -Zrandomize-layout" "-e" "RUSTDOCFLAGS=--cap-lints=forbid" "-e" "CARGO_HOME=/opt/rustwide/cargo-home" "-e" "RUSTUP_HOME=/opt/rustwide/rustup-home" "-w" "/opt/rustwide/workdir" "-m" "1610612736" "--user" "0:0" "--network" "none" "ghcr.io/rust-lang/crates-build-env/linux@sha256:4a844ea9eb2546a2d2c7022eacef16ef2e8229c7fbb2c7d4d55a9ceca922f72d" "/opt/rustwide/cargo-home/bin/cargo" "+nightly-2024-10-28" "test" "--frozen" "--no-run" "--message-format=json", kill_on_drop: false }`
[INFO] [stdout] 966895f984a184c7a4a7f2a8328013483ab8289220a8815e02261f9cb8352a96
[INFO] running `Command { std: "docker" "start" "-a" "966895f984a184c7a4a7f2a8328013483ab8289220a8815e02261f9cb8352a96", kill_on_drop: false }`
[INFO] [stderr] warning: no edition set: defaulting to the 2015 edition while the latest is 2021
[INFO] [stderr]    Compiling powerfmt v0.2.0
[INFO] [stderr]    Compiling time v0.1.45
[INFO] [stderr]    Compiling atom v0.3.6
[INFO] [stderr]    Compiling num-conv v0.1.0
[INFO] [stderr]    Compiling time-core v0.1.2
[INFO] [stderr]    Compiling glob v0.2.11
[INFO] [stdout] warning: use of deprecated function `gcc::compile_library`: crate has been renamed to `cc`, the `gcc` name is not maintained
[INFO] [stdout]   --> build.rs:19:8
[INFO] [stdout]    |
[INFO] [stdout] 19 |   gcc::compile_library("libhoedown.a", LIBHOEDOWN_SRC);
[INFO] [stdout]    |        ^^^^^^^^^^^^^^^
[INFO] [stdout]    |
[INFO] [stdout]    = note: `#[warn(deprecated)]` on by default
[INFO] [stdout] 
[INFO] [stdout] 
[INFO] [stderr] warning: hoedown@6.0.0: libhoedown/src/autolink.c: In function 'autolink_delim':
[INFO] [stderr] warning: hoedown@6.0.0: libhoedown/src/autolink.c:37:55: warning: unused parameter 'max_rewind' [-Wunused-parameter]
[INFO] [stderr] warning: hoedown@6.0.0:    37 | autolink_delim(uint8_t *data, size_t link_end, size_t max_rewind, size_t size)
[INFO] [stderr] warning: hoedown@6.0.0:       |                                                ~~~~~~~^~~~~~~~~~
[INFO] [stderr] warning: hoedown@6.0.0: libhoedown/src/autolink.c:37:74: warning: unused parameter 'size' [-Wunused-parameter]
[INFO] [stderr] warning: hoedown@6.0.0:    37 | autolink_delim(uint8_t *data, size_t link_end, size_t max_rewind, size_t size)
[INFO] [stderr] warning: hoedown@6.0.0:       |                                                                   ~~~~~~~^~~~
[INFO] [stderr] warning: hoedown@6.0.0: libhoedown/src/autolink.c: In function 'hoedown_autolink__www':
[INFO] [stderr] warning: hoedown@6.0.0: libhoedown/src/autolink.c:153:22: warning: unused parameter 'flags' [-Wunused-parameter]
[INFO] [stderr] warning: hoedown@6.0.0:   153 |         unsigned int flags)
[INFO] [stderr] warning: hoedown@6.0.0:       |         ~~~~~~~~~~~~~^~~~~
[INFO] [stderr] warning: hoedown@6.0.0: libhoedown/src/autolink.c: In function 'hoedown_autolink__email':
[INFO] [stderr] warning: hoedown@6.0.0: libhoedown/src/autolink.c:189:22: warning: unused parameter 'flags' [-Wunused-parameter]
[INFO] [stderr] warning: hoedown@6.0.0:   189 |         unsigned int flags)
[INFO] [stderr] warning: hoedown@6.0.0:       |         ~~~~~~~~~~~~~^~~~~
[INFO] [stderr] warning: hoedown@6.0.0: libhoedown/src/document.c: In function 'create_footnote_ref':
[INFO] [stderr] warning: hoedown@6.0.0: libhoedown/src/document.c:244:43: warning: unused parameter 'list' [-Wunused-parameter]
[INFO] [stderr] warning: hoedown@6.0.0:   244 | create_footnote_ref(struct footnote_list *list, const uint8_t *name, size_t name_size)
[INFO] [stderr] warning: hoedown@6.0.0:       |                     ~~~~~~~~~~~~~~~~~~~~~~^~~~
[INFO] [stderr] warning: hoedown@6.0.0: libhoedown/src/document.c: In function 'char_linebreak':
[INFO] [stderr] warning: hoedown@6.0.0: libhoedown/src/document.c:800:96: warning: unused parameter 'size' [-Wunused-parameter]
[INFO] [stderr] warning: hoedown@6.0.0:   800 | char_linebreak(hoedown_buffer *ob, hoedown_document *doc, uint8_t *data, size_t offset, size_t size)
[INFO] [stderr] warning: hoedown@6.0.0:       |                                                                                         ~~~~~~~^~~~
[INFO] [stderr] warning: hoedown@6.0.0: libhoedown/src/document.c: In function 'char_codespan':
[INFO] [stderr] warning: hoedown@6.0.0: libhoedown/src/document.c:815:80: warning: unused parameter 'offset' [-Wunused-parameter]
[INFO] [stderr] warning: hoedown@6.0.0:   815 | char_codespan(hoedown_buffer *ob, hoedown_document *doc, uint8_t *data, size_t offset, size_t size)
[INFO] [stderr] warning: hoedown@6.0.0:       |                                                                         ~~~~~~~^~~~~~
[INFO] [stderr] warning: hoedown@6.0.0: libhoedown/src/document.c: In function 'char_quote':
[INFO] [stderr] warning: hoedown@6.0.0: libhoedown/src/document.c:860:77: warning: unused parameter 'offset' [-Wunused-parameter]
[INFO] [stderr] warning: hoedown@6.0.0:   860 | char_quote(hoedown_buffer *ob, hoedown_document *doc, uint8_t *data, size_t offset, size_t size)
[INFO] [stderr] warning: hoedown@6.0.0:       |                                                                      ~~~~~~~^~~~~~
[INFO] [stderr] warning: hoedown@6.0.0: libhoedown/src/document.c: In function 'char_entity':
[INFO] [stderr] warning: hoedown@6.0.0: libhoedown/src/document.c:940:78: warning: unused parameter 'offset' [-Wunused-parameter]
[INFO] [stderr] warning: hoedown@6.0.0:   940 | char_entity(hoedown_buffer *ob, hoedown_document *doc, uint8_t *data, size_t offset, size_t size)
[INFO] [stderr] warning: hoedown@6.0.0:       |                                                                       ~~~~~~~^~~~~~
[INFO] [stderr] warning: hoedown@6.0.0: libhoedown/src/document.c: In function 'char_langle_tag':
[INFO] [stderr] warning: hoedown@6.0.0: libhoedown/src/document.c:968:82: warning: unused parameter 'offset' [-Wunused-parameter]
[INFO] [stderr] warning: hoedown@6.0.0:   968 | char_langle_tag(hoedown_buffer *ob, hoedown_document *doc, uint8_t *data, size_t offset, size_t size)
[INFO] [stderr] warning: hoedown@6.0.0:       |                                                                           ~~~~~~~^~~~~~
[INFO] [stderr] warning: hoedown@6.0.0: libhoedown/src/document.c: In function 'char_link':
[INFO] [stderr] warning: hoedown@6.0.0: libhoedown/src/document.c:1149:33: warning: this 'else' clause does not guard... [-Wmisleading-indentation]
[INFO] [stderr] warning: hoedown@6.0.0:  1149 |                                 else nb_p--; i++;
[INFO] [stderr] warning: hoedown@6.0.0:       |                                 ^~~~
[INFO] [stderr] warning: hoedown@6.0.0: libhoedown/src/document.c:1149:46: note: ...this statement, but the latter is misleadingly indented as if it were guarded by the 'else'
[INFO] [stderr] warning: hoedown@6.0.0:  1149 |                                 else nb_p--; i++;
[INFO] [stderr] warning: hoedown@6.0.0:       |                                              ^
[INFO] [stderr] warning: hoedown@6.0.0: libhoedown/src/document.c: In function 'char_superscript':
[INFO] [stderr] warning: hoedown@6.0.0: libhoedown/src/document.c:1292:83: warning: unused parameter 'offset' [-Wunused-parameter]
[INFO] [stderr] warning: hoedown@6.0.0:  1292 | char_superscript(hoedown_buffer *ob, hoedown_document *doc, uint8_t *data, size_t offset, size_t size)
[INFO] [stderr] warning: hoedown@6.0.0:       |                                                                            ~~~~~~~^~~~~~
[INFO] [stderr] warning: hoedown@6.0.0: libhoedown/src/document.c: In function 'htmlblock_is_end':
[INFO] [stderr] warning: hoedown@6.0.0: libhoedown/src/document.c:2039:27: warning: unused parameter 'doc' [-Wunused-parameter]
[INFO] [stderr] warning: hoedown@6.0.0:  2039 |         hoedown_document *doc,
[INFO] [stderr] warning: hoedown@6.0.0:       |         ~~~~~~~~~~~~~~~~~~^~~
[INFO] [stderr] warning: hoedown@6.0.0: libhoedown/src/html.c: In function 'rndr_blockcode':
[INFO] [stderr] warning: hoedown@6.0.0: libhoedown/src/html.c:96:121: warning: unused parameter 'data' [-Wunused-parameter]
[INFO] [stderr] warning: hoedown@6.0.0:    96 | rndr_blockcode(hoedown_buffer *ob, const hoedown_buffer *text, const hoedown_buffer *lang, const hoedown_renderer_data *data)
[INFO] [stderr] warning: hoedown@6.0.0:       |                                                                                            ~~~~~~~~~~~~~~~~~~~~~~~~~~~~~^~~~
[INFO] [stderr] warning: hoedown@6.0.0: libhoedown/src/html.c: In function 'rndr_blockquote':
[INFO] [stderr] warning: hoedown@6.0.0: libhoedown/src/html.c:115:97: warning: unused parameter 'data' [-Wunused-parameter]
[INFO] [stderr] warning: hoedown@6.0.0:   115 | rndr_blockquote(hoedown_buffer *ob, const hoedown_buffer *content, const hoedown_renderer_data *data)
[INFO] [stderr] warning: hoedown@6.0.0:       |                                                                    ~~~~~~~~~~~~~~~~~~~~~~~~~~~~~^~~~
[INFO] [stderr] warning: hoedown@6.0.0: libhoedown/src/html.c: In function 'rndr_codespan':
[INFO] [stderr] warning: hoedown@6.0.0: libhoedown/src/html.c:124:92: warning: unused parameter 'data' [-Wunused-parameter]
[INFO] [stderr] warning: hoedown@6.0.0:   124 | rndr_codespan(hoedown_buffer *ob, const hoedown_buffer *text, const hoedown_renderer_data *data)
[INFO] [stderr] warning: hoedown@6.0.0:       |                                                               ~~~~~~~~~~~~~~~~~~~~~~~~~~~~~^~~~
[INFO] [stderr] warning: hoedown@6.0.0: libhoedown/src/html.c: In function 'rndr_strikethrough':
[INFO] [stderr] warning: hoedown@6.0.0: libhoedown/src/html.c:133:100: warning: unused parameter 'data' [-Wunused-parameter]
[INFO] [stderr] warning: hoedown@6.0.0:   133 | rndr_strikethrough(hoedown_buffer *ob, const hoedown_buffer *content, const hoedown_renderer_data *data)
[INFO] [stderr] warning: hoedown@6.0.0:       |                                                                       ~~~~~~~~~~~~~~~~~~~~~~~~~~~~~^~~~
[INFO] [stderr] warning: hoedown@6.0.0: libhoedown/src/html.c: In function 'rndr_double_emphasis':
[INFO] [stderr] warning: hoedown@6.0.0: libhoedown/src/html.c:145:102: warning: unused parameter 'data' [-Wunused-parameter]
[INFO] [stderr] warning: hoedown@6.0.0:   145 | rndr_double_emphasis(hoedown_buffer *ob, const hoedown_buffer *content, const hoedown_renderer_data *data)
[INFO] [stderr] warning: hoedown@6.0.0:       |                                                                         ~~~~~~~~~~~~~~~~~~~~~~~~~~~~~^~~~
[INFO] [stderr] warning: hoedown@6.0.0: libhoedown/src/html.c: In function 'rndr_emphasis':
[INFO] [stderr] warning: hoedown@6.0.0: libhoedown/src/html.c:158:95: warning: unused parameter 'data' [-Wunused-parameter]
[INFO] [stderr] warning: hoedown@6.0.0:   158 | rndr_emphasis(hoedown_buffer *ob, const hoedown_buffer *content, const hoedown_renderer_data *data)
[INFO] [stderr] warning: hoedown@6.0.0:       |                                                                  ~~~~~~~~~~~~~~~~~~~~~~~~~~~~~^~~~
[INFO] [stderr] warning: hoedown@6.0.0: libhoedown/src/html.c: In function 'rndr_underline':
[INFO] [stderr] warning: hoedown@6.0.0: libhoedown/src/html.c:168:96: warning: unused parameter 'data' [-Wunused-parameter]
[INFO] [stderr] warning: hoedown@6.0.0:   168 | rndr_underline(hoedown_buffer *ob, const hoedown_buffer *content, const hoedown_renderer_data *data)
[INFO] [stderr] warning: hoedown@6.0.0:       |                                                                   ~~~~~~~~~~~~~~~~~~~~~~~~~~~~~^~~~
[INFO] [stderr] warning: hoedown@6.0.0: libhoedown/src/html.c: In function 'rndr_highlight':
[INFO] [stderr] warning: hoedown@6.0.0: libhoedown/src/html.c:181:96: warning: unused parameter 'data' [-Wunused-parameter]
[INFO] [stderr] warning: hoedown@6.0.0:   181 | rndr_highlight(hoedown_buffer *ob, const hoedown_buffer *content, const hoedown_renderer_data *data)
[INFO] [stderr] warning: hoedown@6.0.0:       |                                                                   ~~~~~~~~~~~~~~~~~~~~~~~~~~~~~^~~~
[INFO] [stderr] warning: hoedown@6.0.0: libhoedown/src/html.c: In function 'rndr_quote':
[INFO] [stderr] warning: hoedown@6.0.0: libhoedown/src/html.c:194:92: warning: unused parameter 'data' [-Wunused-parameter]
[INFO] [stderr] warning: hoedown@6.0.0:   194 | rndr_quote(hoedown_buffer *ob, const hoedown_buffer *content, const hoedown_renderer_data *data)
[INFO] [stderr] warning: hoedown@6.0.0:       |                                                               ~~~~~~~~~~~~~~~~~~~~~~~~~~~~~^~~~
[INFO] [stderr] warning: hoedown@6.0.0: libhoedown/src/html.c: In function 'rndr_list':
[INFO] [stderr] warning: hoedown@6.0.0: libhoedown/src/html.c:260:117: warning: unused parameter 'data' [-Wunused-parameter]
[INFO] [stderr] warning: hoedown@6.0.0:   260 | rndr_list(hoedown_buffer *ob, const hoedown_buffer *content, hoedown_list_flags flags, const hoedown_renderer_data *data)
[INFO] [stderr] warning: hoedown@6.0.0:       |                                                                                        ~~~~~~~~~~~~~~~~~~~~~~~~~~~~~^~~~
[INFO] [stderr] warning: hoedown@6.0.0: libhoedown/src/html.c: In function 'rndr_listitem':
[INFO] [stderr] warning: hoedown@6.0.0: libhoedown/src/html.c:269:85: warning: unused parameter 'flags' [-Wunused-parameter]
[INFO] [stderr] warning: hoedown@6.0.0:   269 | rndr_listitem(hoedown_buffer *ob, const hoedown_buffer *content, hoedown_list_flags flags, const hoedown_renderer_data *data)
[INFO] [stderr] warning: hoedown@6.0.0:       |                                                                  ~~~~~~~~~~~~~~~~~~~^~~~~
[INFO] [stderr] warning: hoedown@6.0.0: libhoedown/src/html.c:269:121: warning: unused parameter 'data' [-Wunused-parameter]
[INFO] [stderr] warning: hoedown@6.0.0:   269 | rndr_listitem(hoedown_buffer *ob, const hoedown_buffer *content, hoedown_list_flags flags, const hoedown_renderer_data *data)
[INFO] [stderr] warning: hoedown@6.0.0:       |                                                                                            ~~~~~~~~~~~~~~~~~~~~~~~~~~~~~^~~~
[INFO] [stderr] warning: hoedown@6.0.0: libhoedown/src/html.c: In function 'rndr_raw_block':
[INFO] [stderr] warning: hoedown@6.0.0: libhoedown/src/html.c:326:93: warning: unused parameter 'data' [-Wunused-parameter]
[INFO] [stderr] warning: hoedown@6.0.0:   326 | rndr_raw_block(hoedown_buffer *ob, const hoedown_buffer *text, const hoedown_renderer_data *data)
[INFO] [stderr] warning: hoedown@6.0.0:       |                                                                ~~~~~~~~~~~~~~~~~~~~~~~~~~~~~^~~~
[INFO] [stderr] warning: hoedown@6.0.0: libhoedown/src/html.c: In function 'rndr_triple_emphasis':
[INFO] [stderr] warning: hoedown@6.0.0: libhoedown/src/html.c:353:102: warning: unused parameter 'data' [-Wunused-parameter]
[INFO] [stderr] warning: hoedown@6.0.0:   353 | rndr_triple_emphasis(hoedown_buffer *ob, const hoedown_buffer *content, const hoedown_renderer_data *data)
[INFO] [stderr] warning: hoedown@6.0.0:       |                                                                         ~~~~~~~~~~~~~~~~~~~~~~~~~~~~~^~~~
[INFO] [stderr] warning: hoedown@6.0.0: libhoedown/src/html.c: In function 'rndr_table':
[INFO] [stderr] warning: hoedown@6.0.0: libhoedown/src/html.c:411:92: warning: unused parameter 'data' [-Wunused-parameter]
[INFO] [stderr] warning: hoedown@6.0.0:   411 | rndr_table(hoedown_buffer *ob, const hoedown_buffer *content, const hoedown_renderer_data *data)
[INFO] [stderr] warning: hoedown@6.0.0:       |                                                               ~~~~~~~~~~~~~~~~~~~~~~~~~~~~~^~~~
[INFO] [stderr] warning: hoedown@6.0.0: libhoedown/src/html.c: In function 'rndr_table_header':
[INFO] [stderr] warning: hoedown@6.0.0: libhoedown/src/html.c:420:99: warning: unused parameter 'data' [-Wunused-parameter]
[INFO] [stderr] warning: hoedown@6.0.0:   420 | rndr_table_header(hoedown_buffer *ob, const hoedown_buffer *content, const hoedown_renderer_data *data)
[INFO] [stderr] warning: hoedown@6.0.0:       |                                                                      ~~~~~~~~~~~~~~~~~~~~~~~~~~~~~^~~~
[INFO] [stderr] warning: hoedown@6.0.0: libhoedown/src/html.c: In function 'rndr_table_body':
[INFO] [stderr] warning: hoedown@6.0.0: libhoedown/src/html.c:429:97: warning: unused parameter 'data' [-Wunused-parameter]
[INFO] [stderr] warning: hoedown@6.0.0:   429 | rndr_table_body(hoedown_buffer *ob, const hoedown_buffer *content, const hoedown_renderer_data *data)
[INFO] [stderr] warning: hoedown@6.0.0:       |                                                                    ~~~~~~~~~~~~~~~~~~~~~~~~~~~~~^~~~
[INFO] [stderr] warning: hoedown@6.0.0: libhoedown/src/html.c: In function 'rndr_tablerow':
[INFO] [stderr] warning: hoedown@6.0.0: libhoedown/src/html.c:438:95: warning: unused parameter 'data' [-Wunused-parameter]
[INFO] [stderr] warning: hoedown@6.0.0:   438 | rndr_tablerow(hoedown_buffer *ob, const hoedown_buffer *content, const hoedown_renderer_data *data)
[INFO] [stderr] warning: hoedown@6.0.0:       |                                                                  ~~~~~~~~~~~~~~~~~~~~~~~~~~~~~^~~~
[INFO] [stderr] warning: hoedown@6.0.0: libhoedown/src/html.c: In function 'rndr_tablecell':
[INFO] [stderr] warning: hoedown@6.0.0: libhoedown/src/html.c:446:123: warning: unused parameter 'data' [-Wunused-parameter]
[INFO] [stderr] warning: hoedown@6.0.0:   446 | rndr_tablecell(hoedown_buffer *ob, const hoedown_buffer *content, hoedown_table_flags flags, const hoedown_renderer_data *data)
[INFO] [stderr] warning: hoedown@6.0.0:       |                                                                                              ~~~~~~~~~~~~~~~~~~~~~~~~~~~~~^~~~
[INFO] [stderr] warning: hoedown@6.0.0: libhoedown/src/html.c: In function 'rndr_superscript':
[INFO] [stderr] warning: hoedown@6.0.0: libhoedown/src/html.c:482:98: warning: unused parameter 'data' [-Wunused-parameter]
[INFO] [stderr] warning: hoedown@6.0.0:   482 | rndr_superscript(hoedown_buffer *ob, const hoedown_buffer *content, const hoedown_renderer_data *data)
[INFO] [stderr] warning: hoedown@6.0.0:       |                                                                     ~~~~~~~~~~~~~~~~~~~~~~~~~~~~~^~~~
[INFO] [stderr] warning: hoedown@6.0.0: libhoedown/src/html.c: In function 'rndr_normal_text':
[INFO] [stderr] warning: hoedown@6.0.0: libhoedown/src/html.c:492:98: warning: unused parameter 'data' [-Wunused-parameter]
[INFO] [stderr] warning: hoedown@6.0.0:   492 | rndr_normal_text(hoedown_buffer *ob, const hoedown_buffer *content, const hoedown_renderer_data *data)
[INFO] [stderr] warning: hoedown@6.0.0:       |                                                                     ~~~~~~~~~~~~~~~~~~~~~~~~~~~~~^~~~
[INFO] [stderr] warning: hoedown@6.0.0: libhoedown/src/html.c: In function 'rndr_footnote_def':
[INFO] [stderr] warning: hoedown@6.0.0: libhoedown/src/html.c:514:117: warning: unused parameter 'data' [-Wunused-parameter]
[INFO] [stderr] warning: hoedown@6.0.0:   514 | rndr_footnote_def(hoedown_buffer *ob, const hoedown_buffer *content, unsigned int num, const hoedown_renderer_data *data)
[INFO] [stderr] warning: hoedown@6.0.0:       |                                                                                        ~~~~~~~~~~~~~~~~~~~~~~~~~~~~~^~~~
[INFO] [stderr] warning: hoedown@6.0.0: libhoedown/src/html.c: In function 'rndr_footnote_ref':
[INFO] [stderr] warning: hoedown@6.0.0: libhoedown/src/html.c:544:86: warning: unused parameter 'data' [-Wunused-parameter]
[INFO] [stderr] warning: hoedown@6.0.0:   544 | rndr_footnote_ref(hoedown_buffer *ob, unsigned int num, const hoedown_renderer_data *data)
[INFO] [stderr] warning: hoedown@6.0.0:       |                                                         ~~~~~~~~~~~~~~~~~~~~~~~~~~~~~^~~~
[INFO] [stderr] warning: hoedown@6.0.0: libhoedown/src/html.c: In function 'rndr_math':
[INFO] [stderr] warning: hoedown@6.0.0: libhoedown/src/html.c:551:105: warning: unused parameter 'data' [-Wunused-parameter]
[INFO] [stderr] warning: hoedown@6.0.0:   551 | rndr_math(hoedown_buffer *ob, const hoedown_buffer *text, int displaymode, const hoedown_renderer_data *data)
[INFO] [stderr] warning: hoedown@6.0.0:       |                                                                            ~~~~~~~~~~~~~~~~~~~~~~~~~~~~~^~~~
[INFO] [stderr] warning: hoedown@6.0.0: libhoedown/src/html.c: In function 'toc_link':
[INFO] [stderr] warning: hoedown@6.0.0: libhoedown/src/html.c:595:83: warning: unused parameter 'link' [-Wunused-parameter]
[INFO] [stderr] warning: hoedown@6.0.0:   595 | toc_link(hoedown_buffer *ob, const hoedown_buffer *content, const hoedown_buffer *link, const hoedown_buffer *title, const hoedown_renderer_data *data)
[INFO] [stderr] warning: hoedown@6.0.0:       |                                                             ~~~~~~~~~~~~~~~~~~~~~~^~~~
[INFO] [stderr] warning: hoedown@6.0.0: libhoedown/src/html.c:595:111: warning: unused parameter 'title' [-Wunused-parameter]
[INFO] [stderr] warning: hoedown@6.0.0:   595 | toc_link(hoedown_buffer *ob, const hoedown_buffer *content, const hoedown_buffer *link, const hoedown_buffer *title, const hoedown_renderer_data *data)
[INFO] [stderr] warning: hoedown@6.0.0:       |                                                                                         ~~~~~~~~~~~~~~~~~~~~~~^~~~~
[INFO] [stderr] warning: hoedown@6.0.0: libhoedown/src/html.c:595:147: warning: unused parameter 'data' [-Wunused-parameter]
[INFO] [stderr] warning: hoedown@6.0.0:   595 | toc_link(hoedown_buffer *ob, const hoedown_buffer *content, const hoedown_buffer *link, const hoedown_buffer *title, const hoedown_renderer_data *data)
[INFO] [stderr] warning: hoedown@6.0.0:       |                                                                                                                      ~~~~~~~~~~~~~~~~~~~~~~~~~~~~~^~~~
[INFO] [stderr] warning: hoedown@6.0.0: libhoedown/src/html_smartypants.c: In function 'smartypants_cb__parens':
[INFO] [stderr] warning: hoedown@6.0.0: libhoedown/src/html_smartypants.c:166:69: warning: unused parameter 'smrt' [-Wunused-parameter]
[INFO] [stderr] warning: hoedown@6.0.0:   166 | smartypants_cb__parens(hoedown_buffer *ob, struct smartypants_data *smrt, uint8_t previous_char, const uint8_t *text, size_t size)
[INFO] [stderr] warning: hoedown@6.0.0:       |                                            ~~~~~~~~~~~~~~~~~~~~~~~~~^~~~
[INFO] [stderr] warning: hoedown@6.0.0: libhoedown/src/html_smartypants.c:166:83: warning: unused parameter 'previous_char' [-Wunused-parameter]
[INFO] [stderr] warning: hoedown@6.0.0:   166 | smartypants_cb__parens(hoedown_buffer *ob, struct smartypants_data *smrt, uint8_t previous_char, const uint8_t *text, size_t size)
[INFO] [stderr] warning: hoedown@6.0.0:       |                                                                           ~~~~~~~~^~~~~~~~~~~~~
[INFO] [stderr] warning: hoedown@6.0.0: libhoedown/src/html_smartypants.c: In function 'smartypants_cb__dash':
[INFO] [stderr] warning: hoedown@6.0.0: libhoedown/src/html_smartypants.c:194:67: warning: unused parameter 'smrt' [-Wunused-parameter]
[INFO] [stderr] warning: hoedown@6.0.0:   194 | smartypants_cb__dash(hoedown_buffer *ob, struct smartypants_data *smrt, uint8_t previous_char, const uint8_t *text, size_t size)
[INFO] [stderr] warning: hoedown@6.0.0:       |                                          ~~~~~~~~~~~~~~~~~~~~~~~~~^~~~
[INFO] [stderr] warning: hoedown@6.0.0: libhoedown/src/html_smartypants.c:194:81: warning: unused parameter 'previous_char' [-Wunused-parameter]
[INFO] [stderr] warning: hoedown@6.0.0:   194 | smartypants_cb__dash(hoedown_buffer *ob, struct smartypants_data *smrt, uint8_t previous_char, const uint8_t *text, size_t size)
[INFO] [stderr] warning: hoedown@6.0.0:       |                                                                         ~~~~~~~~^~~~~~~~~~~~~
[INFO] [stderr] warning: hoedown@6.0.0: libhoedown/src/html_smartypants.c: In function 'smartypants_cb__period':
[INFO] [stderr] warning: hoedown@6.0.0: libhoedown/src/html_smartypants.c:234:69: warning: unused parameter 'smrt' [-Wunused-parameter]
[INFO] [stderr] warning: hoedown@6.0.0:   234 | smartypants_cb__period(hoedown_buffer *ob, struct smartypants_data *smrt, uint8_t previous_char, const uint8_t *text, size_t size)
[INFO] [stderr] warning: hoedown@6.0.0:       |                                            ~~~~~~~~~~~~~~~~~~~~~~~~~^~~~
[INFO] [stderr] warning: hoedown@6.0.0: libhoedown/src/html_smartypants.c:234:83: warning: unused parameter 'previous_char' [-Wunused-parameter]
[INFO] [stderr] warning: hoedown@6.0.0:   234 | smartypants_cb__period(hoedown_buffer *ob, struct smartypants_data *smrt, uint8_t previous_char, const uint8_t *text, size_t size)
[INFO] [stderr] warning: hoedown@6.0.0:       |                                                                           ~~~~~~~~^~~~~~~~~~~~~
[INFO] [stderr] warning: hoedown@6.0.0: libhoedown/src/html_smartypants.c: In function 'smartypants_cb__number':
[INFO] [stderr] warning: hoedown@6.0.0: libhoedown/src/html_smartypants.c:265:69: warning: unused parameter 'smrt' [-Wunused-parameter]
[INFO] [stderr] warning: hoedown@6.0.0:   265 | smartypants_cb__number(hoedown_buffer *ob, struct smartypants_data *smrt, uint8_t previous_char, const uint8_t *text, size_t size)
[INFO] [stderr] warning: hoedown@6.0.0:       |                                            ~~~~~~~~~~~~~~~~~~~~~~~~~^~~~
[INFO] [stderr] warning: hoedown@6.0.0: libhoedown/src/html_smartypants.c: In function 'smartypants_cb__ltag':
[INFO] [stderr] warning: hoedown@6.0.0: libhoedown/src/html_smartypants.c:307:67: warning: unused parameter 'smrt' [-Wunused-parameter]
[INFO] [stderr] warning: hoedown@6.0.0:   307 | smartypants_cb__ltag(hoedown_buffer *ob, struct smartypants_data *smrt, uint8_t previous_char, const uint8_t *text, size_t size)
[INFO] [stderr] warning: hoedown@6.0.0:       |                                          ~~~~~~~~~~~~~~~~~~~~~~~~~^~~~
[INFO] [stderr] warning: hoedown@6.0.0: libhoedown/src/html_smartypants.c:307:81: warning: unused parameter 'previous_char' [-Wunused-parameter]
[INFO] [stderr] warning: hoedown@6.0.0:   307 | smartypants_cb__ltag(hoedown_buffer *ob, struct smartypants_data *smrt, uint8_t previous_char, const uint8_t *text, size_t size)
[INFO] [stderr] warning: hoedown@6.0.0:       |                                                                         ~~~~~~~~^~~~~~~~~~~~~
[INFO] [stderr] warning: hoedown@6.0.0: libhoedown/src/html_smartypants.c: In function 'smartypants_cb__escape':
[INFO] [stderr] warning: hoedown@6.0.0: libhoedown/src/html_smartypants.c:357:69: warning: unused parameter 'smrt' [-Wunused-parameter]
[INFO] [stderr] warning: hoedown@6.0.0:   357 | smartypants_cb__escape(hoedown_buffer *ob, struct smartypants_data *smrt, uint8_t previous_char, const uint8_t *text, size_t size)
[INFO] [stderr] warning: hoedown@6.0.0:       |                                            ~~~~~~~~~~~~~~~~~~~~~~~~~^~~~
[INFO] [stderr] warning: hoedown@6.0.0: libhoedown/src/html_smartypants.c:357:83: warning: unused parameter 'previous_char' [-Wunused-parameter]
[INFO] [stderr] warning: hoedown@6.0.0:   357 | smartypants_cb__escape(hoedown_buffer *ob, struct smartypants_data *smrt, uint8_t previous_char, const uint8_t *text, size_t size)
[INFO] [stderr] warning: hoedown@6.0.0:       |                                                                           ~~~~~~~~^~~~~~~~~~~~~
[INFO] [stdout] warning: use of deprecated macro `try`: use the `?` operator instead
[INFO] [stdout]   --> src/extensions.rs:1:1
[INFO] [stdout]    |
[INFO] [stdout] 1  | / bitflags! {
[INFO] [stdout] 2  | |     /// Constants for the various Hoedown extensions
[INFO] [stdout] 3  | |     pub flags Extension: u32 {
[INFO] [stdout] 4  | |         // block-level
[INFO] [stdout] ...  |
[INFO] [stdout] 53 | |     }
[INFO] [stdout] 54 | | }
[INFO] [stdout]    | |_^
[INFO] [stdout]    |
[INFO] [stdout]    = note: `#[warn(deprecated)]` on by default
[INFO] [stdout]    = note: this warning originates in the macro `bitflags` (in Nightly builds, run with -Z macro-backtrace for more info)
[INFO] [stdout] 
[INFO] [stdout] 
[INFO] [stdout] warning: use of deprecated macro `try`: use the `?` operator instead
[INFO] [stdout]   --> src/extensions.rs:1:1
[INFO] [stdout]    |
[INFO] [stdout] 1  | / bitflags! {
[INFO] [stdout] 2  | |     /// Constants for the various Hoedown extensions
[INFO] [stdout] 3  | |     pub flags Extension: u32 {
[INFO] [stdout] 4  | |         // block-level
[INFO] [stdout] ...  |
[INFO] [stdout] 53 | |     }
[INFO] [stdout] 54 | | }
[INFO] [stdout]    | |_^
[INFO] [stdout]    |
[INFO] [stdout]    = note: this warning originates in the macro `bitflags` (in Nightly builds, run with -Z macro-backtrace for more info)
[INFO] [stdout] 
[INFO] [stdout] 
[INFO] [stdout] warning: elided lifetime has a name
[INFO] [stdout]    --> src/buffer.rs:100:43
[INFO] [stdout]     |
[INFO] [stdout] 100 |     pub fn to_str<'a>(&'a self) -> Result<&str, str::Utf8Error> {
[INFO] [stdout]     |                   --                      ^ this elided lifetime gets resolved as `'a`
[INFO] [stdout]     |                   |
[INFO] [stdout]     |                   lifetime `'a` declared here
[INFO] [stdout]     |
[INFO] [stdout]     = note: `#[warn(elided_named_lifetimes)]` on by default
[INFO] [stdout] 
[INFO] [stdout] 
[INFO] [stdout] warning: use of deprecated macro `try`: use the `?` operator instead
[INFO] [stdout]    --> src/renderer/mod.rs:564:5
[INFO] [stdout]     |
[INFO] [stdout] 564 | /     bitflags! {
[INFO] [stdout] 565 | |         /// Flags that describe a list or list item
[INFO] [stdout] 566 | |         #[repr(C)]
[INFO] [stdout] 567 | |         pub flags List: u32 {
[INFO] [stdout] ...   |
[INFO] [stdout] 575 | |         }
[INFO] [stdout] 576 | |     }
[INFO] [stdout]     | |_____^
[INFO] [stdout]     |
[INFO] [stdout]     = note: this warning originates in the macro `bitflags` (in Nightly builds, run with -Z macro-backtrace for more info)
[INFO] [stdout] 
[INFO] [stdout] 
[INFO] [stdout] warning: use of deprecated macro `try`: use the `?` operator instead
[INFO] [stdout]    --> src/renderer/mod.rs:564:5
[INFO] [stdout]     |
[INFO] [stdout] 564 | /     bitflags! {
[INFO] [stdout] 565 | |         /// Flags that describe a list or list item
[INFO] [stdout] 566 | |         #[repr(C)]
[INFO] [stdout] 567 | |         pub flags List: u32 {
[INFO] [stdout] ...   |
[INFO] [stdout] 575 | |         }
[INFO] [stdout] 576 | |     }
[INFO] [stdout]     | |_____^
[INFO] [stdout]     |
[INFO] [stdout]     = note: this warning originates in the macro `bitflags` (in Nightly builds, run with -Z macro-backtrace for more info)
[INFO] [stdout] 
[INFO] [stdout] 
[INFO] [stdout] warning: unused doc comment
[INFO] [stdout]   --> src/renderer/html.rs:32:1
[INFO] [stdout]    |
[INFO] [stdout] 32 | /// Flags to control the behavior of the html renderer
[INFO] [stdout]    | ^^^^^^^^^^^^^^^^^^^^^^^^^^^^^^^^^^^^^^^^^^^^^^^^^^^^^^ rustdoc does not generate documentation for macro invocations
[INFO] [stdout]    |
[INFO] [stdout]    = help: to document an item produced by a macro, the macro must produce the documentation as part of its expansion
[INFO] [stdout]    = note: `#[warn(unused_doc_comments)]` on by default
[INFO] [stdout] 
[INFO] [stdout] 
[INFO] [stdout] warning: use of deprecated macro `try`: use the `?` operator instead
[INFO] [stdout]   --> src/renderer/html.rs:33:1
[INFO] [stdout]    |
[INFO] [stdout] 33 | / bitflags! {
[INFO] [stdout] 34 | |     /// Information about a list item
[INFO] [stdout] 35 | |     pub flags Flags: u32 {
[INFO] [stdout] 36 | |         /// Ignore raw html
[INFO] [stdout] ...  |
[INFO] [stdout] 47 | |     }
[INFO] [stdout] 48 | | }
[INFO] [stdout]    | |_^
[INFO] [stdout]    |
[INFO] [stdout]    = note: this warning originates in the macro `bitflags` (in Nightly builds, run with -Z macro-backtrace for more info)
[INFO] [stdout] 
[INFO] [stdout] 
[INFO] [stdout] warning: use of deprecated macro `try`: use the `?` operator instead
[INFO] [stdout]   --> src/renderer/html.rs:33:1
[INFO] [stdout]    |
[INFO] [stdout] 33 | / bitflags! {
[INFO] [stdout] 34 | |     /// Information about a list item
[INFO] [stdout] 35 | |     pub flags Flags: u32 {
[INFO] [stdout] 36 | |         /// Ignore raw html
[INFO] [stdout] ...  |
[INFO] [stdout] 47 | |     }
[INFO] [stdout] 48 | | }
[INFO] [stdout]    | |_^
[INFO] [stdout]    |
[INFO] [stdout]    = note: this warning originates in the macro `bitflags` (in Nightly builds, run with -Z macro-backtrace for more info)
[INFO] [stdout] 
[INFO] [stdout] 
[INFO] [stderr]    Compiling deranged v0.3.11
[INFO] [stderr]    Compiling pulse v0.5.3
[INFO] [stderr]    Compiling time v0.3.36
[INFO] [stderr]    Compiling timebomb v0.1.2
[INFO] [stderr]    Compiling hoedown v6.0.0 (/opt/rustwide/workdir)
[INFO] [stdout] warning: use of deprecated macro `try`: use the `?` operator instead
[INFO] [stdout]   --> src/extensions.rs:1:1
[INFO] [stdout]    |
[INFO] [stdout] 1  | / bitflags! {
[INFO] [stdout] 2  | |     /// Constants for the various Hoedown extensions
[INFO] [stdout] 3  | |     pub flags Extension: u32 {
[INFO] [stdout] 4  | |         // block-level
[INFO] [stdout] ...  |
[INFO] [stdout] 53 | |     }
[INFO] [stdout] 54 | | }
[INFO] [stdout]    | |_^
[INFO] [stdout]    |
[INFO] [stdout]    = note: `#[warn(deprecated)]` on by default
[INFO] [stdout]    = note: this warning originates in the macro `bitflags` (in Nightly builds, run with -Z macro-backtrace for more info)
[INFO] [stdout] 
[INFO] [stdout] 
[INFO] [stdout] warning: use of deprecated macro `try`: use the `?` operator instead
[INFO] [stdout]   --> src/extensions.rs:1:1
[INFO] [stdout]    |
[INFO] [stdout] 1  | / bitflags! {
[INFO] [stdout] 2  | |     /// Constants for the various Hoedown extensions
[INFO] [stdout] 3  | |     pub flags Extension: u32 {
[INFO] [stdout] 4  | |         // block-level
[INFO] [stdout] ...  |
[INFO] [stdout] 53 | |     }
[INFO] [stdout] 54 | | }
[INFO] [stdout]    | |_^
[INFO] [stdout]    |
[INFO] [stdout]    = note: this warning originates in the macro `bitflags` (in Nightly builds, run with -Z macro-backtrace for more info)
[INFO] [stdout] 
[INFO] [stdout] 
[INFO] [stdout] warning: elided lifetime has a name
[INFO] [stdout]    --> src/buffer.rs:100:43
[INFO] [stdout]     |
[INFO] [stdout] 100 |     pub fn to_str<'a>(&'a self) -> Result<&str, str::Utf8Error> {
[INFO] [stdout]     |                   --                      ^ this elided lifetime gets resolved as `'a`
[INFO] [stdout]     |                   |
[INFO] [stdout]     |                   lifetime `'a` declared here
[INFO] [stdout]     |
[INFO] [stdout]     = note: `#[warn(elided_named_lifetimes)]` on by default
[INFO] [stdout] 
[INFO] [stdout] 
[INFO] [stdout] warning: use of deprecated macro `try`: use the `?` operator instead
[INFO] [stdout]    --> src/renderer/mod.rs:564:5
[INFO] [stdout]     |
[INFO] [stdout] 564 | /     bitflags! {
[INFO] [stdout] 565 | |         /// Flags that describe a list or list item
[INFO] [stdout] 566 | |         #[repr(C)]
[INFO] [stdout] 567 | |         pub flags List: u32 {
[INFO] [stdout] ...   |
[INFO] [stdout] 575 | |         }
[INFO] [stdout] 576 | |     }
[INFO] [stdout]     | |_____^
[INFO] [stdout]     |
[INFO] [stdout]     = note: this warning originates in the macro `bitflags` (in Nightly builds, run with -Z macro-backtrace for more info)
[INFO] [stdout] 
[INFO] [stdout] 
[INFO] [stdout] warning: use of deprecated macro `try`: use the `?` operator instead
[INFO] [stdout]    --> src/renderer/mod.rs:564:5
[INFO] [stdout]     |
[INFO] [stdout] 564 | /     bitflags! {
[INFO] [stdout] 565 | |         /// Flags that describe a list or list item
[INFO] [stdout] 566 | |         #[repr(C)]
[INFO] [stdout] 567 | |         pub flags List: u32 {
[INFO] [stdout] ...   |
[INFO] [stdout] 575 | |         }
[INFO] [stdout] 576 | |     }
[INFO] [stdout]     | |_____^
[INFO] [stdout]     |
[INFO] [stdout]     = note: this warning originates in the macro `bitflags` (in Nightly builds, run with -Z macro-backtrace for more info)
[INFO] [stdout] 
[INFO] [stdout] 
[INFO] [stdout] warning: unused doc comment
[INFO] [stdout]   --> src/renderer/html.rs:32:1
[INFO] [stdout]    |
[INFO] [stdout] 32 | /// Flags to control the behavior of the html renderer
[INFO] [stdout]    | ^^^^^^^^^^^^^^^^^^^^^^^^^^^^^^^^^^^^^^^^^^^^^^^^^^^^^^ rustdoc does not generate documentation for macro invocations
[INFO] [stdout]    |
[INFO] [stdout]    = help: to document an item produced by a macro, the macro must produce the documentation as part of its expansion
[INFO] [stdout]    = note: `#[warn(unused_doc_comments)]` on by default
[INFO] [stdout] 
[INFO] [stdout] 
[INFO] [stdout] warning: use of deprecated macro `try`: use the `?` operator instead
[INFO] [stdout]   --> src/renderer/html.rs:33:1
[INFO] [stdout]    |
[INFO] [stdout] 33 | / bitflags! {
[INFO] [stdout] 34 | |     /// Information about a list item
[INFO] [stdout] 35 | |     pub flags Flags: u32 {
[INFO] [stdout] 36 | |         /// Ignore raw html
[INFO] [stdout] ...  |
[INFO] [stdout] 47 | |     }
[INFO] [stdout] 48 | | }
[INFO] [stdout]    | |_^
[INFO] [stdout]    |
[INFO] [stdout]    = note: this warning originates in the macro `bitflags` (in Nightly builds, run with -Z macro-backtrace for more info)
[INFO] [stdout] 
[INFO] [stdout] 
[INFO] [stdout] warning: use of deprecated macro `try`: use the `?` operator instead
[INFO] [stdout]   --> src/renderer/html.rs:33:1
[INFO] [stdout]    |
[INFO] [stdout] 33 | / bitflags! {
[INFO] [stdout] 34 | |     /// Information about a list item
[INFO] [stdout] 35 | |     pub flags Flags: u32 {
[INFO] [stdout] 36 | |         /// Ignore raw html
[INFO] [stdout] ...  |
[INFO] [stdout] 47 | |     }
[INFO] [stdout] 48 | | }
[INFO] [stdout]    | |_^
[INFO] [stdout]    |
[INFO] [stdout]    = note: this warning originates in the macro `bitflags` (in Nightly builds, run with -Z macro-backtrace for more info)
[INFO] [stdout] 
[INFO] [stdout] 
[INFO] [stderr]     Finished `test` profile [unoptimized + debuginfo] target(s) in 2.62s
[INFO] [stderr] warning: the following packages contain code that will be rejected by a future version of Rust: bitflags v0.5.0
[INFO] [stderr] note: to see what the problems were, use the option `--future-incompat-report`, or run `cargo report future-incompatibilities --id 1`
[INFO] running `Command { std: "docker" "inspect" "966895f984a184c7a4a7f2a8328013483ab8289220a8815e02261f9cb8352a96", kill_on_drop: false }`
[INFO] running `Command { std: "docker" "rm" "-f" "966895f984a184c7a4a7f2a8328013483ab8289220a8815e02261f9cb8352a96", kill_on_drop: false }`
[INFO] [stdout] 966895f984a184c7a4a7f2a8328013483ab8289220a8815e02261f9cb8352a96
[INFO] running `Command { std: "docker" "create" "-v" "/var/lib/crater-agent-workspace/builds/worker-4-tc2/target:/opt/rustwide/target:rw,Z" "-v" "/var/lib/crater-agent-workspace/builds/worker-4-tc2/source:/opt/rustwide/workdir:ro,Z" "-v" "/var/lib/crater-agent-workspace/cargo-home:/opt/rustwide/cargo-home:ro,Z" "-v" "/var/lib/crater-agent-workspace/rustup-home:/opt/rustwide/rustup-home:ro,Z" "-e" "SOURCE_DIR=/opt/rustwide/workdir" "-e" "CARGO_TARGET_DIR=/opt/rustwide/target" "-e" "CARGO_INCREMENTAL=0" "-e" "RUST_BACKTRACE=full" "-e" "RUSTFLAGS=--cap-lints=forbid -Zrandomize-layout" "-e" "RUSTDOCFLAGS=--cap-lints=forbid" "-e" "CARGO_HOME=/opt/rustwide/cargo-home" "-e" "RUSTUP_HOME=/opt/rustwide/rustup-home" "-w" "/opt/rustwide/workdir" "-m" "1610612736" "--user" "0:0" "--network" "none" "ghcr.io/rust-lang/crates-build-env/linux@sha256:4a844ea9eb2546a2d2c7022eacef16ef2e8229c7fbb2c7d4d55a9ceca922f72d" "/opt/rustwide/cargo-home/bin/cargo" "+nightly-2024-10-28" "test" "--frozen", kill_on_drop: false }`
[INFO] [stdout] 292ae45e65720e40a81fdf22efa57fbd119b147f7972ec661ca0057dad3a9087
[INFO] running `Command { std: "docker" "start" "-a" "292ae45e65720e40a81fdf22efa57fbd119b147f7972ec661ca0057dad3a9087", kill_on_drop: false }`
[INFO] [stderr] warning: no edition set: defaulting to the 2015 edition while the latest is 2021
[INFO] [stderr] warning: use of deprecated function `gcc::compile_library`: crate has been renamed to `cc`, the `gcc` name is not maintained
[INFO] [stderr]   --> build.rs:19:8
[INFO] [stderr]    |
[INFO] [stderr] 19 |   gcc::compile_library("libhoedown.a", LIBHOEDOWN_SRC);
[INFO] [stderr]    |        ^^^^^^^^^^^^^^^
[INFO] [stderr]    |
[INFO] [stderr]    = note: `#[warn(deprecated)]` on by default
[INFO] [stderr] 
[INFO] [stderr] warning: `hoedown` (build script) generated 1 warning
[INFO] [stderr] warning: hoedown@6.0.0: libhoedown/src/autolink.c: In function 'autolink_delim':
[INFO] [stderr] warning: hoedown@6.0.0: libhoedown/src/autolink.c:37:55: warning: unused parameter 'max_rewind' [-Wunused-parameter]
[INFO] [stderr] warning: hoedown@6.0.0:    37 | autolink_delim(uint8_t *data, size_t link_end, size_t max_rewind, size_t size)
[INFO] [stderr] warning: hoedown@6.0.0:       |                                                ~~~~~~~^~~~~~~~~~
[INFO] [stderr] warning: hoedown@6.0.0: libhoedown/src/autolink.c:37:74: warning: unused parameter 'size' [-Wunused-parameter]
[INFO] [stderr] warning: hoedown@6.0.0:    37 | autolink_delim(uint8_t *data, size_t link_end, size_t max_rewind, size_t size)
[INFO] [stderr] warning: hoedown@6.0.0:       |                                                                   ~~~~~~~^~~~
[INFO] [stderr] warning: hoedown@6.0.0: libhoedown/src/autolink.c: In function 'hoedown_autolink__www':
[INFO] [stderr] warning: hoedown@6.0.0: libhoedown/src/autolink.c:153:22: warning: unused parameter 'flags' [-Wunused-parameter]
[INFO] [stderr] warning: hoedown@6.0.0:   153 |         unsigned int flags)
[INFO] [stderr] warning: hoedown@6.0.0:       |         ~~~~~~~~~~~~~^~~~~
[INFO] [stderr] warning: hoedown@6.0.0: libhoedown/src/autolink.c: In function 'hoedown_autolink__email':
[INFO] [stderr] warning: hoedown@6.0.0: libhoedown/src/autolink.c:189:22: warning: unused parameter 'flags' [-Wunused-parameter]
[INFO] [stderr] warning: hoedown@6.0.0:   189 |         unsigned int flags)
[INFO] [stderr] warning: hoedown@6.0.0:       |         ~~~~~~~~~~~~~^~~~~
[INFO] [stderr] warning: hoedown@6.0.0: libhoedown/src/document.c: In function 'create_footnote_ref':
[INFO] [stderr] warning: hoedown@6.0.0: libhoedown/src/document.c:244:43: warning: unused parameter 'list' [-Wunused-parameter]
[INFO] [stderr] warning: hoedown@6.0.0:   244 | create_footnote_ref(struct footnote_list *list, const uint8_t *name, size_t name_size)
[INFO] [stderr] warning: hoedown@6.0.0:       |                     ~~~~~~~~~~~~~~~~~~~~~~^~~~
[INFO] [stderr] warning: hoedown@6.0.0: libhoedown/src/document.c: In function 'char_linebreak':
[INFO] [stderr] warning: hoedown@6.0.0: libhoedown/src/document.c:800:96: warning: unused parameter 'size' [-Wunused-parameter]
[INFO] [stderr] warning: hoedown@6.0.0:   800 | char_linebreak(hoedown_buffer *ob, hoedown_document *doc, uint8_t *data, size_t offset, size_t size)
[INFO] [stderr] warning: hoedown@6.0.0:       |                                                                                         ~~~~~~~^~~~
[INFO] [stderr] warning: hoedown@6.0.0: libhoedown/src/document.c: In function 'char_codespan':
[INFO] [stderr] warning: hoedown@6.0.0: libhoedown/src/document.c:815:80: warning: unused parameter 'offset' [-Wunused-parameter]
[INFO] [stderr] warning: hoedown@6.0.0:   815 | char_codespan(hoedown_buffer *ob, hoedown_document *doc, uint8_t *data, size_t offset, size_t size)
[INFO] [stderr] warning: hoedown@6.0.0:       |                                                                         ~~~~~~~^~~~~~
[INFO] [stderr] warning: hoedown@6.0.0: libhoedown/src/document.c: In function 'char_quote':
[INFO] [stderr] warning: hoedown@6.0.0: libhoedown/src/document.c:860:77: warning: unused parameter 'offset' [-Wunused-parameter]
[INFO] [stderr] warning: hoedown@6.0.0:   860 | char_quote(hoedown_buffer *ob, hoedown_document *doc, uint8_t *data, size_t offset, size_t size)
[INFO] [stderr] warning: hoedown@6.0.0:       |                                                                      ~~~~~~~^~~~~~
[INFO] [stderr] warning: hoedown@6.0.0: libhoedown/src/document.c: In function 'char_entity':
[INFO] [stderr] warning: hoedown@6.0.0: libhoedown/src/document.c:940:78: warning: unused parameter 'offset' [-Wunused-parameter]
[INFO] [stderr] warning: hoedown@6.0.0:   940 | char_entity(hoedown_buffer *ob, hoedown_document *doc, uint8_t *data, size_t offset, size_t size)
[INFO] [stderr] warning: hoedown@6.0.0:       |                                                                       ~~~~~~~^~~~~~
[INFO] [stderr] warning: hoedown@6.0.0: libhoedown/src/document.c: In function 'char_langle_tag':
[INFO] [stderr] warning: hoedown@6.0.0: libhoedown/src/document.c:968:82: warning: unused parameter 'offset' [-Wunused-parameter]
[INFO] [stderr] warning: hoedown@6.0.0:   968 | char_langle_tag(hoedown_buffer *ob, hoedown_document *doc, uint8_t *data, size_t offset, size_t size)
[INFO] [stderr] warning: hoedown@6.0.0:       |                                                                           ~~~~~~~^~~~~~
[INFO] [stderr] warning: hoedown@6.0.0: libhoedown/src/document.c: In function 'char_link':
[INFO] [stderr] warning: hoedown@6.0.0: libhoedown/src/document.c:1149:33: warning: this 'else' clause does not guard... [-Wmisleading-indentation]
[INFO] [stderr] warning: hoedown@6.0.0:  1149 |                                 else nb_p--; i++;
[INFO] [stderr] warning: hoedown@6.0.0:       |                                 ^~~~
[INFO] [stderr] warning: hoedown@6.0.0: libhoedown/src/document.c:1149:46: note: ...this statement, but the latter is misleadingly indented as if it were guarded by the 'else'
[INFO] [stderr] warning: hoedown@6.0.0:  1149 |                                 else nb_p--; i++;
[INFO] [stderr] warning: hoedown@6.0.0:       |                                              ^
[INFO] [stderr] warning: hoedown@6.0.0: libhoedown/src/document.c: In function 'char_superscript':
[INFO] [stderr] warning: hoedown@6.0.0: libhoedown/src/document.c:1292:83: warning: unused parameter 'offset' [-Wunused-parameter]
[INFO] [stderr] warning: hoedown@6.0.0:  1292 | char_superscript(hoedown_buffer *ob, hoedown_document *doc, uint8_t *data, size_t offset, size_t size)
[INFO] [stderr] warning: hoedown@6.0.0:       |                                                                            ~~~~~~~^~~~~~
[INFO] [stderr] warning: hoedown@6.0.0: libhoedown/src/document.c: In function 'htmlblock_is_end':
[INFO] [stderr] warning: hoedown@6.0.0: libhoedown/src/document.c:2039:27: warning: unused parameter 'doc' [-Wunused-parameter]
[INFO] [stderr] warning: hoedown@6.0.0:  2039 |         hoedown_document *doc,
[INFO] [stderr] warning: hoedown@6.0.0:       |         ~~~~~~~~~~~~~~~~~~^~~
[INFO] [stderr] warning: hoedown@6.0.0: libhoedown/src/html.c: In function 'rndr_blockcode':
[INFO] [stderr] warning: hoedown@6.0.0: libhoedown/src/html.c:96:121: warning: unused parameter 'data' [-Wunused-parameter]
[INFO] [stderr] warning: hoedown@6.0.0:    96 | rndr_blockcode(hoedown_buffer *ob, const hoedown_buffer *text, const hoedown_buffer *lang, const hoedown_renderer_data *data)
[INFO] [stderr] warning: hoedown@6.0.0:       |                                                                                            ~~~~~~~~~~~~~~~~~~~~~~~~~~~~~^~~~
[INFO] [stderr] warning: hoedown@6.0.0: libhoedown/src/html.c: In function 'rndr_blockquote':
[INFO] [stderr] warning: hoedown@6.0.0: libhoedown/src/html.c:115:97: warning: unused parameter 'data' [-Wunused-parameter]
[INFO] [stderr] warning: hoedown@6.0.0:   115 | rndr_blockquote(hoedown_buffer *ob, const hoedown_buffer *content, const hoedown_renderer_data *data)
[INFO] [stderr] warning: hoedown@6.0.0:       |                                                                    ~~~~~~~~~~~~~~~~~~~~~~~~~~~~~^~~~
[INFO] [stderr] warning: hoedown@6.0.0: libhoedown/src/html.c: In function 'rndr_codespan':
[INFO] [stderr] warning: hoedown@6.0.0: libhoedown/src/html.c:124:92: warning: unused parameter 'data' [-Wunused-parameter]
[INFO] [stderr] warning: hoedown@6.0.0:   124 | rndr_codespan(hoedown_buffer *ob, const hoedown_buffer *text, const hoedown_renderer_data *data)
[INFO] [stderr] warning: hoedown@6.0.0:       |                                                               ~~~~~~~~~~~~~~~~~~~~~~~~~~~~~^~~~
[INFO] [stderr] warning: hoedown@6.0.0: libhoedown/src/html.c: In function 'rndr_strikethrough':
[INFO] [stderr] warning: hoedown@6.0.0: libhoedown/src/html.c:133:100: warning: unused parameter 'data' [-Wunused-parameter]
[INFO] [stderr] warning: hoedown@6.0.0:   133 | rndr_strikethrough(hoedown_buffer *ob, const hoedown_buffer *content, const hoedown_renderer_data *data)
[INFO] [stderr] warning: hoedown@6.0.0:       |                                                                       ~~~~~~~~~~~~~~~~~~~~~~~~~~~~~^~~~
[INFO] [stderr] warning: hoedown@6.0.0: libhoedown/src/html.c: In function 'rndr_double_emphasis':
[INFO] [stderr] warning: hoedown@6.0.0: libhoedown/src/html.c:145:102: warning: unused parameter 'data' [-Wunused-parameter]
[INFO] [stderr] warning: hoedown@6.0.0:   145 | rndr_double_emphasis(hoedown_buffer *ob, const hoedown_buffer *content, const hoedown_renderer_data *data)
[INFO] [stderr] warning: hoedown@6.0.0:       |                                                                         ~~~~~~~~~~~~~~~~~~~~~~~~~~~~~^~~~
[INFO] [stderr] warning: hoedown@6.0.0: libhoedown/src/html.c: In function 'rndr_emphasis':
[INFO] [stderr] warning: hoedown@6.0.0: libhoedown/src/html.c:158:95: warning: unused parameter 'data' [-Wunused-parameter]
[INFO] [stderr] warning: hoedown@6.0.0:   158 | rndr_emphasis(hoedown_buffer *ob, const hoedown_buffer *content, const hoedown_renderer_data *data)
[INFO] [stderr] warning: hoedown@6.0.0:       |                                                                  ~~~~~~~~~~~~~~~~~~~~~~~~~~~~~^~~~
[INFO] [stderr] warning: hoedown@6.0.0: libhoedown/src/html.c: In function 'rndr_underline':
[INFO] [stderr] warning: hoedown@6.0.0: libhoedown/src/html.c:168:96: warning: unused parameter 'data' [-Wunused-parameter]
[INFO] [stderr] warning: hoedown@6.0.0:   168 | rndr_underline(hoedown_buffer *ob, const hoedown_buffer *content, const hoedown_renderer_data *data)
[INFO] [stderr] warning: hoedown@6.0.0:       |                                                                   ~~~~~~~~~~~~~~~~~~~~~~~~~~~~~^~~~
[INFO] [stderr] warning: hoedown@6.0.0: libhoedown/src/html.c: In function 'rndr_highlight':
[INFO] [stderr] warning: hoedown@6.0.0: libhoedown/src/html.c:181:96: warning: unused parameter 'data' [-Wunused-parameter]
[INFO] [stderr] warning: hoedown@6.0.0:   181 | rndr_highlight(hoedown_buffer *ob, const hoedown_buffer *content, const hoedown_renderer_data *data)
[INFO] [stderr] warning: hoedown@6.0.0:       |                                                                   ~~~~~~~~~~~~~~~~~~~~~~~~~~~~~^~~~
[INFO] [stderr] warning: hoedown@6.0.0: libhoedown/src/html.c: In function 'rndr_quote':
[INFO] [stderr] warning: hoedown@6.0.0: libhoedown/src/html.c:194:92: warning: unused parameter 'data' [-Wunused-parameter]
[INFO] [stderr] warning: hoedown@6.0.0:   194 | rndr_quote(hoedown_buffer *ob, const hoedown_buffer *content, const hoedown_renderer_data *data)
[INFO] [stderr] warning: hoedown@6.0.0:       |                                                               ~~~~~~~~~~~~~~~~~~~~~~~~~~~~~^~~~
[INFO] [stderr] warning: hoedown@6.0.0: libhoedown/src/html.c: In function 'rndr_list':
[INFO] [stderr] warning: hoedown@6.0.0: libhoedown/src/html.c:260:117: warning: unused parameter 'data' [-Wunused-parameter]
[INFO] [stderr] warning: hoedown@6.0.0:   260 | rndr_list(hoedown_buffer *ob, const hoedown_buffer *content, hoedown_list_flags flags, const hoedown_renderer_data *data)
[INFO] [stderr] warning: hoedown@6.0.0:       |                                                                                        ~~~~~~~~~~~~~~~~~~~~~~~~~~~~~^~~~
[INFO] [stderr] warning: hoedown@6.0.0: libhoedown/src/html.c: In function 'rndr_listitem':
[INFO] [stderr] warning: hoedown@6.0.0: libhoedown/src/html.c:269:85: warning: unused parameter 'flags' [-Wunused-parameter]
[INFO] [stderr] warning: hoedown@6.0.0:   269 | rndr_listitem(hoedown_buffer *ob, const hoedown_buffer *content, hoedown_list_flags flags, const hoedown_renderer_data *data)
[INFO] [stderr] warning: hoedown@6.0.0:       |                                                                  ~~~~~~~~~~~~~~~~~~~^~~~~
[INFO] [stderr] warning: hoedown@6.0.0: libhoedown/src/html.c:269:121: warning: unused parameter 'data' [-Wunused-parameter]
[INFO] [stderr] warning: hoedown@6.0.0:   269 | rndr_listitem(hoedown_buffer *ob, const hoedown_buffer *content, hoedown_list_flags flags, const hoedown_renderer_data *data)
[INFO] [stderr] warning: hoedown@6.0.0:       |                                                                                            ~~~~~~~~~~~~~~~~~~~~~~~~~~~~~^~~~
[INFO] [stderr] warning: hoedown@6.0.0: libhoedown/src/html.c: In function 'rndr_raw_block':
[INFO] [stderr] warning: hoedown@6.0.0: libhoedown/src/html.c:326:93: warning: unused parameter 'data' [-Wunused-parameter]
[INFO] [stderr] warning: hoedown@6.0.0:   326 | rndr_raw_block(hoedown_buffer *ob, const hoedown_buffer *text, const hoedown_renderer_data *data)
[INFO] [stderr] warning: hoedown@6.0.0:       |                                                                ~~~~~~~~~~~~~~~~~~~~~~~~~~~~~^~~~
[INFO] [stderr] warning: hoedown@6.0.0: libhoedown/src/html.c: In function 'rndr_triple_emphasis':
[INFO] [stderr] warning: hoedown@6.0.0: libhoedown/src/html.c:353:102: warning: unused parameter 'data' [-Wunused-parameter]
[INFO] [stderr] warning: hoedown@6.0.0:   353 | rndr_triple_emphasis(hoedown_buffer *ob, const hoedown_buffer *content, const hoedown_renderer_data *data)
[INFO] [stderr] warning: hoedown@6.0.0:       |                                                                         ~~~~~~~~~~~~~~~~~~~~~~~~~~~~~^~~~
[INFO] [stderr] warning: hoedown@6.0.0: libhoedown/src/html.c: In function 'rndr_table':
[INFO] [stderr] warning: hoedown@6.0.0: libhoedown/src/html.c:411:92: warning: unused parameter 'data' [-Wunused-parameter]
[INFO] [stderr] warning: hoedown@6.0.0:   411 | rndr_table(hoedown_buffer *ob, const hoedown_buffer *content, const hoedown_renderer_data *data)
[INFO] [stderr] warning: hoedown@6.0.0:       |                                                               ~~~~~~~~~~~~~~~~~~~~~~~~~~~~~^~~~
[INFO] [stderr] warning: hoedown@6.0.0: libhoedown/src/html.c: In function 'rndr_table_header':
[INFO] [stderr] warning: hoedown@6.0.0: libhoedown/src/html.c:420:99: warning: unused parameter 'data' [-Wunused-parameter]
[INFO] [stderr] warning: hoedown@6.0.0:   420 | rndr_table_header(hoedown_buffer *ob, const hoedown_buffer *content, const hoedown_renderer_data *data)
[INFO] [stderr] warning: hoedown@6.0.0:       |                                                                      ~~~~~~~~~~~~~~~~~~~~~~~~~~~~~^~~~
[INFO] [stderr] warning: hoedown@6.0.0: libhoedown/src/html.c: In function 'rndr_table_body':
[INFO] [stderr] warning: hoedown@6.0.0: libhoedown/src/html.c:429:97: warning: unused parameter 'data' [-Wunused-parameter]
[INFO] [stderr] warning: hoedown@6.0.0:   429 | rndr_table_body(hoedown_buffer *ob, const hoedown_buffer *content, const hoedown_renderer_data *data)
[INFO] [stderr] warning: hoedown@6.0.0:       |                                                                    ~~~~~~~~~~~~~~~~~~~~~~~~~~~~~^~~~
[INFO] [stderr] warning: hoedown@6.0.0: libhoedown/src/html.c: In function 'rndr_tablerow':
[INFO] [stderr] warning: hoedown@6.0.0: libhoedown/src/html.c:438:95: warning: unused parameter 'data' [-Wunused-parameter]
[INFO] [stderr] warning: hoedown@6.0.0:   438 | rndr_tablerow(hoedown_buffer *ob, const hoedown_buffer *content, const hoedown_renderer_data *data)
[INFO] [stderr] warning: hoedown@6.0.0:       |                                                                  ~~~~~~~~~~~~~~~~~~~~~~~~~~~~~^~~~
[INFO] [stderr] warning: hoedown@6.0.0: libhoedown/src/html.c: In function 'rndr_tablecell':
[INFO] [stderr] warning: hoedown@6.0.0: libhoedown/src/html.c:446:123: warning: unused parameter 'data' [-Wunused-parameter]
[INFO] [stderr] warning: hoedown@6.0.0:   446 | rndr_tablecell(hoedown_buffer *ob, const hoedown_buffer *content, hoedown_table_flags flags, const hoedown_renderer_data *data)
[INFO] [stderr] warning: hoedown@6.0.0:       |                                                                                              ~~~~~~~~~~~~~~~~~~~~~~~~~~~~~^~~~
[INFO] [stderr] warning: hoedown@6.0.0: libhoedown/src/html.c: In function 'rndr_superscript':
[INFO] [stderr] warning: hoedown@6.0.0: libhoedown/src/html.c:482:98: warning: unused parameter 'data' [-Wunused-parameter]
[INFO] [stderr] warning: hoedown@6.0.0:   482 | rndr_superscript(hoedown_buffer *ob, const hoedown_buffer *content, const hoedown_renderer_data *data)
[INFO] [stderr] warning: hoedown@6.0.0:       |                                                                     ~~~~~~~~~~~~~~~~~~~~~~~~~~~~~^~~~
[INFO] [stderr] warning: hoedown@6.0.0: libhoedown/src/html.c: In function 'rndr_normal_text':
[INFO] [stderr] warning: hoedown@6.0.0: libhoedown/src/html.c:492:98: warning: unused parameter 'data' [-Wunused-parameter]
[INFO] [stderr] warning: hoedown@6.0.0:   492 | rndr_normal_text(hoedown_buffer *ob, const hoedown_buffer *content, const hoedown_renderer_data *data)
[INFO] [stderr] warning: hoedown@6.0.0:       |                                                                     ~~~~~~~~~~~~~~~~~~~~~~~~~~~~~^~~~
[INFO] [stderr] warning: hoedown@6.0.0: libhoedown/src/html.c: In function 'rndr_footnote_def':
[INFO] [stderr] warning: hoedown@6.0.0: libhoedown/src/html.c:514:117: warning: unused parameter 'data' [-Wunused-parameter]
[INFO] [stderr] warning: hoedown@6.0.0:   514 | rndr_footnote_def(hoedown_buffer *ob, const hoedown_buffer *content, unsigned int num, const hoedown_renderer_data *data)
[INFO] [stderr] warning: hoedown@6.0.0:       |                                                                                        ~~~~~~~~~~~~~~~~~~~~~~~~~~~~~^~~~
[INFO] [stderr] warning: hoedown@6.0.0: libhoedown/src/html.c: In function 'rndr_footnote_ref':
[INFO] [stderr] warning: hoedown@6.0.0: libhoedown/src/html.c:544:86: warning: unused parameter 'data' [-Wunused-parameter]
[INFO] [stderr] warning: hoedown@6.0.0:   544 | rndr_footnote_ref(hoedown_buffer *ob, unsigned int num, const hoedown_renderer_data *data)
[INFO] [stderr] warning: hoedown@6.0.0:       |                                                         ~~~~~~~~~~~~~~~~~~~~~~~~~~~~~^~~~
[INFO] [stderr] warning: hoedown@6.0.0: libhoedown/src/html.c: In function 'rndr_math':
[INFO] [stderr] warning: hoedown@6.0.0: libhoedown/src/html.c:551:105: warning: unused parameter 'data' [-Wunused-parameter]
[INFO] [stderr] warning: hoedown@6.0.0:   551 | rndr_math(hoedown_buffer *ob, const hoedown_buffer *text, int displaymode, const hoedown_renderer_data *data)
[INFO] [stderr] warning: hoedown@6.0.0:       |                                                                            ~~~~~~~~~~~~~~~~~~~~~~~~~~~~~^~~~
[INFO] [stderr] warning: hoedown@6.0.0: libhoedown/src/html.c: In function 'toc_link':
[INFO] [stderr] warning: hoedown@6.0.0: libhoedown/src/html.c:595:83: warning: unused parameter 'link' [-Wunused-parameter]
[INFO] [stderr] warning: hoedown@6.0.0:   595 | toc_link(hoedown_buffer *ob, const hoedown_buffer *content, const hoedown_buffer *link, const hoedown_buffer *title, const hoedown_renderer_data *data)
[INFO] [stderr] warning: hoedown@6.0.0:       |                                                             ~~~~~~~~~~~~~~~~~~~~~~^~~~
[INFO] [stderr] warning: hoedown@6.0.0: libhoedown/src/html.c:595:111: warning: unused parameter 'title' [-Wunused-parameter]
[INFO] [stderr] warning: hoedown@6.0.0:   595 | toc_link(hoedown_buffer *ob, const hoedown_buffer *content, const hoedown_buffer *link, const hoedown_buffer *title, const hoedown_renderer_data *data)
[INFO] [stderr] warning: hoedown@6.0.0:       |                                                                                         ~~~~~~~~~~~~~~~~~~~~~~^~~~~
[INFO] [stderr] warning: hoedown@6.0.0: libhoedown/src/html.c:595:147: warning: unused parameter 'data' [-Wunused-parameter]
[INFO] [stderr] warning: hoedown@6.0.0:   595 | toc_link(hoedown_buffer *ob, const hoedown_buffer *content, const hoedown_buffer *link, const hoedown_buffer *title, const hoedown_renderer_data *data)
[INFO] [stderr] warning: hoedown@6.0.0:       |                                                                                                                      ~~~~~~~~~~~~~~~~~~~~~~~~~~~~~^~~~
[INFO] [stderr] warning: hoedown@6.0.0: libhoedown/src/html_smartypants.c: In function 'smartypants_cb__parens':
[INFO] [stderr] warning: hoedown@6.0.0: libhoedown/src/html_smartypants.c:166:69: warning: unused parameter 'smrt' [-Wunused-parameter]
[INFO] [stderr] warning: hoedown@6.0.0:   166 | smartypants_cb__parens(hoedown_buffer *ob, struct smartypants_data *smrt, uint8_t previous_char, const uint8_t *text, size_t size)
[INFO] [stderr] warning: hoedown@6.0.0:       |                                            ~~~~~~~~~~~~~~~~~~~~~~~~~^~~~
[INFO] [stderr] warning: hoedown@6.0.0: libhoedown/src/html_smartypants.c:166:83: warning: unused parameter 'previous_char' [-Wunused-parameter]
[INFO] [stderr] warning: hoedown@6.0.0:   166 | smartypants_cb__parens(hoedown_buffer *ob, struct smartypants_data *smrt, uint8_t previous_char, const uint8_t *text, size_t size)
[INFO] [stderr] warning: hoedown@6.0.0:       |                                                                           ~~~~~~~~^~~~~~~~~~~~~
[INFO] [stderr] warning: hoedown@6.0.0: libhoedown/src/html_smartypants.c: In function 'smartypants_cb__dash':
[INFO] [stderr] warning: hoedown@6.0.0: libhoedown/src/html_smartypants.c:194:67: warning: unused parameter 'smrt' [-Wunused-parameter]
[INFO] [stderr] warning: hoedown@6.0.0:   194 | smartypants_cb__dash(hoedown_buffer *ob, struct smartypants_data *smrt, uint8_t previous_char, const uint8_t *text, size_t size)
[INFO] [stderr] warning: hoedown@6.0.0:       |                                          ~~~~~~~~~~~~~~~~~~~~~~~~~^~~~
[INFO] [stderr] warning: hoedown@6.0.0: libhoedown/src/html_smartypants.c:194:81: warning: unused parameter 'previous_char' [-Wunused-parameter]
[INFO] [stderr] warning: hoedown@6.0.0:   194 | smartypants_cb__dash(hoedown_buffer *ob, struct smartypants_data *smrt, uint8_t previous_char, const uint8_t *text, size_t size)
[INFO] [stderr] warning: hoedown@6.0.0:       |                                                                         ~~~~~~~~^~~~~~~~~~~~~
[INFO] [stderr] warning: hoedown@6.0.0: libhoedown/src/html_smartypants.c: In function 'smartypants_cb__period':
[INFO] [stderr] warning: hoedown@6.0.0: libhoedown/src/html_smartypants.c:234:69: warning: unused parameter 'smrt' [-Wunused-parameter]
[INFO] [stderr] warning: hoedown@6.0.0:   234 | smartypants_cb__period(hoedown_buffer *ob, struct smartypants_data *smrt, uint8_t previous_char, const uint8_t *text, size_t size)
[INFO] [stderr] warning: hoedown@6.0.0:       |                                            ~~~~~~~~~~~~~~~~~~~~~~~~~^~~~
[INFO] [stderr] warning: hoedown@6.0.0: libhoedown/src/html_smartypants.c:234:83: warning: unused parameter 'previous_char' [-Wunused-parameter]
[INFO] [stderr] warning: hoedown@6.0.0:   234 | smartypants_cb__period(hoedown_buffer *ob, struct smartypants_data *smrt, uint8_t previous_char, const uint8_t *text, size_t size)
[INFO] [stderr] warning: hoedown@6.0.0:       |                                                                           ~~~~~~~~^~~~~~~~~~~~~
[INFO] [stderr] warning: hoedown@6.0.0: libhoedown/src/html_smartypants.c: In function 'smartypants_cb__number':
[INFO] [stderr] warning: hoedown@6.0.0: libhoedown/src/html_smartypants.c:265:69: warning: unused parameter 'smrt' [-Wunused-parameter]
[INFO] [stderr] warning: hoedown@6.0.0:   265 | smartypants_cb__number(hoedown_buffer *ob, struct smartypants_data *smrt, uint8_t previous_char, const uint8_t *text, size_t size)
[INFO] [stderr] warning: hoedown@6.0.0:       |                                            ~~~~~~~~~~~~~~~~~~~~~~~~~^~~~
[INFO] [stderr] warning: hoedown@6.0.0: libhoedown/src/html_smartypants.c: In function 'smartypants_cb__ltag':
[INFO] [stderr] warning: hoedown@6.0.0: libhoedown/src/html_smartypants.c:307:67: warning: unused parameter 'smrt' [-Wunused-parameter]
[INFO] [stderr] warning: hoedown@6.0.0:   307 | smartypants_cb__ltag(hoedown_buffer *ob, struct smartypants_data *smrt, uint8_t previous_char, const uint8_t *text, size_t size)
[INFO] [stderr] warning: hoedown@6.0.0:       |                                          ~~~~~~~~~~~~~~~~~~~~~~~~~^~~~
[INFO] [stderr] warning: hoedown@6.0.0: libhoedown/src/html_smartypants.c:307:81: warning: unused parameter 'previous_char' [-Wunused-parameter]
[INFO] [stderr] warning: hoedown@6.0.0:   307 | smartypants_cb__ltag(hoedown_buffer *ob, struct smartypants_data *smrt, uint8_t previous_char, const uint8_t *text, size_t size)
[INFO] [stderr] warning: hoedown@6.0.0:       |                                                                         ~~~~~~~~^~~~~~~~~~~~~
[INFO] [stderr] warning: hoedown@6.0.0: libhoedown/src/html_smartypants.c: In function 'smartypants_cb__escape':
[INFO] [stderr] warning: hoedown@6.0.0: libhoedown/src/html_smartypants.c:357:69: warning: unused parameter 'smrt' [-Wunused-parameter]
[INFO] [stderr] warning: hoedown@6.0.0:   357 | smartypants_cb__escape(hoedown_buffer *ob, struct smartypants_data *smrt, uint8_t previous_char, const uint8_t *text, size_t size)
[INFO] [stderr] warning: hoedown@6.0.0:       |                                            ~~~~~~~~~~~~~~~~~~~~~~~~~^~~~
[INFO] [stderr] warning: hoedown@6.0.0: libhoedown/src/html_smartypants.c:357:83: warning: unused parameter 'previous_char' [-Wunused-parameter]
[INFO] [stderr] warning: hoedown@6.0.0:   357 | smartypants_cb__escape(hoedown_buffer *ob, struct smartypants_data *smrt, uint8_t previous_char, const uint8_t *text, size_t size)
[INFO] [stderr] warning: hoedown@6.0.0:       |                                                                           ~~~~~~~~^~~~~~~~~~~~~
[INFO] [stderr] warning: use of deprecated macro `try`: use the `?` operator instead
[INFO] [stderr]   --> src/extensions.rs:1:1
[INFO] [stderr]    |
[INFO] [stderr] 1  | / bitflags! {
[INFO] [stderr] 2  | |     /// Constants for the various Hoedown extensions
[INFO] [stderr] 3  | |     pub flags Extension: u32 {
[INFO] [stderr] 4  | |         // block-level
[INFO] [stderr] ...  |
[INFO] [stderr] 53 | |     }
[INFO] [stderr] 54 | | }
[INFO] [stderr]    | |_^
[INFO] [stderr]    |
[INFO] [stderr]    = note: `#[warn(deprecated)]` on by default
[INFO] [stderr]    = note: this warning originates in the macro `bitflags` (in Nightly builds, run with -Z macro-backtrace for more info)
[INFO] [stderr] 
[INFO] [stderr] warning: use of deprecated macro `try`: use the `?` operator instead
[INFO] [stderr]   --> src/extensions.rs:1:1
[INFO] [stderr]    |
[INFO] [stderr] 1  | / bitflags! {
[INFO] [stderr] 2  | |     /// Constants for the various Hoedown extensions
[INFO] [stderr] 3  | |     pub flags Extension: u32 {
[INFO] [stderr] 4  | |         // block-level
[INFO] [stderr] ...  |
[INFO] [stderr] 53 | |     }
[INFO] [stderr] 54 | | }
[INFO] [stderr]    | |_^
[INFO] [stderr]    |
[INFO] [stderr]    = note: this warning originates in the macro `bitflags` (in Nightly builds, run with -Z macro-backtrace for more info)
[INFO] [stderr] 
[INFO] [stderr] warning: elided lifetime has a name
[INFO] [stderr]    --> src/buffer.rs:100:43
[INFO] [stderr]     |
[INFO] [stderr] 100 |     pub fn to_str<'a>(&'a self) -> Result<&str, str::Utf8Error> {
[INFO] [stderr]     |                   --                      ^ this elided lifetime gets resolved as `'a`
[INFO] [stderr]     |                   |
[INFO] [stderr]     |                   lifetime `'a` declared here
[INFO] [stderr]     |
[INFO] [stderr]     = note: `#[warn(elided_named_lifetimes)]` on by default
[INFO] [stderr] 
[INFO] [stderr] warning: use of deprecated macro `try`: use the `?` operator instead
[INFO] [stderr]    --> src/renderer/mod.rs:564:5
[INFO] [stderr]     |
[INFO] [stderr] 564 | /     bitflags! {
[INFO] [stderr] 565 | |         /// Flags that describe a list or list item
[INFO] [stderr] 566 | |         #[repr(C)]
[INFO] [stderr] 567 | |         pub flags List: u32 {
[INFO] [stderr] ...   |
[INFO] [stderr] 575 | |         }
[INFO] [stderr] 576 | |     }
[INFO] [stderr]     | |_____^
[INFO] [stderr]     |
[INFO] [stderr]     = note: this warning originates in the macro `bitflags` (in Nightly builds, run with -Z macro-backtrace for more info)
[INFO] [stderr] 
[INFO] [stderr] warning: unused doc comment
[INFO] [stderr]   --> src/renderer/html.rs:32:1
[INFO] [stderr]    |
[INFO] [stderr] 32 | /// Flags to control the behavior of the html renderer
[INFO] [stderr]    | ^^^^^^^^^^^^^^^^^^^^^^^^^^^^^^^^^^^^^^^^^^^^^^^^^^^^^^ rustdoc does not generate documentation for macro invocations
[INFO] [stderr]    |
[INFO] [stderr]    = help: to document an item produced by a macro, the macro must produce the documentation as part of its expansion
[INFO] [stderr]    = note: `#[warn(unused_doc_comments)]` on by default
[INFO] [stderr] 
[INFO] [stderr] warning: use of deprecated macro `try`: use the `?` operator instead
[INFO] [stderr]   --> src/renderer/html.rs:33:1
[INFO] [stderr]    |
[INFO] [stderr] 33 | / bitflags! {
[INFO] [stderr] 34 | |     /// Information about a list item
[INFO] [stderr] 35 | |     pub flags Flags: u32 {
[INFO] [stderr] 36 | |         /// Ignore raw html
[INFO] [stderr] ...  |
[INFO] [stderr] 47 | |     }
[INFO] [stderr] 48 | | }
[INFO] [stderr]    | |_^
[INFO] [stderr]    |
[INFO] [stderr]    = note: this warning originates in the macro `bitflags` (in Nightly builds, run with -Z macro-backtrace for more info)
[INFO] [stderr] 
[INFO] [stderr] warning: `hoedown` (lib) generated 8 warnings (2 duplicates)
[INFO] [stderr] warning: `hoedown` (lib test) generated 8 warnings (8 duplicates)
[INFO] [stderr]     Finished `test` profile [unoptimized + debuginfo] target(s) in 0.05s
[INFO] [stderr] warning: the following packages contain code that will be rejected by a future version of Rust: bitflags v0.5.0
[INFO] [stderr] note: to see what the problems were, use the option `--future-incompat-report`, or run `cargo report future-incompatibilities --id 1`
[INFO] [stderr]      Running unittests src/lib.rs (/opt/rustwide/target/debug/deps/hoedown-f5e5641540775a64)
[INFO] [stdout] 
[INFO] [stdout] running 0 tests
[INFO] [stdout] 
[INFO] [stdout] test result: ok. 0 passed; 0 failed; 0 ignored; 0 measured; 0 filtered out; finished in 0.00s
[INFO] [stdout] 
[INFO] [stderr]      Running tests/buffer.rs (/opt/rustwide/target/debug/deps/buffer-68c751735adebd6e)
[INFO] [stdout] 
[INFO] [stdout] running 1 test
[INFO] [stdout] test test_read_to_end ... ok
[INFO] [stdout] 
[INFO] [stdout] test result: ok. 1 passed; 0 failed; 0 ignored; 0 measured; 0 filtered out; finished in 0.00s
[INFO] [stdout] 
[INFO] [stderr]      Running tests/extensions.rs (/opt/rustwide/target/debug/deps/extensions-aea8dd258b847222)
[INFO] [stdout] 
[INFO] [stdout] running 13 tests
[INFO] [stdout] test test_fenced_code ... ok
[INFO] [stdout] test test_highlight ... ok
[INFO] [stdout] test test_hard_wrap ... ok
[INFO] [stdout] test test_footnotes ... ok
[INFO] [stdout] test test_no_indented_code ... ok
[INFO] [stderr]      Running tests/html_flags.rs (/opt/rustwide/target/debug/deps/html_flags-e20c4ef4dfa7e456)
[INFO] [stdout] test test_no_intra_emphasis ... ok
[INFO] [stdout] test test_quote ... ok
[INFO] [stdout] test test_fenced_code_lang ... ok
[INFO] [stdout] test test_space_headers ... ok
[INFO] [stdout] test test_strikethrough ... ok
[INFO] [stdout] test test_superscript ... ok
[INFO] [stdout] test test_tables ... ok
[INFO] [stdout] test test_underline ... ok
[INFO] [stdout] 
[INFO] [stdout] test result: ok. 13 passed; 0 failed; 0 ignored; 0 measured; 0 filtered out; finished in 0.00s
[INFO] [stdout] 
[INFO] [stdout] 
[INFO] [stdout] running 4 tests
[INFO] [stdout] test test_hard_wrap ... ok
[INFO] [stdout] test test_skip_html ... ok
[INFO] [stdout] test test_escaping ... ok
[INFO] [stdout] test test_xhtml ... ok
[INFO] [stdout] 
[INFO] [stdout] test result: ok. 4 passed; 0 failed; 0 ignored; 0 measured; 0 filtered out; finished in 0.00s
[INFO] [stdout] 
[INFO] [stderr]      Running tests/markdown.rs (/opt/rustwide/target/debug/deps/markdown-cc79dcc602771fe1)
[INFO] [stdout] 
[INFO] [stdout] running 4 tests
[INFO] [stdout] test test_math ... FAILED
[INFO] [stdout] test test_markdown ... FAILED
[INFO] [stdout] test test_wrapper ... FAILED
[INFO] [stdout] test test_toc ... FAILED
[INFO] [stdout] 
[INFO] [stderr] error: test failed, to rerun pass `--test markdown`
[INFO] [stdout] failures:
[INFO] [stdout] 
[INFO] [stdout] ---- test_math stdout ----
[INFO] [stdout] thread 'test_math' panicked at tests/markdown.rs:27:10:
[INFO] [stdout] called `Result::unwrap()` on an `Err` value: Os { code: 2, kind: NotFound, message: "No such file or directory" }
[INFO] [stdout] stack backtrace:
[INFO] [stdout]    0:     0x59301d477f2a - std::backtrace_rs::backtrace::libunwind::trace::h207520d6e9873551
[INFO] [stdout]                                at /rustc/df4ca44d3fbc9301ee17f30f4d474e6ae4b05252/library/std/src/../../backtrace/src/backtrace/libunwind.rs:116:5
[INFO] [stdout]    1:     0x59301d477f2a - std::backtrace_rs::backtrace::trace_unsynchronized::h2ed7433f370e3eca
[INFO] [stdout]                                at /rustc/df4ca44d3fbc9301ee17f30f4d474e6ae4b05252/library/std/src/../../backtrace/src/backtrace/mod.rs:66:5
[INFO] [stdout]    2:     0x59301d477f2a - std::sys::backtrace::_print_fmt::h916fac51166b18d7
[INFO] [stdout]                                at /rustc/df4ca44d3fbc9301ee17f30f4d474e6ae4b05252/library/std/src/sys/backtrace.rs:66:9
[INFO] [stdout]    3:     0x59301d477f2a - <std::sys::backtrace::BacktraceLock::print::DisplayBacktrace as core::fmt::Display>::fmt::ha0a4c9b8ce3802e6
[INFO] [stdout]                                at /rustc/df4ca44d3fbc9301ee17f30f4d474e6ae4b05252/library/std/src/sys/backtrace.rs:39:26
[INFO] [stdout]    4:     0x59301d49ebb3 - core::fmt::rt::Argument::fmt::h4cfc8587d52b3eb5
[INFO] [stdout]                                at /rustc/df4ca44d3fbc9301ee17f30f4d474e6ae4b05252/library/core/src/fmt/rt.rs:177:76
[INFO] [stdout]    5:     0x59301d49ebb3 - core::fmt::write::h522cc39e5b36ae9f
[INFO] [stdout]                                at /rustc/df4ca44d3fbc9301ee17f30f4d474e6ae4b05252/library/core/src/fmt/mod.rs:1190:21
[INFO] [stdout]    6:     0x59301d474393 - std::io::Write::write_fmt::h7d3c26752da97734
[INFO] [stdout]                                at /rustc/df4ca44d3fbc9301ee17f30f4d474e6ae4b05252/library/std/src/io/mod.rs:1839:15
[INFO] [stdout]    7:     0x59301d477d72 - std::sys::backtrace::BacktraceLock::print::h4b9e00b29e9c0942
[INFO] [stdout]                                at /rustc/df4ca44d3fbc9301ee17f30f4d474e6ae4b05252/library/std/src/sys/backtrace.rs:42:9
[INFO] [stdout]    8:     0x59301d4793ba - std::panicking::default_hook::{{closure}}::hb59b88280d0324d9
[INFO] [stdout]                                at /rustc/df4ca44d3fbc9301ee17f30f4d474e6ae4b05252/library/std/src/panicking.rs:268:22
[INFO] [stdout]    9:     0x59301d4791c4 - std::panicking::default_hook::he1dd496665be4a29
[INFO] [stdout]                                at /rustc/df4ca44d3fbc9301ee17f30f4d474e6ae4b05252/library/std/src/panicking.rs:292:9
[INFO] [stdout]   10:     0x59301d41acf9 - <alloc::boxed::Box<F,A> as core::ops::function::Fn<Args>>::call::h4ff71de18744e1dc
[INFO] [stdout]                                at /rustc/df4ca44d3fbc9301ee17f30f4d474e6ae4b05252/library/alloc/src/boxed.rs:2468:9
[INFO] [stdout]   11:     0x59301d41acf9 - test::test_main::{{closure}}::hcf7c055ce117aa81
[INFO] [stdout]                                at /rustc/df4ca44d3fbc9301ee17f30f4d474e6ae4b05252/library/test/src/lib.rs:133:21
[INFO] [stdout]   12:     0x59301d479ab8 - <alloc::boxed::Box<F,A> as core::ops::function::Fn<Args>>::call::h1d66c6bbd60c9692
[INFO] [stdout]                                at /rustc/df4ca44d3fbc9301ee17f30f4d474e6ae4b05252/library/alloc/src/boxed.rs:2468:9
[INFO] [stdout]   13:     0x59301d479ab8 - std::panicking::rust_panic_with_hook::h2ff17fe8f26dfcf8
[INFO] [stdout]                                at /rustc/df4ca44d3fbc9301ee17f30f4d474e6ae4b05252/library/std/src/panicking.rs:809:13
[INFO] [stdout]   14:     0x59301d47987a - std::panicking::begin_panic_handler::{{closure}}::h4fad77951c07e101
[INFO] [stdout]                                at /rustc/df4ca44d3fbc9301ee17f30f4d474e6ae4b05252/library/std/src/panicking.rs:674:13
[INFO] [stdout]   15:     0x59301d478409 - std::sys::backtrace::__rust_end_short_backtrace::hb1a25b3da5d0ea08
[INFO] [stdout]                                at /rustc/df4ca44d3fbc9301ee17f30f4d474e6ae4b05252/library/std/src/sys/backtrace.rs:170:18
[INFO] [stdout]   16:     0x59301d47950c - rust_begin_unwind
[INFO] [stdout]                                at /rustc/df4ca44d3fbc9301ee17f30f4d474e6ae4b05252/library/std/src/panicking.rs:665:5
[INFO] [stdout]   17:     0x59301d49d5b0 - core::panicking::panic_fmt::ha9db07b529f9b256
[INFO] [stdout]                                at /rustc/df4ca44d3fbc9301ee17f30f4d474e6ae4b05252/library/core/src/panicking.rs:75:14
[INFO] [stdout]   18:     0x59301d49d9f6 - core::result::unwrap_failed::h5e8218e4d4338b8a
[INFO] [stdout]                                at /rustc/df4ca44d3fbc9301ee17f30f4d474e6ae4b05252/library/core/src/result.rs:1698:5
[INFO] [stdout]   19:     0x59301d3de1c4 - core::result::Result<T,E>::unwrap::he929b782aa326b9d
[INFO] [stdout]                                at /rustc/df4ca44d3fbc9301ee17f30f4d474e6ae4b05252/library/core/src/result.rs:1103:23
[INFO] [stdout]   20:     0x59301d3de1c4 - markdown::tidy::h60a3d84564f77ffb
[INFO] [stdout]                                at /opt/rustwide/workdir/tests/markdown.rs:19:9
[INFO] [stdout]   21:     0x59301d3e040f - markdown::test_math::h6398847ea708687f
[INFO] [stdout]                                at /opt/rustwide/workdir/tests/markdown.rs:113:25
[INFO] [stdout]   22:     0x59301d3dfdd7 - markdown::test_math::{{closure}}::h467e06cb4b4b459c
[INFO] [stdout]                                at /opt/rustwide/workdir/tests/markdown.rs:99:15
[INFO] [stdout]   23:     0x59301d3daf16 - core::ops::function::FnOnce::call_once::hd712b898854119f3
[INFO] [stdout]                                at /rustc/df4ca44d3fbc9301ee17f30f4d474e6ae4b05252/library/core/src/ops/function.rs:250:5
[INFO] [stdout]   24:     0x59301d41f5cb - core::ops::function::FnOnce::call_once::h22c3ba5715e93f05
[INFO] [stdout]                                at /rustc/df4ca44d3fbc9301ee17f30f4d474e6ae4b05252/library/core/src/ops/function.rs:250:5
[INFO] [stdout]   25:     0x59301d41f5cb - test::__rust_begin_short_backtrace::h8e82d8113d0da17f
[INFO] [stdout]                                at /rustc/df4ca44d3fbc9301ee17f30f4d474e6ae4b05252/library/test/src/lib.rs:621:18
[INFO] [stdout]   26:     0x59301d41ef47 - test::run_test_in_process::{{closure}}::h33235f4f20b7b7c7
[INFO] [stdout]                                at /rustc/df4ca44d3fbc9301ee17f30f4d474e6ae4b05252/library/test/src/lib.rs:644:60
[INFO] [stdout]   27:     0x59301d41ef47 - <core::panic::unwind_safe::AssertUnwindSafe<F> as core::ops::function::FnOnce<()>>::call_once::hb5043206310c586f
[INFO] [stdout]                                at /rustc/df4ca44d3fbc9301ee17f30f4d474e6ae4b05252/library/core/src/panic/unwind_safe.rs:272:9
[INFO] [stdout]   28:     0x59301d41ef47 - std::panicking::try::do_call::h9ad4731a60ab23e2
[INFO] [stdout]                                at /rustc/df4ca44d3fbc9301ee17f30f4d474e6ae4b05252/library/std/src/panicking.rs:557:40
[INFO] [stdout]   29:     0x59301d41ef47 - std::panicking::try::h3824d23db772a716
[INFO] [stdout]                                at /rustc/df4ca44d3fbc9301ee17f30f4d474e6ae4b05252/library/std/src/panicking.rs:520:19
[INFO] [stdout]   30:     0x59301d41ef47 - std::panic::catch_unwind::h5afd514605fde46b
[INFO] [stdout]                                at /rustc/df4ca44d3fbc9301ee17f30f4d474e6ae4b05252/library/std/src/panic.rs:358:14
[INFO] [stdout]   31:     0x59301d41ef47 - test::run_test_in_process::h0d5cbfa7067d1720
[INFO] [stdout]                                at /rustc/df4ca44d3fbc9301ee17f30f4d474e6ae4b05252/library/test/src/lib.rs:644:27
[INFO] [stdout]   32:     0x59301d41ef47 - test::run_test::{{closure}}::h708eb8872708115d
[INFO] [stdout]                                at /rustc/df4ca44d3fbc9301ee17f30f4d474e6ae4b05252/library/test/src/lib.rs:565:43
[INFO] [stdout]   33:     0x59301d3e2664 - test::run_test::{{closure}}::h392c51cee94713ab
[INFO] [stdout]                                at /rustc/df4ca44d3fbc9301ee17f30f4d474e6ae4b05252/library/test/src/lib.rs:595:41
[INFO] [stdout]   34:     0x59301d3e2664 - std::sys::backtrace::__rust_begin_short_backtrace::h2f40290710935a8b
[INFO] [stdout]                                at /rustc/df4ca44d3fbc9301ee17f30f4d474e6ae4b05252/library/std/src/sys/backtrace.rs:154:18
[INFO] [stdout]   35:     0x59301d3e5e0e - std::thread::Builder::spawn_unchecked_::{{closure}}::{{closure}}::h3fd968d89053a903
[INFO] [stdout]                                at /rustc/df4ca44d3fbc9301ee17f30f4d474e6ae4b05252/library/std/src/thread/mod.rs:541:17
[INFO] [stdout]   36:     0x59301d3e5e0e - <core::panic::unwind_safe::AssertUnwindSafe<F> as core::ops::function::FnOnce<()>>::call_once::h743f637ba4229880
[INFO] [stdout]                                at /rustc/df4ca44d3fbc9301ee17f30f4d474e6ae4b05252/library/core/src/panic/unwind_safe.rs:272:9
[INFO] [stdout]   37:     0x59301d3e5e0e - std::panicking::try::do_call::h07440897322525a6
[INFO] [stdout]                                at /rustc/df4ca44d3fbc9301ee17f30f4d474e6ae4b05252/library/std/src/panicking.rs:557:40
[INFO] [stdout]   38:     0x59301d3e5e0e - std::panicking::try::he5a2e00188156637
[INFO] [stdout]                                at /rustc/df4ca44d3fbc9301ee17f30f4d474e6ae4b05252/library/std/src/panicking.rs:520:19
[INFO] [stdout]   39:     0x59301d3e5e0e - std::panic::catch_unwind::hbaf3cae49b3c6433
[INFO] [stdout]                                at /rustc/df4ca44d3fbc9301ee17f30f4d474e6ae4b05252/library/std/src/panic.rs:358:14
[INFO] [stdout]   40:     0x59301d3e5e0e - std::thread::Builder::spawn_unchecked_::{{closure}}::h8e141ea224820bce
[INFO] [stdout]                                at /rustc/df4ca44d3fbc9301ee17f30f4d474e6ae4b05252/library/std/src/thread/mod.rs:540:30
[INFO] [stdout]   41:     0x59301d3e5e0e - core::ops::function::FnOnce::call_once{{vtable.shim}}::h90d312fedd7b8ea8
[INFO] [stdout]                                at /rustc/df4ca44d3fbc9301ee17f30f4d474e6ae4b05252/library/core/src/ops/function.rs:250:5
[INFO] [stdout]   42:     0x59301d47decb - <alloc::boxed::Box<F,A> as core::ops::function::FnOnce<Args>>::call_once::h69aa08ddb6adb8b6
[INFO] [stdout]                                at /rustc/df4ca44d3fbc9301ee17f30f4d474e6ae4b05252/library/alloc/src/boxed.rs:2454:9
[INFO] [stdout]   43:     0x59301d47decb - <alloc::boxed::Box<F,A> as core::ops::function::FnOnce<Args>>::call_once::h5aa36efdb79c806f
[INFO] [stdout]                                at /rustc/df4ca44d3fbc9301ee17f30f4d474e6ae4b05252/library/alloc/src/boxed.rs:2454:9
[INFO] [stdout]   44:     0x59301d47decb - std::sys::pal::unix::thread::Thread::new::thread_start::h6cd80a1b4be5158d
[INFO] [stdout]                                at /rustc/df4ca44d3fbc9301ee17f30f4d474e6ae4b05252/library/std/src/sys/pal/unix/thread.rs:105:17
[INFO] [stdout]   45:     0x7778ab816ac3 - <unknown>
[INFO] [stdout]   46:     0x7778ab8a7a04 - clone
[INFO] [stdout]   47:                0x0 - <unknown>
[INFO] [stdout] 
[INFO] [stdout] ---- test_markdown stdout ----
[INFO] [stdout] thread 'test_markdown' panicked at tests/markdown.rs:27:10:
[INFO] [stdout] called `Result::unwrap()` on an `Err` value: Os { code: 2, kind: NotFound, message: "No such file or directory" }
[INFO] [stdout] stack backtrace:
[INFO] [stdout]    0:     0x59301d477f2a - std::backtrace_rs::backtrace::libunwind::trace::h207520d6e9873551
[INFO] [stdout]                                at /rustc/df4ca44d3fbc9301ee17f30f4d474e6ae4b05252/library/std/src/../../backtrace/src/backtrace/libunwind.rs:116:5
[INFO] [stdout]    1:     0x59301d477f2a - std::backtrace_rs::backtrace::trace_unsynchronized::h2ed7433f370e3eca
[INFO] [stdout]                                at /rustc/df4ca44d3fbc9301ee17f30f4d474e6ae4b05252/library/std/src/../../backtrace/src/backtrace/mod.rs:66:5
[INFO] [stdout]    2:     0x59301d477f2a - std::sys::backtrace::_print_fmt::h916fac51166b18d7
[INFO] [stdout]                                at /rustc/df4ca44d3fbc9301ee17f30f4d474e6ae4b05252/library/std/src/sys/backtrace.rs:66:9
[INFO] [stdout]    3:     0x59301d477f2a - <std::sys::backtrace::BacktraceLock::print::DisplayBacktrace as core::fmt::Display>::fmt::ha0a4c9b8ce3802e6
[INFO] [stdout]                                at /rustc/df4ca44d3fbc9301ee17f30f4d474e6ae4b05252/library/std/src/sys/backtrace.rs:39:26
[INFO] [stdout]    4:     0x59301d49ebb3 - core::fmt::rt::Argument::fmt::h4cfc8587d52b3eb5
[INFO] [stdout]                                at /rustc/df4ca44d3fbc9301ee17f30f4d474e6ae4b05252/library/core/src/fmt/rt.rs:177:76
[INFO] [stdout]    5:     0x59301d49ebb3 - core::fmt::write::h522cc39e5b36ae9f
[INFO] [stdout]                                at /rustc/df4ca44d3fbc9301ee17f30f4d474e6ae4b05252/library/core/src/fmt/mod.rs:1190:21
[INFO] [stdout]    6:     0x59301d474393 - std::io::Write::write_fmt::h7d3c26752da97734
[INFO] [stdout]                                at /rustc/df4ca44d3fbc9301ee17f30f4d474e6ae4b05252/library/std/src/io/mod.rs:1839:15
[INFO] [stdout]    7:     0x59301d477d72 - std::sys::backtrace::BacktraceLock::print::h4b9e00b29e9c0942
[INFO] [stdout]                                at /rustc/df4ca44d3fbc9301ee17f30f4d474e6ae4b05252/library/std/src/sys/backtrace.rs:42:9
[INFO] [stdout]    8:     0x59301d4793ba - std::panicking::default_hook::{{closure}}::hb59b88280d0324d9
[INFO] [stdout]                                at /rustc/df4ca44d3fbc9301ee17f30f4d474e6ae4b05252/library/std/src/panicking.rs:268:22
[INFO] [stdout]    9:     0x59301d4791c4 - std::panicking::default_hook::he1dd496665be4a29
[INFO] [stdout]                                at /rustc/df4ca44d3fbc9301ee17f30f4d474e6ae4b05252/library/std/src/panicking.rs:292:9
[INFO] [stdout]   10:     0x59301d41acf9 - <alloc::boxed::Box<F,A> as core::ops::function::Fn<Args>>::call::h4ff71de18744e1dc
[INFO] [stdout]                                at /rustc/df4ca44d3fbc9301ee17f30f4d474e6ae4b05252/library/alloc/src/boxed.rs:2468:9
[INFO] [stdout]   11:     0x59301d41acf9 - test::test_main::{{closure}}::hcf7c055ce117aa81
[INFO] [stdout]                                at /rustc/df4ca44d3fbc9301ee17f30f4d474e6ae4b05252/library/test/src/lib.rs:133:21
[INFO] [stdout]   12:     0x59301d479ab8 - <alloc::boxed::Box<F,A> as core::ops::function::Fn<Args>>::call::h1d66c6bbd60c9692
[INFO] [stdout]                                at /rustc/df4ca44d3fbc9301ee17f30f4d474e6ae4b05252/library/alloc/src/boxed.rs:2468:9
[INFO] [stdout]   13:     0x59301d479ab8 - std::panicking::rust_panic_with_hook::h2ff17fe8f26dfcf8
[INFO] [stdout]                                at /rustc/df4ca44d3fbc9301ee17f30f4d474e6ae4b05252/library/std/src/panicking.rs:809:13
[INFO] [stdout]   14:     0x59301d47987a - std::panicking::begin_panic_handler::{{closure}}::h4fad77951c07e101
[INFO] [stdout]                                at /rustc/df4ca44d3fbc9301ee17f30f4d474e6ae4b05252/library/std/src/panicking.rs:674:13
[INFO] [stdout]   15:     0x59301d478409 - std::sys::backtrace::__rust_end_short_backtrace::hb1a25b3da5d0ea08
[INFO] [stdout]                                at /rustc/df4ca44d3fbc9301ee17f30f4d474e6ae4b05252/library/std/src/sys/backtrace.rs:170:18
[INFO] [stdout]   16:     0x59301d47950c - rust_begin_unwind
[INFO] [stdout]                                at /rustc/df4ca44d3fbc9301ee17f30f4d474e6ae4b05252/library/std/src/panicking.rs:665:5
[INFO] [stdout]   17:     0x59301d49d5b0 - core::panicking::panic_fmt::ha9db07b529f9b256
[INFO] [stdout]                                at /rustc/df4ca44d3fbc9301ee17f30f4d474e6ae4b05252/library/core/src/panicking.rs:75:14
[INFO] [stdout]   18:     0x59301d49d9f6 - core::result::unwrap_failed::h5e8218e4d4338b8a
[INFO] [stdout]                                at /rustc/df4ca44d3fbc9301ee17f30f4d474e6ae4b05252/library/core/src/result.rs:1698:5
[INFO] [stdout]   19:     0x59301d3de1c4 - core::result::Result<T,E>::unwrap::he929b782aa326b9d
[INFO] [stdout]                                at /rustc/df4ca44d3fbc9301ee17f30f4d474e6ae4b05252/library/core/src/result.rs:1103:23
[INFO] [stdout]   20:     0x59301d3de1c4 - markdown::tidy::h60a3d84564f77ffb
[INFO] [stdout]                                at /opt/rustwide/workdir/tests/markdown.rs:19:9
[INFO] [stdout]   21:     0x59301d3df076 - markdown::test_markdown::h8d498e8a54e749df
[INFO] [stdout]                                at /opt/rustwide/workdir/tests/markdown.rs:52:29
[INFO] [stdout]   22:     0x59301d3de717 - markdown::test_markdown::{{closure}}::hc09deadc03ee35fd
[INFO] [stdout]                                at /opt/rustwide/workdir/tests/markdown.rs:36:19
[INFO] [stdout]   23:     0x59301d3dae06 - core::ops::function::FnOnce::call_once::h96f1b6641f98263f
[INFO] [stdout]                                at /rustc/df4ca44d3fbc9301ee17f30f4d474e6ae4b05252/library/core/src/ops/function.rs:250:5
[INFO] [stdout]   24:     0x59301d41f5cb - core::ops::function::FnOnce::call_once::h22c3ba5715e93f05
[INFO] [stdout]                                at /rustc/df4ca44d3fbc9301ee17f30f4d474e6ae4b05252/library/core/src/ops/function.rs:250:5
[INFO] [stdout]   25:     0x59301d41f5cb - test::__rust_begin_short_backtrace::h8e82d8113d0da17f
[INFO] [stdout]                                at /rustc/df4ca44d3fbc9301ee17f30f4d474e6ae4b05252/library/test/src/lib.rs:621:18
[INFO] [stdout]   26:     0x59301d41ef47 - test::run_test_in_process::{{closure}}::h33235f4f20b7b7c7
[INFO] [stdout]                                at /rustc/df4ca44d3fbc9301ee17f30f4d474e6ae4b05252/library/test/src/lib.rs:644:60
[INFO] [stdout]   27:     0x59301d41ef47 - <core::panic::unwind_safe::AssertUnwindSafe<F> as core::ops::function::FnOnce<()>>::call_once::hb5043206310c586f
[INFO] [stdout]                                at /rustc/df4ca44d3fbc9301ee17f30f4d474e6ae4b05252/library/core/src/panic/unwind_safe.rs:272:9
[INFO] [stdout]   28:     0x59301d41ef47 - std::panicking::try::do_call::h9ad4731a60ab23e2
[INFO] [stdout]                                at /rustc/df4ca44d3fbc9301ee17f30f4d474e6ae4b05252/library/std/src/panicking.rs:557:40
[INFO] [stdout]   29:     0x59301d41ef47 - std::panicking::try::h3824d23db772a716
[INFO] [stdout]                                at /rustc/df4ca44d3fbc9301ee17f30f4d474e6ae4b05252/library/std/src/panicking.rs:520:19
[INFO] [stdout]   30:     0x59301d41ef47 - std::panic::catch_unwind::h5afd514605fde46b
[INFO] [stdout]                                at /rustc/df4ca44d3fbc9301ee17f30f4d474e6ae4b05252/library/std/src/panic.rs:358:14
[INFO] [stdout]   31:     0x59301d41ef47 - test::run_test_in_process::h0d5cbfa7067d1720
[INFO] [stdout]                                at /rustc/df4ca44d3fbc9301ee17f30f4d474e6ae4b05252/library/test/src/lib.rs:644:27
[INFO] [stdout]   32:     0x59301d41ef47 - test::run_test::{{closure}}::h708eb8872708115d
[INFO] [stdout]                                at /rustc/df4ca44d3fbc9301ee17f30f4d474e6ae4b05252/library/test/src/lib.rs:565:43
[INFO] [stdout]   33:     0x59301d3e2664 - test::run_test::{{closure}}::h392c51cee94713ab
[INFO] [stdout]                                at /rustc/df4ca44d3fbc9301ee17f30f4d474e6ae4b05252/library/test/src/lib.rs:595:41
[INFO] [stdout]   34:     0x59301d3e2664 - std::sys::backtrace::__rust_begin_short_backtrace::h2f40290710935a8b
[INFO] [stdout]                                at /rustc/df4ca44d3fbc9301ee17f30f4d474e6ae4b05252/library/std/src/sys/backtrace.rs:154:18
[INFO] [stdout]   35:     0x59301d3e5e0e - std::thread::Builder::spawn_unchecked_::{{closure}}::{{closure}}::h3fd968d89053a903
[INFO] [stdout]                                at /rustc/df4ca44d3fbc9301ee17f30f4d474e6ae4b05252/library/std/src/thread/mod.rs:541:17
[INFO] [stdout]   36:     0x59301d3e5e0e - <core::panic::unwind_safe::AssertUnwindSafe<F> as core::ops::function::FnOnce<()>>::call_once::h743f637ba4229880
[INFO] [stdout]                                at /rustc/df4ca44d3fbc9301ee17f30f4d474e6ae4b05252/library/core/src/panic/unwind_safe.rs:272:9
[INFO] [stdout]   37:     0x59301d3e5e0e - std::panicking::try::do_call::h07440897322525a6
[INFO] [stdout]                                at /rustc/df4ca44d3fbc9301ee17f30f4d474e6ae4b05252/library/std/src/panicking.rs:557:40
[INFO] [stdout]   38:     0x59301d3e5e0e - std::panicking::try::he5a2e00188156637
[INFO] [stdout]                                at /rustc/df4ca44d3fbc9301ee17f30f4d474e6ae4b05252/library/std/src/panicking.rs:520:19
[INFO] [stdout]   39:     0x59301d3e5e0e - std::panic::catch_unwind::hbaf3cae49b3c6433
[INFO] [stdout]                                at /rustc/df4ca44d3fbc9301ee17f30f4d474e6ae4b05252/library/std/src/panic.rs:358:14
[INFO] [stdout]   40:     0x59301d3e5e0e - std::thread::Builder::spawn_unchecked_::{{closure}}::h8e141ea224820bce
[INFO] [stdout]                                at /rustc/df4ca44d3fbc9301ee17f30f4d474e6ae4b05252/library/std/src/thread/mod.rs:540:30
[INFO] [stdout]   41:     0x59301d3e5e0e - core::ops::function::FnOnce::call_once{{vtable.shim}}::h90d312fedd7b8ea8
[INFO] [stdout]                                at /rustc/df4ca44d3fbc9301ee17f30f4d474e6ae4b05252/library/core/src/ops/function.rs:250:5
[INFO] [stdout]   42:     0x59301d47decb - <alloc::boxed::Box<F,A> as core::ops::function::FnOnce<Args>>::call_once::h69aa08ddb6adb8b6
[INFO] [stdout]                                at /rustc/df4ca44d3fbc9301ee17f30f4d474e6ae4b05252/library/alloc/src/boxed.rs:2454:9
[INFO] [stdout]   43:     0x59301d47decb - <alloc::boxed::Box<F,A> as core::ops::function::FnOnce<Args>>::call_once::h5aa36efdb79c806f
[INFO] [stdout]                                at /rustc/df4ca44d3fbc9301ee17f30f4d474e6ae4b05252/library/alloc/src/boxed.rs:2454:9
[INFO] [stdout]   44:     0x59301d47decb - std::sys::pal::unix::thread::Thread::new::thread_start::h6cd80a1b4be5158d
[INFO] [stdout]                                at /rustc/df4ca44d3fbc9301ee17f30f4d474e6ae4b05252/library/std/src/sys/pal/unix/thread.rs:105:17
[INFO] [stdout]   45:     0x7778ab816ac3 - <unknown>
[INFO] [stdout]   46:     0x7778ab8a7a04 - clone
[INFO] [stdout]   47:                0x0 - <unknown>
[INFO] [stdout] 
[INFO] [stdout] ---- test_wrapper stdout ----
[INFO] [stdout] thread 'test_wrapper' panicked at tests/markdown.rs:27:10:
[INFO] [stdout] called `Result::unwrap()` on an `Err` value: Os { code: 2, kind: NotFound, message: "No such file or directory" }
[INFO] [stdout] stack backtrace:
[INFO] [stdout]    0:     0x59301d477f2a - std::backtrace_rs::backtrace::libunwind::trace::h207520d6e9873551
[INFO] [stdout]                                at /rustc/df4ca44d3fbc9301ee17f30f4d474e6ae4b05252/library/std/src/../../backtrace/src/backtrace/libunwind.rs:116:5
[INFO] [stdout]    1:     0x59301d477f2a - std::backtrace_rs::backtrace::trace_unsynchronized::h2ed7433f370e3eca
[INFO] [stdout]                                at /rustc/df4ca44d3fbc9301ee17f30f4d474e6ae4b05252/library/std/src/../../backtrace/src/backtrace/mod.rs:66:5
[INFO] [stdout]    2:     0x59301d477f2a - std::sys::backtrace::_print_fmt::h916fac51166b18d7
[INFO] [stdout]                                at /rustc/df4ca44d3fbc9301ee17f30f4d474e6ae4b05252/library/std/src/sys/backtrace.rs:66:9
[INFO] [stdout]    3:     0x59301d477f2a - <std::sys::backtrace::BacktraceLock::print::DisplayBacktrace as core::fmt::Display>::fmt::ha0a4c9b8ce3802e6
[INFO] [stdout]                                at /rustc/df4ca44d3fbc9301ee17f30f4d474e6ae4b05252/library/std/src/sys/backtrace.rs:39:26
[INFO] [stdout]    4:     0x59301d49ebb3 - core::fmt::rt::Argument::fmt::h4cfc8587d52b3eb5
[INFO] [stdout]                                at /rustc/df4ca44d3fbc9301ee17f30f4d474e6ae4b05252/library/core/src/fmt/rt.rs:177:76
[INFO] [stdout]    5:     0x59301d49ebb3 - core::fmt::write::h522cc39e5b36ae9f
[INFO] [stdout]                                at /rustc/df4ca44d3fbc9301ee17f30f4d474e6ae4b05252/library/core/src/fmt/mod.rs:1190:21
[INFO] [stdout]    6:     0x59301d474393 - std::io::Write::write_fmt::h7d3c26752da97734
[INFO] [stdout]                                at /rustc/df4ca44d3fbc9301ee17f30f4d474e6ae4b05252/library/std/src/io/mod.rs:1839:15
[INFO] [stdout]    7:     0x59301d477d72 - std::sys::backtrace::BacktraceLock::print::h4b9e00b29e9c0942
[INFO] [stdout]                                at /rustc/df4ca44d3fbc9301ee17f30f4d474e6ae4b05252/library/std/src/sys/backtrace.rs:42:9
[INFO] [stdout]    8:     0x59301d4793ba - std::panicking::default_hook::{{closure}}::hb59b88280d0324d9
[INFO] [stdout]                                at /rustc/df4ca44d3fbc9301ee17f30f4d474e6ae4b05252/library/std/src/panicking.rs:268:22
[INFO] [stdout]    9:     0x59301d4791c4 - std::panicking::default_hook::he1dd496665be4a29
[INFO] [stdout]                                at /rustc/df4ca44d3fbc9301ee17f30f4d474e6ae4b05252/library/std/src/panicking.rs:292:9
[INFO] [stdout]   10:     0x59301d41acf9 - <alloc::boxed::Box<F,A> as core::ops::function::Fn<Args>>::call::h4ff71de18744e1dc
[INFO] [stdout]                                at /rustc/df4ca44d3fbc9301ee17f30f4d474e6ae4b05252/library/alloc/src/boxed.rs:2468:9
[INFO] [stdout]   11:     0x59301d41acf9 - test::test_main::{{closure}}::hcf7c055ce117aa81
[INFO] [stdout]                                at /rustc/df4ca44d3fbc9301ee17f30f4d474e6ae4b05252/library/test/src/lib.rs:133:21
[INFO] [stdout]   12:     0x59301d479ab8 - <alloc::boxed::Box<F,A> as core::ops::function::Fn<Args>>::call::h1d66c6bbd60c9692
[INFO] [stdout]                                at /rustc/df4ca44d3fbc9301ee17f30f4d474e6ae4b05252/library/alloc/src/boxed.rs:2468:9
[INFO] [stdout]   13:     0x59301d479ab8 - std::panicking::rust_panic_with_hook::h2ff17fe8f26dfcf8
[INFO] [stdout]                                at /rustc/df4ca44d3fbc9301ee17f30f4d474e6ae4b05252/library/std/src/panicking.rs:809:13
[INFO] [stdout]   14:     0x59301d47987a - std::panicking::begin_panic_handler::{{closure}}::h4fad77951c07e101
[INFO] [stdout]                                at /rustc/df4ca44d3fbc9301ee17f30f4d474e6ae4b05252/library/std/src/panicking.rs:674:13
[INFO] [stdout]   15:     0x59301d478409 - std::sys::backtrace::__rust_end_short_backtrace::hb1a25b3da5d0ea08
[INFO] [stdout]                                at /rustc/df4ca44d3fbc9301ee17f30f4d474e6ae4b05252/library/std/src/sys/backtrace.rs:170:18
[INFO] [stdout]   16:     0x59301d47950c - rust_begin_unwind
[INFO] [stdout]                                at /rustc/df4ca44d3fbc9301ee17f30f4d474e6ae4b05252/library/std/src/panicking.rs:665:5
[INFO] [stdout]   17:     0x59301d49d5b0 - core::panicking::panic_fmt::ha9db07b529f9b256
[INFO] [stdout]                                at /rustc/df4ca44d3fbc9301ee17f30f4d474e6ae4b05252/library/core/src/panicking.rs:75:14
[INFO] [stdout]   18:     0x59301d49d9f6 - core::result::unwrap_failed::h5e8218e4d4338b8a
[INFO] [stdout]                                at /rustc/df4ca44d3fbc9301ee17f30f4d474e6ae4b05252/library/core/src/result.rs:1698:5
[INFO] [stdout]   19:     0x59301d3de1c4 - core::result::Result<T,E>::unwrap::he929b782aa326b9d
[INFO] [stdout]                                at /rustc/df4ca44d3fbc9301ee17f30f4d474e6ae4b05252/library/core/src/result.rs:1103:23
[INFO] [stdout]   20:     0x59301d3de1c4 - markdown::tidy::h60a3d84564f77ffb
[INFO] [stdout]                                at /opt/rustwide/workdir/tests/markdown.rs:19:9
[INFO] [stdout]   21:     0x59301d3dfbd6 - markdown::test_wrapper::he2aabada0bfc445e
[INFO] [stdout]                                at /opt/rustwide/workdir/tests/markdown.rs:91:29
[INFO] [stdout]   22:     0x59301d3df277 - markdown::test_wrapper::{{closure}}::h1e8a5ca8b0544394
[INFO] [stdout]                                at /opt/rustwide/workdir/tests/markdown.rs:60:18
[INFO] [stdout]   23:     0x59301d3daed6 - core::ops::function::FnOnce::call_once::hc2865f700a470ad7
[INFO] [stdout]                                at /rustc/df4ca44d3fbc9301ee17f30f4d474e6ae4b05252/library/core/src/ops/function.rs:250:5
[INFO] [stdout]   24:     0x59301d41f5cb - core::ops::function::FnOnce::call_once::h22c3ba5715e93f05
[INFO] [stdout]                                at /rustc/df4ca44d3fbc9301ee17f30f4d474e6ae4b05252/library/core/src/ops/function.rs:250:5
[INFO] [stdout]   25:     0x59301d41f5cb - test::__rust_begin_short_backtrace::h8e82d8113d0da17f
[INFO] [stdout]                                at /rustc/df4ca44d3fbc9301ee17f30f4d474e6ae4b05252/library/test/src/lib.rs:621:18
[INFO] [stdout]   26:     0x59301d41ef47 - test::run_test_in_process::{{closure}}::h33235f4f20b7b7c7
[INFO] [stdout]                                at /rustc/df4ca44d3fbc9301ee17f30f4d474e6ae4b05252/library/test/src/lib.rs:644:60
[INFO] [stdout]   27:     0x59301d41ef47 - <core::panic::unwind_safe::AssertUnwindSafe<F> as core::ops::function::FnOnce<()>>::call_once::hb5043206310c586f
[INFO] [stdout]                                at /rustc/df4ca44d3fbc9301ee17f30f4d474e6ae4b05252/library/core/src/panic/unwind_safe.rs:272:9
[INFO] [stdout]   28:     0x59301d41ef47 - std::panicking::try::do_call::h9ad4731a60ab23e2
[INFO] [stdout]                                at /rustc/df4ca44d3fbc9301ee17f30f4d474e6ae4b05252/library/std/src/panicking.rs:557:40
[INFO] [stdout]   29:     0x59301d41ef47 - std::panicking::try::h3824d23db772a716
[INFO] [stdout]                                at /rustc/df4ca44d3fbc9301ee17f30f4d474e6ae4b05252/library/std/src/panicking.rs:520:19
[INFO] [stdout]   30:     0x59301d41ef47 - std::panic::catch_unwind::h5afd514605fde46b
[INFO] [stdout]                                at /rustc/df4ca44d3fbc9301ee17f30f4d474e6ae4b05252/library/std/src/panic.rs:358:14
[INFO] [stdout]   31:     0x59301d41ef47 - test::run_test_in_process::h0d5cbfa7067d1720
[INFO] [stdout]                                at /rustc/df4ca44d3fbc9301ee17f30f4d474e6ae4b05252/library/test/src/lib.rs:644:27
[INFO] [stdout]   32:     0x59301d41ef47 - test::run_test::{{closure}}::h708eb8872708115d
[INFO] [stdout]                                at /rustc/df4ca44d3fbc9301ee17f30f4d474e6ae4b05252/library/test/src/lib.rs:565:43
[INFO] [stdout]   33:     0x59301d3e2664 - test::run_test::{{closure}}::h392c51cee94713ab
[INFO] [stdout]                                at /rustc/df4ca44d3fbc9301ee17f30f4d474e6ae4b05252/library/test/src/lib.rs:595:41
[INFO] [stdout]   34:     0x59301d3e2664 - std::sys::backtrace::__rust_begin_short_backtrace::h2f40290710935a8b
[INFO] [stdout]                                at /rustc/df4ca44d3fbc9301ee17f30f4d474e6ae4b05252/library/std/src/sys/backtrace.rs:154:18
[INFO] [stdout]   35:     0x59301d3e5e0e - std::thread::Builder::spawn_unchecked_::{{closure}}::{{closure}}::h3fd968d89053a903
[INFO] [stdout]                                at /rustc/df4ca44d3fbc9301ee17f30f4d474e6ae4b05252/library/std/src/thread/mod.rs:541:17
[INFO] [stdout]   36:     0x59301d3e5e0e - <core::panic::unwind_safe::AssertUnwindSafe<F> as core::ops::function::FnOnce<()>>::call_once::h743f637ba4229880
[INFO] [stdout]                                at /rustc/df4ca44d3fbc9301ee17f30f4d474e6ae4b05252/library/core/src/panic/unwind_safe.rs:272:9
[INFO] [stdout]   37:     0x59301d3e5e0e - std::panicking::try::do_call::h07440897322525a6
[INFO] [stdout]                                at /rustc/df4ca44d3fbc9301ee17f30f4d474e6ae4b05252/library/std/src/panicking.rs:557:40
[INFO] [stdout]   38:     0x59301d3e5e0e - std::panicking::try::he5a2e00188156637
[INFO] [stdout]                                at /rustc/df4ca44d3fbc9301ee17f30f4d474e6ae4b05252/library/std/src/panicking.rs:520:19
[INFO] [stdout]   39:     0x59301d3e5e0e - std::panic::catch_unwind::hbaf3cae49b3c6433
[INFO] [stdout]                                at /rustc/df4ca44d3fbc9301ee17f30f4d474e6ae4b05252/library/std/src/panic.rs:358:14
[INFO] [stdout]   40:     0x59301d3e5e0e - std::thread::Builder::spawn_unchecked_::{{closure}}::h8e141ea224820bce
[INFO] [stdout]                                at /rustc/df4ca44d3fbc9301ee17f30f4d474e6ae4b05252/library/std/src/thread/mod.rs:540:30
[INFO] [stdout]   41:     0x59301d3e5e0e - core::ops::function::FnOnce::call_once{{vtable.shim}}::h90d312fedd7b8ea8
[INFO] [stdout]                                at /rustc/df4ca44d3fbc9301ee17f30f4d474e6ae4b05252/library/core/src/ops/function.rs:250:5
[INFO] [stdout]   42:     0x59301d47decb - <alloc::boxed::Box<F,A> as core::ops::function::FnOnce<Args>>::call_once::h69aa08ddb6adb8b6
[INFO] [stdout]                                at /rustc/df4ca44d3fbc9301ee17f30f4d474e6ae4b05252/library/alloc/src/boxed.rs:2454:9
[INFO] [stdout]   43:     0x59301d47decb - <alloc::boxed::Box<F,A> as core::ops::function::FnOnce<Args>>::call_once::h5aa36efdb79c806f
[INFO] [stdout]                                at /rustc/df4ca44d3fbc9301ee17f30f4d474e6ae4b05252/library/alloc/src/boxed.rs:2454:9
[INFO] [stdout]   44:     0x59301d47decb - std::sys::pal::unix::thread::Thread::new::thread_start::h6cd80a1b4be5158d
[INFO] [stdout]                                at /rustc/df4ca44d3fbc9301ee17f30f4d474e6ae4b05252/library/std/src/sys/pal/unix/thread.rs:105:17
[INFO] [stdout]   45:     0x7778ab816ac3 - <unknown>
[INFO] [stdout]   46:     0x7778ab8a7a04 - clone
[INFO] [stdout]   47:                0x0 - <unknown>
[INFO] [stdout] 
[INFO] [stdout] ---- test_toc stdout ----
[INFO] [stdout] thread 'test_toc' panicked at tests/markdown.rs:27:10:
[INFO] [stdout] called `Result::unwrap()` on an `Err` value: Os { code: 2, kind: NotFound, message: "No such file or directory" }
[INFO] [stdout] stack backtrace:
[INFO] [stdout]    0:     0x59301d477f2a - std::backtrace_rs::backtrace::libunwind::trace::h207520d6e9873551
[INFO] [stdout]                                at /rustc/df4ca44d3fbc9301ee17f30f4d474e6ae4b05252/library/std/src/../../backtrace/src/backtrace/libunwind.rs:116:5
[INFO] [stdout]    1:     0x59301d477f2a - std::backtrace_rs::backtrace::trace_unsynchronized::h2ed7433f370e3eca
[INFO] [stdout]                                at /rustc/df4ca44d3fbc9301ee17f30f4d474e6ae4b05252/library/std/src/../../backtrace/src/backtrace/mod.rs:66:5
[INFO] [stdout]    2:     0x59301d477f2a - std::sys::backtrace::_print_fmt::h916fac51166b18d7
[INFO] [stdout]                                at /rustc/df4ca44d3fbc9301ee17f30f4d474e6ae4b05252/library/std/src/sys/backtrace.rs:66:9
[INFO] [stdout]    3:     0x59301d477f2a - <std::sys::backtrace::BacktraceLock::print::DisplayBacktrace as core::fmt::Display>::fmt::ha0a4c9b8ce3802e6
[INFO] [stdout]                                at /rustc/df4ca44d3fbc9301ee17f30f4d474e6ae4b05252/library/std/src/sys/backtrace.rs:39:26
[INFO] [stdout]    4:     0x59301d49ebb3 - core::fmt::rt::Argument::fmt::h4cfc8587d52b3eb5
[INFO] [stdout]                                at /rustc/df4ca44d3fbc9301ee17f30f4d474e6ae4b05252/library/core/src/fmt/rt.rs:177:76
[INFO] [stdout]    5:     0x59301d49ebb3 - core::fmt::write::h522cc39e5b36ae9f
[INFO] [stdout]                                at /rustc/df4ca44d3fbc9301ee17f30f4d474e6ae4b05252/library/core/src/fmt/mod.rs:1190:21
[INFO] [stdout]    6:     0x59301d474393 - std::io::Write::write_fmt::h7d3c26752da97734
[INFO] [stdout]                                at /rustc/df4ca44d3fbc9301ee17f30f4d474e6ae4b05252/library/std/src/io/mod.rs:1839:15
[INFO] [stdout]    7:     0x59301d477d72 - std::sys::backtrace::BacktraceLock::print::h4b9e00b29e9c0942
[INFO] [stdout]                                at /rustc/df4ca44d3fbc9301ee17f30f4d474e6ae4b05252/library/std/src/sys/backtrace.rs:42:9
[INFO] [stdout]    8:     0x59301d4793ba - std::panicking::default_hook::{{closure}}::hb59b88280d0324d9
[INFO] [stdout]                                at /rustc/df4ca44d3fbc9301ee17f30f4d474e6ae4b05252/library/std/src/panicking.rs:268:22
[INFO] [stdout]    9:     0x59301d4791c4 - std::panicking::default_hook::he1dd496665be4a29
[INFO] [stdout]                                at /rustc/df4ca44d3fbc9301ee17f30f4d474e6ae4b05252/library/std/src/panicking.rs:292:9
[INFO] [stdout]   10:     0x59301d41acf9 - <alloc::boxed::Box<F,A> as core::ops::function::Fn<Args>>::call::h4ff71de18744e1dc
[INFO] [stdout]                                at /rustc/df4ca44d3fbc9301ee17f30f4d474e6ae4b05252/library/alloc/src/boxed.rs:2468:9
[INFO] [stdout]   11:     0x59301d41acf9 - test::test_main::{{closure}}::hcf7c055ce117aa81
[INFO] [stdout]                                at /rustc/df4ca44d3fbc9301ee17f30f4d474e6ae4b05252/library/test/src/lib.rs:133:21
[INFO] [stdout]   12:     0x59301d479ab8 - <alloc::boxed::Box<F,A> as core::ops::function::Fn<Args>>::call::h1d66c6bbd60c9692
[INFO] [stdout]                                at /rustc/df4ca44d3fbc9301ee17f30f4d474e6ae4b05252/library/alloc/src/boxed.rs:2468:9
[INFO] [stdout]   13:     0x59301d479ab8 - std::panicking::rust_panic_with_hook::h2ff17fe8f26dfcf8
[INFO] [stdout]                                at /rustc/df4ca44d3fbc9301ee17f30f4d474e6ae4b05252/library/std/src/panicking.rs:809:13
[INFO] [stdout]   14:     0x59301d47987a - std::panicking::begin_panic_handler::{{closure}}::h4fad77951c07e101
[INFO] [stdout]                                at /rustc/df4ca44d3fbc9301ee17f30f4d474e6ae4b05252/library/std/src/panicking.rs:674:13
[INFO] [stdout]   15:     0x59301d478409 - std::sys::backtrace::__rust_end_short_backtrace::hb1a25b3da5d0ea08
[INFO] [stdout]                                at /rustc/df4ca44d3fbc9301ee17f30f4d474e6ae4b05252/library/std/src/sys/backtrace.rs:170:18
[INFO] [stdout]   16:     0x59301d47950c - rust_begin_unwind
[INFO] [stdout]                                at /rustc/df4ca44d3fbc9301ee17f30f4d474e6ae4b05252/library/std/src/panicking.rs:665:5
[INFO] [stdout]   17:     0x59301d49d5b0 - core::panicking::panic_fmt::ha9db07b529f9b256
[INFO] [stdout]                                at /rustc/df4ca44d3fbc9301ee17f30f4d474e6ae4b05252/library/core/src/panicking.rs:75:14
[INFO] [stdout]   18:     0x59301d49d9f6 - core::result::unwrap_failed::h5e8218e4d4338b8a
[INFO] [stdout]                                at /rustc/df4ca44d3fbc9301ee17f30f4d474e6ae4b05252/library/core/src/result.rs:1698:5
[INFO] [stdout]   19:     0x59301d3de1c4 - core::result::Result<T,E>::unwrap::he929b782aa326b9d
[INFO] [stdout]                                at /rustc/df4ca44d3fbc9301ee17f30f4d474e6ae4b05252/library/core/src/result.rs:1103:23
[INFO] [stdout]   20:     0x59301d3de1c4 - markdown::tidy::h60a3d84564f77ffb
[INFO] [stdout]                                at /opt/rustwide/workdir/tests/markdown.rs:19:9
[INFO] [stdout]   21:     0x59301d3e0bea - markdown::test_toc::h16cf5d2ebe7ef007
[INFO] [stdout]                                at /opt/rustwide/workdir/tests/markdown.rs:132:25
[INFO] [stdout]   22:     0x59301d3e05e7 - markdown::test_toc::{{closure}}::hb3969220cff6d8ad
[INFO] [stdout]                                at /opt/rustwide/workdir/tests/markdown.rs:120:14
[INFO] [stdout]   23:     0x59301d3dae46 - core::ops::function::FnOnce::call_once::h9c7b938950688f08
[INFO] [stdout]                                at /rustc/df4ca44d3fbc9301ee17f30f4d474e6ae4b05252/library/core/src/ops/function.rs:250:5
[INFO] [stdout]   24:     0x59301d41f5cb - core::ops::function::FnOnce::call_once::h22c3ba5715e93f05
[INFO] [stdout]                                at /rustc/df4ca44d3fbc9301ee17f30f4d474e6ae4b05252/library/core/src/ops/function.rs:250:5
[INFO] [stdout]   25:     0x59301d41f5cb - test::__rust_begin_short_backtrace::h8e82d8113d0da17f
[INFO] [stdout]                                at /rustc/df4ca44d3fbc9301ee17f30f4d474e6ae4b05252/library/test/src/lib.rs:621:18
[INFO] [stdout]   26:     0x59301d41ef47 - test::run_test_in_process::{{closure}}::h33235f4f20b7b7c7
[INFO] [stdout]                                at /rustc/df4ca44d3fbc9301ee17f30f4d474e6ae4b05252/library/test/src/lib.rs:644:60
[INFO] [stdout]   27:     0x59301d41ef47 - <core::panic::unwind_safe::AssertUnwindSafe<F> as core::ops::function::FnOnce<()>>::call_once::hb5043206310c586f
[INFO] [stdout]                                at /rustc/df4ca44d3fbc9301ee17f30f4d474e6ae4b05252/library/core/src/panic/unwind_safe.rs:272:9
[INFO] [stdout]   28:     0x59301d41ef47 - std::panicking::try::do_call::h9ad4731a60ab23e2
[INFO] [stdout]                                at /rustc/df4ca44d3fbc9301ee17f30f4d474e6ae4b05252/library/std/src/panicking.rs:557:40
[INFO] [stdout]   29:     0x59301d41ef47 - std::panicking::try::h3824d23db772a716
[INFO] [stdout]                                at /rustc/df4ca44d3fbc9301ee17f30f4d474e6ae4b05252/library/std/src/panicking.rs:520:19
[INFO] [stdout]   30:     0x59301d41ef47 - std::panic::catch_unwind::h5afd514605fde46b
[INFO] [stdout]                                at /rustc/df4ca44d3fbc9301ee17f30f4d474e6ae4b05252/library/std/src/panic.rs:358:14
[INFO] [stdout]   31:     0x59301d41ef47 - test::run_test_in_process::h0d5cbfa7067d1720
[INFO] [stdout]                                at /rustc/df4ca44d3fbc9301ee17f30f4d474e6ae4b05252/library/test/src/lib.rs:644:27
[INFO] [stdout]   32:     0x59301d41ef47 - test::run_test::{{closure}}::h708eb8872708115d
[INFO] [stdout]                                at /rustc/df4ca44d3fbc9301ee17f30f4d474e6ae4b05252/library/test/src/lib.rs:565:43
[INFO] [stdout]   33:     0x59301d3e2664 - test::run_test::{{closure}}::h392c51cee94713ab
[INFO] [stdout]                                at /rustc/df4ca44d3fbc9301ee17f30f4d474e6ae4b05252/library/test/src/lib.rs:595:41
[INFO] [stdout]   34:     0x59301d3e2664 - std::sys::backtrace::__rust_begin_short_backtrace::h2f40290710935a8b
[INFO] [stdout]                                at /rustc/df4ca44d3fbc9301ee17f30f4d474e6ae4b05252/library/std/src/sys/backtrace.rs:154:18
[INFO] [stdout]   35:     0x59301d3e5e0e - std::thread::Builder::spawn_unchecked_::{{closure}}::{{closure}}::h3fd968d89053a903
[INFO] [stdout]                                at /rustc/df4ca44d3fbc9301ee17f30f4d474e6ae4b05252/library/std/src/thread/mod.rs:541:17
[INFO] [stdout]   36:     0x59301d3e5e0e - <core::panic::unwind_safe::AssertUnwindSafe<F> as core::ops::function::FnOnce<()>>::call_once::h743f637ba4229880
[INFO] [stdout]                                at /rustc/df4ca44d3fbc9301ee17f30f4d474e6ae4b05252/library/core/src/panic/unwind_safe.rs:272:9
[INFO] [stdout]   37:     0x59301d3e5e0e - std::panicking::try::do_call::h07440897322525a6
[INFO] [stdout]                                at /rustc/df4ca44d3fbc9301ee17f30f4d474e6ae4b05252/library/std/src/panicking.rs:557:40
[INFO] [stdout]   38:     0x59301d3e5e0e - std::panicking::try::he5a2e00188156637
[INFO] [stdout]                                at /rustc/df4ca44d3fbc9301ee17f30f4d474e6ae4b05252/library/std/src/panicking.rs:520:19
[INFO] [stdout]   39:     0x59301d3e5e0e - std::panic::catch_unwind::hbaf3cae49b3c6433
[INFO] [stdout]                                at /rustc/df4ca44d3fbc9301ee17f30f4d474e6ae4b05252/library/std/src/panic.rs:358:14
[INFO] [stdout]   40:     0x59301d3e5e0e - std::thread::Builder::spawn_unchecked_::{{closure}}::h8e141ea224820bce
[INFO] [stdout]                                at /rustc/df4ca44d3fbc9301ee17f30f4d474e6ae4b05252/library/std/src/thread/mod.rs:540:30
[INFO] [stdout]   41:     0x59301d3e5e0e - core::ops::function::FnOnce::call_once{{vtable.shim}}::h90d312fedd7b8ea8
[INFO] [stdout]                                at /rustc/df4ca44d3fbc9301ee17f30f4d474e6ae4b05252/library/core/src/ops/function.rs:250:5
[INFO] [stdout]   42:     0x59301d47decb - <alloc::boxed::Box<F,A> as core::ops::function::FnOnce<Args>>::call_once::h69aa08ddb6adb8b6
[INFO] [stdout]                                at /rustc/df4ca44d3fbc9301ee17f30f4d474e6ae4b05252/library/alloc/src/boxed.rs:2454:9
[INFO] [stdout]   43:     0x59301d47decb - <alloc::boxed::Box<F,A> as core::ops::function::FnOnce<Args>>::call_once::h5aa36efdb79c806f
[INFO] [stdout]                                at /rustc/df4ca44d3fbc9301ee17f30f4d474e6ae4b05252/library/alloc/src/boxed.rs:2454:9
[INFO] [stdout]   44:     0x59301d47decb - std::sys::pal::unix::thread::Thread::new::thread_start::h6cd80a1b4be5158d
[INFO] [stdout]                                at /rustc/df4ca44d3fbc9301ee17f30f4d474e6ae4b05252/library/std/src/sys/pal/unix/thread.rs:105:17
[INFO] [stdout]   45:     0x7778ab816ac3 - <unknown>
[INFO] [stdout]   46:     0x7778ab8a7a04 - clone
[INFO] [stdout]   47:                0x0 - <unknown>
[INFO] [stdout] 
[INFO] [stdout] 
[INFO] [stdout] failures:
[INFO] [stdout]     test_markdown
[INFO] [stdout]     test_math
[INFO] [stdout]     test_toc
[INFO] [stdout]     test_wrapper
[INFO] [stdout] 
[INFO] [stdout] test result: FAILED. 0 passed; 4 failed; 0 ignored; 0 measured; 0 filtered out; finished in 0.02s
[INFO] [stdout] 
[INFO] running `Command { std: "docker" "inspect" "292ae45e65720e40a81fdf22efa57fbd119b147f7972ec661ca0057dad3a9087", kill_on_drop: false }`
[INFO] running `Command { std: "docker" "rm" "-f" "292ae45e65720e40a81fdf22efa57fbd119b147f7972ec661ca0057dad3a9087", kill_on_drop: false }`
[INFO] [stdout] 292ae45e65720e40a81fdf22efa57fbd119b147f7972ec661ca0057dad3a9087
