[INFO] fetching crate hmac-serialiser-rs 0.1.4...
[INFO] testing hmac-serialiser-rs-0.1.4 against nightly-2024-10-28 for randomize-layout
[INFO] extracting crate hmac-serialiser-rs 0.1.4 into /workspace/builds/worker-7-tc1/source
[INFO] validating manifest of crates.io crate hmac-serialiser-rs 0.1.4 on toolchain nightly-2024-10-28
[INFO] running `Command { std: CARGO_HOME="/workspace/cargo-home" RUSTUP_HOME="/workspace/rustup-home" "/workspace/cargo-home/bin/cargo" "+nightly-2024-10-28" "metadata" "--manifest-path" "Cargo.toml" "--no-deps", kill_on_drop: false }`
[INFO] started tweaking crates.io crate hmac-serialiser-rs 0.1.4
[INFO] finished tweaking crates.io crate hmac-serialiser-rs 0.1.4
[INFO] tweaked toml for crates.io crate hmac-serialiser-rs 0.1.4 written to /workspace/builds/worker-7-tc1/source/Cargo.toml
[INFO] running `Command { std: CARGO_HOME="/workspace/cargo-home" RUSTUP_HOME="/workspace/rustup-home" "/workspace/cargo-home/bin/cargo" "+nightly-2024-10-28" "generate-lockfile" "--manifest-path" "Cargo.toml", kill_on_drop: false }`
[INFO] [stderr]     Updating crates.io index
[INFO] [stderr]      Locking 57 packages to latest compatible versions
[INFO] running `Command { std: CARGO_HOME="/workspace/cargo-home" RUSTUP_HOME="/workspace/rustup-home" "/workspace/cargo-home/bin/cargo" "+nightly-2024-10-28" "fetch" "--manifest-path" "Cargo.toml", kill_on_drop: false }`
[INFO] running `Command { std: "docker" "create" "-v" "/var/lib/crater-agent-workspace/builds/worker-7-tc1/target:/opt/rustwide/target:rw,Z" "-v" "/var/lib/crater-agent-workspace/builds/worker-7-tc1/source:/opt/rustwide/workdir:ro,Z" "-v" "/var/lib/crater-agent-workspace/cargo-home:/opt/rustwide/cargo-home:ro,Z" "-v" "/var/lib/crater-agent-workspace/rustup-home:/opt/rustwide/rustup-home:ro,Z" "-e" "SOURCE_DIR=/opt/rustwide/workdir" "-e" "CARGO_TARGET_DIR=/opt/rustwide/target" "-e" "CARGO_HOME=/opt/rustwide/cargo-home" "-e" "RUSTUP_HOME=/opt/rustwide/rustup-home" "-w" "/opt/rustwide/workdir" "-m" "1610612736" "--user" "0:0" "--network" "none" "ghcr.io/rust-lang/crates-build-env/linux@sha256:4a844ea9eb2546a2d2c7022eacef16ef2e8229c7fbb2c7d4d55a9ceca922f72d" "/opt/rustwide/cargo-home/bin/cargo" "+nightly-2024-10-28" "metadata" "--no-deps" "--format-version=1", kill_on_drop: false }`
[INFO] [stdout] 3d95b0cde6e4ba2c800c021b9affe21f01e8a105b84fcfc1e021e253a0ec08c8
[INFO] running `Command { std: "docker" "start" "-a" "3d95b0cde6e4ba2c800c021b9affe21f01e8a105b84fcfc1e021e253a0ec08c8", kill_on_drop: false }`
[INFO] running `Command { std: "docker" "inspect" "3d95b0cde6e4ba2c800c021b9affe21f01e8a105b84fcfc1e021e253a0ec08c8", kill_on_drop: false }`
[INFO] running `Command { std: "docker" "rm" "-f" "3d95b0cde6e4ba2c800c021b9affe21f01e8a105b84fcfc1e021e253a0ec08c8", kill_on_drop: false }`
[INFO] [stdout] 3d95b0cde6e4ba2c800c021b9affe21f01e8a105b84fcfc1e021e253a0ec08c8
[INFO] running `Command { std: "docker" "create" "-v" "/var/lib/crater-agent-workspace/builds/worker-7-tc1/target:/opt/rustwide/target:rw,Z" "-v" "/var/lib/crater-agent-workspace/builds/worker-7-tc1/source:/opt/rustwide/workdir:ro,Z" "-v" "/var/lib/crater-agent-workspace/cargo-home:/opt/rustwide/cargo-home:ro,Z" "-v" "/var/lib/crater-agent-workspace/rustup-home:/opt/rustwide/rustup-home:ro,Z" "-e" "SOURCE_DIR=/opt/rustwide/workdir" "-e" "CARGO_TARGET_DIR=/opt/rustwide/target" "-e" "CARGO_INCREMENTAL=0" "-e" "RUST_BACKTRACE=full" "-e" "RUSTFLAGS=--cap-lints=forbid" "-e" "RUSTDOCFLAGS=--cap-lints=forbid" "-e" "CARGO_HOME=/opt/rustwide/cargo-home" "-e" "RUSTUP_HOME=/opt/rustwide/rustup-home" "-w" "/opt/rustwide/workdir" "-m" "1610612736" "--user" "0:0" "--network" "none" "ghcr.io/rust-lang/crates-build-env/linux@sha256:4a844ea9eb2546a2d2c7022eacef16ef2e8229c7fbb2c7d4d55a9ceca922f72d" "/opt/rustwide/cargo-home/bin/cargo" "+nightly-2024-10-28" "build" "--frozen" "--message-format=json", kill_on_drop: false }`
[INFO] [stdout] 4413face38ed07c329213df36a56ad06cfc8011fd88d824c64953c92a96eefec
[INFO] running `Command { std: "docker" "start" "-a" "4413face38ed07c329213df36a56ad06cfc8011fd88d824c64953c92a96eefec", kill_on_drop: false }`
[INFO] [stderr]    Compiling libc v0.2.161
[INFO] [stderr]    Compiling serde v1.0.214
[INFO] [stderr]    Compiling byteorder v1.5.0
[INFO] [stderr]    Compiling num-traits v0.2.19
[INFO] [stderr]    Compiling memchr v2.7.4
[INFO] [stderr]    Compiling iana-time-zone v0.1.61
[INFO] [stderr]    Compiling base64 v0.22.1
[INFO] [stderr]    Compiling syn v2.0.86
[INFO] [stderr]    Compiling getrandom v0.2.15
[INFO] [stderr]    Compiling rand_core v0.6.4
[INFO] [stderr]    Compiling ring v0.17.8
[INFO] [stderr]    Compiling zerocopy-derive v0.7.35
[INFO] [stderr]    Compiling serde_derive v1.0.214
[INFO] [stderr]    Compiling thiserror-impl v1.0.66
[INFO] [stderr]    Compiling zerocopy v0.7.35
[INFO] [stderr]    Compiling thiserror v1.0.66
[INFO] [stderr]    Compiling ppv-lite86 v0.2.20
[INFO] [stderr]    Compiling rand_chacha v0.3.1
[INFO] [stderr]    Compiling rand v0.8.5
[INFO] [stderr]    Compiling serde_json v1.0.132
[INFO] [stderr]    Compiling chrono v0.4.38
[INFO] [stderr]    Compiling hmac-serialiser-rs v0.1.4 (/opt/rustwide/workdir)
[INFO] [stderr]     Finished `dev` profile [unoptimized + debuginfo] target(s) in 6.43s
[INFO] running `Command { std: "docker" "inspect" "4413face38ed07c329213df36a56ad06cfc8011fd88d824c64953c92a96eefec", kill_on_drop: false }`
[INFO] running `Command { std: "docker" "rm" "-f" "4413face38ed07c329213df36a56ad06cfc8011fd88d824c64953c92a96eefec", kill_on_drop: false }`
[INFO] [stdout] 4413face38ed07c329213df36a56ad06cfc8011fd88d824c64953c92a96eefec
[INFO] running `Command { std: "docker" "create" "-v" "/var/lib/crater-agent-workspace/builds/worker-7-tc1/target:/opt/rustwide/target:rw,Z" "-v" "/var/lib/crater-agent-workspace/builds/worker-7-tc1/source:/opt/rustwide/workdir:ro,Z" "-v" "/var/lib/crater-agent-workspace/cargo-home:/opt/rustwide/cargo-home:ro,Z" "-v" "/var/lib/crater-agent-workspace/rustup-home:/opt/rustwide/rustup-home:ro,Z" "-e" "SOURCE_DIR=/opt/rustwide/workdir" "-e" "CARGO_TARGET_DIR=/opt/rustwide/target" "-e" "CARGO_INCREMENTAL=0" "-e" "RUST_BACKTRACE=full" "-e" "RUSTFLAGS=--cap-lints=forbid" "-e" "RUSTDOCFLAGS=--cap-lints=forbid" "-e" "CARGO_HOME=/opt/rustwide/cargo-home" "-e" "RUSTUP_HOME=/opt/rustwide/rustup-home" "-w" "/opt/rustwide/workdir" "-m" "1610612736" "--user" "0:0" "--network" "none" "ghcr.io/rust-lang/crates-build-env/linux@sha256:4a844ea9eb2546a2d2c7022eacef16ef2e8229c7fbb2c7d4d55a9ceca922f72d" "/opt/rustwide/cargo-home/bin/cargo" "+nightly-2024-10-28" "test" "--frozen" "--no-run" "--message-format=json", kill_on_drop: false }`
[INFO] [stdout] f96bd0ecd8a2e73cb7f5a014bd6388515114455b9f43dcfe1f65c8d4fda93faa
[INFO] running `Command { std: "docker" "start" "-a" "f96bd0ecd8a2e73cb7f5a014bd6388515114455b9f43dcfe1f65c8d4fda93faa", kill_on_drop: false }`
[INFO] [stderr]    Compiling hmac-serialiser-rs v0.1.4 (/opt/rustwide/workdir)
[INFO] [stderr]     Finished `test` profile [unoptimized + debuginfo] target(s) in 0.33s
[INFO] running `Command { std: "docker" "inspect" "f96bd0ecd8a2e73cb7f5a014bd6388515114455b9f43dcfe1f65c8d4fda93faa", kill_on_drop: false }`
[INFO] running `Command { std: "docker" "rm" "-f" "f96bd0ecd8a2e73cb7f5a014bd6388515114455b9f43dcfe1f65c8d4fda93faa", kill_on_drop: false }`
[INFO] [stdout] f96bd0ecd8a2e73cb7f5a014bd6388515114455b9f43dcfe1f65c8d4fda93faa
[INFO] running `Command { std: "docker" "create" "-v" "/var/lib/crater-agent-workspace/builds/worker-7-tc1/target:/opt/rustwide/target:rw,Z" "-v" "/var/lib/crater-agent-workspace/builds/worker-7-tc1/source:/opt/rustwide/workdir:ro,Z" "-v" "/var/lib/crater-agent-workspace/cargo-home:/opt/rustwide/cargo-home:ro,Z" "-v" "/var/lib/crater-agent-workspace/rustup-home:/opt/rustwide/rustup-home:ro,Z" "-e" "SOURCE_DIR=/opt/rustwide/workdir" "-e" "CARGO_TARGET_DIR=/opt/rustwide/target" "-e" "CARGO_INCREMENTAL=0" "-e" "RUST_BACKTRACE=full" "-e" "RUSTFLAGS=--cap-lints=forbid" "-e" "RUSTDOCFLAGS=--cap-lints=forbid" "-e" "CARGO_HOME=/opt/rustwide/cargo-home" "-e" "RUSTUP_HOME=/opt/rustwide/rustup-home" "-w" "/opt/rustwide/workdir" "-m" "1610612736" "--user" "0:0" "--network" "none" "ghcr.io/rust-lang/crates-build-env/linux@sha256:4a844ea9eb2546a2d2c7022eacef16ef2e8229c7fbb2c7d4d55a9ceca922f72d" "/opt/rustwide/cargo-home/bin/cargo" "+nightly-2024-10-28" "test" "--frozen", kill_on_drop: false }`
[INFO] [stdout] ee79d7ca06ae9939f4fe0cb82425db1bc843baf5aea8dc6f1d3557cccdc7d0fa
[INFO] running `Command { std: "docker" "start" "-a" "ee79d7ca06ae9939f4fe0cb82425db1bc843baf5aea8dc6f1d3557cccdc7d0fa", kill_on_drop: false }`
[INFO] [stderr]     Finished `test` profile [unoptimized + debuginfo] target(s) in 0.03s
[INFO] [stderr]      Running unittests src/lib.rs (/opt/rustwide/target/debug/deps/hmac_serialiser_rs-863fd54acfd7ef50)
[INFO] [stdout] 
[INFO] [stdout] running 12 tests
[INFO] [stdout] test hkdf::tests::test_empty_key_hkdf_expand ... ok
[INFO] [stdout] test hkdf::tests::test_hdkf_expand_with_all ... ok
[INFO] [stdout] test hkdf::tests::test_hdkf_expand_with_info ... ok
[INFO] [stdout] test hkdf::tests::test_hdkf_expand_with_ikm ... ok
[INFO] [stdout] test hkdf::tests::test_hdkf_expand_with_salt ... ok
[INFO] [stdout] test tests::test_invalid_token ... ok
[INFO] [stdout] test tests::test_invalid_token_with_valid_signature ... ok
[INFO] [stdout] test tests::test_sign_and_unsign_valid_token ... ok
[INFO] [stdout] test tests::test_unsign_expired_token ... ok
[INFO] [stdout] test tests::test_unsign_invalid_base64_signature ... ok
[INFO] [stdout] test tests::test_unsign_invalid_signature ... ok
[INFO] [stdout] test tests::test_unsign_malformed_token ... ok
[INFO] [stdout] 
[INFO] [stdout] test result: ok. 12 passed; 0 failed; 0 ignored; 0 measured; 0 filtered out; finished in 0.00s
[INFO] [stdout] 
[INFO] [stderr]    Doc-tests hmac_serialiser_rs
[INFO] [stdout] 
[INFO] [stdout] running 5 tests
[INFO] [stdout] test src/lib.rs - (line 19) ... FAILED
[INFO] [stdout] test src/lib.rs - (line 99) ... ok
[INFO] [stdout] test src/lib.rs - Data (line 144) ... ok
[INFO] [stdout] test src/lib.rs - HmacSigner::sign (line 306) ... ok
[INFO] [stdout] test src/lib.rs - HmacSigner::unsign (line 244) ... ok
[INFO] [stdout] 
[INFO] [stdout] failures:
[INFO] [stdout] 
[INFO] [stdout] ---- src/lib.rs - (line 19) stdout ----
[INFO] [stdout] error[E0603]: enum `Algorithm` is private
[INFO] [stdout]    --> src/lib.rs:21:69
[INFO] [stdout]     |
[INFO] [stdout] 4   | use hmac_serialiser_rs::{Encoder, HmacSigner, KeyInfo, SignerLogic, Algorithm};
[INFO] [stdout]     |                                                                     ^^^^^^^^^ private enum
[INFO] [stdout]     |
[INFO] [stdout] note: the enum `Algorithm` is defined here
[INFO] [stdout]    --> /opt/rustwide/workdir/src/lib.rs:105:17
[INFO] [stdout]     |
[INFO] [stdout] 105 | use algorithm::{Algorithm, HkdfAlgorithm};
[INFO] [stdout]     |                 ^^^^^^^^^
[INFO] [stdout] help: import `Algorithm` directly
[INFO] [stdout]     |
[INFO] [stdout] 4   | use hmac_serialiser_rs::{Encoder, HmacSigner, KeyInfo, SignerLogic, hmac_serialiser_rs::algorithm::Algorithm};
[INFO] [stdout]     |                                                                     ~~~~~~~~~~~~~~~~~~~~~~~~~~~~~~~~~~~~~~~~
[INFO] [stdout] 
[INFO] [stdout] error: aborting due to 1 previous error
[INFO] [stdout] 
[INFO] [stdout] For more information about this error, try `rustc --explain E0603`.
[INFO] [stdout] Couldn't compile the test.
[INFO] [stdout] 
[INFO] [stdout] failures:
[INFO] [stdout]     src/lib.rs - (line 19)
[INFO] [stdout] 
[INFO] [stdout] test result: FAILED. 4 passed; 1 failed; 0 ignored; 0 measured; 0 filtered out; finished in 0.19s
[INFO] [stdout] 
[INFO] [stderr] error: doctest failed, to rerun pass `--doc`
[INFO] running `Command { std: "docker" "inspect" "ee79d7ca06ae9939f4fe0cb82425db1bc843baf5aea8dc6f1d3557cccdc7d0fa", kill_on_drop: false }`
[INFO] running `Command { std: "docker" "rm" "-f" "ee79d7ca06ae9939f4fe0cb82425db1bc843baf5aea8dc6f1d3557cccdc7d0fa", kill_on_drop: false }`
[INFO] [stdout] ee79d7ca06ae9939f4fe0cb82425db1bc843baf5aea8dc6f1d3557cccdc7d0fa
