[INFO] fetching crate hj_my_crate 0.1.1...
[INFO] testing hj_my_crate-0.1.1 against nightly-2024-10-28+rustflags=-Zrandomize-layout for randomize-layout
[INFO] extracting crate hj_my_crate 0.1.1 into /workspace/builds/worker-4-tc2/source
[INFO] validating manifest of crates.io crate hj_my_crate 0.1.1 on toolchain nightly-2024-10-28
[INFO] running `Command { std: CARGO_HOME="/workspace/cargo-home" RUSTUP_HOME="/workspace/rustup-home" "/workspace/cargo-home/bin/cargo" "+nightly-2024-10-28" "metadata" "--manifest-path" "Cargo.toml" "--no-deps", kill_on_drop: false }`
[INFO] started tweaking crates.io crate hj_my_crate 0.1.1
[INFO] finished tweaking crates.io crate hj_my_crate 0.1.1
[INFO] tweaked toml for crates.io crate hj_my_crate 0.1.1 written to /workspace/builds/worker-4-tc2/source/Cargo.toml
[INFO] running `Command { std: CARGO_HOME="/workspace/cargo-home" RUSTUP_HOME="/workspace/rustup-home" "/workspace/cargo-home/bin/cargo" "+nightly-2024-10-28" "generate-lockfile" "--manifest-path" "Cargo.toml", kill_on_drop: false }`
[INFO] running `Command { std: CARGO_HOME="/workspace/cargo-home" RUSTUP_HOME="/workspace/rustup-home" "/workspace/cargo-home/bin/cargo" "+nightly-2024-10-28" "fetch" "--manifest-path" "Cargo.toml", kill_on_drop: false }`
[INFO] running `Command { std: "docker" "create" "-v" "/var/lib/crater-agent-workspace/builds/worker-4-tc2/target:/opt/rustwide/target:rw,Z" "-v" "/var/lib/crater-agent-workspace/builds/worker-4-tc2/source:/opt/rustwide/workdir:ro,Z" "-v" "/var/lib/crater-agent-workspace/cargo-home:/opt/rustwide/cargo-home:ro,Z" "-v" "/var/lib/crater-agent-workspace/rustup-home:/opt/rustwide/rustup-home:ro,Z" "-e" "SOURCE_DIR=/opt/rustwide/workdir" "-e" "CARGO_TARGET_DIR=/opt/rustwide/target" "-e" "CARGO_HOME=/opt/rustwide/cargo-home" "-e" "RUSTUP_HOME=/opt/rustwide/rustup-home" "-w" "/opt/rustwide/workdir" "-m" "1610612736" "--user" "0:0" "--network" "none" "ghcr.io/rust-lang/crates-build-env/linux@sha256:4a844ea9eb2546a2d2c7022eacef16ef2e8229c7fbb2c7d4d55a9ceca922f72d" "/opt/rustwide/cargo-home/bin/cargo" "+nightly-2024-10-28" "metadata" "--no-deps" "--format-version=1", kill_on_drop: false }`
[INFO] [stdout] 891d0ceae542c0155cd5d3581ed25a26aabe5f5806e86304c7c7b4c248199dfd
[INFO] running `Command { std: "docker" "start" "-a" "891d0ceae542c0155cd5d3581ed25a26aabe5f5806e86304c7c7b4c248199dfd", kill_on_drop: false }`
[INFO] running `Command { std: "docker" "inspect" "891d0ceae542c0155cd5d3581ed25a26aabe5f5806e86304c7c7b4c248199dfd", kill_on_drop: false }`
[INFO] running `Command { std: "docker" "rm" "-f" "891d0ceae542c0155cd5d3581ed25a26aabe5f5806e86304c7c7b4c248199dfd", kill_on_drop: false }`
[INFO] [stdout] 891d0ceae542c0155cd5d3581ed25a26aabe5f5806e86304c7c7b4c248199dfd
[INFO] running `Command { std: "docker" "create" "-v" "/var/lib/crater-agent-workspace/builds/worker-4-tc2/target:/opt/rustwide/target:rw,Z" "-v" "/var/lib/crater-agent-workspace/builds/worker-4-tc2/source:/opt/rustwide/workdir:ro,Z" "-v" "/var/lib/crater-agent-workspace/cargo-home:/opt/rustwide/cargo-home:ro,Z" "-v" "/var/lib/crater-agent-workspace/rustup-home:/opt/rustwide/rustup-home:ro,Z" "-e" "SOURCE_DIR=/opt/rustwide/workdir" "-e" "CARGO_TARGET_DIR=/opt/rustwide/target" "-e" "CARGO_INCREMENTAL=0" "-e" "RUST_BACKTRACE=full" "-e" "RUSTFLAGS=--cap-lints=forbid -Zrandomize-layout" "-e" "RUSTDOCFLAGS=--cap-lints=forbid" "-e" "CARGO_HOME=/opt/rustwide/cargo-home" "-e" "RUSTUP_HOME=/opt/rustwide/rustup-home" "-w" "/opt/rustwide/workdir" "-m" "1610612736" "--user" "0:0" "--network" "none" "ghcr.io/rust-lang/crates-build-env/linux@sha256:4a844ea9eb2546a2d2c7022eacef16ef2e8229c7fbb2c7d4d55a9ceca922f72d" "/opt/rustwide/cargo-home/bin/cargo" "+nightly-2024-10-28" "build" "--frozen" "--message-format=json", kill_on_drop: false }`
[INFO] [stdout] fa354f415e2e480162bae87b576a14cefb51cd8d48dda6eb48509dcdfac303d1
[INFO] running `Command { std: "docker" "start" "-a" "fa354f415e2e480162bae87b576a14cefb51cd8d48dda6eb48509dcdfac303d1", kill_on_drop: false }`
[INFO] [stderr]    Compiling hj_my_crate v0.1.1 (/opt/rustwide/workdir)
[INFO] [stderr]     Finished `dev` profile [unoptimized + debuginfo] target(s) in 0.11s
[INFO] running `Command { std: "docker" "inspect" "fa354f415e2e480162bae87b576a14cefb51cd8d48dda6eb48509dcdfac303d1", kill_on_drop: false }`
[INFO] running `Command { std: "docker" "rm" "-f" "fa354f415e2e480162bae87b576a14cefb51cd8d48dda6eb48509dcdfac303d1", kill_on_drop: false }`
[INFO] [stdout] fa354f415e2e480162bae87b576a14cefb51cd8d48dda6eb48509dcdfac303d1
[INFO] running `Command { std: "docker" "create" "-v" "/var/lib/crater-agent-workspace/builds/worker-4-tc2/target:/opt/rustwide/target:rw,Z" "-v" "/var/lib/crater-agent-workspace/builds/worker-4-tc2/source:/opt/rustwide/workdir:ro,Z" "-v" "/var/lib/crater-agent-workspace/cargo-home:/opt/rustwide/cargo-home:ro,Z" "-v" "/var/lib/crater-agent-workspace/rustup-home:/opt/rustwide/rustup-home:ro,Z" "-e" "SOURCE_DIR=/opt/rustwide/workdir" "-e" "CARGO_TARGET_DIR=/opt/rustwide/target" "-e" "CARGO_INCREMENTAL=0" "-e" "RUST_BACKTRACE=full" "-e" "RUSTFLAGS=--cap-lints=forbid -Zrandomize-layout" "-e" "RUSTDOCFLAGS=--cap-lints=forbid" "-e" "CARGO_HOME=/opt/rustwide/cargo-home" "-e" "RUSTUP_HOME=/opt/rustwide/rustup-home" "-w" "/opt/rustwide/workdir" "-m" "1610612736" "--user" "0:0" "--network" "none" "ghcr.io/rust-lang/crates-build-env/linux@sha256:4a844ea9eb2546a2d2c7022eacef16ef2e8229c7fbb2c7d4d55a9ceca922f72d" "/opt/rustwide/cargo-home/bin/cargo" "+nightly-2024-10-28" "test" "--frozen" "--no-run" "--message-format=json", kill_on_drop: false }`
[INFO] [stdout] e414f5c8a3c0c66092ecc181986c08943f02477eda70f732dd1f9d222404ce0e
[INFO] running `Command { std: "docker" "start" "-a" "e414f5c8a3c0c66092ecc181986c08943f02477eda70f732dd1f9d222404ce0e", kill_on_drop: false }`
[INFO] [stderr]    Compiling hj_my_crate v0.1.1 (/opt/rustwide/workdir)
[INFO] [stderr]     Finished `test` profile [unoptimized + debuginfo] target(s) in 0.17s
[INFO] running `Command { std: "docker" "inspect" "e414f5c8a3c0c66092ecc181986c08943f02477eda70f732dd1f9d222404ce0e", kill_on_drop: false }`
[INFO] running `Command { std: "docker" "rm" "-f" "e414f5c8a3c0c66092ecc181986c08943f02477eda70f732dd1f9d222404ce0e", kill_on_drop: false }`
[INFO] [stdout] e414f5c8a3c0c66092ecc181986c08943f02477eda70f732dd1f9d222404ce0e
[INFO] running `Command { std: "docker" "create" "-v" "/var/lib/crater-agent-workspace/builds/worker-4-tc2/target:/opt/rustwide/target:rw,Z" "-v" "/var/lib/crater-agent-workspace/builds/worker-4-tc2/source:/opt/rustwide/workdir:ro,Z" "-v" "/var/lib/crater-agent-workspace/cargo-home:/opt/rustwide/cargo-home:ro,Z" "-v" "/var/lib/crater-agent-workspace/rustup-home:/opt/rustwide/rustup-home:ro,Z" "-e" "SOURCE_DIR=/opt/rustwide/workdir" "-e" "CARGO_TARGET_DIR=/opt/rustwide/target" "-e" "CARGO_INCREMENTAL=0" "-e" "RUST_BACKTRACE=full" "-e" "RUSTFLAGS=--cap-lints=forbid -Zrandomize-layout" "-e" "RUSTDOCFLAGS=--cap-lints=forbid" "-e" "CARGO_HOME=/opt/rustwide/cargo-home" "-e" "RUSTUP_HOME=/opt/rustwide/rustup-home" "-w" "/opt/rustwide/workdir" "-m" "1610612736" "--user" "0:0" "--network" "none" "ghcr.io/rust-lang/crates-build-env/linux@sha256:4a844ea9eb2546a2d2c7022eacef16ef2e8229c7fbb2c7d4d55a9ceca922f72d" "/opt/rustwide/cargo-home/bin/cargo" "+nightly-2024-10-28" "test" "--frozen", kill_on_drop: false }`
[INFO] [stdout] fd3a5f69df60d807f3f0d49971c1a9e01b8daf2e723b629043ad1abc9b19e67e
[INFO] running `Command { std: "docker" "start" "-a" "fd3a5f69df60d807f3f0d49971c1a9e01b8daf2e723b629043ad1abc9b19e67e", kill_on_drop: false }`
[INFO] [stderr]     Finished `test` profile [unoptimized + debuginfo] target(s) in 0.01s
[INFO] [stderr]      Running unittests src/lib.rs (/opt/rustwide/target/debug/deps/hj_my_crate-d11019315044bc55)
[INFO] [stdout] 
[INFO] [stdout] running 1 test
[INFO] [stdout] test tests::it_works ... ok
[INFO] [stdout] 
[INFO] [stdout] test result: ok. 1 passed; 0 failed; 0 ignored; 0 measured; 0 filtered out; finished in 0.00s
[INFO] [stdout] 
[INFO] [stderr]    Doc-tests hj_my_crate
[INFO] [stdout] 
[INFO] [stdout] running 3 tests
[INFO] [stdout] test src/color/utils.rs - color::utils::mix (line 9) ... FAILED
[INFO] [stdout] test src/lib.rs - add (line 12) ... FAILED
[INFO] [stdout] test src/lib.rs - add_one (line 24) ... FAILED
[INFO] [stdout] 
[INFO] [stdout] failures:
[INFO] [stdout] 
[INFO] [stdout] ---- src/color/utils.rs - color::utils::mix (line 9) stdout ----
[INFO] [stdout] error[E0433]: failed to resolve: use of undeclared crate or module `my_crate`
[INFO] [stdout]  --> src/color/utils.rs:10:5
[INFO] [stdout]   |
[INFO] [stdout] 3 | use my_crate::color::{PrimaryColor, SecondaryColor, mix};
[INFO] [stdout]   |     ^^^^^^^^ use of undeclared crate or module `my_crate`
[INFO] [stdout] 
[INFO] [stdout] error: aborting due to 1 previous error
[INFO] [stdout] 
[INFO] [stdout] For more information about this error, try `rustc --explain E0433`.
[INFO] [stdout] Couldn't compile the test.
[INFO] [stdout] ---- src/lib.rs - add (line 12) stdout ----
[INFO] [stdout] error[E0433]: failed to resolve: use of undeclared crate or module `my_crate`
[INFO] [stdout]  --> src/lib.rs:13:11
[INFO] [stdout]   |
[INFO] [stdout] 3 | let sum = my_crate::add(114514, 1919810);
[INFO] [stdout]   |           ^^^^^^^^ use of undeclared crate or module `my_crate`
[INFO] [stdout] 
[INFO] [stdout] error: aborting due to 1 previous error
[INFO] [stdout] 
[INFO] [stdout] For more information about this error, try `rustc --explain E0433`.
[INFO] [stdout] Couldn't compile the test.
[INFO] [stdout] ---- src/lib.rs - add_one (line 24) stdout ----
[INFO] [stdout] error[E0433]: failed to resolve: use of undeclared crate or module `my_crate`
[INFO] [stdout]  --> src/lib.rs:26:11
[INFO] [stdout]   |
[INFO] [stdout] 4 | let six = my_crate::add_one(five);
[INFO] [stdout]   |           ^^^^^^^^ use of undeclared crate or module `my_crate`
[INFO] [stdout] 
[INFO] [stdout] error: aborting due to 1 previous error
[INFO] [stdout] 
[INFO] [stdout] For more information about this error, try `rustc --explain E0433`.
[INFO] [stdout] Couldn't compile the test.
[INFO] [stdout] 
[INFO] [stdout] failures:
[INFO] [stdout]     src/color/utils.rs - color::utils::mix (line 9)
[INFO] [stdout]     src/lib.rs - add (line 12)
[INFO] [stdout]     src/lib.rs - add_one (line 24)
[INFO] [stdout] 
[INFO] [stdout] test result: FAILED. 0 passed; 3 failed; 0 ignored; 0 measured; 0 filtered out; finished in 0.07s
[INFO] [stdout] 
[INFO] [stderr] error: doctest failed, to rerun pass `--doc`
[INFO] running `Command { std: "docker" "inspect" "fd3a5f69df60d807f3f0d49971c1a9e01b8daf2e723b629043ad1abc9b19e67e", kill_on_drop: false }`
[INFO] running `Command { std: "docker" "rm" "-f" "fd3a5f69df60d807f3f0d49971c1a9e01b8daf2e723b629043ad1abc9b19e67e", kill_on_drop: false }`
[INFO] [stdout] fd3a5f69df60d807f3f0d49971c1a9e01b8daf2e723b629043ad1abc9b19e67e
