[INFO] fetching crate hit-data 0.0.5...
[INFO] testing hit-data-0.0.5 against nightly-2024-10-28+rustflags=-Zrandomize-layout for randomize-layout
[INFO] extracting crate hit-data 0.0.5 into /workspace/builds/worker-7-tc2/source
[INFO] validating manifest of crates.io crate hit-data 0.0.5 on toolchain nightly-2024-10-28
[INFO] running `Command { std: CARGO_HOME="/workspace/cargo-home" RUSTUP_HOME="/workspace/rustup-home" "/workspace/cargo-home/bin/cargo" "+nightly-2024-10-28" "metadata" "--manifest-path" "Cargo.toml" "--no-deps", kill_on_drop: false }`
[INFO] started tweaking crates.io crate hit-data 0.0.5
[INFO] finished tweaking crates.io crate hit-data 0.0.5
[INFO] tweaked toml for crates.io crate hit-data 0.0.5 written to /workspace/builds/worker-7-tc2/source/Cargo.toml
[INFO] running `Command { std: CARGO_HOME="/workspace/cargo-home" RUSTUP_HOME="/workspace/rustup-home" "/workspace/cargo-home/bin/cargo" "+nightly-2024-10-28" "generate-lockfile" "--manifest-path" "Cargo.toml", kill_on_drop: false }`
[INFO] [stderr]     Updating crates.io index
[INFO] [stderr]      Locking 55 packages to latest compatible versions
[INFO] [stderr]       Adding rand v0.7.3 (available: v0.8.5)
[INFO] running `Command { std: CARGO_HOME="/workspace/cargo-home" RUSTUP_HOME="/workspace/rustup-home" "/workspace/cargo-home/bin/cargo" "+nightly-2024-10-28" "fetch" "--manifest-path" "Cargo.toml", kill_on_drop: false }`
[INFO] running `Command { std: "docker" "create" "-v" "/var/lib/crater-agent-workspace/builds/worker-7-tc2/target:/opt/rustwide/target:rw,Z" "-v" "/var/lib/crater-agent-workspace/builds/worker-7-tc2/source:/opt/rustwide/workdir:ro,Z" "-v" "/var/lib/crater-agent-workspace/cargo-home:/opt/rustwide/cargo-home:ro,Z" "-v" "/var/lib/crater-agent-workspace/rustup-home:/opt/rustwide/rustup-home:ro,Z" "-e" "SOURCE_DIR=/opt/rustwide/workdir" "-e" "CARGO_TARGET_DIR=/opt/rustwide/target" "-e" "CARGO_HOME=/opt/rustwide/cargo-home" "-e" "RUSTUP_HOME=/opt/rustwide/rustup-home" "-w" "/opt/rustwide/workdir" "-m" "1610612736" "--user" "0:0" "--network" "none" "ghcr.io/rust-lang/crates-build-env/linux@sha256:4a844ea9eb2546a2d2c7022eacef16ef2e8229c7fbb2c7d4d55a9ceca922f72d" "/opt/rustwide/cargo-home/bin/cargo" "+nightly-2024-10-28" "metadata" "--no-deps" "--format-version=1", kill_on_drop: false }`
[INFO] [stdout] b539650b85ed141b6156d497d60817650514ce0ad910519ad9cabd4e2e8c2440
[INFO] running `Command { std: "docker" "start" "-a" "b539650b85ed141b6156d497d60817650514ce0ad910519ad9cabd4e2e8c2440", kill_on_drop: false }`
[INFO] running `Command { std: "docker" "inspect" "b539650b85ed141b6156d497d60817650514ce0ad910519ad9cabd4e2e8c2440", kill_on_drop: false }`
[INFO] running `Command { std: "docker" "rm" "-f" "b539650b85ed141b6156d497d60817650514ce0ad910519ad9cabd4e2e8c2440", kill_on_drop: false }`
[INFO] [stdout] b539650b85ed141b6156d497d60817650514ce0ad910519ad9cabd4e2e8c2440
[INFO] running `Command { std: "docker" "create" "-v" "/var/lib/crater-agent-workspace/builds/worker-7-tc2/target:/opt/rustwide/target:rw,Z" "-v" "/var/lib/crater-agent-workspace/builds/worker-7-tc2/source:/opt/rustwide/workdir:ro,Z" "-v" "/var/lib/crater-agent-workspace/cargo-home:/opt/rustwide/cargo-home:ro,Z" "-v" "/var/lib/crater-agent-workspace/rustup-home:/opt/rustwide/rustup-home:ro,Z" "-e" "SOURCE_DIR=/opt/rustwide/workdir" "-e" "CARGO_TARGET_DIR=/opt/rustwide/target" "-e" "CARGO_INCREMENTAL=0" "-e" "RUST_BACKTRACE=full" "-e" "RUSTFLAGS=--cap-lints=forbid -Zrandomize-layout" "-e" "RUSTDOCFLAGS=--cap-lints=forbid" "-e" "CARGO_HOME=/opt/rustwide/cargo-home" "-e" "RUSTUP_HOME=/opt/rustwide/rustup-home" "-w" "/opt/rustwide/workdir" "-m" "1610612736" "--user" "0:0" "--network" "none" "ghcr.io/rust-lang/crates-build-env/linux@sha256:4a844ea9eb2546a2d2c7022eacef16ef2e8229c7fbb2c7d4d55a9ceca922f72d" "/opt/rustwide/cargo-home/bin/cargo" "+nightly-2024-10-28" "build" "--frozen" "--message-format=json", kill_on_drop: false }`
[INFO] [stdout] 2cb22e13176461abff5160ec2e2df12db9ae278f636dc55c86300000ca3865a4
[INFO] running `Command { std: "docker" "start" "-a" "2cb22e13176461abff5160ec2e2df12db9ae278f636dc55c86300000ca3865a4", kill_on_drop: false }`
[INFO] [stderr]    Compiling getrandom v0.1.16
[INFO] [stderr]    Compiling mopa v0.2.2
[INFO] [stderr]    Compiling linked-hash-map v0.5.6
[INFO] [stderr]    Compiling serde_json v1.0.132
[INFO] [stderr]    Compiling rand_core v0.5.1
[INFO] [stderr]    Compiling rand_chacha v0.2.2
[INFO] [stderr]    Compiling rand v0.7.3
[INFO] [stderr]    Compiling hit-data v0.0.5 (/opt/rustwide/workdir)
[INFO] [stdout] warning: unused import: `std::backtrace::Backtrace`
[INFO] [stdout]  --> src/errors/hit_error.rs:1:5
[INFO] [stdout]   |
[INFO] [stdout] 1 | use std::backtrace::Backtrace;
[INFO] [stdout]   |     ^^^^^^^^^^^^^^^^^^^^^^^^^
[INFO] [stdout]   |
[INFO] [stdout]   = note: `#[warn(unused_imports)]` on by default
[INFO] [stdout] 
[INFO] [stdout] 
[INFO] [stdout] warning: unexpected `cfg` condition name: `tarpaulin_include`
[INFO] [stdout]  --> src/model/mod.rs:2:11
[INFO] [stdout]   |
[INFO] [stdout] 2 | #[cfg(not(tarpaulin_include))]
[INFO] [stdout]   |           ^^^^^^^^^^^^^^^^^
[INFO] [stdout]   |
[INFO] [stdout]   = help: expected names are: `clippy`, `debug_assertions`, `doc`, `docsrs`, `doctest`, `feature`, `fmt_debug`, `miri`, `overflow_checks`, `panic`, `proc_macro`, `relocation_model`, `rustfmt`, `sanitize`, `sanitizer_cfi_generalize_pointers`, `sanitizer_cfi_normalize_integers`, `target_abi`, `target_arch`, `target_endian`, `target_env`, `target_family`, `target_feature`, `target_has_atomic`, `target_has_atomic_equal_alignment`, `target_has_atomic_load_store`, `target_os`, `target_pointer_width`, `target_thread_local`, `target_vendor`, `test`, `ub_checks`, `unix`, and `windows`
[INFO] [stdout]   = help: consider using a Cargo feature instead
[INFO] [stdout]   = help: or consider adding in `Cargo.toml` the `check-cfg` lint config for the lint:
[INFO] [stdout]            [lints.rust]
[INFO] [stdout]            unexpected_cfgs = { level = "warn", check-cfg = ['cfg(tarpaulin_include)'] }
[INFO] [stdout]   = help: or consider adding `println!("cargo::rustc-check-cfg=cfg(tarpaulin_include)");` to the top of the `build.rs`
[INFO] [stdout]   = note: see <https://doc.rust-lang.org/nightly/rustc/check-cfg/cargo-specifics.html> for more information about checking conditional configuration
[INFO] [stdout]   = note: `#[warn(unexpected_cfgs)]` on by default
[INFO] [stdout] 
[INFO] [stdout] 
[INFO] [stdout] warning: use of deprecated associated function `chrono::DateTime::<Tz>::from_utc`: Use TimeZone::from_utc_datetime() or DateTime::from_naive_utc_and_offset instead
[INFO] [stdout]   --> src/object_data.rs:44:33
[INFO] [stdout]    |
[INFO] [stdout] 44 |         return DateTime::<Utc>::from_utc(NaiveDateTime::from_timestamp(self.datetime, 0), Utc);
[INFO] [stdout]    |                                 ^^^^^^^^
[INFO] [stdout]    |
[INFO] [stdout]    = note: `#[warn(deprecated)]` on by default
[INFO] [stdout] 
[INFO] [stdout] 
[INFO] [stdout] warning: use of deprecated associated function `chrono::NaiveDateTime::from_timestamp`: use `DateTime::from_timestamp` instead
[INFO] [stdout]   --> src/object_data.rs:44:57
[INFO] [stdout]    |
[INFO] [stdout] 44 |         return DateTime::<Utc>::from_utc(NaiveDateTime::from_timestamp(self.datetime, 0), Utc);
[INFO] [stdout]    |                                                         ^^^^^^^^^^^^^^
[INFO] [stdout] 
[INFO] [stdout] 
[INFO] [stdout] warning: unused variable: `data`
[INFO] [stdout]    --> src/index/index.rs:241:43
[INFO] [stdout]     |
[INFO] [stdout] 241 |                 ObjectValue::VecReference(data) => {
[INFO] [stdout]     |                                           ^^^^ help: if this is intentional, prefix it with an underscore: `_data`
[INFO] [stdout]     |
[INFO] [stdout]     = note: `#[warn(unused_variables)]` on by default
[INFO] [stdout] 
[INFO] [stdout] 
[INFO] [stdout] warning: trait `InitEntryAfterIndexPlugin` is never used
[INFO] [stdout]   --> src/plugins/plugin.rs:21:11
[INFO] [stdout]    |
[INFO] [stdout] 21 | pub trait InitEntryAfterIndexPlugin {
[INFO] [stdout]    |           ^^^^^^^^^^^^^^^^^^^^^^^^^
[INFO] [stdout]    |
[INFO] [stdout]    = note: `#[warn(dead_code)]` on by default
[INFO] [stdout] 
[INFO] [stdout] 
[INFO] [stdout] warning: field `property_name` is never read
[INFO] [stdout]   --> src/prelude/validators/unique_in_parent/unique_in_parent_validator.rs:12:5
[INFO] [stdout]    |
[INFO] [stdout] 11 | pub struct UniqueInParentValidator {
[INFO] [stdout]    |            ----------------------- field in this struct
[INFO] [stdout] 12 |     property_name: String,
[INFO] [stdout]    |     ^^^^^^^^^^^^^
[INFO] [stdout] 
[INFO] [stdout] 
[INFO] [stdout] warning: call to `.clone()` on a reference in this situation does nothing
[INFO] [stdout]    --> src/hit_mod/hit.rs:315:19
[INFO] [stdout]     |
[INFO] [stdout] 315 |                 id.clone(),
[INFO] [stdout]     |                   ^^^^^^^^ help: remove this redundant call
[INFO] [stdout]     |
[INFO] [stdout]     = note: the type `str` does not implement `Clone`, so calling `clone` on `&str` copies the reference, which does not do anything and can be removed
[INFO] [stdout]     = note: `#[warn(noop_method_call)]` on by default
[INFO] [stdout] 
[INFO] [stdout] 
[INFO] [stdout] warning: call to `.clone()` on a reference in this situation does nothing
[INFO] [stdout]    --> src/hit_mod/hit.rs:328:19
[INFO] [stdout]     |
[INFO] [stdout] 328 |                 id.clone(),
[INFO] [stdout]     |                   ^^^^^^^^ help: remove this redundant call
[INFO] [stdout]     |
[INFO] [stdout]     = note: the type `str` does not implement `Clone`, so calling `clone` on `&str` copies the reference, which does not do anything and can be removed
[INFO] [stdout] 
[INFO] [stdout] 
[INFO] [stderr]     Finished `dev` profile [unoptimized + debuginfo] target(s) in 1.80s
[INFO] running `Command { std: "docker" "inspect" "2cb22e13176461abff5160ec2e2df12db9ae278f636dc55c86300000ca3865a4", kill_on_drop: false }`
[INFO] running `Command { std: "docker" "rm" "-f" "2cb22e13176461abff5160ec2e2df12db9ae278f636dc55c86300000ca3865a4", kill_on_drop: false }`
[INFO] [stdout] 2cb22e13176461abff5160ec2e2df12db9ae278f636dc55c86300000ca3865a4
[INFO] running `Command { std: "docker" "create" "-v" "/var/lib/crater-agent-workspace/builds/worker-7-tc2/target:/opt/rustwide/target:rw,Z" "-v" "/var/lib/crater-agent-workspace/builds/worker-7-tc2/source:/opt/rustwide/workdir:ro,Z" "-v" "/var/lib/crater-agent-workspace/cargo-home:/opt/rustwide/cargo-home:ro,Z" "-v" "/var/lib/crater-agent-workspace/rustup-home:/opt/rustwide/rustup-home:ro,Z" "-e" "SOURCE_DIR=/opt/rustwide/workdir" "-e" "CARGO_TARGET_DIR=/opt/rustwide/target" "-e" "CARGO_INCREMENTAL=0" "-e" "RUST_BACKTRACE=full" "-e" "RUSTFLAGS=--cap-lints=forbid -Zrandomize-layout" "-e" "RUSTDOCFLAGS=--cap-lints=forbid" "-e" "CARGO_HOME=/opt/rustwide/cargo-home" "-e" "RUSTUP_HOME=/opt/rustwide/rustup-home" "-w" "/opt/rustwide/workdir" "-m" "1610612736" "--user" "0:0" "--network" "none" "ghcr.io/rust-lang/crates-build-env/linux@sha256:4a844ea9eb2546a2d2c7022eacef16ef2e8229c7fbb2c7d4d55a9ceca922f72d" "/opt/rustwide/cargo-home/bin/cargo" "+nightly-2024-10-28" "test" "--frozen" "--no-run" "--message-format=json", kill_on_drop: false }`
[INFO] [stdout] 5d05afd40867ce3d5da3c9b8fbbb1a4ea3e15669c41fc9e262e1f635f4225049
[INFO] running `Command { std: "docker" "start" "-a" "5d05afd40867ce3d5da3c9b8fbbb1a4ea3e15669c41fc9e262e1f635f4225049", kill_on_drop: false }`
[INFO] [stdout] warning: unused import: `std::backtrace::Backtrace`
[INFO] [stdout]  --> src/errors/hit_error.rs:1:5
[INFO] [stdout]   |
[INFO] [stdout] 1 | use std::backtrace::Backtrace;
[INFO] [stdout]   |     ^^^^^^^^^^^^^^^^^^^^^^^^^
[INFO] [stdout]   |
[INFO] [stdout]   = note: `#[warn(unused_imports)]` on by default
[INFO] [stdout] 
[INFO] [stdout] 
[INFO] [stdout] warning: unexpected `cfg` condition name: `tarpaulin_include`
[INFO] [stdout]  --> src/model/mod.rs:2:11
[INFO] [stdout]   |
[INFO] [stdout] 2 | #[cfg(not(tarpaulin_include))]
[INFO] [stdout]   |           ^^^^^^^^^^^^^^^^^
[INFO] [stdout]   |
[INFO] [stdout]   = help: expected names are: `clippy`, `debug_assertions`, `doc`, `docsrs`, `doctest`, `feature`, `fmt_debug`, `miri`, `overflow_checks`, `panic`, `proc_macro`, `relocation_model`, `rustfmt`, `sanitize`, `sanitizer_cfi_generalize_pointers`, `sanitizer_cfi_normalize_integers`, `target_abi`, `target_arch`, `target_endian`, `target_env`, `target_family`, `target_feature`, `target_has_atomic`, `target_has_atomic_equal_alignment`, `target_has_atomic_load_store`, `target_os`, `target_pointer_width`, `target_thread_local`, `target_vendor`, `test`, `ub_checks`, `unix`, and `windows`
[INFO] [stdout]   = help: consider using a Cargo feature instead
[INFO] [stdout]   = help: or consider adding in `Cargo.toml` the `check-cfg` lint config for the lint:
[INFO] [stdout]            [lints.rust]
[INFO] [stdout]            unexpected_cfgs = { level = "warn", check-cfg = ['cfg(tarpaulin_include)'] }
[INFO] [stdout]   = help: or consider adding `println!("cargo::rustc-check-cfg=cfg(tarpaulin_include)");` to the top of the `build.rs`
[INFO] [stdout]   = note: see <https://doc.rust-lang.org/nightly/rustc/check-cfg/cargo-specifics.html> for more information about checking conditional configuration
[INFO] [stdout]   = note: `#[warn(unexpected_cfgs)]` on by default
[INFO] [stdout] 
[INFO] [stdout] 
[INFO] [stdout] warning: use of deprecated associated function `chrono::DateTime::<Tz>::from_utc`: Use TimeZone::from_utc_datetime() or DateTime::from_naive_utc_and_offset instead
[INFO] [stdout]   --> src/object_data.rs:44:33
[INFO] [stdout]    |
[INFO] [stdout] 44 |         return DateTime::<Utc>::from_utc(NaiveDateTime::from_timestamp(self.datetime, 0), Utc);
[INFO] [stdout]    |                                 ^^^^^^^^
[INFO] [stdout]    |
[INFO] [stdout]    = note: `#[warn(deprecated)]` on by default
[INFO] [stdout] 
[INFO] [stdout] 
[INFO] [stdout] warning: use of deprecated associated function `chrono::NaiveDateTime::from_timestamp`: use `DateTime::from_timestamp` instead
[INFO] [stdout]   --> src/object_data.rs:44:57
[INFO] [stdout]    |
[INFO] [stdout] 44 |         return DateTime::<Utc>::from_utc(NaiveDateTime::from_timestamp(self.datetime, 0), Utc);
[INFO] [stdout]    |                                                         ^^^^^^^^^^^^^^
[INFO] [stdout] 
[INFO] [stdout] 
[INFO] [stdout] warning: unused variable: `data`
[INFO] [stdout]    --> src/index/index.rs:241:43
[INFO] [stdout]     |
[INFO] [stdout] 241 |                 ObjectValue::VecReference(data) => {
[INFO] [stdout]     |                                           ^^^^ help: if this is intentional, prefix it with an underscore: `_data`
[INFO] [stdout]     |
[INFO] [stdout]     = note: `#[warn(unused_variables)]` on by default
[INFO] [stdout] 
[INFO] [stdout] 
[INFO] [stdout] warning: trait `InitEntryAfterIndexPlugin` is never used
[INFO] [stdout]   --> src/plugins/plugin.rs:21:11
[INFO] [stdout]    |
[INFO] [stdout] 21 | pub trait InitEntryAfterIndexPlugin {
[INFO] [stdout]    |           ^^^^^^^^^^^^^^^^^^^^^^^^^
[INFO] [stdout]    |
[INFO] [stdout]    = note: `#[warn(dead_code)]` on by default
[INFO] [stdout] 
[INFO] [stdout] 
[INFO] [stdout] warning: field `property_name` is never read
[INFO] [stdout]   --> src/prelude/validators/unique_in_parent/unique_in_parent_validator.rs:12:5
[INFO] [stdout]    |
[INFO] [stdout] 11 | pub struct UniqueInParentValidator {
[INFO] [stdout]    |            ----------------------- field in this struct
[INFO] [stdout] 12 |     property_name: String,
[INFO] [stdout]    |     ^^^^^^^^^^^^^
[INFO] [stdout] 
[INFO] [stdout] 
[INFO] [stdout] warning: call to `.clone()` on a reference in this situation does nothing
[INFO] [stdout]    --> src/hit_mod/hit.rs:315:19
[INFO] [stdout]     |
[INFO] [stdout] 315 |                 id.clone(),
[INFO] [stdout]     |                   ^^^^^^^^ help: remove this redundant call
[INFO] [stdout]     |
[INFO] [stdout]     = note: the type `str` does not implement `Clone`, so calling `clone` on `&str` copies the reference, which does not do anything and can be removed
[INFO] [stdout]     = note: `#[warn(noop_method_call)]` on by default
[INFO] [stdout] 
[INFO] [stdout] 
[INFO] [stdout] warning: call to `.clone()` on a reference in this situation does nothing
[INFO] [stdout]    --> src/hit_mod/hit.rs:328:19
[INFO] [stdout]     |
[INFO] [stdout] 328 |                 id.clone(),
[INFO] [stdout]     |                   ^^^^^^^^ help: remove this redundant call
[INFO] [stdout]     |
[INFO] [stdout]     = note: the type `str` does not implement `Clone`, so calling `clone` on `&str` copies the reference, which does not do anything and can be removed
[INFO] [stdout] 
[INFO] [stdout] 
[INFO] [stderr]    Compiling hit-data v0.0.5 (/opt/rustwide/workdir)
[INFO] [stdout] warning: unused import: `std::backtrace::Backtrace`
[INFO] [stdout]  --> src/errors/hit_error.rs:1:5
[INFO] [stdout]   |
[INFO] [stdout] 1 | use std::backtrace::Backtrace;
[INFO] [stdout]   |     ^^^^^^^^^^^^^^^^^^^^^^^^^
[INFO] [stdout]   |
[INFO] [stdout]   = note: `#[warn(unused_imports)]` on by default
[INFO] [stdout] 
[INFO] [stdout] 
[INFO] [stdout] warning: unexpected `cfg` condition name: `tarpaulin_include`
[INFO] [stdout]  --> src/model/mod.rs:2:11
[INFO] [stdout]   |
[INFO] [stdout] 2 | #[cfg(not(tarpaulin_include))]
[INFO] [stdout]   |           ^^^^^^^^^^^^^^^^^
[INFO] [stdout]   |
[INFO] [stdout]   = help: expected names are: `clippy`, `debug_assertions`, `doc`, `docsrs`, `doctest`, `feature`, `fmt_debug`, `miri`, `overflow_checks`, `panic`, `proc_macro`, `relocation_model`, `rustfmt`, `sanitize`, `sanitizer_cfi_generalize_pointers`, `sanitizer_cfi_normalize_integers`, `target_abi`, `target_arch`, `target_endian`, `target_env`, `target_family`, `target_feature`, `target_has_atomic`, `target_has_atomic_equal_alignment`, `target_has_atomic_load_store`, `target_os`, `target_pointer_width`, `target_thread_local`, `target_vendor`, `test`, `ub_checks`, `unix`, and `windows`
[INFO] [stdout]   = help: consider using a Cargo feature instead
[INFO] [stdout]   = help: or consider adding in `Cargo.toml` the `check-cfg` lint config for the lint:
[INFO] [stdout]            [lints.rust]
[INFO] [stdout]            unexpected_cfgs = { level = "warn", check-cfg = ['cfg(tarpaulin_include)'] }
[INFO] [stdout]   = help: or consider adding `println!("cargo::rustc-check-cfg=cfg(tarpaulin_include)");` to the top of the `build.rs`
[INFO] [stdout]   = note: see <https://doc.rust-lang.org/nightly/rustc/check-cfg/cargo-specifics.html> for more information about checking conditional configuration
[INFO] [stdout]   = note: `#[warn(unexpected_cfgs)]` on by default
[INFO] [stdout] 
[INFO] [stdout] 
[INFO] [stdout] warning: unused imports: `duplicate_hit` and `export`
[INFO] [stdout]  --> src/tests/hit/test_import_hit.rs:6:5
[INFO] [stdout]   |
[INFO] [stdout] 6 |     duplicate_hit, export, test_kernel::create_test_kernel, Hit, IndexEntryProperty, ObjectValue, Reference,
[INFO] [stdout]   |     ^^^^^^^^^^^^^  ^^^^^^
[INFO] [stdout] 
[INFO] [stdout] 
[INFO] [stdout] warning: use of deprecated associated function `chrono::DateTime::<Tz>::from_utc`: Use TimeZone::from_utc_datetime() or DateTime::from_naive_utc_and_offset instead
[INFO] [stdout]   --> src/object_data.rs:44:33
[INFO] [stdout]    |
[INFO] [stdout] 44 |         return DateTime::<Utc>::from_utc(NaiveDateTime::from_timestamp(self.datetime, 0), Utc);
[INFO] [stdout]    |                                 ^^^^^^^^
[INFO] [stdout]    |
[INFO] [stdout]    = note: `#[warn(deprecated)]` on by default
[INFO] [stdout] 
[INFO] [stdout] 
[INFO] [stdout] warning: use of deprecated associated function `chrono::NaiveDateTime::from_timestamp`: use `DateTime::from_timestamp` instead
[INFO] [stdout]   --> src/object_data.rs:44:57
[INFO] [stdout]    |
[INFO] [stdout] 44 |         return DateTime::<Utc>::from_utc(NaiveDateTime::from_timestamp(self.datetime, 0), Utc);
[INFO] [stdout]    |                                                         ^^^^^^^^^^^^^^
[INFO] [stdout] 
[INFO] [stdout] 
[INFO] [stdout] warning: use of deprecated associated function `chrono::DateTime::<Tz>::from_utc`: Use TimeZone::from_utc_datetime() or DateTime::from_naive_utc_and_offset instead
[INFO] [stdout]  --> src/tests/object_data/test_date.rs:7:33
[INFO] [stdout]   |
[INFO] [stdout] 7 |     let date = DateTime::<Utc>::from_utc(NaiveDateTime::from_timestamp(61, 0), Utc);
[INFO] [stdout]   |                                 ^^^^^^^^
[INFO] [stdout] 
[INFO] [stdout] 
[INFO] [stdout] warning: use of deprecated associated function `chrono::NaiveDateTime::from_timestamp`: use `DateTime::from_timestamp` instead
[INFO] [stdout]  --> src/tests/object_data/test_date.rs:7:57
[INFO] [stdout]   |
[INFO] [stdout] 7 |     let date = DateTime::<Utc>::from_utc(NaiveDateTime::from_timestamp(61, 0), Utc);
[INFO] [stdout]   |                                                         ^^^^^^^^^^^^^^
[INFO] [stdout] 
[INFO] [stdout] 
[INFO] [stdout] warning: unused variable: `data`
[INFO] [stdout]    --> src/index/index.rs:241:43
[INFO] [stdout]     |
[INFO] [stdout] 241 |                 ObjectValue::VecReference(data) => {
[INFO] [stdout]     |                                           ^^^^ help: if this is intentional, prefix it with an underscore: `_data`
[INFO] [stdout]     |
[INFO] [stdout]     = note: `#[warn(unused_variables)]` on by default
[INFO] [stdout] 
[INFO] [stdout] 
[INFO] [stdout] warning: unused variable: `instance`
[INFO] [stdout]   --> src/tests/plugins/test_reference_plugin.rs:22:9
[INFO] [stdout]    |
[INFO] [stdout] 22 |         instance: &mut Hit,
[INFO] [stdout]    |         ^^^^^^^^ help: if this is intentional, prefix it with an underscore: `_instance`
[INFO] [stdout] 
[INFO] [stdout] 
[INFO] [stdout] warning: unused variable: `reference_id`
[INFO] [stdout]   --> src/tests/plugins/test_reference_plugin.rs:23:9
[INFO] [stdout]    |
[INFO] [stdout] 23 |         reference_id: &crate::Id,
[INFO] [stdout]    |         ^^^^^^^^^^^^ help: if this is intentional, prefix it with an underscore: `_reference_id`
[INFO] [stdout] 
[INFO] [stdout] 
[INFO] [stdout] warning: unused variable: `target`
[INFO] [stdout]   --> src/tests/plugins/test_reference_plugin.rs:24:9
[INFO] [stdout]    |
[INFO] [stdout] 24 |         target: &IndexEntryProperty,
[INFO] [stdout]    |         ^^^^^^ help: if this is intentional, prefix it with an underscore: `_target`
[INFO] [stdout] 
[INFO] [stdout] 
[INFO] [stdout] warning: unused variable: `before_id`
[INFO] [stdout]   --> src/tests/plugins/test_reference_plugin.rs:25:9
[INFO] [stdout]    |
[INFO] [stdout] 25 |         before_id: &Option<String>,
[INFO] [stdout]    |         ^^^^^^^^^ help: if this is intentional, prefix it with an underscore: `_before_id`
[INFO] [stdout] 
[INFO] [stdout] 
[INFO] [stdout] warning: unused variable: `instance`
[INFO] [stdout]   --> src/tests/plugins/test_reference_plugin.rs:33:9
[INFO] [stdout]    |
[INFO] [stdout] 33 |         instance: &mut Hit,
[INFO] [stdout]    |         ^^^^^^^^ help: if this is intentional, prefix it with an underscore: `_instance`
[INFO] [stdout] 
[INFO] [stdout] 
[INFO] [stdout] warning: unused variable: `reference_id`
[INFO] [stdout]   --> src/tests/plugins/test_reference_plugin.rs:34:9
[INFO] [stdout]    |
[INFO] [stdout] 34 |         reference_id: &crate::Id,
[INFO] [stdout]    |         ^^^^^^^^^^^^ help: if this is intentional, prefix it with an underscore: `_reference_id`
[INFO] [stdout] 
[INFO] [stdout] 
[INFO] [stdout] warning: unused variable: `target`
[INFO] [stdout]   --> src/tests/plugins/test_reference_plugin.rs:35:9
[INFO] [stdout]    |
[INFO] [stdout] 35 |         target: &IndexEntryProperty,
[INFO] [stdout]    |         ^^^^^^ help: if this is intentional, prefix it with an underscore: `_target`
[INFO] [stdout] 
[INFO] [stdout] 
[INFO] [stdout] warning: unused variable: `before_id`
[INFO] [stdout]   --> src/tests/plugins/test_reference_plugin.rs:36:9
[INFO] [stdout]    |
[INFO] [stdout] 36 |         before_id: &Option<String>,
[INFO] [stdout]    |         ^^^^^^^^^ help: if this is intentional, prefix it with an underscore: `_before_id`
[INFO] [stdout] 
[INFO] [stdout] 
[INFO] [stdout] warning: unused variable: `instance`
[INFO] [stdout]   --> src/tests/plugins/test_reference_plugin.rs:43:9
[INFO] [stdout]    |
[INFO] [stdout] 43 |         instance: &mut Hit,
[INFO] [stdout]    |         ^^^^^^^^ help: if this is intentional, prefix it with an underscore: `_instance`
[INFO] [stdout] 
[INFO] [stdout] 
[INFO] [stdout] warning: unused variable: `reference_id`
[INFO] [stdout]   --> src/tests/plugins/test_reference_plugin.rs:44:9
[INFO] [stdout]    |
[INFO] [stdout] 44 |         reference_id: &crate::Id,
[INFO] [stdout]    |         ^^^^^^^^^^^^ help: if this is intentional, prefix it with an underscore: `_reference_id`
[INFO] [stdout] 
[INFO] [stdout] 
[INFO] [stdout] warning: unused variable: `target`
[INFO] [stdout]   --> src/tests/plugins/test_reference_plugin.rs:45:9
[INFO] [stdout]    |
[INFO] [stdout] 45 |         target: &IndexEntryProperty,
[INFO] [stdout]    |         ^^^^^^ help: if this is intentional, prefix it with an underscore: `_target`
[INFO] [stdout] 
[INFO] [stdout] 
[INFO] [stdout] warning: unused variable: `before_id`
[INFO] [stdout]   --> src/tests/plugins/test_reference_plugin.rs:46:9
[INFO] [stdout]    |
[INFO] [stdout] 46 |         before_id: &Option<String>,
[INFO] [stdout]    |         ^^^^^^^^^ help: if this is intentional, prefix it with an underscore: `_before_id`
[INFO] [stdout] 
[INFO] [stdout] 
[INFO] [stdout] warning: unused variable: `instance`
[INFO] [stdout]   --> src/tests/plugins/test_reference_plugin.rs:54:9
[INFO] [stdout]    |
[INFO] [stdout] 54 |         instance: &mut Hit,
[INFO] [stdout]    |         ^^^^^^^^ help: if this is intentional, prefix it with an underscore: `_instance`
[INFO] [stdout] 
[INFO] [stdout] 
[INFO] [stdout] warning: unused variable: `reference_id`
[INFO] [stdout]   --> src/tests/plugins/test_reference_plugin.rs:55:9
[INFO] [stdout]    |
[INFO] [stdout] 55 |         reference_id: &crate::Id,
[INFO] [stdout]    |         ^^^^^^^^^^^^ help: if this is intentional, prefix it with an underscore: `_reference_id`
[INFO] [stdout] 
[INFO] [stdout] 
[INFO] [stdout] warning: unused variable: `target`
[INFO] [stdout]   --> src/tests/plugins/test_reference_plugin.rs:56:9
[INFO] [stdout]    |
[INFO] [stdout] 56 |         target: &IndexEntryProperty,
[INFO] [stdout]    |         ^^^^^^ help: if this is intentional, prefix it with an underscore: `_target`
[INFO] [stdout] 
[INFO] [stdout] 
[INFO] [stdout] warning: unused variable: `before_id`
[INFO] [stdout]   --> src/tests/plugins/test_reference_plugin.rs:57:9
[INFO] [stdout]    |
[INFO] [stdout] 57 |         before_id: &Option<String>,
[INFO] [stdout]    |         ^^^^^^^^^ help: if this is intentional, prefix it with an underscore: `_before_id`
[INFO] [stdout] 
[INFO] [stdout] 
[INFO] [stdout] warning: unused variable: `instance`
[INFO] [stdout]   --> src/tests/plugins/test_reference_plugin.rs:65:9
[INFO] [stdout]    |
[INFO] [stdout] 65 |         instance: &mut Hit,
[INFO] [stdout]    |         ^^^^^^^^ help: if this is intentional, prefix it with an underscore: `_instance`
[INFO] [stdout] 
[INFO] [stdout] 
[INFO] [stdout] warning: unused variable: `reference_id`
[INFO] [stdout]   --> src/tests/plugins/test_reference_plugin.rs:66:9
[INFO] [stdout]    |
[INFO] [stdout] 66 |         reference_id: &crate::Id,
[INFO] [stdout]    |         ^^^^^^^^^^^^ help: if this is intentional, prefix it with an underscore: `_reference_id`
[INFO] [stdout] 
[INFO] [stdout] 
[INFO] [stdout] warning: unused variable: `target`
[INFO] [stdout]   --> src/tests/plugins/test_reference_plugin.rs:67:9
[INFO] [stdout]    |
[INFO] [stdout] 67 |         target: &IndexEntryProperty,
[INFO] [stdout]    |         ^^^^^^ help: if this is intentional, prefix it with an underscore: `_target`
[INFO] [stdout] 
[INFO] [stdout] 
[INFO] [stdout] warning: unused variable: `instance`
[INFO] [stdout]   --> src/tests/plugins/test_reference_plugin.rs:75:9
[INFO] [stdout]    |
[INFO] [stdout] 75 |         instance: &mut Hit,
[INFO] [stdout]    |         ^^^^^^^^ help: if this is intentional, prefix it with an underscore: `_instance`
[INFO] [stdout] 
[INFO] [stdout] 
[INFO] [stdout] warning: unused variable: `reference_id`
[INFO] [stdout]   --> src/tests/plugins/test_reference_plugin.rs:76:9
[INFO] [stdout]    |
[INFO] [stdout] 76 |         reference_id: &crate::Id,
[INFO] [stdout]    |         ^^^^^^^^^^^^ help: if this is intentional, prefix it with an underscore: `_reference_id`
[INFO] [stdout] 
[INFO] [stdout] 
[INFO] [stdout] warning: unused variable: `target`
[INFO] [stdout]   --> src/tests/plugins/test_reference_plugin.rs:77:9
[INFO] [stdout]    |
[INFO] [stdout] 77 |         target: &IndexEntryProperty,
[INFO] [stdout]    |         ^^^^^^ help: if this is intentional, prefix it with an underscore: `_target`
[INFO] [stdout] 
[INFO] [stdout] 
[INFO] [stdout] warning: trait `InitEntryAfterIndexPlugin` is never used
[INFO] [stdout]   --> src/plugins/plugin.rs:21:11
[INFO] [stdout]    |
[INFO] [stdout] 21 | pub trait InitEntryAfterIndexPlugin {
[INFO] [stdout]    |           ^^^^^^^^^^^^^^^^^^^^^^^^^
[INFO] [stdout]    |
[INFO] [stdout]    = note: `#[warn(dead_code)]` on by default
[INFO] [stdout] 
[INFO] [stdout] 
[INFO] [stdout] warning: function `it_should_return_an_error_on_reference_arrays_when_validator_detects_it` is never used
[INFO] [stdout]    --> src/tests/validation/test_validation.rs:130:4
[INFO] [stdout]     |
[INFO] [stdout] 130 | fn it_should_return_an_error_on_reference_arrays_when_validator_detects_it() {
[INFO] [stdout]     |    ^^^^^^^^^^^^^^^^^^^^^^^^^^^^^^^^^^^^^^^^^^^^^^^^^^^^^^^^^^^^^^^^^^^^^^^
[INFO] [stdout] 
[INFO] [stdout] 
[INFO] [stdout] warning: field `property_name` is never read
[INFO] [stdout]   --> src/prelude/validators/unique_in_parent/unique_in_parent_validator.rs:12:5
[INFO] [stdout]    |
[INFO] [stdout] 11 | pub struct UniqueInParentValidator {
[INFO] [stdout]    |            ----------------------- field in this struct
[INFO] [stdout] 12 |     property_name: String,
[INFO] [stdout]    |     ^^^^^^^^^^^^^
[INFO] [stdout] 
[INFO] [stdout] 
[INFO] [stdout] warning: call to `.clone()` on a reference in this situation does nothing
[INFO] [stdout]    --> src/hit_mod/hit.rs:315:19
[INFO] [stdout]     |
[INFO] [stdout] 315 |                 id.clone(),
[INFO] [stdout]     |                   ^^^^^^^^ help: remove this redundant call
[INFO] [stdout]     |
[INFO] [stdout]     = note: the type `str` does not implement `Clone`, so calling `clone` on `&str` copies the reference, which does not do anything and can be removed
[INFO] [stdout]     = note: `#[warn(noop_method_call)]` on by default
[INFO] [stdout] 
[INFO] [stdout] 
[INFO] [stdout] warning: call to `.clone()` on a reference in this situation does nothing
[INFO] [stdout]    --> src/hit_mod/hit.rs:328:19
[INFO] [stdout]     |
[INFO] [stdout] 328 |                 id.clone(),
[INFO] [stdout]     |                   ^^^^^^^^ help: remove this redundant call
[INFO] [stdout]     |
[INFO] [stdout]     = note: the type `str` does not implement `Clone`, so calling `clone` on `&str` copies the reference, which does not do anything and can be removed
[INFO] [stdout] 
[INFO] [stdout] 
[INFO] [stderr]     Finished `test` profile [unoptimized + debuginfo] target(s) in 1.63s
[INFO] running `Command { std: "docker" "inspect" "5d05afd40867ce3d5da3c9b8fbbb1a4ea3e15669c41fc9e262e1f635f4225049", kill_on_drop: false }`
[INFO] running `Command { std: "docker" "rm" "-f" "5d05afd40867ce3d5da3c9b8fbbb1a4ea3e15669c41fc9e262e1f635f4225049", kill_on_drop: false }`
[INFO] [stdout] 5d05afd40867ce3d5da3c9b8fbbb1a4ea3e15669c41fc9e262e1f635f4225049
[INFO] running `Command { std: "docker" "create" "-v" "/var/lib/crater-agent-workspace/builds/worker-7-tc2/target:/opt/rustwide/target:rw,Z" "-v" "/var/lib/crater-agent-workspace/builds/worker-7-tc2/source:/opt/rustwide/workdir:ro,Z" "-v" "/var/lib/crater-agent-workspace/cargo-home:/opt/rustwide/cargo-home:ro,Z" "-v" "/var/lib/crater-agent-workspace/rustup-home:/opt/rustwide/rustup-home:ro,Z" "-e" "SOURCE_DIR=/opt/rustwide/workdir" "-e" "CARGO_TARGET_DIR=/opt/rustwide/target" "-e" "CARGO_INCREMENTAL=0" "-e" "RUST_BACKTRACE=full" "-e" "RUSTFLAGS=--cap-lints=forbid -Zrandomize-layout" "-e" "RUSTDOCFLAGS=--cap-lints=forbid" "-e" "CARGO_HOME=/opt/rustwide/cargo-home" "-e" "RUSTUP_HOME=/opt/rustwide/rustup-home" "-w" "/opt/rustwide/workdir" "-m" "1610612736" "--user" "0:0" "--network" "none" "ghcr.io/rust-lang/crates-build-env/linux@sha256:4a844ea9eb2546a2d2c7022eacef16ef2e8229c7fbb2c7d4d55a9ceca922f72d" "/opt/rustwide/cargo-home/bin/cargo" "+nightly-2024-10-28" "test" "--frozen", kill_on_drop: false }`
[INFO] [stdout] 1975cd438cdacb7faf26c651c084a182db2c6b04d391f260609907692c5a6e96
[INFO] running `Command { std: "docker" "start" "-a" "1975cd438cdacb7faf26c651c084a182db2c6b04d391f260609907692c5a6e96", kill_on_drop: false }`
[INFO] [stderr] warning: unused import: `std::backtrace::Backtrace`
[INFO] [stderr]  --> src/errors/hit_error.rs:1:5
[INFO] [stderr]   |
[INFO] [stderr] 1 | use std::backtrace::Backtrace;
[INFO] [stderr]   |     ^^^^^^^^^^^^^^^^^^^^^^^^^
[INFO] [stderr]   |
[INFO] [stderr]   = note: `#[warn(unused_imports)]` on by default
[INFO] [stderr] 
[INFO] [stderr] warning: unexpected `cfg` condition name: `tarpaulin_include`
[INFO] [stderr]  --> src/model/mod.rs:2:11
[INFO] [stderr]   |
[INFO] [stderr] 2 | #[cfg(not(tarpaulin_include))]
[INFO] [stderr]   |           ^^^^^^^^^^^^^^^^^
[INFO] [stderr]   |
[INFO] [stderr]   = help: expected names are: `clippy`, `debug_assertions`, `doc`, `docsrs`, `doctest`, `feature`, `fmt_debug`, `miri`, `overflow_checks`, `panic`, `proc_macro`, `relocation_model`, `rustfmt`, `sanitize`, `sanitizer_cfi_generalize_pointers`, `sanitizer_cfi_normalize_integers`, `target_abi`, `target_arch`, `target_endian`, `target_env`, `target_family`, `target_feature`, `target_has_atomic`, `target_has_atomic_equal_alignment`, `target_has_atomic_load_store`, `target_os`, `target_pointer_width`, `target_thread_local`, `target_vendor`, `test`, `ub_checks`, `unix`, and `windows`
[INFO] [stderr]   = help: consider using a Cargo feature instead
[INFO] [stderr]   = help: or consider adding in `Cargo.toml` the `check-cfg` lint config for the lint:
[INFO] [stderr]            [lints.rust]
[INFO] [stderr]            unexpected_cfgs = { level = "warn", check-cfg = ['cfg(tarpaulin_include)'] }
[INFO] [stderr]   = help: or consider adding `println!("cargo::rustc-check-cfg=cfg(tarpaulin_include)");` to the top of the `build.rs`
[INFO] [stderr]   = note: see <https://doc.rust-lang.org/nightly/rustc/check-cfg/cargo-specifics.html> for more information about checking conditional configuration
[INFO] [stderr]   = note: `#[warn(unexpected_cfgs)]` on by default
[INFO] [stderr] 
[INFO] [stderr] warning: use of deprecated associated function `chrono::DateTime::<Tz>::from_utc`: Use TimeZone::from_utc_datetime() or DateTime::from_naive_utc_and_offset instead
[INFO] [stderr]   --> src/object_data.rs:44:33
[INFO] [stderr]    |
[INFO] [stderr] 44 |         return DateTime::<Utc>::from_utc(NaiveDateTime::from_timestamp(self.datetime, 0), Utc);
[INFO] [stderr]    |                                 ^^^^^^^^
[INFO] [stderr]    |
[INFO] [stderr]    = note: `#[warn(deprecated)]` on by default
[INFO] [stderr] 
[INFO] [stderr] warning: use of deprecated associated function `chrono::NaiveDateTime::from_timestamp`: use `DateTime::from_timestamp` instead
[INFO] [stderr]   --> src/object_data.rs:44:57
[INFO] [stderr]    |
[INFO] [stderr] 44 |         return DateTime::<Utc>::from_utc(NaiveDateTime::from_timestamp(self.datetime, 0), Utc);
[INFO] [stderr]    |                                                         ^^^^^^^^^^^^^^
[INFO] [stderr] 
[INFO] [stderr] warning: unused variable: `data`
[INFO] [stderr]    --> src/index/index.rs:241:43
[INFO] [stderr]     |
[INFO] [stderr] 241 |                 ObjectValue::VecReference(data) => {
[INFO] [stderr]     |                                           ^^^^ help: if this is intentional, prefix it with an underscore: `_data`
[INFO] [stderr]     |
[INFO] [stderr]     = note: `#[warn(unused_variables)]` on by default
[INFO] [stderr] 
[INFO] [stderr] warning: trait `InitEntryAfterIndexPlugin` is never used
[INFO] [stderr]   --> src/plugins/plugin.rs:21:11
[INFO] [stderr]    |
[INFO] [stderr] 21 | pub trait InitEntryAfterIndexPlugin {
[INFO] [stderr]    |           ^^^^^^^^^^^^^^^^^^^^^^^^^
[INFO] [stderr]    |
[INFO] [stderr]    = note: `#[warn(dead_code)]` on by default
[INFO] [stderr] 
[INFO] [stderr] warning: field `property_name` is never read
[INFO] [stderr]   --> src/prelude/validators/unique_in_parent/unique_in_parent_validator.rs:12:5
[INFO] [stderr]    |
[INFO] [stderr] 11 | pub struct UniqueInParentValidator {
[INFO] [stderr]    |            ----------------------- field in this struct
[INFO] [stderr] 12 |     property_name: String,
[INFO] [stderr]    |     ^^^^^^^^^^^^^
[INFO] [stderr] 
[INFO] [stderr] warning: call to `.clone()` on a reference in this situation does nothing
[INFO] [stderr]    --> src/hit_mod/hit.rs:315:19
[INFO] [stderr]     |
[INFO] [stderr] 315 |                 id.clone(),
[INFO] [stderr]     |                   ^^^^^^^^ help: remove this redundant call
[INFO] [stderr]     |
[INFO] [stderr]     = note: the type `str` does not implement `Clone`, so calling `clone` on `&str` copies the reference, which does not do anything and can be removed
[INFO] [stderr]     = note: `#[warn(noop_method_call)]` on by default
[INFO] [stderr] 
[INFO] [stderr] warning: call to `.clone()` on a reference in this situation does nothing
[INFO] [stderr]    --> src/hit_mod/hit.rs:328:19
[INFO] [stderr]     |
[INFO] [stderr] 328 |                 id.clone(),
[INFO] [stderr]     |                   ^^^^^^^^ help: remove this redundant call
[INFO] [stderr]     |
[INFO] [stderr]     = note: the type `str` does not implement `Clone`, so calling `clone` on `&str` copies the reference, which does not do anything and can be removed
[INFO] [stderr] 
[INFO] [stderr] warning: unused imports: `duplicate_hit` and `export`
[INFO] [stderr]  --> src/tests/hit/test_import_hit.rs:6:5
[INFO] [stderr]   |
[INFO] [stderr] 6 |     duplicate_hit, export, test_kernel::create_test_kernel, Hit, IndexEntryProperty, ObjectValue, Reference,
[INFO] [stderr]   |     ^^^^^^^^^^^^^  ^^^^^^
[INFO] [stderr] 
[INFO] [stderr] warning: use of deprecated associated function `chrono::DateTime::<Tz>::from_utc`: Use TimeZone::from_utc_datetime() or DateTime::from_naive_utc_and_offset instead
[INFO] [stderr]  --> src/tests/object_data/test_date.rs:7:33
[INFO] [stderr]   |
[INFO] [stderr] 7 |     let date = DateTime::<Utc>::from_utc(NaiveDateTime::from_timestamp(61, 0), Utc);
[INFO] [stderr]   |                                 ^^^^^^^^
[INFO] [stderr] 
[INFO] [stderr] warning: use of deprecated associated function `chrono::NaiveDateTime::from_timestamp`: use `DateTime::from_timestamp` instead
[INFO] [stderr]  --> src/tests/object_data/test_date.rs:7:57
[INFO] [stderr]   |
[INFO] [stderr] 7 |     let date = DateTime::<Utc>::from_utc(NaiveDateTime::from_timestamp(61, 0), Utc);
[INFO] [stderr]   |                                                         ^^^^^^^^^^^^^^
[INFO] [stderr] 
[INFO] [stderr] warning: unused variable: `instance`
[INFO] [stderr]   --> src/tests/plugins/test_reference_plugin.rs:22:9
[INFO] [stderr]    |
[INFO] [stderr] 22 |         instance: &mut Hit,
[INFO] [stderr]    |         ^^^^^^^^ help: if this is intentional, prefix it with an underscore: `_instance`
[INFO] [stderr] 
[INFO] [stderr] warning: unused variable: `reference_id`
[INFO] [stderr]   --> src/tests/plugins/test_reference_plugin.rs:23:9
[INFO] [stderr]    |
[INFO] [stderr] 23 |         reference_id: &crate::Id,
[INFO] [stderr]    |         ^^^^^^^^^^^^ help: if this is intentional, prefix it with an underscore: `_reference_id`
[INFO] [stderr] 
[INFO] [stderr] warning: unused variable: `target`
[INFO] [stderr]   --> src/tests/plugins/test_reference_plugin.rs:24:9
[INFO] [stderr]    |
[INFO] [stderr] 24 |         target: &IndexEntryProperty,
[INFO] [stderr]    |         ^^^^^^ help: if this is intentional, prefix it with an underscore: `_target`
[INFO] [stderr] 
[INFO] [stderr] warning: unused variable: `before_id`
[INFO] [stderr]   --> src/tests/plugins/test_reference_plugin.rs:25:9
[INFO] [stderr]    |
[INFO] [stderr] 25 |         before_id: &Option<String>,
[INFO] [stderr]    |         ^^^^^^^^^ help: if this is intentional, prefix it with an underscore: `_before_id`
[INFO] [stderr] 
[INFO] [stderr] warning: unused variable: `instance`
[INFO] [stderr]   --> src/tests/plugins/test_reference_plugin.rs:33:9
[INFO] [stderr]    |
[INFO] [stderr] 33 |         instance: &mut Hit,
[INFO] [stderr]    |         ^^^^^^^^ help: if this is intentional, prefix it with an underscore: `_instance`
[INFO] [stderr] 
[INFO] [stderr] warning: unused variable: `reference_id`
[INFO] [stderr]   --> src/tests/plugins/test_reference_plugin.rs:34:9
[INFO] [stderr]    |
[INFO] [stderr] 34 |         reference_id: &crate::Id,
[INFO] [stderr]    |         ^^^^^^^^^^^^ help: if this is intentional, prefix it with an underscore: `_reference_id`
[INFO] [stderr] 
[INFO] [stderr] warning: unused variable: `target`
[INFO] [stderr]   --> src/tests/plugins/test_reference_plugin.rs:35:9
[INFO] [stderr]    |
[INFO] [stderr] 35 |         target: &IndexEntryProperty,
[INFO] [stderr]    |         ^^^^^^ help: if this is intentional, prefix it with an underscore: `_target`
[INFO] [stderr] 
[INFO] [stderr] warning: unused variable: `before_id`
[INFO] [stderr]   --> src/tests/plugins/test_reference_plugin.rs:36:9
[INFO] [stderr]    |
[INFO] [stderr] 36 |         before_id: &Option<String>,
[INFO] [stderr]    |         ^^^^^^^^^ help: if this is intentional, prefix it with an underscore: `_before_id`
[INFO] [stderr] 
[INFO] [stderr] warning: unused variable: `instance`
[INFO] [stderr]   --> src/tests/plugins/test_reference_plugin.rs:43:9
[INFO] [stderr]    |
[INFO] [stderr] 43 |         instance: &mut Hit,
[INFO] [stderr]    |         ^^^^^^^^ help: if this is intentional, prefix it with an underscore: `_instance`
[INFO] [stderr] 
[INFO] [stderr] warning: unused variable: `reference_id`
[INFO] [stderr]   --> src/tests/plugins/test_reference_plugin.rs:44:9
[INFO] [stderr]    |
[INFO] [stderr] 44 |         reference_id: &crate::Id,
[INFO] [stderr]    |         ^^^^^^^^^^^^ help: if this is intentional, prefix it with an underscore: `_reference_id`
[INFO] [stderr] 
[INFO] [stderr] warning: unused variable: `target`
[INFO] [stderr]   --> src/tests/plugins/test_reference_plugin.rs:45:9
[INFO] [stderr]    |
[INFO] [stderr] 45 |         target: &IndexEntryProperty,
[INFO] [stderr]    |         ^^^^^^ help: if this is intentional, prefix it with an underscore: `_target`
[INFO] [stderr] 
[INFO] [stderr] warning: unused variable: `before_id`
[INFO] [stderr]   --> src/tests/plugins/test_reference_plugin.rs:46:9
[INFO] [stderr]    |
[INFO] [stderr] 46 |         before_id: &Option<String>,
[INFO] [stderr]    |         ^^^^^^^^^ help: if this is intentional, prefix it with an underscore: `_before_id`
[INFO] [stderr] 
[INFO] [stderr] warning: unused variable: `instance`
[INFO] [stderr]   --> src/tests/plugins/test_reference_plugin.rs:54:9
[INFO] [stderr]    |
[INFO] [stderr] 54 |         instance: &mut Hit,
[INFO] [stderr]    |         ^^^^^^^^ help: if this is intentional, prefix it with an underscore: `_instance`
[INFO] [stderr] 
[INFO] [stderr] warning: unused variable: `reference_id`
[INFO] [stderr]   --> src/tests/plugins/test_reference_plugin.rs:55:9
[INFO] [stderr]    |
[INFO] [stderr] 55 |         reference_id: &crate::Id,
[INFO] [stderr]    |         ^^^^^^^^^^^^ help: if this is intentional, prefix it with an underscore: `_reference_id`
[INFO] [stderr] 
[INFO] [stderr] warning: unused variable: `target`
[INFO] [stderr]   --> src/tests/plugins/test_reference_plugin.rs:56:9
[INFO] [stderr]    |
[INFO] [stderr] 56 |         target: &IndexEntryProperty,
[INFO] [stderr]    |         ^^^^^^ help: if this is intentional, prefix it with an underscore: `_target`
[INFO] [stderr] 
[INFO] [stderr] warning: unused variable: `before_id`
[INFO] [stderr]   --> src/tests/plugins/test_reference_plugin.rs:57:9
[INFO] [stderr]    |
[INFO] [stderr] 57 |         before_id: &Option<String>,
[INFO] [stderr]    |         ^^^^^^^^^ help: if this is intentional, prefix it with an underscore: `_before_id`
[INFO] [stderr] 
[INFO] [stderr] warning: unused variable: `instance`
[INFO] [stderr]   --> src/tests/plugins/test_reference_plugin.rs:65:9
[INFO] [stderr]    |
[INFO] [stderr] 65 |         instance: &mut Hit,
[INFO] [stderr]    |         ^^^^^^^^ help: if this is intentional, prefix it with an underscore: `_instance`
[INFO] [stderr] 
[INFO] [stderr] warning: unused variable: `reference_id`
[INFO] [stderr]   --> src/tests/plugins/test_reference_plugin.rs:66:9
[INFO] [stderr]    |
[INFO] [stderr] 66 |         reference_id: &crate::Id,
[INFO] [stderr]    |         ^^^^^^^^^^^^ help: if this is intentional, prefix it with an underscore: `_reference_id`
[INFO] [stderr] 
[INFO] [stderr] warning: unused variable: `target`
[INFO] [stderr]   --> src/tests/plugins/test_reference_plugin.rs:67:9
[INFO] [stderr]    |
[INFO] [stderr] 67 |         target: &IndexEntryProperty,
[INFO] [stderr]    |         ^^^^^^ help: if this is intentional, prefix it with an underscore: `_target`
[INFO] [stderr] 
[INFO] [stderr] warning: unused variable: `instance`
[INFO] [stderr]   --> src/tests/plugins/test_reference_plugin.rs:75:9
[INFO] [stderr]    |
[INFO] [stderr] 75 |         instance: &mut Hit,
[INFO] [stderr]    |         ^^^^^^^^ help: if this is intentional, prefix it with an underscore: `_instance`
[INFO] [stderr] 
[INFO] [stderr] warning: unused variable: `reference_id`
[INFO] [stderr]   --> src/tests/plugins/test_reference_plugin.rs:76:9
[INFO] [stderr]    |
[INFO] [stderr] 76 |         reference_id: &crate::Id,
[INFO] [stderr]    |         ^^^^^^^^^^^^ help: if this is intentional, prefix it with an underscore: `_reference_id`
[INFO] [stderr] 
[INFO] [stderr] warning: unused variable: `target`
[INFO] [stderr]   --> src/tests/plugins/test_reference_plugin.rs:77:9
[INFO] [stderr]    |
[INFO] [stderr] 77 |         target: &IndexEntryProperty,
[INFO] [stderr]    |         ^^^^^^ help: if this is intentional, prefix it with an underscore: `_target`
[INFO] [stderr] 
[INFO] [stderr] warning: function `it_should_return_an_error_on_reference_arrays_when_validator_detects_it` is never used
[INFO] [stderr]    --> src/tests/validation/test_validation.rs:130:4
[INFO] [stderr]     |
[INFO] [stderr] 130 | fn it_should_return_an_error_on_reference_arrays_when_validator_detects_it() {
[INFO] [stderr]     |    ^^^^^^^^^^^^^^^^^^^^^^^^^^^^^^^^^^^^^^^^^^^^^^^^^^^^^^^^^^^^^^^^^^^^^^^
[INFO] [stderr] 
[INFO] [stderr] warning: `hit-data` (lib) generated 9 warnings (run `cargo fix --lib -p hit-data` to apply 3 suggestions)
[INFO] [stderr] warning: `hit-data` (lib test) generated 35 warnings (9 duplicates) (run `cargo fix --lib -p hit-data --tests` to apply 1 suggestion)
[INFO] [stderr]     Finished `test` profile [unoptimized + debuginfo] target(s) in 0.03s
[INFO] [stderr]      Running unittests src/lib.rs (/opt/rustwide/target/debug/deps/hit_data-7e51017ce1cd49d3)
[INFO] [stdout] 
[INFO] [stdout] running 68 tests
[INFO] [stdout] test index::index::tests::it_should_create_a_new_index_with_values ... ok
[INFO] [stdout] test index::index::tests::it_should_fail_creating_a_new_index_with_reference_array_values ... ok
[INFO] [stdout] test index::index::tests::it_should_fail_creating_a_new_index_with_reference_values ... ok
[INFO] [stdout] test index::index::tests::it_should_fail_creating_a_new_index_with_subobject_array_values ... ok
[INFO] [stdout] test index::index::tests::it_should_fail_creating_a_new_index_with_subobject_values ... ok
[INFO] [stdout] test import::diff::tests::test_create_patch ... ok
[INFO] [stdout] test index::index::tests::it_should_get_existing_data ... ok
[INFO] [stdout] test index::list_helpers::tests::it_should_update_the_positions_when_deleting ... ok
[INFO] [stdout] test index::list_helpers::tests::it_should_update_the_positions_when_moving ... ok
[INFO] [stdout] test json::tests::no_duplicate_ids ... ok
[INFO] [stdout] test json::tests::test_json_import ... ok
[INFO] [stdout] test prelude::validators::unique_in_parent::test_unique_in_parent::it_should_initialize_the_model_index ... ok
[INFO] [stdout] test prelude::validators::unique_in_parent::test_unique_in_parent::it_should_initialize_the_property_index ... ok
[INFO] [stdout] test prelude::validators::unique_in_parent::test_unique_in_parent::it_should_detect_not_unique_values_on_insert ... ok
[INFO] [stdout] test prelude::validators::unique_in_parent::test_unique_in_parent::it_should_detect_not_unique_values_when_setting_it ... ok
[INFO] [stdout] test prelude::validators::unique_in_parent::test_unique_in_parent::it_should_remove_unique_errors_when_deleting_an_entry ... ok
[INFO] [stdout] test prelude::validators::unique_in_parent::test_unique_in_parent::it_should_remove_unique_errors_when_moving_an_entry ... ok
[INFO] [stdout] test prelude::validators::unique_in_parent::test_unique_in_parent::it_should_remove_unique_errors_when_setting_to_correct_values ... ok
[INFO] [stdout] test tests::hit::test_create::it_should_create_a_new_hit_instance_with_values ... ok
[INFO] [stdout] test tests::hit::test_get_references::it_should_find_all_references ... ok
[INFO] [stdout] test tests::hit::test_get_references::it_should_find_all_references_after_removal_from_array ... ok
[INFO] [stdout] test tests::hit::test_get_references::it_should_find_all_references_after_set_to_null ... ok
[INFO] [stdout] test json::export::tests::test_json_import ... ok
[INFO] [stdout] test tests::hit::test_get_references::it_should_find_all_references_after_update ... ok
[INFO] [stdout] test tests::hit::test_copy_object::it_should_copy_an_object_and_its_subobjects ... ok
[INFO] [stdout] test tests::hit::test_insert_reference::it_should_insert_a_reference_before_another ... ok
[INFO] [stdout] test tests::hit::test_insert_reference::it_should_refuse_incorrect_references ... ok
[INFO] [stdout] test tests::hit::test_create::it_should_create_a_new_hit_instance ... ok
[INFO] [stdout] test tests::hit::test_insert_reference::it_should_refuse_to_insert_references_in_other_fields ... ok
[INFO] [stdout] test tests::hit::test_clone_hit::instances_should_be_distinct ... ok
[INFO] [stdout] test tests::hit::test_clone_hit::it_should_clone_a_hit_instance ... ok
[INFO] [stdout] test tests::hit::test_copy_object::it_should_copy_an_object ... ok
[INFO] [stdout] test tests::hit::test_key_exists::it_should_check_if_a_key_exists ... ok
[INFO] [stdout] test tests::hit::test_copy_object::it_should_copy_an_object_and_inner_references ... ok
[INFO] [stdout] test tests::hit::test_insert_reference::it_should_insert_a_reference ... ok
[INFO] [stdout] test tests::hit::test_move_object::it_should_move_an_object ... ok
[INFO] [stdout] test tests::hit::test_move_object::it_should_move_an_object_inside_the_same_parent ... ok
[INFO] [stdout] test tests::hit::test_move_object::it_should_return_an_error_when_id_is_invalid ... ok
[INFO] [stdout] test tests::hit::test_import_hit::it_should_import_a_hit_instance ... ok
[INFO] [stdout] test tests::hit::test_remove_object::it_should_remove_an_object ... ok
[INFO] [stdout] test tests::hit::test_remove_reference::it_should_throw_error_for_invalid_properties ... ok
[INFO] [stdout] test tests::hit::test_move_reference::it_should_move_a_reference ... ok
[INFO] [stdout] test tests::hit::test_move_object::it_should_return_an_error_when_target_property_is_invalid ... ok
[INFO] [stdout] test tests::hit::test_remove_nested::it_should_not_return_an_error_when_a_nested_object_has_nested_references ... ok
[INFO] [stdout] test tests::hit::test_remove_nested::it_should_remove_an_object_containing_other_objects ... ok
[INFO] [stdout] test tests::hit::test_remove_object::it_should_return_an_error_when_id_is_invalid ... ok
[INFO] [stdout] test tests::hit::test_remove_nested::it_should_return_an_error_when_a_nested_object_has_references ... ok
[INFO] [stdout] test tests::hit::test_move_object::it_should_return_an_error_when_target_id_is_invalid ... ok
[INFO] [stdout] test tests::object_data::test_eq::it_should_not_be_equal_when_values_are_not_equal ... ok
[INFO] [stdout] test tests::hit::test_remove_object::it_should_return_an_error_when_object_has_references ... ok
[INFO] [stdout] test tests::hit::test_remove_object::it_should_remove_an_object_more_depth ... ok
[INFO] [stdout] test tests::hit::test_remove_reference::it_should_remove_a_reference ... ok
[INFO] [stdout] test tests::plugins::test_delete_plugin::it_should_call_both_callbacks_when_deleting ... ok
[INFO] [stdout] test tests::plugins::test_delete_plugin::it_should_call_the_before_delete_callback_only_before_an_error ... ok
[INFO] [stdout] test tests::plugins::test_plugin::it_should_call_both_move_callbacks ... ok
[INFO] [stdout] test tests::plugins::test_plugin::it_should_call_both_insert_callbacks ... ok
[INFO] [stdout] test tests::test_events::it_should_not_send_an_event_when_a_listener_is_unsubscribed ... ok
[INFO] [stdout] test tests::hit::test_remove_reference::it_should_throw_error_for_invalid_references ... ok
[INFO] [stdout] test tests::test_events::it_should_return_an_error_when_a_non_existing_listener_is_unsubscribed ... ok
[INFO] [stdout] test tests::plugins::test_plugin::it_should_call_both_set_value_callbacks ... ok
[INFO] [stdout] test tests::test_events::it_should_send_an_event_when_property_is_set ... ok
[INFO] [stdout] test tests::plugins::test_plugin::it_should_call_only_before_set_value_callback_only_before_an_error ... ok
[INFO] [stdout] test tests::validation::test_validation::it_should_return_an_error_on_set_when_validator_detects_it ... ok
[INFO] [stdout] test tests::plugins::test_plugin::it_should_call_only_before_insert_callback_when_insert_fails ... ok
[INFO] [stdout] test tests::test_helpers::it_should_find_all_targets_for_an_object ... ok
[INFO] [stdout] test tests::plugins::test_reference_plugin::it_should_call_both_callbacks_when_adding_and_removing_reference ... ok
[INFO] [stdout] test tests::validation::test_validation::it_should_validate_when_importing ... ok
[INFO] [stdout] test tests::object_data::test_date::it_should_return_a_datetime_struct ... FAILED
[INFO] [stdout] 
[INFO] [stdout] failures:
[INFO] [stdout] 
[INFO] [stdout] ---- tests::object_data::test_date::it_should_return_a_datetime_struct stdout ----
[INFO] [stdout] thread 'tests::object_data::test_date::it_should_return_a_datetime_struct' panicked at src/tests/object_data/test_date.rs:9:5:
[INFO] [stdout] assertion `left == right` failed
[INFO] [stdout]   left: "Thu, 01 Jan 1970 00:01:01 +0000"
[INFO] [stdout]  right: "Thu, 1 Jan 1970 00:01:01 +0000"
[INFO] [stdout] stack backtrace:
[INFO] [stdout]    0:     0x61d577dcda3a - std::backtrace_rs::backtrace::libunwind::trace::h207520d6e9873551
[INFO] [stdout]                                at /rustc/df4ca44d3fbc9301ee17f30f4d474e6ae4b05252/library/std/src/../../backtrace/src/backtrace/libunwind.rs:116:5
[INFO] [stdout]    1:     0x61d577dcda3a - std::backtrace_rs::backtrace::trace_unsynchronized::h2ed7433f370e3eca
[INFO] [stdout]                                at /rustc/df4ca44d3fbc9301ee17f30f4d474e6ae4b05252/library/std/src/../../backtrace/src/backtrace/mod.rs:66:5
[INFO] [stdout]    2:     0x61d577dcda3a - std::sys::backtrace::_print_fmt::h916fac51166b18d7
[INFO] [stdout]                                at /rustc/df4ca44d3fbc9301ee17f30f4d474e6ae4b05252/library/std/src/sys/backtrace.rs:66:9
[INFO] [stdout]    3:     0x61d577dcda3a - <std::sys::backtrace::BacktraceLock::print::DisplayBacktrace as core::fmt::Display>::fmt::ha0a4c9b8ce3802e6
[INFO] [stdout]                                at /rustc/df4ca44d3fbc9301ee17f30f4d474e6ae4b05252/library/std/src/sys/backtrace.rs:39:26
[INFO] [stdout]    4:     0x61d577df5503 - core::fmt::rt::Argument::fmt::h4cfc8587d52b3eb5
[INFO] [stdout]                                at /rustc/df4ca44d3fbc9301ee17f30f4d474e6ae4b05252/library/core/src/fmt/rt.rs:177:76
[INFO] [stdout]    5:     0x61d577df5503 - core::fmt::write::h522cc39e5b36ae9f
[INFO] [stdout]                                at /rustc/df4ca44d3fbc9301ee17f30f4d474e6ae4b05252/library/core/src/fmt/mod.rs:1190:21
[INFO] [stdout]    6:     0x61d577dca6a3 - std::io::Write::write_fmt::h7d3c26752da97734
[INFO] [stdout]                                at /rustc/df4ca44d3fbc9301ee17f30f4d474e6ae4b05252/library/std/src/io/mod.rs:1839:15
[INFO] [stdout]    7:     0x61d577dcd882 - std::sys::backtrace::BacktraceLock::print::h4b9e00b29e9c0942
[INFO] [stdout]                                at /rustc/df4ca44d3fbc9301ee17f30f4d474e6ae4b05252/library/std/src/sys/backtrace.rs:42:9
[INFO] [stdout]    8:     0x61d577dceeca - std::panicking::default_hook::{{closure}}::hb59b88280d0324d9
[INFO] [stdout]                                at /rustc/df4ca44d3fbc9301ee17f30f4d474e6ae4b05252/library/std/src/panicking.rs:268:22
[INFO] [stdout]    9:     0x61d577dcecd4 - std::panicking::default_hook::he1dd496665be4a29
[INFO] [stdout]                                at /rustc/df4ca44d3fbc9301ee17f30f4d474e6ae4b05252/library/std/src/panicking.rs:292:9
[INFO] [stdout]   10:     0x61d577d4cfa9 - <alloc::boxed::Box<F,A> as core::ops::function::Fn<Args>>::call::h4ff71de18744e1dc
[INFO] [stdout]                                at /rustc/df4ca44d3fbc9301ee17f30f4d474e6ae4b05252/library/alloc/src/boxed.rs:2468:9
[INFO] [stdout]   11:     0x61d577d4cfa9 - test::test_main::{{closure}}::hcf7c055ce117aa81
[INFO] [stdout]                                at /rustc/df4ca44d3fbc9301ee17f30f4d474e6ae4b05252/library/test/src/lib.rs:133:21
[INFO] [stdout]   12:     0x61d577dcf5c8 - <alloc::boxed::Box<F,A> as core::ops::function::Fn<Args>>::call::h1d66c6bbd60c9692
[INFO] [stdout]                                at /rustc/df4ca44d3fbc9301ee17f30f4d474e6ae4b05252/library/alloc/src/boxed.rs:2468:9
[INFO] [stdout]   13:     0x61d577dcf5c8 - std::panicking::rust_panic_with_hook::h2ff17fe8f26dfcf8
[INFO] [stdout]                                at /rustc/df4ca44d3fbc9301ee17f30f4d474e6ae4b05252/library/std/src/panicking.rs:809:13
[INFO] [stdout]   14:     0x61d577dcf38a - std::panicking::begin_panic_handler::{{closure}}::h4fad77951c07e101
[INFO] [stdout]                                at /rustc/df4ca44d3fbc9301ee17f30f4d474e6ae4b05252/library/std/src/panicking.rs:674:13
[INFO] [stdout]   15:     0x61d577dcdf19 - std::sys::backtrace::__rust_end_short_backtrace::hb1a25b3da5d0ea08
[INFO] [stdout]                                at /rustc/df4ca44d3fbc9301ee17f30f4d474e6ae4b05252/library/std/src/sys/backtrace.rs:170:18
[INFO] [stdout]   16:     0x61d577dcf01c - rust_begin_unwind
[INFO] [stdout]                                at /rustc/df4ca44d3fbc9301ee17f30f4d474e6ae4b05252/library/std/src/panicking.rs:665:5
[INFO] [stdout]   17:     0x61d577df3200 - core::panicking::panic_fmt::ha9db07b529f9b256
[INFO] [stdout]                                at /rustc/df4ca44d3fbc9301ee17f30f4d474e6ae4b05252/library/core/src/panicking.rs:75:14
[INFO] [stdout]   18:     0x61d577df35cb - core::panicking::assert_failed_inner::h04f38944d74a80a8
[INFO] [stdout]   19:     0x61d577c40873 - core::panicking::assert_failed::h24198d3f6d7cff87
[INFO] [stdout]                                at /rustc/df4ca44d3fbc9301ee17f30f4d474e6ae4b05252/library/core/src/panicking.rs:377:5
[INFO] [stdout]   20:     0x61d577c5e54f - hit_data::tests::object_data::test_date::it_should_return_a_datetime_struct::hbdfd1360bb21aebb
[INFO] [stdout]                                at /opt/rustwide/workdir/src/tests/object_data/test_date.rs:9:5
[INFO] [stdout]   21:     0x61d577c5e447 - hit_data::tests::object_data::test_date::it_should_return_a_datetime_struct::{{closure}}::h3a6dca857109ece4
[INFO] [stdout]                                at /opt/rustwide/workdir/src/tests/object_data/test_date.rs:6:40
[INFO] [stdout]   22:     0x61d577cd31c6 - core::ops::function::FnOnce::call_once::hd2789772f14eed8c
[INFO] [stdout]                                at /rustc/df4ca44d3fbc9301ee17f30f4d474e6ae4b05252/library/core/src/ops/function.rs:250:5
[INFO] [stdout]   23:     0x61d577d5187b - core::ops::function::FnOnce::call_once::h22c3ba5715e93f05
[INFO] [stdout]                                at /rustc/df4ca44d3fbc9301ee17f30f4d474e6ae4b05252/library/core/src/ops/function.rs:250:5
[INFO] [stdout]   24:     0x61d577d5187b - test::__rust_begin_short_backtrace::h8e82d8113d0da17f
[INFO] [stdout]                                at /rustc/df4ca44d3fbc9301ee17f30f4d474e6ae4b05252/library/test/src/lib.rs:621:18
[INFO] [stdout]   25:     0x61d577d511f7 - test::run_test_in_process::{{closure}}::h33235f4f20b7b7c7
[INFO] [stdout]                                at /rustc/df4ca44d3fbc9301ee17f30f4d474e6ae4b05252/library/test/src/lib.rs:644:60
[INFO] [stdout]   26:     0x61d577d511f7 - <core::panic::unwind_safe::AssertUnwindSafe<F> as core::ops::function::FnOnce<()>>::call_once::hb5043206310c586f
[INFO] [stdout]                                at /rustc/df4ca44d3fbc9301ee17f30f4d474e6ae4b05252/library/core/src/panic/unwind_safe.rs:272:9
[INFO] [stdout]   27:     0x61d577d511f7 - std::panicking::try::do_call::h9ad4731a60ab23e2
[INFO] [stdout]                                at /rustc/df4ca44d3fbc9301ee17f30f4d474e6ae4b05252/library/std/src/panicking.rs:557:40
[INFO] [stdout]   28:     0x61d577d511f7 - std::panicking::try::h3824d23db772a716
[INFO] [stdout]                                at /rustc/df4ca44d3fbc9301ee17f30f4d474e6ae4b05252/library/std/src/panicking.rs:520:19
[INFO] [stdout]   29:     0x61d577d511f7 - std::panic::catch_unwind::h5afd514605fde46b
[INFO] [stdout]                                at /rustc/df4ca44d3fbc9301ee17f30f4d474e6ae4b05252/library/std/src/panic.rs:358:14
[INFO] [stdout]   30:     0x61d577d511f7 - test::run_test_in_process::h0d5cbfa7067d1720
[INFO] [stdout]                                at /rustc/df4ca44d3fbc9301ee17f30f4d474e6ae4b05252/library/test/src/lib.rs:644:27
[INFO] [stdout]   31:     0x61d577d511f7 - test::run_test::{{closure}}::h708eb8872708115d
[INFO] [stdout]                                at /rustc/df4ca44d3fbc9301ee17f30f4d474e6ae4b05252/library/test/src/lib.rs:565:43
[INFO] [stdout]   32:     0x61d577d14914 - test::run_test::{{closure}}::h392c51cee94713ab
[INFO] [stdout]                                at /rustc/df4ca44d3fbc9301ee17f30f4d474e6ae4b05252/library/test/src/lib.rs:595:41
[INFO] [stdout]   33:     0x61d577d14914 - std::sys::backtrace::__rust_begin_short_backtrace::h2f40290710935a8b
[INFO] [stdout]                                at /rustc/df4ca44d3fbc9301ee17f30f4d474e6ae4b05252/library/std/src/sys/backtrace.rs:154:18
[INFO] [stdout]   34:     0x61d577d180be - std::thread::Builder::spawn_unchecked_::{{closure}}::{{closure}}::h3fd968d89053a903
[INFO] [stdout]                                at /rustc/df4ca44d3fbc9301ee17f30f4d474e6ae4b05252/library/std/src/thread/mod.rs:541:17
[INFO] [stdout]   35:     0x61d577d180be - <core::panic::unwind_safe::AssertUnwindSafe<F> as core::ops::function::FnOnce<()>>::call_once::h743f637ba4229880
[INFO] [stdout]                                at /rustc/df4ca44d3fbc9301ee17f30f4d474e6ae4b05252/library/core/src/panic/unwind_safe.rs:272:9
[INFO] [stdout]   36:     0x61d577d180be - std::panicking::try::do_call::h07440897322525a6
[INFO] [stdout]                                at /rustc/df4ca44d3fbc9301ee17f30f4d474e6ae4b05252/library/std/src/panicking.rs:557:40
[INFO] [stdout]   37:     0x61d577d180be - std::panicking::try::he5a2e00188156637
[INFO] [stdout]                                at /rustc/df4ca44d3fbc9301ee17f30f4d474e6ae4b05252/library/std/src/panicking.rs:520:19
[INFO] [stdout]   38:     0x61d577d180be - std::panic::catch_unwind::hbaf3cae49b3c6433
[INFO] [stdout]                                at /rustc/df4ca44d3fbc9301ee17f30f4d474e6ae4b05252/library/std/src/panic.rs:358:14
[INFO] [stdout]   39:     0x61d577d180be - std::thread::Builder::spawn_unchecked_::{{closure}}::h8e141ea224820bce
[INFO] [stdout]                                at /rustc/df4ca44d3fbc9301ee17f30f4d474e6ae4b05252/library/std/src/thread/mod.rs:540:30
[INFO] [stdout]   40:     0x61d577d180be - core::ops::function::FnOnce::call_once{{vtable.shim}}::h90d312fedd7b8ea8
[INFO] [stdout]                                at /rustc/df4ca44d3fbc9301ee17f30f4d474e6ae4b05252/library/core/src/ops/function.rs:250:5
[INFO] [stdout]   41:     0x61d577dd33bb - <alloc::boxed::Box<F,A> as core::ops::function::FnOnce<Args>>::call_once::h69aa08ddb6adb8b6
[INFO] [stdout]                                at /rustc/df4ca44d3fbc9301ee17f30f4d474e6ae4b05252/library/alloc/src/boxed.rs:2454:9
[INFO] [stdout]   42:     0x61d577dd33bb - <alloc::boxed::Box<F,A> as core::ops::function::FnOnce<Args>>::call_once::h5aa36efdb79c806f
[INFO] [stdout]                                at /rustc/df4ca44d3fbc9301ee17f30f4d474e6ae4b05252/library/alloc/src/boxed.rs:2454:9
[INFO] [stdout]   43:     0x61d577dd33bb - std::sys::pal::unix::thread::Thread::new::thread_start::h6cd80a1b4be5158d
[INFO] [stdout]                                at /rustc/df4ca44d3fbc9301ee17f30f4d474e6ae4b05252/library/std/src/sys/pal/unix/thread.rs:105:17
[INFO] [stdout]   44:     0x7de9bac35ac3 - <unknown>
[INFO] [stdout]   45:     0x7de9bacc6a04 - clone
[INFO] [stdout]   46:                0x0 - <unknown>
[INFO] [stdout] 
[INFO] [stdout] 
[INFO] [stdout] failures:
[INFO] [stdout]     tests::object_data::test_date::it_should_return_a_datetime_struct
[INFO] [stdout] 
[INFO] [stdout] test result: FAILED. 67 passed; 1 failed; 0 ignored; 0 measured; 0 filtered out; finished in 0.02s
[INFO] [stdout] 
[INFO] [stderr] error: test failed, to rerun pass `--lib`
[INFO] running `Command { std: "docker" "inspect" "1975cd438cdacb7faf26c651c084a182db2c6b04d391f260609907692c5a6e96", kill_on_drop: false }`
[INFO] running `Command { std: "docker" "rm" "-f" "1975cd438cdacb7faf26c651c084a182db2c6b04d391f260609907692c5a6e96", kill_on_drop: false }`
[INFO] [stdout] 1975cd438cdacb7faf26c651c084a182db2c6b04d391f260609907692c5a6e96
