[INFO] fetching crate hirun 0.1.11...
[INFO] testing hirun-0.1.11 against nightly-2024-10-28 for randomize-layout
[INFO] extracting crate hirun 0.1.11 into /workspace/builds/worker-0-tc1/source
[INFO] validating manifest of crates.io crate hirun 0.1.11 on toolchain nightly-2024-10-28
[INFO] running `Command { std: CARGO_HOME="/workspace/cargo-home" RUSTUP_HOME="/workspace/rustup-home" "/workspace/cargo-home/bin/cargo" "+nightly-2024-10-28" "metadata" "--manifest-path" "Cargo.toml" "--no-deps", kill_on_drop: false }`
[INFO] started tweaking crates.io crate hirun 0.1.11
[INFO] removed 0 missing examples
[INFO] finished tweaking crates.io crate hirun 0.1.11
[INFO] tweaked toml for crates.io crate hirun 0.1.11 written to /workspace/builds/worker-0-tc1/source/Cargo.toml
[INFO] crate crates.io crate hirun 0.1.11 already has a lockfile, it will not be regenerated
[INFO] running `Command { std: CARGO_HOME="/workspace/cargo-home" RUSTUP_HOME="/workspace/rustup-home" "/workspace/cargo-home/bin/cargo" "+nightly-2024-10-28" "fetch" "--manifest-path" "Cargo.toml", kill_on_drop: false }`
[INFO] [stderr]     Updating crates.io index
[INFO] [stderr]  Downloading crates ...
[INFO] [stderr]   Downloaded hictor v0.1.6
[INFO] [stderr]   Downloaded hipool v0.1.2
[INFO] [stderr]   Downloaded hicollections v0.1.2
[INFO] [stderr]   Downloaded hioff v0.1.1
[INFO] [stderr]   Downloaded hierr v0.2.1
[INFO] [stderr]   Downloaded hirun-macros v0.1.0
[INFO] running `Command { std: "docker" "create" "-v" "/var/lib/crater-agent-workspace/builds/worker-0-tc1/target:/opt/rustwide/target:rw,Z" "-v" "/var/lib/crater-agent-workspace/builds/worker-0-tc1/source:/opt/rustwide/workdir:ro,Z" "-v" "/var/lib/crater-agent-workspace/cargo-home:/opt/rustwide/cargo-home:ro,Z" "-v" "/var/lib/crater-agent-workspace/rustup-home:/opt/rustwide/rustup-home:ro,Z" "-e" "SOURCE_DIR=/opt/rustwide/workdir" "-e" "CARGO_TARGET_DIR=/opt/rustwide/target" "-e" "CARGO_HOME=/opt/rustwide/cargo-home" "-e" "RUSTUP_HOME=/opt/rustwide/rustup-home" "-w" "/opt/rustwide/workdir" "-m" "1610612736" "--user" "0:0" "--network" "none" "ghcr.io/rust-lang/crates-build-env/linux@sha256:4a844ea9eb2546a2d2c7022eacef16ef2e8229c7fbb2c7d4d55a9ceca922f72d" "/opt/rustwide/cargo-home/bin/cargo" "+nightly-2024-10-28" "metadata" "--no-deps" "--format-version=1", kill_on_drop: false }`
[INFO] [stdout] f82fcc8b818499e03fa4760a6bb95d333b628a3703df4507be089b21ab9cfe3f
[INFO] running `Command { std: "docker" "start" "-a" "f82fcc8b818499e03fa4760a6bb95d333b628a3703df4507be089b21ab9cfe3f", kill_on_drop: false }`
[INFO] running `Command { std: "docker" "inspect" "f82fcc8b818499e03fa4760a6bb95d333b628a3703df4507be089b21ab9cfe3f", kill_on_drop: false }`
[INFO] running `Command { std: "docker" "rm" "-f" "f82fcc8b818499e03fa4760a6bb95d333b628a3703df4507be089b21ab9cfe3f", kill_on_drop: false }`
[INFO] [stdout] f82fcc8b818499e03fa4760a6bb95d333b628a3703df4507be089b21ab9cfe3f
[INFO] running `Command { std: "docker" "create" "-v" "/var/lib/crater-agent-workspace/builds/worker-0-tc1/target:/opt/rustwide/target:rw,Z" "-v" "/var/lib/crater-agent-workspace/builds/worker-0-tc1/source:/opt/rustwide/workdir:ro,Z" "-v" "/var/lib/crater-agent-workspace/cargo-home:/opt/rustwide/cargo-home:ro,Z" "-v" "/var/lib/crater-agent-workspace/rustup-home:/opt/rustwide/rustup-home:ro,Z" "-e" "SOURCE_DIR=/opt/rustwide/workdir" "-e" "CARGO_TARGET_DIR=/opt/rustwide/target" "-e" "CARGO_INCREMENTAL=0" "-e" "RUST_BACKTRACE=full" "-e" "RUSTFLAGS=--cap-lints=forbid" "-e" "RUSTDOCFLAGS=--cap-lints=forbid" "-e" "CARGO_HOME=/opt/rustwide/cargo-home" "-e" "RUSTUP_HOME=/opt/rustwide/rustup-home" "-w" "/opt/rustwide/workdir" "-m" "1610612736" "--user" "0:0" "--network" "none" "ghcr.io/rust-lang/crates-build-env/linux@sha256:4a844ea9eb2546a2d2c7022eacef16ef2e8229c7fbb2c7d4d55a9ceca922f72d" "/opt/rustwide/cargo-home/bin/cargo" "+nightly-2024-10-28" "build" "--frozen" "--message-format=json", kill_on_drop: false }`
[INFO] [stdout] 59b7ce170e2518c2f18fc4feb6ccfa2839617192b8902b677f29fc8e638d3267
[INFO] running `Command { std: "docker" "start" "-a" "59b7ce170e2518c2f18fc4feb6ccfa2839617192b8902b677f29fc8e638d3267", kill_on_drop: false }`
[INFO] [stderr]    Compiling unicode-ident v1.0.12
[INFO] [stderr]    Compiling syn v1.0.109
[INFO] [stderr]    Compiling libc v0.2.155
[INFO] [stderr]    Compiling cfg-if v1.0.0
[INFO] [stderr]    Compiling cfg-if v0.1.10
[INFO] [stderr]    Compiling hictor v0.1.6
[INFO] [stderr]    Compiling hierr v0.2.1
[INFO] [stderr]    Compiling proc-macro2 v1.0.86
[INFO] [stderr]    Compiling hipool v0.1.2
[INFO] [stderr]    Compiling quote v1.0.36
[INFO] [stderr]    Compiling hicollections v0.1.2
[INFO] [stderr]    Compiling hioff v0.1.1
[INFO] [stderr]    Compiling hirun-macros v0.1.0
[INFO] [stderr]    Compiling hirun v0.1.11 (/opt/rustwide/workdir)
[INFO] [stdout] warning: creating a mutable reference to mutable static is discouraged
[INFO] [stdout]    --> src/runtime/worker.rs:235:9
[INFO] [stdout]     |
[INFO] [stdout] 235 |         CURRENT_WORKER.write(thread::TssData::new().unwrap());
[INFO] [stdout]     |         ^^^^^^^^^^^^^^^^^^^^^^^^^^^^^^^^^^^^^^^^^^^^^^^^^^^^^ mutable reference to mutable static
[INFO] [stdout]     |
[INFO] [stdout]     = note: for more information, see <https://doc.rust-lang.org/nightly/edition-guide/rust-2024/static-mut-references.html>
[INFO] [stdout]     = note: mutable references to mutable statics are dangerous; it's undefined behavior if any other pointer to the static is used or if any other reference is created for the static while the mutable reference lives
[INFO] [stdout]     = note: `#[warn(static_mut_refs)]` on by default
[INFO] [stdout] 
[INFO] [stdout] 
[INFO] [stdout] warning: creating a shared reference to mutable static is discouraged
[INFO] [stdout]    --> src/runtime/worker.rs:242:25
[INFO] [stdout]     |
[INFO] [stdout] 242 |     let addr = unsafe { CURRENT_WORKER.assume_init_ref() }.get();
[INFO] [stdout]     |                         ^^^^^^^^^^^^^^^^^^^^^^^^^^^^^^^^ shared reference to mutable static
[INFO] [stdout]     |
[INFO] [stdout]     = note: for more information, see <https://doc.rust-lang.org/nightly/edition-guide/rust-2024/static-mut-references.html>
[INFO] [stdout]     = note: shared references to mutable statics are dangerous; it's undefined behavior if the static is mutated or if a mutable reference is created for it while the shared reference lives
[INFO] [stdout] 
[INFO] [stdout] 
[INFO] [stdout] warning: creating a shared reference to mutable static is discouraged
[INFO] [stdout]    --> src/runtime/worker.rs:251:28
[INFO] [stdout]     |
[INFO] [stdout] 251 |     let current = unsafe { CURRENT_WORKER.assume_init_ref() };
[INFO] [stdout]     |                            ^^^^^^^^^^^^^^^^^^^^^^^^^^^^^^^^ shared reference to mutable static
[INFO] [stdout]     |
[INFO] [stdout]     = note: for more information, see <https://doc.rust-lang.org/nightly/edition-guide/rust-2024/static-mut-references.html>
[INFO] [stdout]     = note: shared references to mutable statics are dangerous; it's undefined behavior if the static is mutated or if a mutable reference is created for it while the shared reference lives
[INFO] [stdout] 
[INFO] [stdout] 
[INFO] [stderr]     Finished `dev` profile [unoptimized + debuginfo] target(s) in 3.82s
[INFO] running `Command { std: "docker" "inspect" "59b7ce170e2518c2f18fc4feb6ccfa2839617192b8902b677f29fc8e638d3267", kill_on_drop: false }`
[INFO] running `Command { std: "docker" "rm" "-f" "59b7ce170e2518c2f18fc4feb6ccfa2839617192b8902b677f29fc8e638d3267", kill_on_drop: false }`
[INFO] [stdout] 59b7ce170e2518c2f18fc4feb6ccfa2839617192b8902b677f29fc8e638d3267
[INFO] running `Command { std: "docker" "create" "-v" "/var/lib/crater-agent-workspace/builds/worker-0-tc1/target:/opt/rustwide/target:rw,Z" "-v" "/var/lib/crater-agent-workspace/builds/worker-0-tc1/source:/opt/rustwide/workdir:ro,Z" "-v" "/var/lib/crater-agent-workspace/cargo-home:/opt/rustwide/cargo-home:ro,Z" "-v" "/var/lib/crater-agent-workspace/rustup-home:/opt/rustwide/rustup-home:ro,Z" "-e" "SOURCE_DIR=/opt/rustwide/workdir" "-e" "CARGO_TARGET_DIR=/opt/rustwide/target" "-e" "CARGO_INCREMENTAL=0" "-e" "RUST_BACKTRACE=full" "-e" "RUSTFLAGS=--cap-lints=forbid" "-e" "RUSTDOCFLAGS=--cap-lints=forbid" "-e" "CARGO_HOME=/opt/rustwide/cargo-home" "-e" "RUSTUP_HOME=/opt/rustwide/rustup-home" "-w" "/opt/rustwide/workdir" "-m" "1610612736" "--user" "0:0" "--network" "none" "ghcr.io/rust-lang/crates-build-env/linux@sha256:4a844ea9eb2546a2d2c7022eacef16ef2e8229c7fbb2c7d4d55a9ceca922f72d" "/opt/rustwide/cargo-home/bin/cargo" "+nightly-2024-10-28" "test" "--frozen" "--no-run" "--message-format=json", kill_on_drop: false }`
[INFO] [stdout] 84faaf7113d7243546eab35e3f7a4a5d348453298febe52ca0cd60960426cbb0
[INFO] running `Command { std: "docker" "start" "-a" "84faaf7113d7243546eab35e3f7a4a5d348453298febe52ca0cd60960426cbb0", kill_on_drop: false }`
[INFO] [stderr]    Compiling serde v1.0.206
[INFO] [stderr]    Compiling serde_json v1.0.124
[INFO] [stderr]    Compiling cfg-if v0.1.10
[INFO] [stderr]    Compiling num-traits v0.2.19
[INFO] [stderr]    Compiling hierr v0.2.1
[INFO] [stderr]    Compiling plotters-backend v0.3.6
[INFO] [stderr]    Compiling libc v0.2.155
[INFO] [stderr]    Compiling regex-syntax v0.8.4
[INFO] [stderr]    Compiling textwrap v0.11.0
[INFO] [stderr]    Compiling csv-core v0.1.11
[INFO] [stderr]    Compiling itertools v0.10.5
[INFO] [stderr]    Compiling same-file v1.0.6
[INFO] [stderr]    Compiling syn v2.0.74
[INFO] [stderr]    Compiling cast v0.3.0
[INFO] [stderr]    Compiling half v1.8.3
[INFO] [stderr]    Compiling rayon v1.10.0
[INFO] [stderr]    Compiling bytes v1.7.1
[INFO] [stderr]    Compiling hipool v0.1.2
[INFO] [stderr]    Compiling clap v2.34.0
[INFO] [stderr]    Compiling walkdir v2.5.0
[INFO] [stderr]    Compiling pin-project-lite v0.2.14
[INFO] [stderr]    Compiling plotters-svg v0.3.6
[INFO] [stderr]    Compiling oorandom v11.1.4
[INFO] [stderr]    Compiling hictor v0.1.6
[INFO] [stderr]    Compiling parking_lot_core v0.9.10
[INFO] [stderr]    Compiling hicollections v0.1.2
[INFO] [stderr]    Compiling signal-hook-registry v1.4.2
[INFO] [stderr]    Compiling socket2 v0.5.7
[INFO] [stderr]    Compiling atty v0.2.14
[INFO] [stderr]    Compiling mio v1.0.1
[INFO] [stderr]    Compiling parking_lot v0.12.3
[INFO] [stderr]    Compiling hirun v0.1.11 (/opt/rustwide/workdir)
[INFO] [stderr]    Compiling plotters v0.3.6
[INFO] [stderr]    Compiling regex-automata v0.4.7
[INFO] [stderr]    Compiling criterion-plot v0.4.5
[INFO] [stdout] warning: creating a mutable reference to mutable static is discouraged
[INFO] [stdout]    --> src/runtime/worker.rs:235:9
[INFO] [stdout]     |
[INFO] [stdout] 235 |         CURRENT_WORKER.write(thread::TssData::new().unwrap());
[INFO] [stdout]     |         ^^^^^^^^^^^^^^^^^^^^^^^^^^^^^^^^^^^^^^^^^^^^^^^^^^^^^ mutable reference to mutable static
[INFO] [stdout]     |
[INFO] [stdout]     = note: for more information, see <https://doc.rust-lang.org/nightly/edition-guide/rust-2024/static-mut-references.html>
[INFO] [stdout]     = note: mutable references to mutable statics are dangerous; it's undefined behavior if any other pointer to the static is used or if any other reference is created for the static while the mutable reference lives
[INFO] [stdout]     = note: `#[warn(static_mut_refs)]` on by default
[INFO] [stdout] 
[INFO] [stdout] 
[INFO] [stdout] warning: creating a shared reference to mutable static is discouraged
[INFO] [stdout]    --> src/runtime/worker.rs:242:25
[INFO] [stdout]     |
[INFO] [stdout] 242 |     let addr = unsafe { CURRENT_WORKER.assume_init_ref() }.get();
[INFO] [stdout]     |                         ^^^^^^^^^^^^^^^^^^^^^^^^^^^^^^^^ shared reference to mutable static
[INFO] [stdout]     |
[INFO] [stdout]     = note: for more information, see <https://doc.rust-lang.org/nightly/edition-guide/rust-2024/static-mut-references.html>
[INFO] [stdout]     = note: shared references to mutable statics are dangerous; it's undefined behavior if the static is mutated or if a mutable reference is created for it while the shared reference lives
[INFO] [stdout] 
[INFO] [stdout] 
[INFO] [stdout] warning: creating a shared reference to mutable static is discouraged
[INFO] [stdout]    --> src/runtime/worker.rs:251:28
[INFO] [stdout]     |
[INFO] [stdout] 251 |     let current = unsafe { CURRENT_WORKER.assume_init_ref() };
[INFO] [stdout]     |                            ^^^^^^^^^^^^^^^^^^^^^^^^^^^^^^^^ shared reference to mutable static
[INFO] [stdout]     |
[INFO] [stdout]     = note: for more information, see <https://doc.rust-lang.org/nightly/edition-guide/rust-2024/static-mut-references.html>
[INFO] [stdout]     = note: shared references to mutable statics are dangerous; it's undefined behavior if the static is mutated or if a mutable reference is created for it while the shared reference lives
[INFO] [stdout] 
[INFO] [stdout] 
[INFO] [stderr]    Compiling regex v1.10.6
[INFO] [stderr]    Compiling tokio-macros v2.4.0
[INFO] [stderr]    Compiling serde_derive v1.0.206
[INFO] [stderr]    Compiling async-recursion v1.1.1
[INFO] [stderr]    Compiling csv v1.3.0
[INFO] [stderr]    Compiling serde_cbor v0.11.2
[INFO] [stderr]    Compiling tokio v1.39.2
[INFO] [stderr]    Compiling tinytemplate v1.2.1
[INFO] [stderr]    Compiling criterion v0.3.6
[INFO] [stdout] warning: creating a mutable reference to mutable static is discouraged
[INFO] [stdout]    --> src/runtime/worker.rs:235:9
[INFO] [stdout]     |
[INFO] [stdout] 235 |         CURRENT_WORKER.write(thread::TssData::new().unwrap());
[INFO] [stdout]     |         ^^^^^^^^^^^^^^^^^^^^^^^^^^^^^^^^^^^^^^^^^^^^^^^^^^^^^ mutable reference to mutable static
[INFO] [stdout]     |
[INFO] [stdout]     = note: for more information, see <https://doc.rust-lang.org/nightly/edition-guide/rust-2024/static-mut-references.html>
[INFO] [stdout]     = note: mutable references to mutable statics are dangerous; it's undefined behavior if any other pointer to the static is used or if any other reference is created for the static while the mutable reference lives
[INFO] [stdout]     = note: `#[warn(static_mut_refs)]` on by default
[INFO] [stdout] 
[INFO] [stdout] 
[INFO] [stdout] warning: creating a shared reference to mutable static is discouraged
[INFO] [stdout]    --> src/runtime/worker.rs:242:25
[INFO] [stdout]     |
[INFO] [stdout] 242 |     let addr = unsafe { CURRENT_WORKER.assume_init_ref() }.get();
[INFO] [stdout]     |                         ^^^^^^^^^^^^^^^^^^^^^^^^^^^^^^^^ shared reference to mutable static
[INFO] [stdout]     |
[INFO] [stdout]     = note: for more information, see <https://doc.rust-lang.org/nightly/edition-guide/rust-2024/static-mut-references.html>
[INFO] [stdout]     = note: shared references to mutable statics are dangerous; it's undefined behavior if the static is mutated or if a mutable reference is created for it while the shared reference lives
[INFO] [stdout] 
[INFO] [stdout] 
[INFO] [stdout] warning: creating a shared reference to mutable static is discouraged
[INFO] [stdout]    --> src/runtime/worker.rs:251:28
[INFO] [stdout]     |
[INFO] [stdout] 251 |     let current = unsafe { CURRENT_WORKER.assume_init_ref() };
[INFO] [stdout]     |                            ^^^^^^^^^^^^^^^^^^^^^^^^^^^^^^^^ shared reference to mutable static
[INFO] [stdout]     |
[INFO] [stdout]     = note: for more information, see <https://doc.rust-lang.org/nightly/edition-guide/rust-2024/static-mut-references.html>
[INFO] [stdout]     = note: shared references to mutable statics are dangerous; it's undefined behavior if the static is mutated or if a mutable reference is created for it while the shared reference lives
[INFO] [stdout] 
[INFO] [stdout] 
[INFO] [stderr]     Finished `test` profile [unoptimized + debuginfo] target(s) in 9.40s
[INFO] running `Command { std: "docker" "inspect" "84faaf7113d7243546eab35e3f7a4a5d348453298febe52ca0cd60960426cbb0", kill_on_drop: false }`
[INFO] running `Command { std: "docker" "rm" "-f" "84faaf7113d7243546eab35e3f7a4a5d348453298febe52ca0cd60960426cbb0", kill_on_drop: false }`
[INFO] [stdout] 84faaf7113d7243546eab35e3f7a4a5d348453298febe52ca0cd60960426cbb0
[INFO] running `Command { std: "docker" "create" "-v" "/var/lib/crater-agent-workspace/builds/worker-0-tc1/target:/opt/rustwide/target:rw,Z" "-v" "/var/lib/crater-agent-workspace/builds/worker-0-tc1/source:/opt/rustwide/workdir:ro,Z" "-v" "/var/lib/crater-agent-workspace/cargo-home:/opt/rustwide/cargo-home:ro,Z" "-v" "/var/lib/crater-agent-workspace/rustup-home:/opt/rustwide/rustup-home:ro,Z" "-e" "SOURCE_DIR=/opt/rustwide/workdir" "-e" "CARGO_TARGET_DIR=/opt/rustwide/target" "-e" "CARGO_INCREMENTAL=0" "-e" "RUST_BACKTRACE=full" "-e" "RUSTFLAGS=--cap-lints=forbid" "-e" "RUSTDOCFLAGS=--cap-lints=forbid" "-e" "CARGO_HOME=/opt/rustwide/cargo-home" "-e" "RUSTUP_HOME=/opt/rustwide/rustup-home" "-w" "/opt/rustwide/workdir" "-m" "1610612736" "--user" "0:0" "--network" "none" "ghcr.io/rust-lang/crates-build-env/linux@sha256:4a844ea9eb2546a2d2c7022eacef16ef2e8229c7fbb2c7d4d55a9ceca922f72d" "/opt/rustwide/cargo-home/bin/cargo" "+nightly-2024-10-28" "test" "--frozen", kill_on_drop: false }`
[INFO] [stdout] 6496984d97db2916784c864d900e98157857b0f3a16dc2edeab1433a60fde1d9
[INFO] running `Command { std: "docker" "start" "-a" "6496984d97db2916784c864d900e98157857b0f3a16dc2edeab1433a60fde1d9", kill_on_drop: false }`
[INFO] [stderr] warning: creating a mutable reference to mutable static is discouraged
[INFO] [stderr]    --> src/runtime/worker.rs:235:9
[INFO] [stderr]     |
[INFO] [stderr] 235 |         CURRENT_WORKER.write(thread::TssData::new().unwrap());
[INFO] [stderr]     |         ^^^^^^^^^^^^^^^^^^^^^^^^^^^^^^^^^^^^^^^^^^^^^^^^^^^^^ mutable reference to mutable static
[INFO] [stderr]     |
[INFO] [stderr]     = note: for more information, see <https://doc.rust-lang.org/nightly/edition-guide/rust-2024/static-mut-references.html>
[INFO] [stderr]     = note: mutable references to mutable statics are dangerous; it's undefined behavior if any other pointer to the static is used or if any other reference is created for the static while the mutable reference lives
[INFO] [stderr]     = note: `#[warn(static_mut_refs)]` on by default
[INFO] [stderr] 
[INFO] [stderr] warning: creating a shared reference to mutable static is discouraged
[INFO] [stderr]    --> src/runtime/worker.rs:242:25
[INFO] [stderr]     |
[INFO] [stderr] 242 |     let addr = unsafe { CURRENT_WORKER.assume_init_ref() }.get();
[INFO] [stderr]     |                         ^^^^^^^^^^^^^^^^^^^^^^^^^^^^^^^^ shared reference to mutable static
[INFO] [stderr]     |
[INFO] [stderr]     = note: for more information, see <https://doc.rust-lang.org/nightly/edition-guide/rust-2024/static-mut-references.html>
[INFO] [stderr]     = note: shared references to mutable statics are dangerous; it's undefined behavior if the static is mutated or if a mutable reference is created for it while the shared reference lives
[INFO] [stderr] 
[INFO] [stderr] warning: creating a shared reference to mutable static is discouraged
[INFO] [stderr]    --> src/runtime/worker.rs:251:28
[INFO] [stderr]     |
[INFO] [stderr] 251 |     let current = unsafe { CURRENT_WORKER.assume_init_ref() };
[INFO] [stderr]     |                            ^^^^^^^^^^^^^^^^^^^^^^^^^^^^^^^^ shared reference to mutable static
[INFO] [stderr]     |
[INFO] [stderr]     = note: for more information, see <https://doc.rust-lang.org/nightly/edition-guide/rust-2024/static-mut-references.html>
[INFO] [stderr]     = note: shared references to mutable statics are dangerous; it's undefined behavior if the static is mutated or if a mutable reference is created for it while the shared reference lives
[INFO] [stderr] 
[INFO] [stderr] warning: `hirun` (lib) generated 3 warnings
[INFO] [stderr] warning: `hirun` (lib test) generated 3 warnings (3 duplicates)
[INFO] [stderr]     Finished `test` profile [unoptimized + debuginfo] target(s) in 0.06s
[INFO] [stderr]      Running unittests src/lib.rs (/opt/rustwide/target/debug/deps/hirun-d955f776f6840d84)
[INFO] [stdout] 
[INFO] [stdout] running 13 tests
[INFO] [stdout] test event::test::test_waker ... ok
[INFO] [stdout] test net::addr::test::test_inet_addr ... ok
[INFO] [stdout] test net::addr::test::test_unix_addr ... ok
[INFO] [stdout] test runtime::sched::test::test_future ... ok
[INFO] [stdout] test runtime::sched::test::test_or_ready ... ok
[INFO] [stdout] test runtime::sched::test::test_and_ready ... ok
[INFO] [stdout] test runtime::sched::test::test_ready ... ok
[INFO] [stdout] test runtime::sched::test::test_select_any ... ok
[INFO] [stdout] test thread::test::test_spawn ... ok
[INFO] [stdout] test runtime::sched::test::test_select_all ... ok
[INFO] [stdout] test runtime::mutex::test::test_mutex ... ok
[INFO] [stdout] test runtime::sched::test::test_sleep ... ok
[INFO] [stdout] test event::test::test_scheduler ... ok
[INFO] [stdout] 
[INFO] [stderr]    Doc-tests hirun
[INFO] [stdout] test result: ok. 13 passed; 0 failed; 0 ignored; 0 measured; 0 filtered out; finished in 2.00s
[INFO] [stdout] 
[INFO] [stdout] 
[INFO] [stdout] running 12 tests
[INFO] [stdout] test src/channel/mod.rs - channel (line 6) ... ok
[INFO] [stdout] test src/channel/mod.rs - channel::MaybeUninit (line 6) ... ok
[INFO] [stdout] test src/channel/mod.rs - channel::MaybeUninit (line 26) ... FAILED
[INFO] [stdout] test src/channel/mod.rs - channel::mem (line 6) ... ok
[INFO] [stdout] test src/channel/mod.rs - channel (line 26) ... FAILED
[INFO] [stdout] test src/channel/mod.rs - channel::mem (line 26) ... FAILED
[INFO] [stdout] test src/channel/mod.rs - channel (line 62) ... ok
[INFO] [stdout] test src/channel/mod.rs - channel (line 97) ... ok
[INFO] [stdout] test src/channel/mod.rs - channel::MaybeUninit (line 97) ... ok
[INFO] [stdout] test src/channel/mod.rs - channel::mem (line 62) ... ok
[INFO] [stdout] test src/channel/mod.rs - channel::mem (line 97) ... ok
[INFO] [stdout] test src/channel/mod.rs - channel::MaybeUninit (line 62) ... ok
[INFO] [stdout] 
[INFO] [stdout] failures:
[INFO] [stdout] 
[INFO] [stdout] ---- src/channel/mod.rs - channel::MaybeUninit (line 26) stdout ----
[INFO] [stdout] Test executable failed (signal: 6 (SIGABRT) (core dumped)).
[INFO] [stdout] 
[INFO] [stdout] stderr:
[INFO] [stdout] thread '<unnamed>' panicked at core/src/panicking.rs:227:5:
[INFO] [stdout] unsafe precondition(s) violated: slice::get_unchecked requires that the index is within the slice
[INFO] [stdout] stack backtrace:
[INFO] [stdout]    0:     0x563567f1167a - std::backtrace_rs::backtrace::libunwind::trace::h207520d6e9873551
[INFO] [stdout]                                at /rustc/df4ca44d3fbc9301ee17f30f4d474e6ae4b05252/library/std/src/../../backtrace/src/backtrace/libunwind.rs:116:5
[INFO] [stdout]    1:     0x563567f1167a - std::backtrace_rs::backtrace::trace_unsynchronized::h2ed7433f370e3eca
[INFO] [stdout]                                at /rustc/df4ca44d3fbc9301ee17f30f4d474e6ae4b05252/library/std/src/../../backtrace/src/backtrace/mod.rs:66:5
[INFO] [stdout]    2:     0x563567f1167a - std::sys::backtrace::_print_fmt::h916fac51166b18d7
[INFO] [stdout]                                at /rustc/df4ca44d3fbc9301ee17f30f4d474e6ae4b05252/library/std/src/sys/backtrace.rs:66:9
[INFO] [stdout]    3:     0x563567f1167a - <std::sys::backtrace::BacktraceLock::print::DisplayBacktrace as core::fmt::Display>::fmt::ha0a4c9b8ce3802e6
[INFO] [stdout]                                at /rustc/df4ca44d3fbc9301ee17f30f4d474e6ae4b05252/library/std/src/sys/backtrace.rs:39:26
[INFO] [stdout]    4:     0x563567f2df53 - core::fmt::rt::Argument::fmt::h4cfc8587d52b3eb5
[INFO] [stdout]                                at /rustc/df4ca44d3fbc9301ee17f30f4d474e6ae4b05252/library/core/src/fmt/rt.rs:177:76
[INFO] [stdout]    5:     0x563567f2df53 - core::fmt::write::h522cc39e5b36ae9f
[INFO] [stdout]                                at /rustc/df4ca44d3fbc9301ee17f30f4d474e6ae4b05252/library/core/src/fmt/mod.rs:1190:21
[INFO] [stdout]    6:     0x563567f0f0e3 - std::io::Write::write_fmt::hf1c1dcc8cc1287f0
[INFO] [stdout]                                at /rustc/df4ca44d3fbc9301ee17f30f4d474e6ae4b05252/library/std/src/io/mod.rs:1839:15
[INFO] [stdout]    7:     0x563567f114c2 - std::sys::backtrace::BacktraceLock::print::h4b9e00b29e9c0942
[INFO] [stdout]                                at /rustc/df4ca44d3fbc9301ee17f30f4d474e6ae4b05252/library/std/src/sys/backtrace.rs:42:9
[INFO] [stdout]    8:     0x563567f1248c - std::panicking::default_hook::{{closure}}::hb59b88280d0324d9
[INFO] [stdout]                                at /rustc/df4ca44d3fbc9301ee17f30f4d474e6ae4b05252/library/std/src/panicking.rs:268:22
[INFO] [stdout]    9:     0x563567f122d2 - std::panicking::default_hook::he1dd496665be4a29
[INFO] [stdout]                                at /rustc/df4ca44d3fbc9301ee17f30f4d474e6ae4b05252/library/std/src/panicking.rs:295:9
[INFO] [stdout]   10:     0x563567f12ac7 - std::panicking::rust_panic_with_hook::h2ff17fe8f26dfcf8
[INFO] [stdout]                                at /rustc/df4ca44d3fbc9301ee17f30f4d474e6ae4b05252/library/std/src/panicking.rs:801:13
[INFO] [stdout]   11:     0x563567f12926 - std::panicking::begin_panic_handler::{{closure}}::h4fad77951c07e101
[INFO] [stdout]                                at /rustc/df4ca44d3fbc9301ee17f30f4d474e6ae4b05252/library/std/src/panicking.rs:667:13
[INFO] [stdout]   12:     0x563567f11b59 - std::sys::backtrace::__rust_end_short_backtrace::hb1a25b3da5d0ea08
[INFO] [stdout]                                at /rustc/df4ca44d3fbc9301ee17f30f4d474e6ae4b05252/library/std/src/sys/backtrace.rs:170:18
[INFO] [stdout]   13:     0x563567f125ec - rust_begin_unwind
[INFO] [stdout]                                at /rustc/df4ca44d3fbc9301ee17f30f4d474e6ae4b05252/library/std/src/panicking.rs:665:5
[INFO] [stdout]   14:     0x563567f2d1dd - core::panicking::panic_nounwind_fmt::runtime::hb8ceb4e2b8eb64c7
[INFO] [stdout]                                at /rustc/df4ca44d3fbc9301ee17f30f4d474e6ae4b05252/library/core/src/panicking.rs:115:18
[INFO] [stdout]   15:     0x563567f2d1dd - core::panicking::panic_nounwind_fmt::hccfae7c58ba60316
[INFO] [stdout]                                at /rustc/df4ca44d3fbc9301ee17f30f4d474e6ae4b05252/library/core/src/panicking.rs:125:5
[INFO] [stdout]   16:     0x563567f2d272 - core::panicking::panic_nounwind::ha9cb41ebc3328049
[INFO] [stdout]                                at /rustc/df4ca44d3fbc9301ee17f30f4d474e6ae4b05252/library/core/src/panicking.rs:227:5
[INFO] [stdout]   17:     0x563567eea82b - <usize as core::slice::index::SliceIndex<[T]>>::get_unchecked::precondition_check::h79780d8df07d99f6
[INFO] [stdout]   18:     0x563567eea7f2 - <usize as core::slice::index::SliceIndex<[T]>>::get_unchecked::h1ecca78a697a2a2a
[INFO] [stdout]   19:     0x563567ee7834 - core::slice::<impl [T]>::get_unchecked::h4253025f6c980640
[INFO] [stdout]   20:     0x563567ee8679 - hirun::channel::Queue<T>::write_slice::h9628f972799ed114
[INFO] [stdout]   21:     0x563567ee880c - hirun::channel::Queue<T>::mp_push_slice::h849d201fda7ba3f0
[INFO] [stdout]   22:     0x563567ee294d - <hirun::channel::pipe::Pipe<T,core::sync::atomic::AtomicU16,R,N> as hirun::channel::pipe::Writer>::write_slice::h88cd1050561b3ec8
[INFO] [stdout]   23:     0x563567ee9037 - hirun::channel::pipe::Sender<T,K,U,A>::send_slice::h171d1a4e287f230d
[INFO] [stdout]   24:     0x563567eeb277 - rust_out::main::_doctest_main_src_channel_mod_rs_26_2::{{closure}}::he8fac3b655bbc08e
[INFO] [stdout]   25:     0x563567ee32d6 - std::sys::backtrace::__rust_begin_short_backtrace::h1dac97f860e89a7a
[INFO] [stdout]   26:     0x563567ee5b10 - std::thread::Builder::spawn_unchecked_::{{closure}}::{{closure}}::he5e18682a68a55c5
[INFO] [stdout]   27:     0x563567ee28d0 - <core::panic::unwind_safe::AssertUnwindSafe<F> as core::ops::function::FnOnce<()>>::call_once::h1345f93e6ea9b233
[INFO] [stdout]   28:     0x563567ee5b40 - std::panicking::try::do_call::h24cf322c53e0e28f
[INFO] [stdout]   29:     0x563567eeb3ab - __rust_try
[INFO] [stdout]   30:     0x563567ee4ff2 - std::thread::Builder::spawn_unchecked_::{{closure}}::h1893f44785079f45
[INFO] [stdout]   31:     0x563567ee6176 - core::ops::function::FnOnce::call_once{{vtable.shim}}::h84d9919eb2ff2341
[INFO] [stdout]   32:     0x563567f1482b - <alloc::boxed::Box<F,A> as core::ops::function::FnOnce<Args>>::call_once::h69aa08ddb6adb8b6
[INFO] [stdout]                                at /rustc/df4ca44d3fbc9301ee17f30f4d474e6ae4b05252/library/alloc/src/boxed.rs:2454:9
[INFO] [stdout]   33:     0x563567f1482b - <alloc::boxed::Box<F,A> as core::ops::function::FnOnce<Args>>::call_once::h5aa36efdb79c806f
[INFO] [stdout]                                at /rustc/df4ca44d3fbc9301ee17f30f4d474e6ae4b05252/library/alloc/src/boxed.rs:2454:9
[INFO] [stdout]   34:     0x563567f1482b - std::sys::pal::unix::thread::Thread::new::thread_start::h6cd80a1b4be5158d
[INFO] [stdout]                                at /rustc/df4ca44d3fbc9301ee17f30f4d474e6ae4b05252/library/std/src/sys/pal/unix/thread.rs:105:17
[INFO] [stdout]   35:     0x7eb6d9aecac3 - <unknown>
[INFO] [stdout]   36:     0x7eb6d9b7da04 - clone
[INFO] [stdout]   37:                0x0 - <unknown>
[INFO] [stdout] thread caused non-unwinding panic. aborting.
[INFO] [stdout] 
[INFO] [stdout] 
[INFO] [stdout] ---- src/channel/mod.rs - channel (line 26) stdout ----
[INFO] [stdout] Test executable failed (signal: 6 (SIGABRT) (core dumped)).
[INFO] [stdout] 
[INFO] [stdout] stderr:
[INFO] [stdout] thread '<unnamed>' panicked at core/src/panicking.rs:227:5:
[INFO] [stdout] unsafe precondition(s) violated: slice::get_unchecked requires that the index is within the slice
[INFO] [stdout] stack backtrace:
[INFO] [stdout]    0:     0x59d63114967a - std::backtrace_rs::backtrace::libunwind::trace::h207520d6e9873551
[INFO] [stdout]                                at /rustc/df4ca44d3fbc9301ee17f30f4d474e6ae4b05252/library/std/src/../../backtrace/src/backtrace/libunwind.rs:116:5
[INFO] [stdout]    1:     0x59d63114967a - std::backtrace_rs::backtrace::trace_unsynchronized::h2ed7433f370e3eca
[INFO] [stdout]                                at /rustc/df4ca44d3fbc9301ee17f30f4d474e6ae4b05252/library/std/src/../../backtrace/src/backtrace/mod.rs:66:5
[INFO] [stdout]    2:     0x59d63114967a - std::sys::backtrace::_print_fmt::h916fac51166b18d7
[INFO] [stdout]                                at /rustc/df4ca44d3fbc9301ee17f30f4d474e6ae4b05252/library/std/src/sys/backtrace.rs:66:9
[INFO] [stdout]    3:     0x59d63114967a - <std::sys::backtrace::BacktraceLock::print::DisplayBacktrace as core::fmt::Display>::fmt::ha0a4c9b8ce3802e6
[INFO] [stdout]                                at /rustc/df4ca44d3fbc9301ee17f30f4d474e6ae4b05252/library/std/src/sys/backtrace.rs:39:26
[INFO] [stdout]    4:     0x59d631165f53 - core::fmt::rt::Argument::fmt::h4cfc8587d52b3eb5
[INFO] [stdout]                                at /rustc/df4ca44d3fbc9301ee17f30f4d474e6ae4b05252/library/core/src/fmt/rt.rs:177:76
[INFO] [stdout]    5:     0x59d631165f53 - core::fmt::write::h522cc39e5b36ae9f
[INFO] [stdout]                                at /rustc/df4ca44d3fbc9301ee17f30f4d474e6ae4b05252/library/core/src/fmt/mod.rs:1190:21
[INFO] [stdout]    6:     0x59d6311470e3 - std::io::Write::write_fmt::hf1c1dcc8cc1287f0
[INFO] [stdout]                                at /rustc/df4ca44d3fbc9301ee17f30f4d474e6ae4b05252/library/std/src/io/mod.rs:1839:15
[INFO] [stdout]    7:     0x59d6311494c2 - std::sys::backtrace::BacktraceLock::print::h4b9e00b29e9c0942
[INFO] [stdout]                                at /rustc/df4ca44d3fbc9301ee17f30f4d474e6ae4b05252/library/std/src/sys/backtrace.rs:42:9
[INFO] [stdout]    8:     0x59d63114a48c - std::panicking::default_hook::{{closure}}::hb59b88280d0324d9
[INFO] [stdout]                                at /rustc/df4ca44d3fbc9301ee17f30f4d474e6ae4b05252/library/std/src/panicking.rs:268:22
[INFO] [stdout]    9:     0x59d63114a2d2 - std::panicking::default_hook::he1dd496665be4a29
[INFO] [stdout]                                at /rustc/df4ca44d3fbc9301ee17f30f4d474e6ae4b05252/library/std/src/panicking.rs:295:9
[INFO] [stdout]   10:     0x59d63114aac7 - std::panicking::rust_panic_with_hook::h2ff17fe8f26dfcf8
[INFO] [stdout]                                at /rustc/df4ca44d3fbc9301ee17f30f4d474e6ae4b05252/library/std/src/panicking.rs:801:13
[INFO] [stdout]   11:     0x59d63114a926 - std::panicking::begin_panic_handler::{{closure}}::h4fad77951c07e101
[INFO] [stdout]                                at /rustc/df4ca44d3fbc9301ee17f30f4d474e6ae4b05252/library/std/src/panicking.rs:667:13
[INFO] [stdout]   12:     0x59d631149b59 - std::sys::backtrace::__rust_end_short_backtrace::hb1a25b3da5d0ea08
[INFO] [stdout]                                at /rustc/df4ca44d3fbc9301ee17f30f4d474e6ae4b05252/library/std/src/sys/backtrace.rs:170:18
[INFO] [stdout]   13:     0x59d63114a5ec - rust_begin_unwind
[INFO] [stdout]                                at /rustc/df4ca44d3fbc9301ee17f30f4d474e6ae4b05252/library/std/src/panicking.rs:665:5
[INFO] [stdout]   14:     0x59d6311651dd - core::panicking::panic_nounwind_fmt::runtime::hb8ceb4e2b8eb64c7
[INFO] [stdout]                                at /rustc/df4ca44d3fbc9301ee17f30f4d474e6ae4b05252/library/core/src/panicking.rs:115:18
[INFO] [stdout]   15:     0x59d6311651dd - core::panicking::panic_nounwind_fmt::hccfae7c58ba60316
[INFO] [stdout]                                at /rustc/df4ca44d3fbc9301ee17f30f4d474e6ae4b05252/library/core/src/panicking.rs:125:5
[INFO] [stdout]   16:     0x59d631165272 - core::panicking::panic_nounwind::ha9cb41ebc3328049
[INFO] [stdout]                                at /rustc/df4ca44d3fbc9301ee17f30f4d474e6ae4b05252/library/core/src/panicking.rs:227:5
[INFO] [stdout]   17:     0x59d63112282b - <usize as core::slice::index::SliceIndex<[T]>>::get_unchecked::precondition_check::h79780d8df07d99f6
[INFO] [stdout]   18:     0x59d6311227f2 - <usize as core::slice::index::SliceIndex<[T]>>::get_unchecked::h1ecca78a697a2a2a
[INFO] [stdout]   19:     0x59d63111f834 - core::slice::<impl [T]>::get_unchecked::h4253025f6c980640
[INFO] [stdout]   20:     0x59d631120679 - hirun::channel::Queue<T>::write_slice::h9628f972799ed114
[INFO] [stdout]   21:     0x59d63112080c - hirun::channel::Queue<T>::mp_push_slice::h849d201fda7ba3f0
[INFO] [stdout]   22:     0x59d63111a94d - <hirun::channel::pipe::Pipe<T,core::sync::atomic::AtomicU16,R,N> as hirun::channel::pipe::Writer>::write_slice::h88cd1050561b3ec8
[INFO] [stdout]   23:     0x59d631121037 - hirun::channel::pipe::Sender<T,K,U,A>::send_slice::h171d1a4e287f230d
[INFO] [stdout]   24:     0x59d631123277 - rust_out::main::_doctest_main_src_channel_mod_rs_26_0::{{closure}}::h33956cdce4da0b3a
[INFO] [stdout]   25:     0x59d63111b2f6 - std::sys::backtrace::__rust_begin_short_backtrace::h8bb94a7dccf397bc
[INFO] [stdout]   26:     0x59d63111d9d0 - std::thread::Builder::spawn_unchecked_::{{closure}}::{{closure}}::hdd71104c50356389
[INFO] [stdout]   27:     0x59d63111a910 - <core::panic::unwind_safe::AssertUnwindSafe<F> as core::ops::function::FnOnce<()>>::call_once::hce183bde86d4c0b2
[INFO] [stdout]   28:     0x59d63111db40 - std::panicking::try::do_call::h298ece0b14f35200
[INFO] [stdout]   29:     0x59d6311233ab - __rust_try
[INFO] [stdout]   30:     0x59d63111cff2 - std::thread::Builder::spawn_unchecked_::{{closure}}::h150bea2ba61674f6
[INFO] [stdout]   31:     0x59d63111e176 - core::ops::function::FnOnce::call_once{{vtable.shim}}::h1389c52848abe281
[INFO] [stdout]   32:     0x59d63114c82b - <alloc::boxed::Box<F,A> as core::ops::function::FnOnce<Args>>::call_once::h69aa08ddb6adb8b6
[INFO] [stdout]                                at /rustc/df4ca44d3fbc9301ee17f30f4d474e6ae4b05252/library/alloc/src/boxed.rs:2454:9
[INFO] [stdout]   33:     0x59d63114c82b - <alloc::boxed::Box<F,A> as core::ops::function::FnOnce<Args>>::call_once::h5aa36efdb79c806f
[INFO] [stdout]                                at /rustc/df4ca44d3fbc9301ee17f30f4d474e6ae4b05252/library/alloc/src/boxed.rs:2454:9
[INFO] [stdout]   34:     0x59d63114c82b - std::sys::pal::unix::thread::Thread::new::thread_start::h6cd80a1b4be5158d
[INFO] [stdout]                                at /rustc/df4ca44d3fbc9301ee17f30f4d474e6ae4b05252/library/std/src/sys/pal/unix/thread.rs:105:17
[INFO] [stdout]   35:     0x7d6e577b9ac3 - <unknown>
[INFO] [stdout]   36:     0x7d6e5784aa04 - clone
[INFO] [stdout]   37:                0x0 - <unknown>
[INFO] [stdout] thread caused non-unwinding panic. aborting.
[INFO] [stdout] 
[INFO] [stdout] 
[INFO] [stdout] ---- src/channel/mod.rs - channel::mem (line 26) stdout ----
[INFO] [stdout] Test executable failed (signal: 6 (SIGABRT) (core dumped)).
[INFO] [stdout] 
[INFO] [stdout] stderr:
[INFO] [stdout] thread '<unnamed>' panicked at core/src/panicking.rs:227:5:
[INFO] [stdout] unsafe precondition(s) violated: slice::get_unchecked requires that the index is within the slice
[INFO] [stdout] stack backtrace:
[INFO] [stdout]    0:     0x5ce14677267a - std::backtrace_rs::backtrace::libunwind::trace::h207520d6e9873551
[INFO] [stdout]                                at /rustc/df4ca44d3fbc9301ee17f30f4d474e6ae4b05252/library/std/src/../../backtrace/src/backtrace/libunwind.rs:116:5
[INFO] [stdout]    1:     0x5ce14677267a - std::backtrace_rs::backtrace::trace_unsynchronized::h2ed7433f370e3eca
[INFO] [stdout]                                at /rustc/df4ca44d3fbc9301ee17f30f4d474e6ae4b05252/library/std/src/../../backtrace/src/backtrace/mod.rs:66:5
[INFO] [stdout]    2:     0x5ce14677267a - std::sys::backtrace::_print_fmt::h916fac51166b18d7
[INFO] [stdout]                                at /rustc/df4ca44d3fbc9301ee17f30f4d474e6ae4b05252/library/std/src/sys/backtrace.rs:66:9
[INFO] [stdout]    3:     0x5ce14677267a - <std::sys::backtrace::BacktraceLock::print::DisplayBacktrace as core::fmt::Display>::fmt::ha0a4c9b8ce3802e6
[INFO] [stdout]                                at /rustc/df4ca44d3fbc9301ee17f30f4d474e6ae4b05252/library/std/src/sys/backtrace.rs:39:26
[INFO] [stdout]    4:     0x5ce14678ef53 - core::fmt::rt::Argument::fmt::h4cfc8587d52b3eb5
[INFO] [stdout]                                at /rustc/df4ca44d3fbc9301ee17f30f4d474e6ae4b05252/library/core/src/fmt/rt.rs:177:76
[INFO] [stdout]    5:     0x5ce14678ef53 - core::fmt::write::h522cc39e5b36ae9f
[INFO] [stdout]                                at /rustc/df4ca44d3fbc9301ee17f30f4d474e6ae4b05252/library/core/src/fmt/mod.rs:1190:21
[INFO] [stdout]    6:     0x5ce1467700e3 - std::io::Write::write_fmt::hf1c1dcc8cc1287f0
[INFO] [stdout]                                at /rustc/df4ca44d3fbc9301ee17f30f4d474e6ae4b05252/library/std/src/io/mod.rs:1839:15
[INFO] [stdout]    7:     0x5ce1467724c2 - std::sys::backtrace::BacktraceLock::print::h4b9e00b29e9c0942
[INFO] [stdout]                                at /rustc/df4ca44d3fbc9301ee17f30f4d474e6ae4b05252/library/std/src/sys/backtrace.rs:42:9
[INFO] [stdout]    8:     0x5ce14677348c - std::panicking::default_hook::{{closure}}::hb59b88280d0324d9
[INFO] [stdout]                                at /rustc/df4ca44d3fbc9301ee17f30f4d474e6ae4b05252/library/std/src/panicking.rs:268:22
[INFO] [stdout]    9:     0x5ce1467732d2 - std::panicking::default_hook::he1dd496665be4a29
[INFO] [stdout]                                at /rustc/df4ca44d3fbc9301ee17f30f4d474e6ae4b05252/library/std/src/panicking.rs:295:9
[INFO] [stdout]   10:     0x5ce146773ac7 - std::panicking::rust_panic_with_hook::h2ff17fe8f26dfcf8
[INFO] [stdout]                                at /rustc/df4ca44d3fbc9301ee17f30f4d474e6ae4b05252/library/std/src/panicking.rs:801:13
[INFO] [stdout]   11:     0x5ce146773926 - std::panicking::begin_panic_handler::{{closure}}::h4fad77951c07e101
[INFO] [stdout]                                at /rustc/df4ca44d3fbc9301ee17f30f4d474e6ae4b05252/library/std/src/panicking.rs:667:13
[INFO] [stdout]   12:     0x5ce146772b59 - std::sys::backtrace::__rust_end_short_backtrace::hb1a25b3da5d0ea08
[INFO] [stdout]                                at /rustc/df4ca44d3fbc9301ee17f30f4d474e6ae4b05252/library/std/src/sys/backtrace.rs:170:18
[INFO] [stdout]   13:     0x5ce1467735ec - rust_begin_unwind
[INFO] [stdout]                                at /rustc/df4ca44d3fbc9301ee17f30f4d474e6ae4b05252/library/std/src/panicking.rs:665:5
[INFO] [stdout]   14:     0x5ce14678e1dd - core::panicking::panic_nounwind_fmt::runtime::hb8ceb4e2b8eb64c7
[INFO] [stdout]                                at /rustc/df4ca44d3fbc9301ee17f30f4d474e6ae4b05252/library/core/src/panicking.rs:115:18
[INFO] [stdout]   15:     0x5ce14678e1dd - core::panicking::panic_nounwind_fmt::hccfae7c58ba60316
[INFO] [stdout]                                at /rustc/df4ca44d3fbc9301ee17f30f4d474e6ae4b05252/library/core/src/panicking.rs:125:5
[INFO] [stdout]   16:     0x5ce14678e272 - core::panicking::panic_nounwind::ha9cb41ebc3328049
[INFO] [stdout]                                at /rustc/df4ca44d3fbc9301ee17f30f4d474e6ae4b05252/library/core/src/panicking.rs:227:5
[INFO] [stdout]   17:     0x5ce14674b82b - <usize as core::slice::index::SliceIndex<[T]>>::get_unchecked::precondition_check::h79780d8df07d99f6
[INFO] [stdout]   18:     0x5ce14674b7f2 - <usize as core::slice::index::SliceIndex<[T]>>::get_unchecked::h1ecca78a697a2a2a
[INFO] [stdout]   19:     0x5ce146748834 - core::slice::<impl [T]>::get_unchecked::h4253025f6c980640
[INFO] [stdout]   20:     0x5ce146749679 - hirun::channel::Queue<T>::write_slice::h9628f972799ed114
[INFO] [stdout]   21:     0x5ce14674980c - hirun::channel::Queue<T>::mp_push_slice::h849d201fda7ba3f0
[INFO] [stdout]   22:     0x5ce14674394d - <hirun::channel::pipe::Pipe<T,core::sync::atomic::AtomicU16,R,N> as hirun::channel::pipe::Writer>::write_slice::h88cd1050561b3ec8
[INFO] [stdout]   23:     0x5ce14674a037 - hirun::channel::pipe::Sender<T,K,U,A>::send_slice::h171d1a4e287f230d
[INFO] [stdout]   24:     0x5ce14674c277 - rust_out::main::_doctest_main_src_channel_mod_rs_26_1::{{closure}}::hbd4a4e2769bea517
[INFO] [stdout]   25:     0x5ce1467442e6 - std::sys::backtrace::__rust_begin_short_backtrace::hb17afa9c2076b0d9
[INFO] [stdout]   26:     0x5ce146746b10 - std::thread::Builder::spawn_unchecked_::{{closure}}::{{closure}}::hdaec17883887d335
[INFO] [stdout]   27:     0x5ce1467438e0 - <core::panic::unwind_safe::AssertUnwindSafe<F> as core::ops::function::FnOnce<()>>::call_once::habf829fa64187c15
[INFO] [stdout]   28:     0x5ce146746b40 - std::panicking::try::do_call::h4519fbfe76a99f2a
[INFO] [stdout]   29:     0x5ce14674c3ab - __rust_try
[INFO] [stdout]   30:     0x5ce1467465a2 - std::thread::Builder::spawn_unchecked_::{{closure}}::haaef8058d34aa54c
[INFO] [stdout]   31:     0x5ce146747166 - core::ops::function::FnOnce::call_once{{vtable.shim}}::h0cefa6cb76adf2bf
[INFO] [stdout]   32:     0x5ce14677582b - <alloc::boxed::Box<F,A> as core::ops::function::FnOnce<Args>>::call_once::h69aa08ddb6adb8b6
[INFO] [stdout]                                at /rustc/df4ca44d3fbc9301ee17f30f4d474e6ae4b05252/library/alloc/src/boxed.rs:2454:9
[INFO] [stdout]   33:     0x5ce14677582b - <alloc::boxed::Box<F,A> as core::ops::function::FnOnce<Args>>::call_once::h5aa36efdb79c806f
[INFO] [stdout]                                at /rustc/df4ca44d3fbc9301ee17f30f4d474e6ae4b05252/library/alloc/src/boxed.rs:2454:9
[INFO] [stdout]   34:     0x5ce14677582b - std::sys::pal::unix::thread::Thread::new::thread_start::h6cd80a1b4be5158d
[INFO] [stdout]                                at /rustc/df4ca44d3fbc9301ee17f30f4d474e6ae4b05252/library/std/src/sys/pal/unix/thread.rs:105:17
[INFO] [stdout]   35:     0x779309c6eac3 - <unknown>
[INFO] [stdout]   36:     0x779309cffa04 - clone
[INFO] [stdout]   37:                0x0 - <unknown>
[INFO] [stdout] thread caused non-unwinding panic. aborting.
[INFO] [stdout] 
[INFO] [stdout] 
[INFO] [stdout] 
[INFO] [stdout] failures:
[INFO] [stdout]     src/channel/mod.rs - channel (line 26)
[INFO] [stdout]     src/channel/mod.rs - channel::MaybeUninit (line 26)
[INFO] [stdout]     src/channel/mod.rs - channel::mem (line 26)
[INFO] [stdout] 
[INFO] [stdout] test result: FAILED. 9 passed; 3 failed; 0 ignored; 0 measured; 0 filtered out; finished in 1.60s
[INFO] [stdout] 
[INFO] [stderr] error: doctest failed, to rerun pass `--doc`
[INFO] running `Command { std: "docker" "inspect" "6496984d97db2916784c864d900e98157857b0f3a16dc2edeab1433a60fde1d9", kill_on_drop: false }`
[INFO] running `Command { std: "docker" "rm" "-f" "6496984d97db2916784c864d900e98157857b0f3a16dc2edeab1433a60fde1d9", kill_on_drop: false }`
[INFO] [stdout] 6496984d97db2916784c864d900e98157857b0f3a16dc2edeab1433a60fde1d9
