[INFO] fetching crate hide_my_email 0.1.3...
[INFO] testing hide_my_email-0.1.3 against nightly-2024-10-28+rustflags=-Zrandomize-layout for randomize-layout
[INFO] extracting crate hide_my_email 0.1.3 into /workspace/builds/worker-2-tc2/source
[INFO] validating manifest of crates.io crate hide_my_email 0.1.3 on toolchain nightly-2024-10-28
[INFO] running `Command { std: CARGO_HOME="/workspace/cargo-home" RUSTUP_HOME="/workspace/rustup-home" "/workspace/cargo-home/bin/cargo" "+nightly-2024-10-28" "metadata" "--manifest-path" "Cargo.toml" "--no-deps", kill_on_drop: false }`
[INFO] started tweaking crates.io crate hide_my_email 0.1.3
[INFO] finished tweaking crates.io crate hide_my_email 0.1.3
[INFO] tweaked toml for crates.io crate hide_my_email 0.1.3 written to /workspace/builds/worker-2-tc2/source/Cargo.toml
[INFO] running `Command { std: CARGO_HOME="/workspace/cargo-home" RUSTUP_HOME="/workspace/rustup-home" "/workspace/cargo-home/bin/cargo" "+nightly-2024-10-28" "generate-lockfile" "--manifest-path" "Cargo.toml", kill_on_drop: false }`
[INFO] [stderr]     Updating crates.io index
[INFO] [stderr]      Locking 146 packages to latest compatible versions
[INFO] [stderr]       Adding reqwest v0.11.27 (available: v0.12.9)
[INFO] running `Command { std: CARGO_HOME="/workspace/cargo-home" RUSTUP_HOME="/workspace/rustup-home" "/workspace/cargo-home/bin/cargo" "+nightly-2024-10-28" "fetch" "--manifest-path" "Cargo.toml", kill_on_drop: false }`
[INFO] running `Command { std: "docker" "create" "-v" "/var/lib/crater-agent-workspace/builds/worker-2-tc2/target:/opt/rustwide/target:rw,Z" "-v" "/var/lib/crater-agent-workspace/builds/worker-2-tc2/source:/opt/rustwide/workdir:ro,Z" "-v" "/var/lib/crater-agent-workspace/cargo-home:/opt/rustwide/cargo-home:ro,Z" "-v" "/var/lib/crater-agent-workspace/rustup-home:/opt/rustwide/rustup-home:ro,Z" "-e" "SOURCE_DIR=/opt/rustwide/workdir" "-e" "CARGO_TARGET_DIR=/opt/rustwide/target" "-e" "CARGO_HOME=/opt/rustwide/cargo-home" "-e" "RUSTUP_HOME=/opt/rustwide/rustup-home" "-w" "/opt/rustwide/workdir" "-m" "1610612736" "--user" "0:0" "--network" "none" "ghcr.io/rust-lang/crates-build-env/linux@sha256:4a844ea9eb2546a2d2c7022eacef16ef2e8229c7fbb2c7d4d55a9ceca922f72d" "/opt/rustwide/cargo-home/bin/cargo" "+nightly-2024-10-28" "metadata" "--no-deps" "--format-version=1", kill_on_drop: false }`
[INFO] [stdout] 560dfdc6840ce67a479079ab022cbca12b26cb5d1ca925c60b628c50a047c209
[INFO] running `Command { std: "docker" "start" "-a" "560dfdc6840ce67a479079ab022cbca12b26cb5d1ca925c60b628c50a047c209", kill_on_drop: false }`
[INFO] running `Command { std: "docker" "inspect" "560dfdc6840ce67a479079ab022cbca12b26cb5d1ca925c60b628c50a047c209", kill_on_drop: false }`
[INFO] running `Command { std: "docker" "rm" "-f" "560dfdc6840ce67a479079ab022cbca12b26cb5d1ca925c60b628c50a047c209", kill_on_drop: false }`
[INFO] [stdout] 560dfdc6840ce67a479079ab022cbca12b26cb5d1ca925c60b628c50a047c209
[INFO] running `Command { std: "docker" "create" "-v" "/var/lib/crater-agent-workspace/builds/worker-2-tc2/target:/opt/rustwide/target:rw,Z" "-v" "/var/lib/crater-agent-workspace/builds/worker-2-tc2/source:/opt/rustwide/workdir:ro,Z" "-v" "/var/lib/crater-agent-workspace/cargo-home:/opt/rustwide/cargo-home:ro,Z" "-v" "/var/lib/crater-agent-workspace/rustup-home:/opt/rustwide/rustup-home:ro,Z" "-e" "SOURCE_DIR=/opt/rustwide/workdir" "-e" "CARGO_TARGET_DIR=/opt/rustwide/target" "-e" "CARGO_INCREMENTAL=0" "-e" "RUST_BACKTRACE=full" "-e" "RUSTFLAGS=--cap-lints=forbid -Zrandomize-layout" "-e" "RUSTDOCFLAGS=--cap-lints=forbid" "-e" "CARGO_HOME=/opt/rustwide/cargo-home" "-e" "RUSTUP_HOME=/opt/rustwide/rustup-home" "-w" "/opt/rustwide/workdir" "-m" "1610612736" "--user" "0:0" "--network" "none" "ghcr.io/rust-lang/crates-build-env/linux@sha256:4a844ea9eb2546a2d2c7022eacef16ef2e8229c7fbb2c7d4d55a9ceca922f72d" "/opt/rustwide/cargo-home/bin/cargo" "+nightly-2024-10-28" "build" "--frozen" "--message-format=json", kill_on_drop: false }`
[INFO] [stdout] 98fd48dd664b88eb3b28f309706cabdbbe28d536e7634cdff63e65e2250ec3cc
[INFO] running `Command { std: "docker" "start" "-a" "98fd48dd664b88eb3b28f309706cabdbbe28d536e7634cdff63e65e2250ec3cc", kill_on_drop: false }`
[INFO] [stderr]    Compiling pkg-config v0.3.31
[INFO] [stderr]    Compiling vcpkg v0.2.15
[INFO] [stderr]    Compiling foreign-types-shared v0.1.1
[INFO] [stderr]    Compiling unicode-bidi v0.3.17
[INFO] [stderr]    Compiling openssl v0.10.68
[INFO] [stderr]    Compiling unicode-normalization v0.1.24
[INFO] [stderr]    Compiling http v0.2.12
[INFO] [stderr]    Compiling version_check v0.9.5
[INFO] [stderr]    Compiling signal-hook-registry v1.4.2
[INFO] [stderr]    Compiling tokio-macros v2.4.0
[INFO] [stderr]    Compiling openssl-macros v0.1.1
[INFO] [stderr]    Compiling native-tls v0.2.12
[INFO] [stderr]    Compiling time-macros v0.2.18
[INFO] [stderr]    Compiling deranged v0.3.11
[INFO] [stderr]    Compiling futures-channel v0.3.31
[INFO] [stderr]    Compiling psl-types v2.0.11
[INFO] [stderr]    Compiling foreign-types v0.3.2
[INFO] [stderr]    Compiling serde_json v1.0.132
[INFO] [stderr]    Compiling base64 v0.21.7
[INFO] [stderr]    Compiling serde_urlencoded v0.7.1
[INFO] [stderr]    Compiling sync_wrapper v0.1.2
[INFO] [stderr]    Compiling ipnet v2.10.1
[INFO] [stderr]    Compiling cookie v0.17.0
[INFO] [stderr]    Compiling rustls-pemfile v1.0.4
[INFO] [stderr]    Compiling idna v0.3.0
[INFO] [stderr]    Compiling idna v0.5.0
[INFO] [stderr]    Compiling tokio v1.41.0
[INFO] [stderr]    Compiling openssl-sys v0.9.104
[INFO] [stderr]    Compiling http-body v0.4.6
[INFO] [stderr]    Compiling url v2.5.2
[INFO] [stderr]    Compiling publicsuffix v2.2.3
[INFO] [stderr]    Compiling time v0.3.36
[INFO] [stderr]    Compiling cookie_store v0.20.0
[INFO] [stderr]    Compiling tokio-util v0.7.12
[INFO] [stderr]    Compiling tokio-native-tls v0.3.1
[INFO] [stderr]    Compiling h2 v0.3.26
[INFO] [stderr]    Compiling hyper v0.14.31
[INFO] [stderr]    Compiling hyper-tls v0.5.0
[INFO] [stderr]    Compiling reqwest v0.11.27
[INFO] [stderr]    Compiling hide_my_email v0.1.3 (/opt/rustwide/workdir)
[INFO] [stdout] warning: type `HMEReserveResult` is more private than the item `HideMyEmailManager::claim`
[INFO] [stdout]    --> src/lib.rs:126:5
[INFO] [stdout]     |
[INFO] [stdout] 126 |     pub async fn claim(&self, email: &str, label: &str, note: &str) -> anyhow::Result<HMEReserveResult> {
[INFO] [stdout]     |     ^^^^^^^^^^^^^^^^^^^^^^^^^^^^^^^^^^^^^^^^^^^^^^^^^^^^^^^^^^^^^^^^^^^^^^^^^^^^^^^^^^^^^^^^^^^^^^^^^^^ method `HideMyEmailManager::claim` is reachable at visibility `pub`
[INFO] [stdout]     |
[INFO] [stdout] note: but type `HMEReserveResult` is only usable at visibility `pub(crate)`
[INFO] [stdout]    --> src/lib.rs:241:1
[INFO] [stdout]     |
[INFO] [stdout] 241 | struct HMEReserveResult {
[INFO] [stdout]     | ^^^^^^^^^^^^^^^^^^^^^^^
[INFO] [stdout]     = note: `#[warn(private_interfaces)]` on by default
[INFO] [stdout] 
[INFO] [stdout] 
[INFO] [stdout] warning: type `HMEListResult` is more private than the item `HideMyEmailManager::list`
[INFO] [stdout]    --> src/lib.rs:158:5
[INFO] [stdout]     |
[INFO] [stdout] 158 |     pub async fn list(&self) -> anyhow::Result<HMEListResult> {
[INFO] [stdout]     |     ^^^^^^^^^^^^^^^^^^^^^^^^^^^^^^^^^^^^^^^^^^^^^^^^^^^^^^^^^ method `HideMyEmailManager::list` is reachable at visibility `pub`
[INFO] [stdout]     |
[INFO] [stdout] note: but type `HMEListResult` is only usable at visibility `pub(crate)`
[INFO] [stdout]    --> src/lib.rs:257:1
[INFO] [stdout]     |
[INFO] [stdout] 257 | struct HMEListResult {
[INFO] [stdout]     | ^^^^^^^^^^^^^^^^^^^^
[INFO] [stdout] 
[INFO] [stdout] 
[INFO] [stdout] warning: struct `ParseCookieError` is never constructed
[INFO] [stdout]    --> src/lib.rs:188:8
[INFO] [stdout]     |
[INFO] [stdout] 188 | struct ParseCookieError<'a>(&'a str);
[INFO] [stdout]     |        ^^^^^^^^^^^^^^^^
[INFO] [stdout]     |
[INFO] [stdout]     = note: `#[warn(dead_code)]` on by default
[INFO] [stdout] 
[INFO] [stdout] 
[INFO] [stdout] warning: associated function `from_str` is never used
[INFO] [stdout]    --> src/lib.rs:192:8
[INFO] [stdout]     |
[INFO] [stdout] 190 | impl Cookie {
[INFO] [stdout]     | ----------- associated function in this implementation
[INFO] [stdout] 191 |     // Only supports name=value;
[INFO] [stdout] 192 |     fn from_str(s: &str) -> Result<Vec<Self>, ParseCookieError> {
[INFO] [stdout]     |        ^^^^^^^^
[INFO] [stdout] 
[INFO] [stdout] 
[INFO] [stdout] warning: fields `success` and `timestamp` are never read
[INFO] [stdout]    --> src/lib.rs:220:5
[INFO] [stdout]     |
[INFO] [stdout] 219 | struct HMEResponse {
[INFO] [stdout]     |        ----------- fields in this struct
[INFO] [stdout] 220 |     success: bool,
[INFO] [stdout]     |     ^^^^^^^
[INFO] [stdout] 221 |     timestamp: u64,
[INFO] [stdout]     |     ^^^^^^^^^
[INFO] [stdout]     |
[INFO] [stdout]     = note: `HMEResponse` has a derived impl for the trait `Debug`, but this is intentionally ignored during dead code analysis
[INFO] [stdout] 
[INFO] [stdout] 
[INFO] [stdout] warning: fields `success` and `timestamp` are never read
[INFO] [stdout]    --> src/lib.rs:226:5
[INFO] [stdout]     |
[INFO] [stdout] 225 | struct HMEListResponse {
[INFO] [stdout]     |        --------------- fields in this struct
[INFO] [stdout] 226 |     success: bool,
[INFO] [stdout]     |     ^^^^^^^
[INFO] [stdout] 227 |     timestamp: u64,
[INFO] [stdout]     |     ^^^^^^^^^
[INFO] [stdout]     |
[INFO] [stdout]     = note: `HMEListResponse` has a derived impl for the trait `Debug`, but this is intentionally ignored during dead code analysis
[INFO] [stdout] 
[INFO] [stdout] 
[INFO] [stdout] warning: multiple fields are never read
[INFO] [stdout]    --> src/lib.rs:242:5
[INFO] [stdout]     |
[INFO] [stdout] 241 | struct HMEReserveResult {
[INFO] [stdout]     |        ---------------- fields in this struct
[INFO] [stdout] 242 |     origin: String,
[INFO] [stdout]     |     ^^^^^^
[INFO] [stdout] 243 |     #[serde(rename = "anonymousId")]
[INFO] [stdout] 244 |     anonymous_id: String,
[INFO] [stdout]     |     ^^^^^^^^^^^^
[INFO] [stdout] 245 |     domain: String,
[INFO] [stdout]     |     ^^^^^^
[INFO] [stdout] 246 |     hme: String,
[INFO] [stdout] 247 |     label: String,
[INFO] [stdout]     |     ^^^^^
[INFO] [stdout] 248 |     note: String,
[INFO] [stdout]     |     ^^^^
[INFO] [stdout] 249 |     #[serde(rename = "createTimestamp")]
[INFO] [stdout] 250 |     create_timestamp: u64,
[INFO] [stdout]     |     ^^^^^^^^^^^^^^^^
[INFO] [stdout] ...
[INFO] [stdout] 254 |     recipient_mail_id: String,
[INFO] [stdout]     |     ^^^^^^^^^^^^^^^^^
[INFO] [stdout]     |
[INFO] [stdout]     = note: `HMEReserveResult` has a derived impl for the trait `Debug`, but this is intentionally ignored during dead code analysis
[INFO] [stdout] 
[INFO] [stdout] 
[INFO] [stdout] warning: fields `forward_to_emails`, `hme_emails`, and `selected_forward_to` are never read
[INFO] [stdout]    --> src/lib.rs:259:5
[INFO] [stdout]     |
[INFO] [stdout] 257 | struct HMEListResult {
[INFO] [stdout]     |        ------------- fields in this struct
[INFO] [stdout] 258 |     #[serde(rename = "forwardToEmails")]
[INFO] [stdout] 259 |     forward_to_emails: Vec<String>,
[INFO] [stdout]     |     ^^^^^^^^^^^^^^^^^
[INFO] [stdout] 260 |     #[serde(rename = "hmeEmails")]
[INFO] [stdout] 261 |     hme_emails: Vec<HMEListEmails>,
[INFO] [stdout]     |     ^^^^^^^^^^
[INFO] [stdout] 262 |     #[serde(rename = "selectedForwardTo")]
[INFO] [stdout] 263 |     selected_forward_to: String,
[INFO] [stdout]     |     ^^^^^^^^^^^^^^^^^^^
[INFO] [stdout]     |
[INFO] [stdout]     = note: `HMEListResult` has a derived impl for the trait `Debug`, but this is intentionally ignored during dead code analysis
[INFO] [stdout] 
[INFO] [stdout] 
[INFO] [stdout] warning: multiple fields are never read
[INFO] [stdout]    --> src/lib.rs:267:5
[INFO] [stdout]     |
[INFO] [stdout] 266 | struct HMEListEmails {
[INFO] [stdout]     |        ------------- fields in this struct
[INFO] [stdout] 267 |     origin: String,
[INFO] [stdout]     |     ^^^^^^
[INFO] [stdout] 268 |     #[serde(rename = "anonymousId")]
[INFO] [stdout] 269 |     anonymous_id: String,
[INFO] [stdout]     |     ^^^^^^^^^^^^
[INFO] [stdout] 270 |     domain: String,
[INFO] [stdout]     |     ^^^^^^
[INFO] [stdout] 271 |     #[serde(rename = "forwardToEmail")]
[INFO] [stdout] 272 |     forward_to_email: String,
[INFO] [stdout]     |     ^^^^^^^^^^^^^^^^
[INFO] [stdout] 273 |     hme: String,
[INFO] [stdout]     |     ^^^
[INFO] [stdout] 274 |     label: String,
[INFO] [stdout]     |     ^^^^^
[INFO] [stdout] 275 |     note: String,
[INFO] [stdout]     |     ^^^^
[INFO] [stdout] 276 |     #[serde(rename = "createTimestamp")]
[INFO] [stdout] 277 |     create_timestamp: u64,
[INFO] [stdout]     |     ^^^^^^^^^^^^^^^^
[INFO] [stdout] 278 |     #[serde(rename = "isActive")]
[INFO] [stdout] 279 |     is_active: bool,
[INFO] [stdout]     |     ^^^^^^^^^
[INFO] [stdout] 280 |     #[serde(rename = "recipientMailId")]
[INFO] [stdout] 281 |     recipient_mail_id: String,
[INFO] [stdout]     |     ^^^^^^^^^^^^^^^^^
[INFO] [stdout]     |
[INFO] [stdout]     = note: `HMEListEmails` has a derived impl for the trait `Debug`, but this is intentionally ignored during dead code analysis
[INFO] [stdout] 
[INFO] [stdout] 
[INFO] [stderr]     Finished `dev` profile [unoptimized + debuginfo] target(s) in 11.77s
[INFO] running `Command { std: "docker" "inspect" "98fd48dd664b88eb3b28f309706cabdbbe28d536e7634cdff63e65e2250ec3cc", kill_on_drop: false }`
[INFO] running `Command { std: "docker" "rm" "-f" "98fd48dd664b88eb3b28f309706cabdbbe28d536e7634cdff63e65e2250ec3cc", kill_on_drop: false }`
[INFO] [stdout] 98fd48dd664b88eb3b28f309706cabdbbe28d536e7634cdff63e65e2250ec3cc
[INFO] running `Command { std: "docker" "create" "-v" "/var/lib/crater-agent-workspace/builds/worker-2-tc2/target:/opt/rustwide/target:rw,Z" "-v" "/var/lib/crater-agent-workspace/builds/worker-2-tc2/source:/opt/rustwide/workdir:ro,Z" "-v" "/var/lib/crater-agent-workspace/cargo-home:/opt/rustwide/cargo-home:ro,Z" "-v" "/var/lib/crater-agent-workspace/rustup-home:/opt/rustwide/rustup-home:ro,Z" "-e" "SOURCE_DIR=/opt/rustwide/workdir" "-e" "CARGO_TARGET_DIR=/opt/rustwide/target" "-e" "CARGO_INCREMENTAL=0" "-e" "RUST_BACKTRACE=full" "-e" "RUSTFLAGS=--cap-lints=forbid -Zrandomize-layout" "-e" "RUSTDOCFLAGS=--cap-lints=forbid" "-e" "CARGO_HOME=/opt/rustwide/cargo-home" "-e" "RUSTUP_HOME=/opt/rustwide/rustup-home" "-w" "/opt/rustwide/workdir" "-m" "1610612736" "--user" "0:0" "--network" "none" "ghcr.io/rust-lang/crates-build-env/linux@sha256:4a844ea9eb2546a2d2c7022eacef16ef2e8229c7fbb2c7d4d55a9ceca922f72d" "/opt/rustwide/cargo-home/bin/cargo" "+nightly-2024-10-28" "test" "--frozen" "--no-run" "--message-format=json", kill_on_drop: false }`
[INFO] [stdout] 26dfa656ab00d121305bd9e5070221f1d0a567eebebf62137b64e3b5263dffe7
[INFO] running `Command { std: "docker" "start" "-a" "26dfa656ab00d121305bd9e5070221f1d0a567eebebf62137b64e3b5263dffe7", kill_on_drop: false }`
[INFO] [stdout] warning: type `HMEReserveResult` is more private than the item `HideMyEmailManager::claim`
[INFO] [stdout]    --> src/lib.rs:126:5
[INFO] [stdout]     |
[INFO] [stdout] 126 |     pub async fn claim(&self, email: &str, label: &str, note: &str) -> anyhow::Result<HMEReserveResult> {
[INFO] [stdout]     |     ^^^^^^^^^^^^^^^^^^^^^^^^^^^^^^^^^^^^^^^^^^^^^^^^^^^^^^^^^^^^^^^^^^^^^^^^^^^^^^^^^^^^^^^^^^^^^^^^^^^ method `HideMyEmailManager::claim` is reachable at visibility `pub`
[INFO] [stdout]     |
[INFO] [stdout] note: but type `HMEReserveResult` is only usable at visibility `pub(crate)`
[INFO] [stdout]    --> src/lib.rs:241:1
[INFO] [stdout]     |
[INFO] [stdout] 241 | struct HMEReserveResult {
[INFO] [stdout]     | ^^^^^^^^^^^^^^^^^^^^^^^
[INFO] [stdout]     = note: `#[warn(private_interfaces)]` on by default
[INFO] [stdout] 
[INFO] [stdout] 
[INFO] [stdout] warning: type `HMEListResult` is more private than the item `HideMyEmailManager::list`
[INFO] [stdout]    --> src/lib.rs:158:5
[INFO] [stdout]     |
[INFO] [stdout] 158 |     pub async fn list(&self) -> anyhow::Result<HMEListResult> {
[INFO] [stdout]     |     ^^^^^^^^^^^^^^^^^^^^^^^^^^^^^^^^^^^^^^^^^^^^^^^^^^^^^^^^^ method `HideMyEmailManager::list` is reachable at visibility `pub`
[INFO] [stdout]     |
[INFO] [stdout] note: but type `HMEListResult` is only usable at visibility `pub(crate)`
[INFO] [stdout]    --> src/lib.rs:257:1
[INFO] [stdout]     |
[INFO] [stdout] 257 | struct HMEListResult {
[INFO] [stdout]     | ^^^^^^^^^^^^^^^^^^^^
[INFO] [stdout] 
[INFO] [stdout] 
[INFO] [stdout] warning: struct `ParseCookieError` is never constructed
[INFO] [stdout]    --> src/lib.rs:188:8
[INFO] [stdout]     |
[INFO] [stdout] 188 | struct ParseCookieError<'a>(&'a str);
[INFO] [stdout]     |        ^^^^^^^^^^^^^^^^
[INFO] [stdout]     |
[INFO] [stdout]     = note: `#[warn(dead_code)]` on by default
[INFO] [stdout] 
[INFO] [stdout] 
[INFO] [stdout] warning: associated function `from_str` is never used
[INFO] [stdout]    --> src/lib.rs:192:8
[INFO] [stdout]     |
[INFO] [stdout] 190 | impl Cookie {
[INFO] [stdout]     | ----------- associated function in this implementation
[INFO] [stdout] 191 |     // Only supports name=value;
[INFO] [stdout] 192 |     fn from_str(s: &str) -> Result<Vec<Self>, ParseCookieError> {
[INFO] [stdout]     |        ^^^^^^^^
[INFO] [stdout] 
[INFO] [stdout] 
[INFO] [stdout] warning: fields `success` and `timestamp` are never read
[INFO] [stdout]    --> src/lib.rs:220:5
[INFO] [stdout]     |
[INFO] [stdout] 219 | struct HMEResponse {
[INFO] [stdout]     |        ----------- fields in this struct
[INFO] [stdout] 220 |     success: bool,
[INFO] [stdout]     |     ^^^^^^^
[INFO] [stdout] 221 |     timestamp: u64,
[INFO] [stdout]     |     ^^^^^^^^^
[INFO] [stdout]     |
[INFO] [stdout]     = note: `HMEResponse` has a derived impl for the trait `Debug`, but this is intentionally ignored during dead code analysis
[INFO] [stdout] 
[INFO] [stdout] 
[INFO] [stdout] warning: fields `success` and `timestamp` are never read
[INFO] [stdout]    --> src/lib.rs:226:5
[INFO] [stdout]     |
[INFO] [stdout] 225 | struct HMEListResponse {
[INFO] [stdout]     |        --------------- fields in this struct
[INFO] [stdout] 226 |     success: bool,
[INFO] [stdout]     |     ^^^^^^^
[INFO] [stdout] 227 |     timestamp: u64,
[INFO] [stdout]     |     ^^^^^^^^^
[INFO] [stdout]     |
[INFO] [stdout]     = note: `HMEListResponse` has a derived impl for the trait `Debug`, but this is intentionally ignored during dead code analysis
[INFO] [stdout] 
[INFO] [stdout] 
[INFO] [stdout] warning: multiple fields are never read
[INFO] [stdout]    --> src/lib.rs:242:5
[INFO] [stdout]     |
[INFO] [stdout] 241 | struct HMEReserveResult {
[INFO] [stdout]     |        ---------------- fields in this struct
[INFO] [stdout] 242 |     origin: String,
[INFO] [stdout]     |     ^^^^^^
[INFO] [stdout] 243 |     #[serde(rename = "anonymousId")]
[INFO] [stdout] 244 |     anonymous_id: String,
[INFO] [stdout]     |     ^^^^^^^^^^^^
[INFO] [stdout] 245 |     domain: String,
[INFO] [stdout]     |     ^^^^^^
[INFO] [stdout] 246 |     hme: String,
[INFO] [stdout] 247 |     label: String,
[INFO] [stdout]     |     ^^^^^
[INFO] [stdout] 248 |     note: String,
[INFO] [stdout]     |     ^^^^
[INFO] [stdout] 249 |     #[serde(rename = "createTimestamp")]
[INFO] [stdout] 250 |     create_timestamp: u64,
[INFO] [stdout]     |     ^^^^^^^^^^^^^^^^
[INFO] [stdout] ...
[INFO] [stdout] 254 |     recipient_mail_id: String,
[INFO] [stdout]     |     ^^^^^^^^^^^^^^^^^
[INFO] [stdout]     |
[INFO] [stdout]     = note: `HMEReserveResult` has a derived impl for the trait `Debug`, but this is intentionally ignored during dead code analysis
[INFO] [stdout] 
[INFO] [stdout] 
[INFO] [stdout] warning: fields `forward_to_emails`, `hme_emails`, and `selected_forward_to` are never read
[INFO] [stdout]    --> src/lib.rs:259:5
[INFO] [stdout]     |
[INFO] [stdout] 257 | struct HMEListResult {
[INFO] [stdout]     |        ------------- fields in this struct
[INFO] [stdout] 258 |     #[serde(rename = "forwardToEmails")]
[INFO] [stdout] 259 |     forward_to_emails: Vec<String>,
[INFO] [stdout]     |     ^^^^^^^^^^^^^^^^^
[INFO] [stdout] 260 |     #[serde(rename = "hmeEmails")]
[INFO] [stdout] 261 |     hme_emails: Vec<HMEListEmails>,
[INFO] [stdout]     |     ^^^^^^^^^^
[INFO] [stdout] 262 |     #[serde(rename = "selectedForwardTo")]
[INFO] [stdout] 263 |     selected_forward_to: String,
[INFO] [stdout]     |     ^^^^^^^^^^^^^^^^^^^
[INFO] [stdout]     |
[INFO] [stdout]     = note: `HMEListResult` has a derived impl for the trait `Debug`, but this is intentionally ignored during dead code analysis
[INFO] [stdout] 
[INFO] [stdout] 
[INFO] [stderr]    Compiling hide_my_email v0.1.3 (/opt/rustwide/workdir)
[INFO] [stdout] warning: multiple fields are never read
[INFO] [stdout]    --> src/lib.rs:267:5
[INFO] [stdout]     |
[INFO] [stdout] 266 | struct HMEListEmails {
[INFO] [stdout]     |        ------------- fields in this struct
[INFO] [stdout] 267 |     origin: String,
[INFO] [stdout]     |     ^^^^^^
[INFO] [stdout] 268 |     #[serde(rename = "anonymousId")]
[INFO] [stdout] 269 |     anonymous_id: String,
[INFO] [stdout]     |     ^^^^^^^^^^^^
[INFO] [stdout] 270 |     domain: String,
[INFO] [stdout]     |     ^^^^^^
[INFO] [stdout] 271 |     #[serde(rename = "forwardToEmail")]
[INFO] [stdout] 272 |     forward_to_email: String,
[INFO] [stdout]     |     ^^^^^^^^^^^^^^^^
[INFO] [stdout] 273 |     hme: String,
[INFO] [stdout]     |     ^^^
[INFO] [stdout] 274 |     label: String,
[INFO] [stdout]     |     ^^^^^
[INFO] [stdout] 275 |     note: String,
[INFO] [stdout]     |     ^^^^
[INFO] [stdout] 276 |     #[serde(rename = "createTimestamp")]
[INFO] [stdout] 277 |     create_timestamp: u64,
[INFO] [stdout]     |     ^^^^^^^^^^^^^^^^
[INFO] [stdout] 278 |     #[serde(rename = "isActive")]
[INFO] [stdout] 279 |     is_active: bool,
[INFO] [stdout]     |     ^^^^^^^^^
[INFO] [stdout] 280 |     #[serde(rename = "recipientMailId")]
[INFO] [stdout] 281 |     recipient_mail_id: String,
[INFO] [stdout]     |     ^^^^^^^^^^^^^^^^^
[INFO] [stdout]     |
[INFO] [stdout]     = note: `HMEListEmails` has a derived impl for the trait `Debug`, but this is intentionally ignored during dead code analysis
[INFO] [stdout] 
[INFO] [stdout] 
[INFO] [stdout] warning: type `HMEReserveResult` is more private than the item `HideMyEmailManager::claim`
[INFO] [stdout]    --> src/lib.rs:126:5
[INFO] [stdout]     |
[INFO] [stdout] 126 |     pub async fn claim(&self, email: &str, label: &str, note: &str) -> anyhow::Result<HMEReserveResult> {
[INFO] [stdout]     |     ^^^^^^^^^^^^^^^^^^^^^^^^^^^^^^^^^^^^^^^^^^^^^^^^^^^^^^^^^^^^^^^^^^^^^^^^^^^^^^^^^^^^^^^^^^^^^^^^^^^ method `HideMyEmailManager::claim` is reachable at visibility `pub`
[INFO] [stdout]     |
[INFO] [stdout] note: but type `HMEReserveResult` is only usable at visibility `pub(crate)`
[INFO] [stdout]    --> src/lib.rs:241:1
[INFO] [stdout]     |
[INFO] [stdout] 241 | struct HMEReserveResult {
[INFO] [stdout]     | ^^^^^^^^^^^^^^^^^^^^^^^
[INFO] [stdout]     = note: `#[warn(private_interfaces)]` on by default
[INFO] [stdout] 
[INFO] [stdout] 
[INFO] [stdout] warning: type `HMEListResult` is more private than the item `HideMyEmailManager::list`
[INFO] [stdout]    --> src/lib.rs:158:5
[INFO] [stdout]     |
[INFO] [stdout] 158 |     pub async fn list(&self) -> anyhow::Result<HMEListResult> {
[INFO] [stdout]     |     ^^^^^^^^^^^^^^^^^^^^^^^^^^^^^^^^^^^^^^^^^^^^^^^^^^^^^^^^^ method `HideMyEmailManager::list` is reachable at visibility `pub`
[INFO] [stdout]     |
[INFO] [stdout] note: but type `HMEListResult` is only usable at visibility `pub(crate)`
[INFO] [stdout]    --> src/lib.rs:257:1
[INFO] [stdout]     |
[INFO] [stdout] 257 | struct HMEListResult {
[INFO] [stdout]     | ^^^^^^^^^^^^^^^^^^^^
[INFO] [stdout] 
[INFO] [stdout] 
[INFO] [stdout] warning: fields `success` and `timestamp` are never read
[INFO] [stdout]    --> src/lib.rs:220:5
[INFO] [stdout]     |
[INFO] [stdout] 219 | struct HMEResponse {
[INFO] [stdout]     |        ----------- fields in this struct
[INFO] [stdout] 220 |     success: bool,
[INFO] [stdout]     |     ^^^^^^^
[INFO] [stdout] 221 |     timestamp: u64,
[INFO] [stdout]     |     ^^^^^^^^^
[INFO] [stdout]     |
[INFO] [stdout]     = note: `HMEResponse` has a derived impl for the trait `Debug`, but this is intentionally ignored during dead code analysis
[INFO] [stdout]     = note: `#[warn(dead_code)]` on by default
[INFO] [stdout] 
[INFO] [stdout] 
[INFO] [stdout] warning: fields `success` and `timestamp` are never read
[INFO] [stdout]    --> src/lib.rs:226:5
[INFO] [stdout]     |
[INFO] [stdout] 225 | struct HMEListResponse {
[INFO] [stdout]     |        --------------- fields in this struct
[INFO] [stdout] 226 |     success: bool,
[INFO] [stdout]     |     ^^^^^^^
[INFO] [stdout] 227 |     timestamp: u64,
[INFO] [stdout]     |     ^^^^^^^^^
[INFO] [stdout]     |
[INFO] [stdout]     = note: `HMEListResponse` has a derived impl for the trait `Debug`, but this is intentionally ignored during dead code analysis
[INFO] [stdout] 
[INFO] [stdout] 
[INFO] [stdout] warning: multiple fields are never read
[INFO] [stdout]    --> src/lib.rs:242:5
[INFO] [stdout]     |
[INFO] [stdout] 241 | struct HMEReserveResult {
[INFO] [stdout]     |        ---------------- fields in this struct
[INFO] [stdout] 242 |     origin: String,
[INFO] [stdout]     |     ^^^^^^
[INFO] [stdout] 243 |     #[serde(rename = "anonymousId")]
[INFO] [stdout] 244 |     anonymous_id: String,
[INFO] [stdout]     |     ^^^^^^^^^^^^
[INFO] [stdout] 245 |     domain: String,
[INFO] [stdout]     |     ^^^^^^
[INFO] [stdout] 246 |     hme: String,
[INFO] [stdout] 247 |     label: String,
[INFO] [stdout]     |     ^^^^^
[INFO] [stdout] 248 |     note: String,
[INFO] [stdout]     |     ^^^^
[INFO] [stdout] 249 |     #[serde(rename = "createTimestamp")]
[INFO] [stdout] 250 |     create_timestamp: u64,
[INFO] [stdout]     |     ^^^^^^^^^^^^^^^^
[INFO] [stdout] ...
[INFO] [stdout] 254 |     recipient_mail_id: String,
[INFO] [stdout]     |     ^^^^^^^^^^^^^^^^^
[INFO] [stdout]     |
[INFO] [stdout]     = note: `HMEReserveResult` has a derived impl for the trait `Debug`, but this is intentionally ignored during dead code analysis
[INFO] [stdout] 
[INFO] [stdout] 
[INFO] [stdout] warning: fields `forward_to_emails` and `selected_forward_to` are never read
[INFO] [stdout]    --> src/lib.rs:259:5
[INFO] [stdout]     |
[INFO] [stdout] 257 | struct HMEListResult {
[INFO] [stdout]     |        ------------- fields in this struct
[INFO] [stdout] 258 |     #[serde(rename = "forwardToEmails")]
[INFO] [stdout] 259 |     forward_to_emails: Vec<String>,
[INFO] [stdout]     |     ^^^^^^^^^^^^^^^^^
[INFO] [stdout] ...
[INFO] [stdout] 263 |     selected_forward_to: String,
[INFO] [stdout]     |     ^^^^^^^^^^^^^^^^^^^
[INFO] [stdout]     |
[INFO] [stdout]     = note: `HMEListResult` has a derived impl for the trait `Debug`, but this is intentionally ignored during dead code analysis
[INFO] [stdout] 
[INFO] [stdout] 
[INFO] [stdout] warning: multiple fields are never read
[INFO] [stdout]    --> src/lib.rs:267:5
[INFO] [stdout]     |
[INFO] [stdout] 266 | struct HMEListEmails {
[INFO] [stdout]     |        ------------- fields in this struct
[INFO] [stdout] 267 |     origin: String,
[INFO] [stdout]     |     ^^^^^^
[INFO] [stdout] 268 |     #[serde(rename = "anonymousId")]
[INFO] [stdout] 269 |     anonymous_id: String,
[INFO] [stdout]     |     ^^^^^^^^^^^^
[INFO] [stdout] 270 |     domain: String,
[INFO] [stdout]     |     ^^^^^^
[INFO] [stdout] 271 |     #[serde(rename = "forwardToEmail")]
[INFO] [stdout] 272 |     forward_to_email: String,
[INFO] [stdout]     |     ^^^^^^^^^^^^^^^^
[INFO] [stdout] 273 |     hme: String,
[INFO] [stdout]     |     ^^^
[INFO] [stdout] 274 |     label: String,
[INFO] [stdout] 275 |     note: String,
[INFO] [stdout]     |     ^^^^
[INFO] [stdout] 276 |     #[serde(rename = "createTimestamp")]
[INFO] [stdout] 277 |     create_timestamp: u64,
[INFO] [stdout]     |     ^^^^^^^^^^^^^^^^
[INFO] [stdout] 278 |     #[serde(rename = "isActive")]
[INFO] [stdout] 279 |     is_active: bool,
[INFO] [stdout]     |     ^^^^^^^^^
[INFO] [stdout] 280 |     #[serde(rename = "recipientMailId")]
[INFO] [stdout] 281 |     recipient_mail_id: String,
[INFO] [stdout]     |     ^^^^^^^^^^^^^^^^^
[INFO] [stdout]     |
[INFO] [stdout]     = note: `HMEListEmails` has a derived impl for the trait `Debug`, but this is intentionally ignored during dead code analysis
[INFO] [stdout] 
[INFO] [stdout] 
[INFO] [stderr]     Finished `test` profile [unoptimized + debuginfo] target(s) in 1.51s
[INFO] running `Command { std: "docker" "inspect" "26dfa656ab00d121305bd9e5070221f1d0a567eebebf62137b64e3b5263dffe7", kill_on_drop: false }`
[INFO] running `Command { std: "docker" "rm" "-f" "26dfa656ab00d121305bd9e5070221f1d0a567eebebf62137b64e3b5263dffe7", kill_on_drop: false }`
[INFO] [stdout] 26dfa656ab00d121305bd9e5070221f1d0a567eebebf62137b64e3b5263dffe7
[INFO] running `Command { std: "docker" "create" "-v" "/var/lib/crater-agent-workspace/builds/worker-2-tc2/target:/opt/rustwide/target:rw,Z" "-v" "/var/lib/crater-agent-workspace/builds/worker-2-tc2/source:/opt/rustwide/workdir:ro,Z" "-v" "/var/lib/crater-agent-workspace/cargo-home:/opt/rustwide/cargo-home:ro,Z" "-v" "/var/lib/crater-agent-workspace/rustup-home:/opt/rustwide/rustup-home:ro,Z" "-e" "SOURCE_DIR=/opt/rustwide/workdir" "-e" "CARGO_TARGET_DIR=/opt/rustwide/target" "-e" "CARGO_INCREMENTAL=0" "-e" "RUST_BACKTRACE=full" "-e" "RUSTFLAGS=--cap-lints=forbid -Zrandomize-layout" "-e" "RUSTDOCFLAGS=--cap-lints=forbid" "-e" "CARGO_HOME=/opt/rustwide/cargo-home" "-e" "RUSTUP_HOME=/opt/rustwide/rustup-home" "-w" "/opt/rustwide/workdir" "-m" "1610612736" "--user" "0:0" "--network" "none" "ghcr.io/rust-lang/crates-build-env/linux@sha256:4a844ea9eb2546a2d2c7022eacef16ef2e8229c7fbb2c7d4d55a9ceca922f72d" "/opt/rustwide/cargo-home/bin/cargo" "+nightly-2024-10-28" "test" "--frozen", kill_on_drop: false }`
[INFO] [stdout] ec6d827904d7d70cb733cb746481783088bd7e2552e764c655273073193f5aef
[INFO] running `Command { std: "docker" "start" "-a" "ec6d827904d7d70cb733cb746481783088bd7e2552e764c655273073193f5aef", kill_on_drop: false }`
[INFO] [stderr] warning: type `HMEReserveResult` is more private than the item `HideMyEmailManager::claim`
[INFO] [stderr]    --> src/lib.rs:126:5
[INFO] [stderr]     |
[INFO] [stderr] 126 |     pub async fn claim(&self, email: &str, label: &str, note: &str) -> anyhow::Result<HMEReserveResult> {
[INFO] [stderr]     |     ^^^^^^^^^^^^^^^^^^^^^^^^^^^^^^^^^^^^^^^^^^^^^^^^^^^^^^^^^^^^^^^^^^^^^^^^^^^^^^^^^^^^^^^^^^^^^^^^^^^ method `HideMyEmailManager::claim` is reachable at visibility `pub`
[INFO] [stderr]     |
[INFO] [stderr] note: but type `HMEReserveResult` is only usable at visibility `pub(crate)`
[INFO] [stderr]    --> src/lib.rs:241:1
[INFO] [stderr]     |
[INFO] [stderr] 241 | struct HMEReserveResult {
[INFO] [stderr]     | ^^^^^^^^^^^^^^^^^^^^^^^
[INFO] [stderr]     = note: `#[warn(private_interfaces)]` on by default
[INFO] [stderr] 
[INFO] [stderr] warning: type `HMEListResult` is more private than the item `HideMyEmailManager::list`
[INFO] [stderr]    --> src/lib.rs:158:5
[INFO] [stderr]     |
[INFO] [stderr] 158 |     pub async fn list(&self) -> anyhow::Result<HMEListResult> {
[INFO] [stderr]     |     ^^^^^^^^^^^^^^^^^^^^^^^^^^^^^^^^^^^^^^^^^^^^^^^^^^^^^^^^^ method `HideMyEmailManager::list` is reachable at visibility `pub`
[INFO] [stderr]     |
[INFO] [stderr] note: but type `HMEListResult` is only usable at visibility `pub(crate)`
[INFO] [stderr]    --> src/lib.rs:257:1
[INFO] [stderr]     |
[INFO] [stderr] 257 | struct HMEListResult {
[INFO] [stderr]     | ^^^^^^^^^^^^^^^^^^^^
[INFO] [stderr] 
[INFO] [stderr] warning: struct `ParseCookieError` is never constructed
[INFO] [stderr]    --> src/lib.rs:188:8
[INFO] [stderr]     |
[INFO] [stderr] 188 | struct ParseCookieError<'a>(&'a str);
[INFO] [stderr]     |        ^^^^^^^^^^^^^^^^
[INFO] [stderr]     |
[INFO] [stderr]     = note: `#[warn(dead_code)]` on by default
[INFO] [stderr] 
[INFO] [stderr] warning: associated function `from_str` is never used
[INFO] [stderr]    --> src/lib.rs:192:8
[INFO] [stderr]     |
[INFO] [stderr] 190 | impl Cookie {
[INFO] [stderr]     | ----------- associated function in this implementation
[INFO] [stderr] 191 |     // Only supports name=value;
[INFO] [stderr] 192 |     fn from_str(s: &str) -> Result<Vec<Self>, ParseCookieError> {
[INFO] [stderr]     |        ^^^^^^^^
[INFO] [stderr] 
[INFO] [stderr] warning: fields `success` and `timestamp` are never read
[INFO] [stderr]    --> src/lib.rs:220:5
[INFO] [stderr]     |
[INFO] [stderr] 219 | struct HMEResponse {
[INFO] [stderr]     |        ----------- fields in this struct
[INFO] [stderr] 220 |     success: bool,
[INFO] [stderr]     |     ^^^^^^^
[INFO] [stderr] 221 |     timestamp: u64,
[INFO] [stderr]     |     ^^^^^^^^^
[INFO] [stderr]     |
[INFO] [stderr]     = note: `HMEResponse` has a derived impl for the trait `Debug`, but this is intentionally ignored during dead code analysis
[INFO] [stderr] 
[INFO] [stderr] warning: fields `success` and `timestamp` are never read
[INFO] [stderr]    --> src/lib.rs:226:5
[INFO] [stderr]     |
[INFO] [stderr] 225 | struct HMEListResponse {
[INFO] [stderr]     |        --------------- fields in this struct
[INFO] [stderr] 226 |     success: bool,
[INFO] [stderr]     |     ^^^^^^^
[INFO] [stderr] 227 |     timestamp: u64,
[INFO] [stderr]     |     ^^^^^^^^^
[INFO] [stderr]     |
[INFO] [stderr]     = note: `HMEListResponse` has a derived impl for the trait `Debug`, but this is intentionally ignored during dead code analysis
[INFO] [stderr] 
[INFO] [stderr] warning: multiple fields are never read
[INFO] [stderr]    --> src/lib.rs:242:5
[INFO] [stderr]     |
[INFO] [stderr] 241 | struct HMEReserveResult {
[INFO] [stderr]     |        ---------------- fields in this struct
[INFO] [stderr] 242 |     origin: String,
[INFO] [stderr]     |     ^^^^^^
[INFO] [stderr] 243 |     #[serde(rename = "anonymousId")]
[INFO] [stderr] 244 |     anonymous_id: String,
[INFO] [stderr]     |     ^^^^^^^^^^^^
[INFO] [stderr] 245 |     domain: String,
[INFO] [stderr]     |     ^^^^^^
[INFO] [stderr] 246 |     hme: String,
[INFO] [stderr] 247 |     label: String,
[INFO] [stderr]     |     ^^^^^
[INFO] [stderr] 248 |     note: String,
[INFO] [stderr]     |     ^^^^
[INFO] [stderr] 249 |     #[serde(rename = "createTimestamp")]
[INFO] [stderr] 250 |     create_timestamp: u64,
[INFO] [stderr]     |     ^^^^^^^^^^^^^^^^
[INFO] [stderr] ...
[INFO] [stderr] 254 |     recipient_mail_id: String,
[INFO] [stderr]     |     ^^^^^^^^^^^^^^^^^
[INFO] [stderr]     |
[INFO] [stderr]     = note: `HMEReserveResult` has a derived impl for the trait `Debug`, but this is intentionally ignored during dead code analysis
[INFO] [stderr] 
[INFO] [stderr] warning: fields `forward_to_emails`, `hme_emails`, and `selected_forward_to` are never read
[INFO] [stderr]    --> src/lib.rs:259:5
[INFO] [stderr]     |
[INFO] [stderr] 257 | struct HMEListResult {
[INFO] [stderr]     |        ------------- fields in this struct
[INFO] [stderr] 258 |     #[serde(rename = "forwardToEmails")]
[INFO] [stderr] 259 |     forward_to_emails: Vec<String>,
[INFO] [stderr]     |     ^^^^^^^^^^^^^^^^^
[INFO] [stderr] 260 |     #[serde(rename = "hmeEmails")]
[INFO] [stderr] 261 |     hme_emails: Vec<HMEListEmails>,
[INFO] [stderr]     |     ^^^^^^^^^^
[INFO] [stderr] 262 |     #[serde(rename = "selectedForwardTo")]
[INFO] [stderr] 263 |     selected_forward_to: String,
[INFO] [stderr]     |     ^^^^^^^^^^^^^^^^^^^
[INFO] [stderr]     |
[INFO] [stderr]     = note: `HMEListResult` has a derived impl for the trait `Debug`, but this is intentionally ignored during dead code analysis
[INFO] [stderr] 
[INFO] [stderr] warning: multiple fields are never read
[INFO] [stderr]    --> src/lib.rs:267:5
[INFO] [stderr]     |
[INFO] [stderr] 266 | struct HMEListEmails {
[INFO] [stderr]     |        ------------- fields in this struct
[INFO] [stderr] 267 |     origin: String,
[INFO] [stderr]     |     ^^^^^^
[INFO] [stderr] 268 |     #[serde(rename = "anonymousId")]
[INFO] [stderr] 269 |     anonymous_id: String,
[INFO] [stderr]     |     ^^^^^^^^^^^^
[INFO] [stderr] 270 |     domain: String,
[INFO] [stderr]     |     ^^^^^^
[INFO] [stderr] 271 |     #[serde(rename = "forwardToEmail")]
[INFO] [stderr] 272 |     forward_to_email: String,
[INFO] [stderr]     |     ^^^^^^^^^^^^^^^^
[INFO] [stderr] 273 |     hme: String,
[INFO] [stderr]     |     ^^^
[INFO] [stderr] 274 |     label: String,
[INFO] [stderr]     |     ^^^^^
[INFO] [stderr] 275 |     note: String,
[INFO] [stderr]     |     ^^^^
[INFO] [stderr] 276 |     #[serde(rename = "createTimestamp")]
[INFO] [stderr] 277 |     create_timestamp: u64,
[INFO] [stderr]     |     ^^^^^^^^^^^^^^^^
[INFO] [stderr] 278 |     #[serde(rename = "isActive")]
[INFO] [stderr] 279 |     is_active: bool,
[INFO] [stderr]     |     ^^^^^^^^^
[INFO] [stderr] 280 |     #[serde(rename = "recipientMailId")]
[INFO] [stderr] 281 |     recipient_mail_id: String,
[INFO] [stderr]     |     ^^^^^^^^^^^^^^^^^
[INFO] [stderr]     |
[INFO] [stderr]     = note: `HMEListEmails` has a derived impl for the trait `Debug`, but this is intentionally ignored during dead code analysis
[INFO] [stderr] 
[INFO] [stderr] warning: fields `success` and `timestamp` are never read
[INFO] [stderr]    --> src/lib.rs:220:5
[INFO] [stderr]     |
[INFO] [stderr] 219 | struct HMEResponse {
[INFO] [stderr]     |        ----------- fields in this struct
[INFO] [stderr] 220 |     success: bool,
[INFO] [stderr]     |     ^^^^^^^
[INFO] [stderr] 221 |     timestamp: u64,
[INFO] [stderr]     |     ^^^^^^^^^
[INFO] [stderr]     |
[INFO] [stderr]     = note: `HMEResponse` has a derived impl for the trait `Debug`, but this is intentionally ignored during dead code analysis
[INFO] [stderr]     = note: `#[warn(dead_code)]` on by default
[INFO] [stderr] 
[INFO] [stderr] warning: fields `forward_to_emails` and `selected_forward_to` are never read
[INFO] [stderr]    --> src/lib.rs:259:5
[INFO] [stderr]     |
[INFO] [stderr] 257 | struct HMEListResult {
[INFO] [stderr]     |        ------------- fields in this struct
[INFO] [stderr] 258 |     #[serde(rename = "forwardToEmails")]
[INFO] [stderr] 259 |     forward_to_emails: Vec<String>,
[INFO] [stderr]     |     ^^^^^^^^^^^^^^^^^
[INFO] [stderr] ...
[INFO] [stderr] 263 |     selected_forward_to: String,
[INFO] [stderr]     |     ^^^^^^^^^^^^^^^^^^^
[INFO] [stderr]     |
[INFO] [stderr]     = note: `HMEListResult` has a derived impl for the trait `Debug`, but this is intentionally ignored during dead code analysis
[INFO] [stderr] 
[INFO] [stderr] warning: multiple fields are never read
[INFO] [stderr]    --> src/lib.rs:267:5
[INFO] [stderr]     |
[INFO] [stderr] 266 | struct HMEListEmails {
[INFO] [stderr]     |        ------------- fields in this struct
[INFO] [stderr] 267 |     origin: String,
[INFO] [stderr]     |     ^^^^^^
[INFO] [stderr] 268 |     #[serde(rename = "anonymousId")]
[INFO] [stderr] 269 |     anonymous_id: String,
[INFO] [stderr]     |     ^^^^^^^^^^^^
[INFO] [stderr] 270 |     domain: String,
[INFO] [stderr]     |     ^^^^^^
[INFO] [stderr] 271 |     #[serde(rename = "forwardToEmail")]
[INFO] [stderr] 272 |     forward_to_email: String,
[INFO] [stderr]     |     ^^^^^^^^^^^^^^^^
[INFO] [stderr] 273 |     hme: String,
[INFO] [stderr]     |     ^^^
[INFO] [stderr] 274 |     label: String,
[INFO] [stderr] 275 |     note: String,
[INFO] [stderr]     |     ^^^^
[INFO] [stderr] 276 |     #[serde(rename = "createTimestamp")]
[INFO] [stderr] 277 |     create_timestamp: u64,
[INFO] [stderr]     |     ^^^^^^^^^^^^^^^^
[INFO] [stderr] 278 |     #[serde(rename = "isActive")]
[INFO] [stderr] 279 |     is_active: bool,
[INFO] [stderr]     |     ^^^^^^^^^
[INFO] [stderr] 280 |     #[serde(rename = "recipientMailId")]
[INFO] [stderr] 281 |     recipient_mail_id: String,
[INFO] [stderr]     |     ^^^^^^^^^^^^^^^^^
[INFO] [stderr]     |
[INFO] [stderr]     = note: `HMEListEmails` has a derived impl for the trait `Debug`, but this is intentionally ignored during dead code analysis
[INFO] [stderr] 
[INFO] [stderr] warning: `hide_my_email` (lib) generated 9 warnings
[INFO] [stderr] warning: `hide_my_email` (lib test) generated 7 warnings (4 duplicates)
[INFO] [stderr]     Finished `test` profile [unoptimized + debuginfo] target(s) in 0.12s
[INFO] [stderr]      Running unittests src/lib.rs (/opt/rustwide/target/debug/deps/hide_my_email-396a63846da67da1)
[INFO] [stdout] 
[INFO] [stdout] running 5 tests
[INFO] [stdout] test tests::cookie_from_str_empty ... ok
[INFO] [stdout] test tests::cookie_from_str_error ... ok
[INFO] [stdout] test tests::cookie_from_str_valid ... ok
[INFO] [stdout] test tests::generate_hme_and_claim ... FAILED
[INFO] [stdout] test tests::fetch_hme_list ... FAILED
[INFO] [stdout] 
[INFO] [stdout] failures:
[INFO] [stdout] 
[INFO] [stdout] ---- tests::generate_hme_and_claim stdout ----
[INFO] [stdout] thread 'tests::generate_hme_and_claim' panicked at src/lib.rs:297:42:
[INFO] [stdout] called `Result::unwrap()` on an `Err` value: NotPresent
[INFO] [stdout] stack backtrace:
[INFO] [stdout]    0:     0x64871348e69a - std::backtrace_rs::backtrace::libunwind::trace::h207520d6e9873551
[INFO] [stdout]                                at /rustc/df4ca44d3fbc9301ee17f30f4d474e6ae4b05252/library/std/src/../../backtrace/src/backtrace/libunwind.rs:116:5
[INFO] [stdout]    1:     0x64871348e69a - std::backtrace_rs::backtrace::trace_unsynchronized::h2ed7433f370e3eca
[INFO] [stdout]                                at /rustc/df4ca44d3fbc9301ee17f30f4d474e6ae4b05252/library/std/src/../../backtrace/src/backtrace/mod.rs:66:5
[INFO] [stdout]    2:     0x64871348e69a - std::sys::backtrace::_print_fmt::h916fac51166b18d7
[INFO] [stdout]                                at /rustc/df4ca44d3fbc9301ee17f30f4d474e6ae4b05252/library/std/src/sys/backtrace.rs:66:9
[INFO] [stdout]    3:     0x64871348e69a - <std::sys::backtrace::BacktraceLock::print::DisplayBacktrace as core::fmt::Display>::fmt::ha0a4c9b8ce3802e6
[INFO] [stdout]                                at /rustc/df4ca44d3fbc9301ee17f30f4d474e6ae4b05252/library/std/src/sys/backtrace.rs:39:26
[INFO] [stdout]    4:     0x6487134b8113 - core::fmt::rt::Argument::fmt::h4cfc8587d52b3eb5
[INFO] [stdout]                                at /rustc/df4ca44d3fbc9301ee17f30f4d474e6ae4b05252/library/core/src/fmt/rt.rs:177:76
[INFO] [stdout]    5:     0x6487134b8113 - core::fmt::write::h522cc39e5b36ae9f
[INFO] [stdout]                                at /rustc/df4ca44d3fbc9301ee17f30f4d474e6ae4b05252/library/core/src/fmt/mod.rs:1190:21
[INFO] [stdout]    6:     0x64871348a453 - std::io::Write::write_fmt::h7d3c26752da97734
[INFO] [stdout]                                at /rustc/df4ca44d3fbc9301ee17f30f4d474e6ae4b05252/library/std/src/io/mod.rs:1839:15
[INFO] [stdout]    7:     0x64871348e4e2 - std::sys::backtrace::BacktraceLock::print::h4b9e00b29e9c0942
[INFO] [stdout]                                at /rustc/df4ca44d3fbc9301ee17f30f4d474e6ae4b05252/library/std/src/sys/backtrace.rs:42:9
[INFO] [stdout]    8:     0x64871348fb2a - std::panicking::default_hook::{{closure}}::hb59b88280d0324d9
[INFO] [stdout]                                at /rustc/df4ca44d3fbc9301ee17f30f4d474e6ae4b05252/library/std/src/panicking.rs:268:22
[INFO] [stdout]    9:     0x64871348f934 - std::panicking::default_hook::he1dd496665be4a29
[INFO] [stdout]                                at /rustc/df4ca44d3fbc9301ee17f30f4d474e6ae4b05252/library/std/src/panicking.rs:292:9
[INFO] [stdout]   10:     0x648712f97509 - <alloc::boxed::Box<F,A> as core::ops::function::Fn<Args>>::call::h4ff71de18744e1dc
[INFO] [stdout]                                at /rustc/df4ca44d3fbc9301ee17f30f4d474e6ae4b05252/library/alloc/src/boxed.rs:2468:9
[INFO] [stdout]   11:     0x648712f97509 - test::test_main::{{closure}}::hcf7c055ce117aa81
[INFO] [stdout]                                at /rustc/df4ca44d3fbc9301ee17f30f4d474e6ae4b05252/library/test/src/lib.rs:133:21
[INFO] [stdout]   12:     0x648713490228 - <alloc::boxed::Box<F,A> as core::ops::function::Fn<Args>>::call::h1d66c6bbd60c9692
[INFO] [stdout]                                at /rustc/df4ca44d3fbc9301ee17f30f4d474e6ae4b05252/library/alloc/src/boxed.rs:2468:9
[INFO] [stdout]   13:     0x648713490228 - std::panicking::rust_panic_with_hook::h2ff17fe8f26dfcf8
[INFO] [stdout]                                at /rustc/df4ca44d3fbc9301ee17f30f4d474e6ae4b05252/library/std/src/panicking.rs:809:13
[INFO] [stdout]   14:     0x64871348ffea - std::panicking::begin_panic_handler::{{closure}}::h4fad77951c07e101
[INFO] [stdout]                                at /rustc/df4ca44d3fbc9301ee17f30f4d474e6ae4b05252/library/std/src/panicking.rs:674:13
[INFO] [stdout]   15:     0x64871348eb79 - std::sys::backtrace::__rust_end_short_backtrace::hb1a25b3da5d0ea08
[INFO] [stdout]                                at /rustc/df4ca44d3fbc9301ee17f30f4d474e6ae4b05252/library/std/src/sys/backtrace.rs:170:18
[INFO] [stdout]   16:     0x64871348fc7c - rust_begin_unwind
[INFO] [stdout]                                at /rustc/df4ca44d3fbc9301ee17f30f4d474e6ae4b05252/library/std/src/panicking.rs:665:5
[INFO] [stdout]   17:     0x6487134b6610 - core::panicking::panic_fmt::ha9db07b529f9b256
[INFO] [stdout]                                at /rustc/df4ca44d3fbc9301ee17f30f4d474e6ae4b05252/library/core/src/panicking.rs:75:14
[INFO] [stdout]   18:     0x6487134b6af6 - core::result::unwrap_failed::h5e8218e4d4338b8a
[INFO] [stdout]                                at /rustc/df4ca44d3fbc9301ee17f30f4d474e6ae4b05252/library/core/src/result.rs:1698:5
[INFO] [stdout]   19:     0x648712f576a0 - core::result::Result<T,E>::unwrap::h36897f05b4c30795
[INFO] [stdout]                                at /rustc/df4ca44d3fbc9301ee17f30f4d474e6ae4b05252/library/core/src/result.rs:1103:23
[INFO] [stdout]   20:     0x648712f576a0 - hide_my_email::tests::generate_hme_and_claim::{{closure}}::h110b2d7c808bb6df
[INFO] [stdout]                                at /opt/rustwide/workdir/src/lib.rs:297:23
[INFO] [stdout]   21:     0x648712f4d172 - <core::pin::Pin<P> as core::future::future::Future>::poll::hb6ef8698ef755aaa
[INFO] [stdout]                                at /rustc/df4ca44d3fbc9301ee17f30f4d474e6ae4b05252/library/core/src/future/future.rs:123:9
[INFO] [stdout]   22:     0x648712f4d0ed - <core::pin::Pin<P> as core::future::future::Future>::poll::h937a85eac0b0ad9b
[INFO] [stdout]                                at /rustc/df4ca44d3fbc9301ee17f30f4d474e6ae4b05252/library/core/src/future/future.rs:123:9
[INFO] [stdout]   23:     0x648712f47b3f - tokio::runtime::scheduler::current_thread::CoreGuard::block_on::{{closure}}::{{closure}}::{{closure}}::h443cd9babf86d269
[INFO] [stdout]                                at /opt/rustwide/cargo-home/registry/src/index.crates.io-6f17d22bba15001f/tokio-1.41.0/src/runtime/scheduler/current_thread/mod.rs:729:57
[INFO] [stdout]   24:     0x648712f47a25 - tokio::runtime::coop::with_budget::h9a1045325faa18d0
[INFO] [stdout]                                at /opt/rustwide/cargo-home/registry/src/index.crates.io-6f17d22bba15001f/tokio-1.41.0/src/runtime/coop.rs:107:5
[INFO] [stdout]   25:     0x648712f47a25 - tokio::runtime::coop::budget::h81e8e677de555aa6
[INFO] [stdout]                                at /opt/rustwide/cargo-home/registry/src/index.crates.io-6f17d22bba15001f/tokio-1.41.0/src/runtime/coop.rs:73:5
[INFO] [stdout]   26:     0x648712f47a25 - tokio::runtime::scheduler::current_thread::CoreGuard::block_on::{{closure}}::{{closure}}::h4ca38869caea80c0
[INFO] [stdout]                                at /opt/rustwide/cargo-home/registry/src/index.crates.io-6f17d22bba15001f/tokio-1.41.0/src/runtime/scheduler/current_thread/mod.rs:729:25
[INFO] [stdout]   27:     0x648712f456cc - tokio::runtime::scheduler::current_thread::Context::enter::hf01d9cdbb0482893
[INFO] [stdout]                                at /opt/rustwide/cargo-home/registry/src/index.crates.io-6f17d22bba15001f/tokio-1.41.0/src/runtime/scheduler/current_thread/mod.rs:428:19
[INFO] [stdout]   28:     0x648712f4687b - tokio::runtime::scheduler::current_thread::CoreGuard::block_on::{{closure}}::h5562c350e726a05e
[INFO] [stdout]                                at /opt/rustwide/cargo-home/registry/src/index.crates.io-6f17d22bba15001f/tokio-1.41.0/src/runtime/scheduler/current_thread/mod.rs:728:36
[INFO] [stdout]   29:     0x648712f46584 - tokio::runtime::scheduler::current_thread::CoreGuard::enter::{{closure}}::hde41f958c6ecda66
[INFO] [stdout]                                at /opt/rustwide/cargo-home/registry/src/index.crates.io-6f17d22bba15001f/tokio-1.41.0/src/runtime/scheduler/current_thread/mod.rs:807:68
[INFO] [stdout]   30:     0x648712f5c6ab - tokio::runtime::context::scoped::Scoped<T>::set::hcbf2bba643708afc
[INFO] [stdout]                                at /opt/rustwide/cargo-home/registry/src/index.crates.io-6f17d22bba15001f/tokio-1.41.0/src/runtime/context/scoped.rs:40:9
[INFO] [stdout]   31:     0x648712f5c259 - tokio::runtime::context::set_scheduler::{{closure}}::h2709845ffe2f11b7
[INFO] [stdout]                                at /opt/rustwide/cargo-home/registry/src/index.crates.io-6f17d22bba15001f/tokio-1.41.0/src/runtime/context.rs:180:26
[INFO] [stdout]   32:     0x648712f5006d - std::thread::local::LocalKey<T>::try_with::h805bb88614dcf5b8
[INFO] [stdout]                                at /rustc/df4ca44d3fbc9301ee17f30f4d474e6ae4b05252/library/std/src/thread/local.rs:283:12
[INFO] [stdout]   33:     0x648712f4f49a - std::thread::local::LocalKey<T>::with::h0ba9f896f5a007bc
[INFO] [stdout]                                at /rustc/df4ca44d3fbc9301ee17f30f4d474e6ae4b05252/library/std/src/thread/local.rs:260:9
[INFO] [stdout]   34:     0x648712f5c1cd - tokio::runtime::context::set_scheduler::hbf06b976f75cc709
[INFO] [stdout]                                at /opt/rustwide/cargo-home/registry/src/index.crates.io-6f17d22bba15001f/tokio-1.41.0/src/runtime/context.rs:180:9
[INFO] [stdout]   35:     0x648712f45ef4 - tokio::runtime::scheduler::current_thread::CoreGuard::enter::h41b5feb30d8c25b9
[INFO] [stdout]                                at /opt/rustwide/cargo-home/registry/src/index.crates.io-6f17d22bba15001f/tokio-1.41.0/src/runtime/scheduler/current_thread/mod.rs:807:27
[INFO] [stdout]   36:     0x648712f465a3 - tokio::runtime::scheduler::current_thread::CoreGuard::block_on::h0e699407cba7a445
[INFO] [stdout]                                at /opt/rustwide/cargo-home/registry/src/index.crates.io-6f17d22bba15001f/tokio-1.41.0/src/runtime/scheduler/current_thread/mod.rs:716:19
[INFO] [stdout]   37:     0x648712f44853 - tokio::runtime::scheduler::current_thread::CurrentThread::block_on::{{closure}}::hc64729259b2a1734
[INFO] [stdout]                                at /opt/rustwide/cargo-home/registry/src/index.crates.io-6f17d22bba15001f/tokio-1.41.0/src/runtime/scheduler/current_thread/mod.rs:196:28
[INFO] [stdout]   38:     0x648712f4bb66 - tokio::runtime::context::runtime::enter_runtime::h70e751ee1647367a
[INFO] [stdout]                                at /opt/rustwide/cargo-home/registry/src/index.crates.io-6f17d22bba15001f/tokio-1.41.0/src/runtime/context/runtime.rs:65:16
[INFO] [stdout]   39:     0x648712f44141 - tokio::runtime::scheduler::current_thread::CurrentThread::block_on::he1be967c7d84655a
[INFO] [stdout]                                at /opt/rustwide/cargo-home/registry/src/index.crates.io-6f17d22bba15001f/tokio-1.41.0/src/runtime/scheduler/current_thread/mod.rs:184:9
[INFO] [stdout]   40:     0x648712f390b3 - tokio::runtime::runtime::Runtime::block_on_inner::h0fd336d2faf14bdd
[INFO] [stdout]                                at /opt/rustwide/cargo-home/registry/src/index.crates.io-6f17d22bba15001f/tokio-1.41.0/src/runtime/runtime.rs:368:47
[INFO] [stdout]   41:     0x648712f392a7 - tokio::runtime::runtime::Runtime::block_on::h09a1fdae0ec708f6
[INFO] [stdout]                                at /opt/rustwide/cargo-home/registry/src/index.crates.io-6f17d22bba15001f/tokio-1.41.0/src/runtime/runtime.rs:342:13
[INFO] [stdout]   42:     0x648712f57473 - hide_my_email::tests::generate_hme_and_claim::h68593fbd5d664974
[INFO] [stdout]                                at /opt/rustwide/workdir/src/lib.rs:305:9
[INFO] [stdout]   43:     0x648712f57317 - hide_my_email::tests::generate_hme_and_claim::{{closure}}::hec04b60f0a93b44b
[INFO] [stdout]                                at /opt/rustwide/workdir/src/lib.rs:296:38
[INFO] [stdout]   44:     0x648712f41146 - core::ops::function::FnOnce::call_once::h33818e8365f0bee0
[INFO] [stdout]                                at /rustc/df4ca44d3fbc9301ee17f30f4d474e6ae4b05252/library/core/src/ops/function.rs:250:5
[INFO] [stdout]   45:     0x648712f9bddb - core::ops::function::FnOnce::call_once::h22c3ba5715e93f05
[INFO] [stdout]                                at /rustc/df4ca44d3fbc9301ee17f30f4d474e6ae4b05252/library/core/src/ops/function.rs:250:5
[INFO] [stdout]   46:     0x648712f9bddb - test::__rust_begin_short_backtrace::h8e82d8113d0da17f
[INFO] [stdout]                                at /rustc/df4ca44d3fbc9301ee17f30f4d474e6ae4b05252/library/test/src/lib.rs:621:18
[INFO] [stdout]   47:     0x648712f9b757 - test::run_test_in_process::{{closure}}::h33235f4f20b7b7c7
[INFO] [stdout]                                at /rustc/df4ca44d3fbc9301ee17f30f4d474e6ae4b05252/library/test/src/lib.rs:644:60
[INFO] [stdout]   48:     0x648712f9b757 - <core::panic::unwind_safe::AssertUnwindSafe<F> as core::ops::function::FnOnce<()>>::call_once::hb5043206310c586f
[INFO] [stdout]                                at /rustc/df4ca44d3fbc9301ee17f30f4d474e6ae4b05252/library/core/src/panic/unwind_safe.rs:272:9
[INFO] [stdout]   49:     0x648712f9b757 - std::panicking::try::do_call::h9ad4731a60ab23e2
[INFO] [stdout]                                at /rustc/df4ca44d3fbc9301ee17f30f4d474e6ae4b05252/library/std/src/panicking.rs:557:40
[INFO] [stdout]   50:     0x648712f9b757 - std::panicking::try::h3824d23db772a716
[INFO] [stdout]                                at /rustc/df4ca44d3fbc9301ee17f30f4d474e6ae4b05252/library/std/src/panicking.rs:520:19
[INFO] [stdout]   51:     0x648712f9b757 - std::panic::catch_unwind::h5afd514605fde46b
[INFO] [stdout]                                at /rustc/df4ca44d3fbc9301ee17f30f4d474e6ae4b05252/library/std/src/panic.rs:358:14
[INFO] [stdout]   52:     0x648712f9b757 - test::run_test_in_process::h0d5cbfa7067d1720
[INFO] [stdout]                                at /rustc/df4ca44d3fbc9301ee17f30f4d474e6ae4b05252/library/test/src/lib.rs:644:27
[INFO] [stdout]   53:     0x648712f9b757 - test::run_test::{{closure}}::h708eb8872708115d
[INFO] [stdout]                                at /rustc/df4ca44d3fbc9301ee17f30f4d474e6ae4b05252/library/test/src/lib.rs:565:43
[INFO] [stdout]   54:     0x648712f5ee74 - test::run_test::{{closure}}::h392c51cee94713ab
[INFO] [stdout]                                at /rustc/df4ca44d3fbc9301ee17f30f4d474e6ae4b05252/library/test/src/lib.rs:595:41
[INFO] [stdout]   55:     0x648712f5ee74 - std::sys::backtrace::__rust_begin_short_backtrace::h2f40290710935a8b
[INFO] [stdout]                                at /rustc/df4ca44d3fbc9301ee17f30f4d474e6ae4b05252/library/std/src/sys/backtrace.rs:154:18
[INFO] [stdout]   56:     0x648712f6261e - std::thread::Builder::spawn_unchecked_::{{closure}}::{{closure}}::h3fd968d89053a903
[INFO] [stdout]                                at /rustc/df4ca44d3fbc9301ee17f30f4d474e6ae4b05252/library/std/src/thread/mod.rs:541:17
[INFO] [stdout]   57:     0x648712f6261e - <core::panic::unwind_safe::AssertUnwindSafe<F> as core::ops::function::FnOnce<()>>::call_once::h743f637ba4229880
[INFO] [stdout]                                at /rustc/df4ca44d3fbc9301ee17f30f4d474e6ae4b05252/library/core/src/panic/unwind_safe.rs:272:9
[INFO] [stdout]   58:     0x648712f6261e - std::panicking::try::do_call::h07440897322525a6
[INFO] [stdout]                                at /rustc/df4ca44d3fbc9301ee17f30f4d474e6ae4b05252/library/std/src/panicking.rs:557:40
[INFO] [stdout]   59:     0x648712f6261e - std::panicking::try::he5a2e00188156637
[INFO] [stdout]                                at /rustc/df4ca44d3fbc9301ee17f30f4d474e6ae4b05252/library/std/src/panicking.rs:520:19
[INFO] [stdout]   60:     0x648712f6261e - std::panic::catch_unwind::hbaf3cae49b3c6433
[INFO] [stdout]                                at /rustc/df4ca44d3fbc9301ee17f30f4d474e6ae4b05252/library/std/src/panic.rs:358:14
[INFO] [stdout]   61:     0x648712f6261e - std::thread::Builder::spawn_unchecked_::{{closure}}::h8e141ea224820bce
[INFO] [stdout]                                at /rustc/df4ca44d3fbc9301ee17f30f4d474e6ae4b05252/library/std/src/thread/mod.rs:540:30
[INFO] [stdout]   62:     0x648712f6261e - core::ops::function::FnOnce::call_once{{vtable.shim}}::h90d312fedd7b8ea8
[INFO] [stdout]                                at /rustc/df4ca44d3fbc9301ee17f30f4d474e6ae4b05252/library/core/src/ops/function.rs:250:5
[INFO] [stdout]   63:     0x64871349458b - <alloc::boxed::Box<F,A> as core::ops::function::FnOnce<Args>>::call_once::h69aa08ddb6adb8b6
[INFO] [stdout]                                at /rustc/df4ca44d3fbc9301ee17f30f4d474e6ae4b05252/library/alloc/src/boxed.rs:2454:9
[INFO] [stdout]   64:     0x64871349458b - <alloc::boxed::Box<F,A> as core::ops::function::FnOnce<Args>>::call_once::h5aa36efdb79c806f
[INFO] [stdout]                                at /rustc/df4ca44d3fbc9301ee17f30f4d474e6ae4b05252/library/alloc/src/boxed.rs:2454:9
[INFO] [stdout]   65:     0x64871349458b - std::sys::pal::unix::thread::Thread::new::thread_start::h6cd80a1b4be5158d
[INFO] [stdout]                                at /rustc/df4ca44d3fbc9301ee17f30f4d474e6ae4b05252/library/std/src/sys/pal/unix/thread.rs:105:17
[INFO] [stdout]   66:     0x7c210780fac3 - <unknown>
[INFO] [stdout]   67:     0x7c21078a0a04 - clone
[INFO] [stdout]   68:                0x0 - <unknown>
[INFO] [stdout] 
[INFO] [stdout] ---- tests::fetch_hme_list stdout ----
[INFO] [stdout] thread 'tests::fetch_hme_list' panicked at src/lib.rs:310:42:
[INFO] [stdout] called `Result::unwrap()` on an `Err` value: NotPresent
[INFO] [stdout] stack backtrace:
[INFO] [stdout]    0:     0x64871348e69a - std::backtrace_rs::backtrace::libunwind::trace::h207520d6e9873551
[INFO] [stdout]                                at /rustc/df4ca44d3fbc9301ee17f30f4d474e6ae4b05252/library/std/src/../../backtrace/src/backtrace/libunwind.rs:116:5
[INFO] [stdout]    1:     0x64871348e69a - std::backtrace_rs::backtrace::trace_unsynchronized::h2ed7433f370e3eca
[INFO] [stdout]                                at /rustc/df4ca44d3fbc9301ee17f30f4d474e6ae4b05252/library/std/src/../../backtrace/src/backtrace/mod.rs:66:5
[INFO] [stdout]    2:     0x64871348e69a - std::sys::backtrace::_print_fmt::h916fac51166b18d7
[INFO] [stdout]                                at /rustc/df4ca44d3fbc9301ee17f30f4d474e6ae4b05252/library/std/src/sys/backtrace.rs:66:9
[INFO] [stdout]    3:     0x64871348e69a - <std::sys::backtrace::BacktraceLock::print::DisplayBacktrace as core::fmt::Display>::fmt::ha0a4c9b8ce3802e6
[INFO] [stdout]                                at /rustc/df4ca44d3fbc9301ee17f30f4d474e6ae4b05252/library/std/src/sys/backtrace.rs:39:26
[INFO] [stdout]    4:     0x6487134b8113 - core::fmt::rt::Argument::fmt::h4cfc8587d52b3eb5
[INFO] [stdout]                                at /rustc/df4ca44d3fbc9301ee17f30f4d474e6ae4b05252/library/core/src/fmt/rt.rs:177:76
[INFO] [stdout]    5:     0x6487134b8113 - core::fmt::write::h522cc39e5b36ae9f
[INFO] [stdout]                                at /rustc/df4ca44d3fbc9301ee17f30f4d474e6ae4b05252/library/core/src/fmt/mod.rs:1190:21
[INFO] [stdout]    6:     0x64871348a453 - std::io::Write::write_fmt::h7d3c26752da97734
[INFO] [stdout]                                at /rustc/df4ca44d3fbc9301ee17f30f4d474e6ae4b05252/library/std/src/io/mod.rs:1839:15
[INFO] [stdout]    7:     0x64871348e4e2 - std::sys::backtrace::BacktraceLock::print::h4b9e00b29e9c0942
[INFO] [stdout]                                at /rustc/df4ca44d3fbc9301ee17f30f4d474e6ae4b05252/library/std/src/sys/backtrace.rs:42:9
[INFO] [stdout]    8:     0x64871348fb2a - std::panicking::default_hook::{{closure}}::hb59b88280d0324d9
[INFO] [stdout]                                at /rustc/df4ca44d3fbc9301ee17f30f4d474e6ae4b05252/library/std/src/panicking.rs:268:22
[INFO] [stdout]    9:     0x64871348f934 - std::panicking::default_hook::he1dd496665be4a29
[INFO] [stdout]                                at /rustc/df4ca44d3fbc9301ee17f30f4d474e6ae4b05252/library/std/src/panicking.rs:292:9
[INFO] [stdout]   10:     0x648712f97509 - <alloc::boxed::Box<F,A> as core::ops::function::Fn<Args>>::call::h4ff71de18744e1dc
[INFO] [stdout]                                at /rustc/df4ca44d3fbc9301ee17f30f4d474e6ae4b05252/library/alloc/src/boxed.rs:2468:9
[INFO] [stdout]   11:     0x648712f97509 - test::test_main::{{closure}}::hcf7c055ce117aa81
[INFO] [stdout]                                at /rustc/df4ca44d3fbc9301ee17f30f4d474e6ae4b05252/library/test/src/lib.rs:133:21
[INFO] [stdout]   12:     0x648713490228 - <alloc::boxed::Box<F,A> as core::ops::function::Fn<Args>>::call::h1d66c6bbd60c9692
[INFO] [stdout]                                at /rustc/df4ca44d3fbc9301ee17f30f4d474e6ae4b05252/library/alloc/src/boxed.rs:2468:9
[INFO] [stdout]   13:     0x648713490228 - std::panicking::rust_panic_with_hook::h2ff17fe8f26dfcf8
[INFO] [stdout]                                at /rustc/df4ca44d3fbc9301ee17f30f4d474e6ae4b05252/library/std/src/panicking.rs:809:13
[INFO] [stdout]   14:     0x64871348ffea - std::panicking::begin_panic_handler::{{closure}}::h4fad77951c07e101
[INFO] [stdout]                                at /rustc/df4ca44d3fbc9301ee17f30f4d474e6ae4b05252/library/std/src/panicking.rs:674:13
[INFO] [stdout]   15:     0x64871348eb79 - std::sys::backtrace::__rust_end_short_backtrace::hb1a25b3da5d0ea08
[INFO] [stdout]                                at /rustc/df4ca44d3fbc9301ee17f30f4d474e6ae4b05252/library/std/src/sys/backtrace.rs:170:18
[INFO] [stdout]   16:     0x64871348fc7c - rust_begin_unwind
[INFO] [stdout]                                at /rustc/df4ca44d3fbc9301ee17f30f4d474e6ae4b05252/library/std/src/panicking.rs:665:5
[INFO] [stdout]   17:     0x6487134b6610 - core::panicking::panic_fmt::ha9db07b529f9b256
[INFO] [stdout]                                at /rustc/df4ca44d3fbc9301ee17f30f4d474e6ae4b05252/library/core/src/panicking.rs:75:14
[INFO] [stdout]   18:     0x6487134b6af6 - core::result::unwrap_failed::h5e8218e4d4338b8a
[INFO] [stdout]                                at /rustc/df4ca44d3fbc9301ee17f30f4d474e6ae4b05252/library/core/src/result.rs:1698:5
[INFO] [stdout]   19:     0x648712f58268 - core::result::Result<T,E>::unwrap::h36897f05b4c30795
[INFO] [stdout]                                at /rustc/df4ca44d3fbc9301ee17f30f4d474e6ae4b05252/library/core/src/result.rs:1103:23
[INFO] [stdout]   20:     0x648712f58268 - hide_my_email::tests::fetch_hme_list::{{closure}}::h25e108863a1cba1e
[INFO] [stdout]                                at /opt/rustwide/workdir/src/lib.rs:310:23
[INFO] [stdout]   21:     0x648712f4d172 - <core::pin::Pin<P> as core::future::future::Future>::poll::hb6ef8698ef755aaa
[INFO] [stdout]                                at /rustc/df4ca44d3fbc9301ee17f30f4d474e6ae4b05252/library/core/src/future/future.rs:123:9
[INFO] [stdout]   22:     0x648712f4d0ed - <core::pin::Pin<P> as core::future::future::Future>::poll::h937a85eac0b0ad9b
[INFO] [stdout]                                at /rustc/df4ca44d3fbc9301ee17f30f4d474e6ae4b05252/library/core/src/future/future.rs:123:9
[INFO] [stdout]   23:     0x648712f47b3f - tokio::runtime::scheduler::current_thread::CoreGuard::block_on::{{closure}}::{{closure}}::{{closure}}::h443cd9babf86d269
[INFO] [stdout]                                at /opt/rustwide/cargo-home/registry/src/index.crates.io-6f17d22bba15001f/tokio-1.41.0/src/runtime/scheduler/current_thread/mod.rs:729:57
[INFO] [stdout]   24:     0x648712f47a25 - tokio::runtime::coop::with_budget::h9a1045325faa18d0
[INFO] [stdout]                                at /opt/rustwide/cargo-home/registry/src/index.crates.io-6f17d22bba15001f/tokio-1.41.0/src/runtime/coop.rs:107:5
[INFO] [stdout]   25:     0x648712f47a25 - tokio::runtime::coop::budget::h81e8e677de555aa6
[INFO] [stdout]                                at /opt/rustwide/cargo-home/registry/src/index.crates.io-6f17d22bba15001f/tokio-1.41.0/src/runtime/coop.rs:73:5
[INFO] [stdout]   26:     0x648712f47a25 - tokio::runtime::scheduler::current_thread::CoreGuard::block_on::{{closure}}::{{closure}}::h4ca38869caea80c0
[INFO] [stdout]                                at /opt/rustwide/cargo-home/registry/src/index.crates.io-6f17d22bba15001f/tokio-1.41.0/src/runtime/scheduler/current_thread/mod.rs:729:25
[INFO] [stdout]   27:     0x648712f456cc - tokio::runtime::scheduler::current_thread::Context::enter::hf01d9cdbb0482893
[INFO] [stdout]                                at /opt/rustwide/cargo-home/registry/src/index.crates.io-6f17d22bba15001f/tokio-1.41.0/src/runtime/scheduler/current_thread/mod.rs:428:19
[INFO] [stdout]   28:     0x648712f4687b - tokio::runtime::scheduler::current_thread::CoreGuard::block_on::{{closure}}::h5562c350e726a05e
[INFO] [stdout]                                at /opt/rustwide/cargo-home/registry/src/index.crates.io-6f17d22bba15001f/tokio-1.41.0/src/runtime/scheduler/current_thread/mod.rs:728:36
[INFO] [stdout]   29:     0x648712f46584 - tokio::runtime::scheduler::current_thread::CoreGuard::enter::{{closure}}::hde41f958c6ecda66
[INFO] [stdout]                                at /opt/rustwide/cargo-home/registry/src/index.crates.io-6f17d22bba15001f/tokio-1.41.0/src/runtime/scheduler/current_thread/mod.rs:807:68
[INFO] [stdout]   30:     0x648712f5c6ab - tokio::runtime::context::scoped::Scoped<T>::set::hcbf2bba643708afc
[INFO] [stdout]                                at /opt/rustwide/cargo-home/registry/src/index.crates.io-6f17d22bba15001f/tokio-1.41.0/src/runtime/context/scoped.rs:40:9
[INFO] [stdout]   31:     0x648712f5c259 - tokio::runtime::context::set_scheduler::{{closure}}::h2709845ffe2f11b7
[INFO] [stdout]                                at /opt/rustwide/cargo-home/registry/src/index.crates.io-6f17d22bba15001f/tokio-1.41.0/src/runtime/context.rs:180:26
[INFO] [stdout]   32:     0x648712f5006d - std::thread::local::LocalKey<T>::try_with::h805bb88614dcf5b8
[INFO] [stdout]                                at /rustc/df4ca44d3fbc9301ee17f30f4d474e6ae4b05252/library/std/src/thread/local.rs:283:12
[INFO] [stdout]   33:     0x648712f4f49a - std::thread::local::LocalKey<T>::with::h0ba9f896f5a007bc
[INFO] [stdout]                                at /rustc/df4ca44d3fbc9301ee17f30f4d474e6ae4b05252/library/std/src/thread/local.rs:260:9
[INFO] [stdout]   34:     0x648712f5c1cd - tokio::runtime::context::set_scheduler::hbf06b976f75cc709
[INFO] [stdout]                                at /opt/rustwide/cargo-home/registry/src/index.crates.io-6f17d22bba15001f/tokio-1.41.0/src/runtime/context.rs:180:9
[INFO] [stdout]   35:     0x648712f45ef4 - tokio::runtime::scheduler::current_thread::CoreGuard::enter::h41b5feb30d8c25b9
[INFO] [stdout]                                at /opt/rustwide/cargo-home/registry/src/index.crates.io-6f17d22bba15001f/tokio-1.41.0/src/runtime/scheduler/current_thread/mod.rs:807:27
[INFO] [stdout]   36:     0x648712f465a3 - tokio::runtime::scheduler::current_thread::CoreGuard::block_on::h0e699407cba7a445
[INFO] [stdout]                                at /opt/rustwide/cargo-home/registry/src/index.crates.io-6f17d22bba15001f/tokio-1.41.0/src/runtime/scheduler/current_thread/mod.rs:716:19
[INFO] [stdout]   37:     0x648712f44853 - tokio::runtime::scheduler::current_thread::CurrentThread::block_on::{{closure}}::hc64729259b2a1734
[INFO] [stdout]                                at /opt/rustwide/cargo-home/registry/src/index.crates.io-6f17d22bba15001f/tokio-1.41.0/src/runtime/scheduler/current_thread/mod.rs:196:28
[INFO] [stdout]   38:     0x648712f4bb66 - tokio::runtime::context::runtime::enter_runtime::h70e751ee1647367a
[INFO] [stdout]                                at /opt/rustwide/cargo-home/registry/src/index.crates.io-6f17d22bba15001f/tokio-1.41.0/src/runtime/context/runtime.rs:65:16
[INFO] [stdout]   39:     0x648712f44141 - tokio::runtime::scheduler::current_thread::CurrentThread::block_on::he1be967c7d84655a
[INFO] [stdout]                                at /opt/rustwide/cargo-home/registry/src/index.crates.io-6f17d22bba15001f/tokio-1.41.0/src/runtime/scheduler/current_thread/mod.rs:184:9
[INFO] [stdout]   40:     0x648712f390b3 - tokio::runtime::runtime::Runtime::block_on_inner::h0fd336d2faf14bdd
[INFO] [stdout]                                at /opt/rustwide/cargo-home/registry/src/index.crates.io-6f17d22bba15001f/tokio-1.41.0/src/runtime/runtime.rs:368:47
[INFO] [stdout]   41:     0x648712f392a7 - tokio::runtime::runtime::Runtime::block_on::h09a1fdae0ec708f6
[INFO] [stdout]                                at /opt/rustwide/cargo-home/registry/src/index.crates.io-6f17d22bba15001f/tokio-1.41.0/src/runtime/runtime.rs:342:13
[INFO] [stdout]   42:     0x648712f58033 - hide_my_email::tests::fetch_hme_list::hdb6075e10c04cf7f
[INFO] [stdout]                                at /opt/rustwide/workdir/src/lib.rs:321:9
[INFO] [stdout]   43:     0x648712f57ed7 - hide_my_email::tests::fetch_hme_list::{{closure}}::hf3addafa51ef5a80
[INFO] [stdout]                                at /opt/rustwide/workdir/src/lib.rs:309:30
[INFO] [stdout]   44:     0x648712f41336 - core::ops::function::FnOnce::call_once::h88e55990830200fd
[INFO] [stdout]                                at /rustc/df4ca44d3fbc9301ee17f30f4d474e6ae4b05252/library/core/src/ops/function.rs:250:5
[INFO] [stdout]   45:     0x648712f9bddb - core::ops::function::FnOnce::call_once::h22c3ba5715e93f05
[INFO] [stdout]                                at /rustc/df4ca44d3fbc9301ee17f30f4d474e6ae4b05252/library/core/src/ops/function.rs:250:5
[INFO] [stdout]   46:     0x648712f9bddb - test::__rust_begin_short_backtrace::h8e82d8113d0da17f
[INFO] [stdout]                                at /rustc/df4ca44d3fbc9301ee17f30f4d474e6ae4b05252/library/test/src/lib.rs:621:18
[INFO] [stdout]   47:     0x648712f9b757 - test::run_test_in_process::{{closure}}::h33235f4f20b7b7c7
[INFO] [stdout]                                at /rustc/df4ca44d3fbc9301ee17f30f4d474e6ae4b05252/library/test/src/lib.rs:644:60
[INFO] [stdout]   48:     0x648712f9b757 - <core::panic::unwind_safe::AssertUnwindSafe<F> as core::ops::function::FnOnce<()>>::call_once::hb5043206310c586f
[INFO] [stdout]                                at /rustc/df4ca44d3fbc9301ee17f30f4d474e6ae4b05252/library/core/src/panic/unwind_safe.rs:272:9
[INFO] [stdout]   49:     0x648712f9b757 - std::panicking::try::do_call::h9ad4731a60ab23e2
[INFO] [stdout]                                at /rustc/df4ca44d3fbc9301ee17f30f4d474e6ae4b05252/library/std/src/panicking.rs:557:40
[INFO] [stdout]   50:     0x648712f9b757 - std::panicking::try::h3824d23db772a716
[INFO] [stdout]                                at /rustc/df4ca44d3fbc9301ee17f30f4d474e6ae4b05252/library/std/src/panicking.rs:520:19
[INFO] [stdout]   51:     0x648712f9b757 - std::panic::catch_unwind::h5afd514605fde46b
[INFO] [stdout]                                at /rustc/df4ca44d3fbc9301ee17f30f4d474e6ae4b05252/library/std/src/panic.rs:358:14
[INFO] [stdout]   52:     0x648712f9b757 - test::run_test_in_process::h0d5cbfa7067d1720
[INFO] [stdout]                                at /rustc/df4ca44d3fbc9301ee17f30f4d474e6ae4b05252/library/test/src/lib.rs:644:27
[INFO] [stdout]   53:     0x648712f9b757 - test::run_test::{{closure}}::h708eb8872708115d
[INFO] [stdout]                                at /rustc/df4ca44d3fbc9301ee17f30f4d474e6ae4b05252/library/test/src/lib.rs:565:43
[INFO] [stdout]   54:     0x648712f5ee74 - test::run_test::{{closure}}::h392c51cee94713ab
[INFO] [stdout]                                at /rustc/df4ca44d3fbc9301ee17f30f4d474e6ae4b05252/library/test/src/lib.rs:595:41
[INFO] [stdout]   55:     0x648712f5ee74 - std::sys::backtrace::__rust_begin_short_backtrace::h2f40290710935a8b
[INFO] [stdout]                                at /rustc/df4ca44d3fbc9301ee17f30f4d474e6ae4b05252/library/std/src/sys/backtrace.rs:154:18
[INFO] [stdout]   56:     0x648712f6261e - std::thread::Builder::spawn_unchecked_::{{closure}}::{{closure}}::h3fd968d89053a903
[INFO] [stdout]                                at /rustc/df4ca44d3fbc9301ee17f30f4d474e6ae4b05252/library/std/src/thread/mod.rs:541:17
[INFO] [stdout]   57:     0x648712f6261e - <core::panic::unwind_safe::AssertUnwindSafe<F> as core::ops::function::FnOnce<()>>::call_once::h743f637ba4229880
[INFO] [stderr] error: test failed, to rerun pass `--lib`
[INFO] [stdout]                                at /rustc/df4ca44d3fbc9301ee17f30f4d474e6ae4b05252/library/core/src/panic/unwind_safe.rs:272:9
[INFO] [stdout]   58:     0x648712f6261e - std::panicking::try::do_call::h07440897322525a6
[INFO] [stdout]                                at /rustc/df4ca44d3fbc9301ee17f30f4d474e6ae4b05252/library/std/src/panicking.rs:557:40
[INFO] [stdout]   59:     0x648712f6261e - std::panicking::try::he5a2e00188156637
[INFO] [stdout]                                at /rustc/df4ca44d3fbc9301ee17f30f4d474e6ae4b05252/library/std/src/panicking.rs:520:19
[INFO] [stdout]   60:     0x648712f6261e - std::panic::catch_unwind::hbaf3cae49b3c6433
[INFO] [stdout]                                at /rustc/df4ca44d3fbc9301ee17f30f4d474e6ae4b05252/library/std/src/panic.rs:358:14
[INFO] [stdout]   61:     0x648712f6261e - std::thread::Builder::spawn_unchecked_::{{closure}}::h8e141ea224820bce
[INFO] [stdout]                                at /rustc/df4ca44d3fbc9301ee17f30f4d474e6ae4b05252/library/std/src/thread/mod.rs:540:30
[INFO] [stdout]   62:     0x648712f6261e - core::ops::function::FnOnce::call_once{{vtable.shim}}::h90d312fedd7b8ea8
[INFO] [stdout]                                at /rustc/df4ca44d3fbc9301ee17f30f4d474e6ae4b05252/library/core/src/ops/function.rs:250:5
[INFO] [stdout]   63:     0x64871349458b - <alloc::boxed::Box<F,A> as core::ops::function::FnOnce<Args>>::call_once::h69aa08ddb6adb8b6
[INFO] [stdout]                                at /rustc/df4ca44d3fbc9301ee17f30f4d474e6ae4b05252/library/alloc/src/boxed.rs:2454:9
[INFO] [stdout]   64:     0x64871349458b - <alloc::boxed::Box<F,A> as core::ops::function::FnOnce<Args>>::call_once::h5aa36efdb79c806f
[INFO] [stdout]                                at /rustc/df4ca44d3fbc9301ee17f30f4d474e6ae4b05252/library/alloc/src/boxed.rs:2454:9
[INFO] [stdout]   65:     0x64871349458b - std::sys::pal::unix::thread::Thread::new::thread_start::h6cd80a1b4be5158d
[INFO] [stdout]                                at /rustc/df4ca44d3fbc9301ee17f30f4d474e6ae4b05252/library/std/src/sys/pal/unix/thread.rs:105:17
[INFO] [stdout]   66:     0x7c210780fac3 - <unknown>
[INFO] [stdout]   67:     0x7c21078a0a04 - clone
[INFO] [stdout]   68:                0x0 - <unknown>
[INFO] [stdout] 
[INFO] [stdout] 
[INFO] [stdout] failures:
[INFO] [stdout]     tests::fetch_hme_list
[INFO] [stdout]     tests::generate_hme_and_claim
[INFO] [stdout] 
[INFO] [stdout] test result: FAILED. 3 passed; 2 failed; 0 ignored; 0 measured; 0 filtered out; finished in 0.05s
[INFO] [stdout] 
[INFO] running `Command { std: "docker" "inspect" "ec6d827904d7d70cb733cb746481783088bd7e2552e764c655273073193f5aef", kill_on_drop: false }`
[INFO] running `Command { std: "docker" "rm" "-f" "ec6d827904d7d70cb733cb746481783088bd7e2552e764c655273073193f5aef", kill_on_drop: false }`
[INFO] [stdout] ec6d827904d7d70cb733cb746481783088bd7e2552e764c655273073193f5aef
