[INFO] fetching crate hickory-proto 0.25.0-alpha.2...
[INFO] testing hickory-proto-0.25.0-alpha.2 against nightly-2024-10-28+rustflags=-Zrandomize-layout for randomize-layout
[INFO] extracting crate hickory-proto 0.25.0-alpha.2 into /workspace/builds/worker-6-tc2/source
[INFO] validating manifest of crates.io crate hickory-proto 0.25.0-alpha.2 on toolchain nightly-2024-10-28
[INFO] running `Command { std: CARGO_HOME="/workspace/cargo-home" RUSTUP_HOME="/workspace/rustup-home" "/workspace/cargo-home/bin/cargo" "+nightly-2024-10-28" "metadata" "--manifest-path" "Cargo.toml" "--no-deps", kill_on_drop: false }`
[INFO] started tweaking crates.io crate hickory-proto 0.25.0-alpha.2
[INFO] removed 0 missing tests
[INFO] finished tweaking crates.io crate hickory-proto 0.25.0-alpha.2
[INFO] tweaked toml for crates.io crate hickory-proto 0.25.0-alpha.2 written to /workspace/builds/worker-6-tc2/source/Cargo.toml
[INFO] running `Command { std: CARGO_HOME="/workspace/cargo-home" RUSTUP_HOME="/workspace/rustup-home" "/workspace/cargo-home/bin/cargo" "+nightly-2024-10-28" "generate-lockfile" "--manifest-path" "Cargo.toml", kill_on_drop: false }`
[INFO] [stderr]     Blocking waiting for file lock on package cache
[INFO] [stderr]     Updating crates.io index
[INFO] [stderr]     Blocking waiting for file lock on package cache
[INFO] [stderr]      Locking 159 packages to latest compatible versions
[INFO] [stderr]       Adding h3 v0.0.5 (available: v0.0.6)
[INFO] [stderr]       Adding h3-quinn v0.0.6 (available: v0.0.7)
[INFO] [stderr]       Adding idna v0.5.0 (available: v1.0.2)
[INFO] [stderr]       Adding rustls-native-certs v0.7.3 (available: v0.8.0)
[INFO] running `Command { std: CARGO_HOME="/workspace/cargo-home" RUSTUP_HOME="/workspace/rustup-home" "/workspace/cargo-home/bin/cargo" "+nightly-2024-10-28" "fetch" "--manifest-path" "Cargo.toml", kill_on_drop: false }`
[INFO] [stderr]     Blocking waiting for file lock on package cache
[INFO] running `Command { std: "docker" "create" "-v" "/var/lib/crater-agent-workspace/builds/worker-6-tc2/target:/opt/rustwide/target:rw,Z" "-v" "/var/lib/crater-agent-workspace/builds/worker-6-tc2/source:/opt/rustwide/workdir:ro,Z" "-v" "/var/lib/crater-agent-workspace/cargo-home:/opt/rustwide/cargo-home:ro,Z" "-v" "/var/lib/crater-agent-workspace/rustup-home:/opt/rustwide/rustup-home:ro,Z" "-e" "SOURCE_DIR=/opt/rustwide/workdir" "-e" "CARGO_TARGET_DIR=/opt/rustwide/target" "-e" "CARGO_HOME=/opt/rustwide/cargo-home" "-e" "RUSTUP_HOME=/opt/rustwide/rustup-home" "-w" "/opt/rustwide/workdir" "-m" "1610612736" "--user" "0:0" "--network" "none" "ghcr.io/rust-lang/crates-build-env/linux@sha256:4a844ea9eb2546a2d2c7022eacef16ef2e8229c7fbb2c7d4d55a9ceca922f72d" "/opt/rustwide/cargo-home/bin/cargo" "+nightly-2024-10-28" "metadata" "--no-deps" "--format-version=1", kill_on_drop: false }`
[INFO] [stdout] ef09d4179811635217abca4b1742c3f807bb2d8cd5bbee7855908b286858cb2b
[INFO] running `Command { std: "docker" "start" "-a" "ef09d4179811635217abca4b1742c3f807bb2d8cd5bbee7855908b286858cb2b", kill_on_drop: false }`
[INFO] running `Command { std: "docker" "inspect" "ef09d4179811635217abca4b1742c3f807bb2d8cd5bbee7855908b286858cb2b", kill_on_drop: false }`
[INFO] running `Command { std: "docker" "rm" "-f" "ef09d4179811635217abca4b1742c3f807bb2d8cd5bbee7855908b286858cb2b", kill_on_drop: false }`
[INFO] [stdout] ef09d4179811635217abca4b1742c3f807bb2d8cd5bbee7855908b286858cb2b
[INFO] running `Command { std: "docker" "create" "-v" "/var/lib/crater-agent-workspace/builds/worker-6-tc2/target:/opt/rustwide/target:rw,Z" "-v" "/var/lib/crater-agent-workspace/builds/worker-6-tc2/source:/opt/rustwide/workdir:ro,Z" "-v" "/var/lib/crater-agent-workspace/cargo-home:/opt/rustwide/cargo-home:ro,Z" "-v" "/var/lib/crater-agent-workspace/rustup-home:/opt/rustwide/rustup-home:ro,Z" "-e" "SOURCE_DIR=/opt/rustwide/workdir" "-e" "CARGO_TARGET_DIR=/opt/rustwide/target" "-e" "CARGO_INCREMENTAL=0" "-e" "RUST_BACKTRACE=full" "-e" "RUSTFLAGS=--cap-lints=forbid -Zrandomize-layout" "-e" "RUSTDOCFLAGS=--cap-lints=forbid" "-e" "CARGO_HOME=/opt/rustwide/cargo-home" "-e" "RUSTUP_HOME=/opt/rustwide/rustup-home" "-w" "/opt/rustwide/workdir" "-m" "1610612736" "--user" "0:0" "--network" "none" "ghcr.io/rust-lang/crates-build-env/linux@sha256:4a844ea9eb2546a2d2c7022eacef16ef2e8229c7fbb2c7d4d55a9ceca922f72d" "/opt/rustwide/cargo-home/bin/cargo" "+nightly-2024-10-28" "build" "--frozen" "--message-format=json", kill_on_drop: false }`
[INFO] [stdout] f94cc70c7a80514151b06937b0ee95de2ce4f4fc9f03756b7ae7f2b93ec04f81
[INFO] running `Command { std: "docker" "start" "-a" "f94cc70c7a80514151b06937b0ee95de2ce4f4fc9f03756b7ae7f2b93ec04f81", kill_on_drop: false }`
[INFO] [stderr]    Compiling tinyvec_macros v0.1.1
[INFO] [stderr]    Compiling unicode-bidi v0.3.17
[INFO] [stderr]    Compiling percent-encoding v2.3.1
[INFO] [stderr]    Compiling powerfmt v0.2.0
[INFO] [stderr]    Compiling num-conv v0.1.0
[INFO] [stderr]    Compiling tracing-core v0.1.32
[INFO] [stderr]    Compiling time-core v0.1.2
[INFO] [stderr]    Compiling heck v0.5.0
[INFO] [stderr]    Compiling futures-channel v0.3.31
[INFO] [stderr]    Compiling data-encoding v2.6.0
[INFO] [stderr]    Compiling ipnet v2.10.1
[INFO] [stderr]    Compiling mio v1.0.2
[INFO] [stderr]    Compiling socket2 v0.5.7
[INFO] [stderr]    Compiling tracing-attributes v0.1.27
[INFO] [stderr]    Compiling tokio-macros v2.4.0
[INFO] [stderr]    Compiling futures-util v0.3.31
[INFO] [stderr]    Compiling tinyvec v1.8.0
[INFO] [stderr]    Compiling async-recursion v1.1.1
[INFO] [stderr]    Compiling deranged v0.3.11
[INFO] [stderr]    Compiling form_urlencoded v1.2.1
[INFO] [stderr]    Compiling async-trait v0.1.83
[INFO] [stderr]    Compiling enum-as-inner v0.6.1
[INFO] [stderr]    Compiling tokio v1.41.0
[INFO] [stderr]    Compiling unicode-normalization v0.1.24
[INFO] [stderr]    Compiling time v0.3.36
[INFO] [stderr]    Compiling tracing v0.1.40
[INFO] [stderr]    Compiling idna v0.5.0
[INFO] [stderr]    Compiling url v2.5.2
[INFO] [stderr]    Compiling hickory-proto v0.25.0-alpha.2 (/opt/rustwide/workdir)
[INFO] [stderr]     Finished `dev` profile [unoptimized + debuginfo] target(s) in 5.72s
[INFO] running `Command { std: "docker" "inspect" "f94cc70c7a80514151b06937b0ee95de2ce4f4fc9f03756b7ae7f2b93ec04f81", kill_on_drop: false }`
[INFO] running `Command { std: "docker" "rm" "-f" "f94cc70c7a80514151b06937b0ee95de2ce4f4fc9f03756b7ae7f2b93ec04f81", kill_on_drop: false }`
[INFO] [stdout] f94cc70c7a80514151b06937b0ee95de2ce4f4fc9f03756b7ae7f2b93ec04f81
[INFO] running `Command { std: "docker" "create" "-v" "/var/lib/crater-agent-workspace/builds/worker-6-tc2/target:/opt/rustwide/target:rw,Z" "-v" "/var/lib/crater-agent-workspace/builds/worker-6-tc2/source:/opt/rustwide/workdir:ro,Z" "-v" "/var/lib/crater-agent-workspace/cargo-home:/opt/rustwide/cargo-home:ro,Z" "-v" "/var/lib/crater-agent-workspace/rustup-home:/opt/rustwide/rustup-home:ro,Z" "-e" "SOURCE_DIR=/opt/rustwide/workdir" "-e" "CARGO_TARGET_DIR=/opt/rustwide/target" "-e" "CARGO_INCREMENTAL=0" "-e" "RUST_BACKTRACE=full" "-e" "RUSTFLAGS=--cap-lints=forbid -Zrandomize-layout" "-e" "RUSTDOCFLAGS=--cap-lints=forbid" "-e" "CARGO_HOME=/opt/rustwide/cargo-home" "-e" "RUSTUP_HOME=/opt/rustwide/rustup-home" "-w" "/opt/rustwide/workdir" "-m" "1610612736" "--user" "0:0" "--network" "none" "ghcr.io/rust-lang/crates-build-env/linux@sha256:4a844ea9eb2546a2d2c7022eacef16ef2e8229c7fbb2c7d4d55a9ceca922f72d" "/opt/rustwide/cargo-home/bin/cargo" "+nightly-2024-10-28" "test" "--frozen" "--no-run" "--message-format=json", kill_on_drop: false }`
[INFO] [stdout] c0e69dee0fba80b29ad9aba0a33fba4d2569f2b8641133d014bb3971ffd26313
[INFO] running `Command { std: "docker" "start" "-a" "c0e69dee0fba80b29ad9aba0a33fba4d2569f2b8641133d014bb3971ffd26313", kill_on_drop: false }`
[INFO] [stderr]    Compiling pkg-config v0.3.31
[INFO] [stderr]    Compiling vcpkg v0.2.15
[INFO] [stderr]    Compiling tracing-core v0.1.32
[INFO] [stderr]    Compiling regex-syntax v0.8.5
[INFO] [stderr]    Compiling regex-syntax v0.6.29
[INFO] [stderr]    Compiling lazy_static v1.5.0
[INFO] [stderr]    Compiling openssl v0.10.68
[INFO] [stderr]    Compiling foreign-types-shared v0.1.1
[INFO] [stderr]    Compiling overload v0.1.1
[INFO] [stderr]    Compiling thread_local v1.1.8
[INFO] [stderr]    Compiling smallvec v1.13.2
[INFO] [stderr]    Compiling futures-executor v0.3.31
[INFO] [stderr]    Compiling foreign-types v0.3.2
[INFO] [stderr]    Compiling sharded-slab v0.1.7
[INFO] [stderr]    Compiling nu-ansi-term v0.46.0
[INFO] [stderr]    Compiling tracing v0.1.40
[INFO] [stderr]    Compiling tracing-log v0.2.0
[INFO] [stderr]    Compiling openssl-sys v0.9.104
[INFO] [stderr]    Compiling hickory-proto v0.25.0-alpha.2 (/opt/rustwide/workdir)
[INFO] [stderr]    Compiling regex-automata v0.4.8
[INFO] [stderr]    Compiling regex-automata v0.1.10
[INFO] [stderr]    Compiling matchers v0.1.0
[INFO] [stderr]    Compiling regex v1.11.1
[INFO] [stderr]    Compiling tracing-subscriber v0.3.18
[INFO] [stdout] warning: missing documentation for an associated function
[INFO] [stdout]   --> src/rr/resource.rs:89:5
[INFO] [stdout]    |
[INFO] [stdout] 89 |     pub fn stub() -> Self {
[INFO] [stdout]    |     ^^^^^^^^^^^^^^^^^^^^^
[INFO] [stdout]    |
[INFO] [stdout] note: the lint level is defined here
[INFO] [stdout]   --> src/lib.rs:17:5
[INFO] [stdout]    |
[INFO] [stdout] 17 |     missing_docs,
[INFO] [stdout]    |     ^^^^^^^^^^^^
[INFO] [stdout] 
[INFO] [stdout] 
[INFO] [stdout] warning: missing documentation for a module
[INFO] [stdout]   --> src/serialize/binary/mod.rs:20:1
[INFO] [stdout]    |
[INFO] [stdout] 20 | pub mod bin_tests;
[INFO] [stdout]    | ^^^^^^^^^^^^^^^^^
[INFO] [stdout] 
[INFO] [stdout] 
[INFO] [stdout] warning: missing documentation for a function
[INFO] [stdout]    --> src/serialize/binary/bin_tests.rs:121:1
[INFO] [stdout]     |
[INFO] [stdout] 121 | / pub fn test_read_data_set<E, F>(data_set: Vec<(E, Vec<u8>)>, read_func: F)
[INFO] [stdout] 122 | | where
[INFO] [stdout] 123 | |     E: PartialEq<E> + Debug,
[INFO] [stdout] 124 | |     F: Fn(BinDecoder<'_>) -> ProtoResult<E>,
[INFO] [stdout]     | |____________________________________________^
[INFO] [stdout] 
[INFO] [stdout] 
[INFO] [stdout] warning: missing documentation for a function
[INFO] [stdout]    --> src/serialize/binary/bin_tests.rs:134:1
[INFO] [stdout]     |
[INFO] [stdout] 134 | / pub fn test_emit_data_set<S, F>(data_set: Vec<(S, Vec<u8>)>, emit_func: F)
[INFO] [stdout] 135 | | where
[INFO] [stdout] 136 | |     F: Fn(&mut BinEncoder<'_>, S) -> ProtoResult<()>,
[INFO] [stdout] 137 | |     S: Debug,
[INFO] [stdout]     | |_____________^
[INFO] [stdout] 
[INFO] [stdout] 
[INFO] [stderr]     Finished `test` profile [unoptimized + debuginfo] target(s) in 7.41s
[INFO] running `Command { std: "docker" "inspect" "c0e69dee0fba80b29ad9aba0a33fba4d2569f2b8641133d014bb3971ffd26313", kill_on_drop: false }`
[INFO] running `Command { std: "docker" "rm" "-f" "c0e69dee0fba80b29ad9aba0a33fba4d2569f2b8641133d014bb3971ffd26313", kill_on_drop: false }`
[INFO] [stdout] c0e69dee0fba80b29ad9aba0a33fba4d2569f2b8641133d014bb3971ffd26313
[INFO] running `Command { std: "docker" "create" "-v" "/var/lib/crater-agent-workspace/builds/worker-6-tc2/target:/opt/rustwide/target:rw,Z" "-v" "/var/lib/crater-agent-workspace/builds/worker-6-tc2/source:/opt/rustwide/workdir:ro,Z" "-v" "/var/lib/crater-agent-workspace/cargo-home:/opt/rustwide/cargo-home:ro,Z" "-v" "/var/lib/crater-agent-workspace/rustup-home:/opt/rustwide/rustup-home:ro,Z" "-e" "SOURCE_DIR=/opt/rustwide/workdir" "-e" "CARGO_TARGET_DIR=/opt/rustwide/target" "-e" "CARGO_INCREMENTAL=0" "-e" "RUST_BACKTRACE=full" "-e" "RUSTFLAGS=--cap-lints=forbid -Zrandomize-layout" "-e" "RUSTDOCFLAGS=--cap-lints=forbid" "-e" "CARGO_HOME=/opt/rustwide/cargo-home" "-e" "RUSTUP_HOME=/opt/rustwide/rustup-home" "-w" "/opt/rustwide/workdir" "-m" "1610612736" "--user" "0:0" "--network" "none" "ghcr.io/rust-lang/crates-build-env/linux@sha256:4a844ea9eb2546a2d2c7022eacef16ef2e8229c7fbb2c7d4d55a9ceca922f72d" "/opt/rustwide/cargo-home/bin/cargo" "+nightly-2024-10-28" "test" "--frozen", kill_on_drop: false }`
[INFO] [stdout] 411a549bc5d6be8c639b11e1e9bac788859161bea9dcc8570fb1b03815ae355d
[INFO] running `Command { std: "docker" "start" "-a" "411a549bc5d6be8c639b11e1e9bac788859161bea9dcc8570fb1b03815ae355d", kill_on_drop: false }`
[INFO] [stderr] warning: missing documentation for an associated function
[INFO] [stderr]   --> src/rr/resource.rs:89:5
[INFO] [stderr]    |
[INFO] [stderr] 89 |     pub fn stub() -> Self {
[INFO] [stderr]    |     ^^^^^^^^^^^^^^^^^^^^^
[INFO] [stderr]    |
[INFO] [stderr] note: the lint level is defined here
[INFO] [stderr]   --> src/lib.rs:17:5
[INFO] [stderr]    |
[INFO] [stderr] 17 |     missing_docs,
[INFO] [stderr]    |     ^^^^^^^^^^^^
[INFO] [stderr] 
[INFO] [stderr] warning: missing documentation for a module
[INFO] [stderr]   --> src/serialize/binary/mod.rs:20:1
[INFO] [stderr]    |
[INFO] [stderr] 20 | pub mod bin_tests;
[INFO] [stderr]    | ^^^^^^^^^^^^^^^^^
[INFO] [stderr] 
[INFO] [stderr] warning: missing documentation for a function
[INFO] [stderr]    --> src/serialize/binary/bin_tests.rs:121:1
[INFO] [stderr]     |
[INFO] [stderr] 121 | / pub fn test_read_data_set<E, F>(data_set: Vec<(E, Vec<u8>)>, read_func: F)
[INFO] [stderr] 122 | | where
[INFO] [stderr] 123 | |     E: PartialEq<E> + Debug,
[INFO] [stderr] 124 | |     F: Fn(BinDecoder<'_>) -> ProtoResult<E>,
[INFO] [stderr]     | |____________________________________________^
[INFO] [stderr] 
[INFO] [stderr] warning: missing documentation for a function
[INFO] [stderr]    --> src/serialize/binary/bin_tests.rs:134:1
[INFO] [stderr]     |
[INFO] [stderr] 134 | / pub fn test_emit_data_set<S, F>(data_set: Vec<(S, Vec<u8>)>, emit_func: F)
[INFO] [stderr] 135 | | where
[INFO] [stderr] 136 | |     F: Fn(&mut BinEncoder<'_>, S) -> ProtoResult<()>,
[INFO] [stderr] 137 | |     S: Debug,
[INFO] [stderr]     | |_____________^
[INFO] [stderr] 
[INFO] [stderr] warning: `hickory-proto` (lib test) generated 4 warnings
[INFO] [stderr]     Finished `test` profile [unoptimized + debuginfo] target(s) in 0.07s
[INFO] [stderr]      Running unittests src/lib.rs (/opt/rustwide/target/debug/deps/hickory_proto-10149c23d0abc266)
[INFO] [stdout] 
[INFO] [stdout] running 165 tests
[INFO] [stdout] test op::header::test_parse ... ok
[INFO] [stdout] test op::header::test_write ... ok
[INFO] [stdout] test op::message::tests::nsec_deserialization ... ok
[INFO] [stdout] test op::message::tests::test_emit_and_read_header ... ok
[INFO] [stdout] test op::message::tests::test_emit_and_read_query ... ok
[INFO] [stdout] test op::message::tests::rdata_zero_roundtrip ... ok
[INFO] [stdout] test op::message::tests::test_emit_and_read_records ... ok
[INFO] [stdout] test op::message::tests::test_header_counts_correction_after_emit_read ... ok
[INFO] [stdout] test op::message::tests::test_legit_message ... ok
[INFO] [stdout] test op::query::test_read_and_emit ... ok
[INFO] [stdout] test rr::dns_class::tests::check_dns_class_parse_wont_panic_with_symbols ... ok
[INFO] [stdout] test rr::dns_class::tests::test_order ... ok
[INFO] [stdout] test rr::domain::label::tests::test_ascii_escape ... ok
[INFO] [stdout] test rr::domain::label::tests::test_decoding ... ok
[INFO] [stdout] test rr::domain::label::tests::test_from_ascii_adversial_utf8 ... ok
[INFO] [stdout] test rr::domain::label::tests::test_encoding ... ok
[INFO] [stdout] test rr::domain::label::tests::test_is_wildcard ... ok
[INFO] [stdout] test rr::domain::label::tests::test_label_too_long_ascii ... ok
[INFO] [stdout] test rr::domain::label::tests::test_label_too_long_raw ... ok
[INFO] [stdout] test rr::domain::label::tests::test_label_too_long_ascii_with_utf8 ... ok
[INFO] [stdout] test rr::domain::label::tests::test_partial_cmp ... ok
[INFO] [stdout] test rr::domain::label::tests::test_label_too_long_utf8_puny_mixed ... ok
[INFO] [stdout] test rr::domain::label::tests::test_label_too_long_utf8_puny_emoji ... ok
[INFO] [stdout] test rr::domain::label::tests::test_label_too_long_utf8_puny_emoji_mixed ... ok
[INFO] [stdout] test rr::domain::label::tests::test_to_lowercase ... ok
[INFO] [stdout] test rr::domain::name::tests::test_base_name ... ok
[INFO] [stdout] test rr::domain::name::tests::test_bin_overlap_enforced ... ok
[INFO] [stdout] test rr::domain::name::tests::test_bin_max_octets ... ok
[INFO] [stdout] test rr::domain::label::tests::test_to_cmp_f ... ok
[INFO] [stdout] test rr::domain::name::tests::test_encoding ... ok
[INFO] [stdout] test rr::domain::name::tests::test_cmp_ignore_case ... ok
[INFO] [stdout] test rr::domain::name::tests::test_fqdn ... ok
[INFO] [stdout] test rr::domain::name::tests::test_from_ipv6 ... ok
[INFO] [stdout] test rr::domain::name::tests::test_into_name ... ok
[INFO] [stdout] test rr::domain::name::tests::test_from_utf8 ... ok
[INFO] [stdout] test rr::domain::name::tests::test_name_too_long_with_append ... ok
[INFO] [stdout] test rr::domain::name::tests::test_num_labels ... ok
[INFO] [stdout] test rr::domain::name::tests::test_from_str ... ok
[INFO] [stdout] test rr::domain::name::tests::test_partial_cmp_eq ... ok
[INFO] [stdout] test rr::domain::name::tests::test_double_ended_iterator ... ok
[INFO] [stdout] test rr::domain::name::tests::test_parse_arpa_name ... ok
[INFO] [stdout] test rr::domain::name::tests::test_pointer ... ok
[INFO] [stdout] test rr::domain::name::tests::test_partial_cmp ... ok
[INFO] [stdout] test rr::domain::name::tests::test_from_ascii ... ok
[INFO] [stdout] test rr::domain::name::tests::test_from_ipv4 ... ok
[INFO] [stdout] test rr::domain::name::tests::test_pointer_with_pointer_ending_labels ... ok
[INFO] [stdout] test rr::domain::name::tests::test_read ... ok
[INFO] [stdout] test rr::domain::name::tests::test_size_hint ... ok
[INFO] [stdout] test rr::domain::name::tests::test_recursive_pointer ... ok
[INFO] [stdout] test rr::domain::name::tests::test_to_string ... ok
[INFO] [stdout] test rr::domain::name::tests::test_underscore ... ok
[INFO] [stdout] test rr::domain::name::tests::test_write_to ... ok
[INFO] [stdout] test rr::domain::name::tests::test_zone_of_case ... ok
[INFO] [stdout] test rr::domain::try_parse_ip::test_try_parse_ip ... ok
[INFO] [stdout] test rr::domain::name::tests::test_zone_of ... ok
[INFO] [stdout] test rr::rdata::a::mytests::test_write_to ... ok
[INFO] [stdout] test rr::rdata::caa::tests::test_bad_tag ... ok
[INFO] [stdout] test rr::rdata::a::mytests::test_parse ... ok
[INFO] [stdout] test rr::rdata::aaaa::tests::test_emit ... ok
[INFO] [stdout] test rr::rdata::aaaa::tests::test_read ... ok
[INFO] [stdout] test rr::rdata::caa::tests::test_encode_decode_iodef ... ok
[INFO] [stdout] test rr::rdata::caa::tests::test_encode_decode_issue ... ok
[INFO] [stdout] test rr::rdata::caa::tests::test_encode_decode_issuewild ... ok
[INFO] [stdout] test rr::rdata::caa::tests::test_encode_fqdn ... ok
[INFO] [stdout] test rr::rdata::caa::tests::test_encode_non_fqdn ... ok
[INFO] [stdout] test rr::rdata::caa::tests::test_from_str_property ... ok
[INFO] [stdout] test rr::rdata::caa::tests::test_read_iodef ... ok
[INFO] [stdout] test rr::rdata::caa::tests::test_read_tag ... ok
[INFO] [stdout] test rr::rdata::caa::tests::test_read_issuer ... ok
[INFO] [stdout] test rr::rdata::caa::tests::test_too_long_tag ... ok
[INFO] [stdout] test rr::rdata::caa::tests::test_to_string ... ok
[INFO] [stdout] test rr::rdata::caa::tests::test_too_short_tag ... ok
[INFO] [stdout] test rr::rdata::hinfo::tests::test ... ok
[INFO] [stdout] test rr::rdata::caa::tests::test_unicode_kv ... ok
[INFO] [stdout] test rr::rdata::hinfo::tests::test_binary ... ok
[INFO] [stdout] test rr::rdata::mx::tests::test ... ok
[INFO] [stdout] test rr::rdata::csync::tests::test ... ok
[INFO] [stdout] test rr::rdata::name::tests::test_it_to_string_should_not_stack_overflow ... ok
[INFO] [stdout] test rr::rdata::name::tests::test ... ok
[INFO] [stdout] test rr::rdata::naptr::tests::test_bad_data ... ok
[INFO] [stdout] test rr::rdata::naptr::tests::test ... ok
[INFO] [stdout] test rr::rdata::opt::tests::test_multiple_options_with_same_code ... ok
[INFO] [stdout] test rr::rdata::opt::tests::test_read_client_subnet ... ok
[INFO] [stdout] test rr::rdata::opt::tests::test_read_empty_option_at_end_of_opt ... ok
[INFO] [stdout] test rr::rdata::null::tests::test ... ok
[INFO] [stdout] test rr::rdata::soa::tests::test ... ok
[INFO] [stdout] test rr::rdata::srv::tests::test ... ok
[INFO] [stdout] test rr::rdata::opt::tests::test_write_client_subnet ... ok
[INFO] [stdout] test rr::rdata::sshfp::tests::read_fingerprint_type ... ok
[INFO] [stdout] test rr::rdata::sshfp::tests::test_encode_decode_sshfp ... ok
[INFO] [stdout] test rr::rdata::sshfp::tests::read_algorithm ... ok
[INFO] [stdout] test rr::rdata::svcb::tests::read_svcb_key_to_u16 ... ok
[INFO] [stdout] test rr::rdata::svcb::tests::read_svcb_key ... ok
[INFO] [stdout] test rr::rdata::svcb::tests::test_encode_decode_svcb ... ok
[INFO] [stdout] test rr::rdata::tlsa::tests::read_cert_usage ... ok
[INFO] [stdout] test rr::rdata::svcb::tests::test_unrestricted_output_size ... ok
[INFO] [stdout] test rr::rdata::tlsa::tests::test_encode_decode_tlsa ... ok
[INFO] [stdout] test rr::rdata::svcb::tests::test_no_panic ... ok
[INFO] [stdout] test rr::rdata::tlsa::tests::read_matching ... ok
[INFO] [stdout] test rr::rdata::tlsa::tests::read_selector ... ok
[INFO] [stdout] test rr::rdata::txt::tests::publish_binary_txt_record ... ok
[INFO] [stdout] test rr::record_type::tests::check_record_type_parse_wont_panic_with_symbols ... ok
[INFO] [stdout] test rr::record_data::tests::test_read ... ok
[INFO] [stdout] test rr::record_data::tests::test_order ... ok
[INFO] [stdout] test rr::record_data::tests::test_write_to ... ok
[INFO] [stdout] test rr::record_type::tests::test_order ... ok
[INFO] [stdout] test rr::rdata::txt::tests::test ... ok
[INFO] [stdout] test rr::record_type::tests::test_record_type_parse ... ok
[INFO] [stdout] test rr::resource::tests::test_order ... ok
[INFO] [stdout] test rr::rr_set::test::test_insert ... ok
[INFO] [stdout] test rr::rr_set::test::test_remove ... ok
[INFO] [stdout] test rr::resource::tests::test_emit_and_read ... ok
[INFO] [stdout] test rr::rr_set::test::test_insert_soa ... ok
[INFO] [stdout] test rr::rr_set::test::test_remove_ns ... ok
[INFO] [stdout] test serialize::binary::bin_tests::emit_u16 ... ok
[INFO] [stdout] test rr::rr_set::test::test_remove_soa ... ok
[INFO] [stdout] test serialize::binary::bin_tests::read_character_data ... ok
[INFO] [stdout] test rr::type_bit_map::tests::test_encode_decode ... ok
[INFO] [stdout] test serialize::binary::bin_tests::read_i32 ... ok
[INFO] [stdout] test serialize::binary::bin_tests::read_u16 ... ok
[INFO] [stdout] test serialize::binary::bin_tests::read_u32 ... ok
[INFO] [stdout] test serialize::binary::decoder::tests::test_read_slice ... ok
[INFO] [stdout] test rr::rr_set::test::test_insert_cname ... ok
[INFO] [stdout] test serialize::binary::bin_tests::emit_character_data ... ok
[INFO] [stdout] test serialize::binary::decoder::tests::test_read_slice_from ... ok
[INFO] [stdout] test serialize::binary::bin_tests::emit_i32 ... ok
[INFO] [stdout] test serialize::binary::bin_tests::emit_u32 ... ok
[INFO] [stdout] test serialize::binary::encoder::tests::test_max_size ... ok
[INFO] [stdout] test serialize::binary::encoder::tests::test_label_compression_regression ... ok
[INFO] [stdout] test serialize::binary::encoder::tests::test_max_size_0 ... ok
[INFO] [stdout] test serialize::binary::encoder::tests::test_max_size_place ... ok
[INFO] [stdout] test serialize::binary::encoder::tests::test_place ... ok
[INFO] [stdout] test serialize::binary::encoder::tests::test_size_of ... ok
[INFO] [stdout] test serialize::binary::restrict::tests::test_checked_add ... ok
[INFO] [stdout] test serialize::binary::restrict::tests::test_checked_sub ... ok
[INFO] [stdout] test serialize::binary::restrict::tests::test_checked_mul ... ok
[INFO] [stdout] test serialize::binary::encoder::tests::test_target_compression ... ok
[INFO] [stdout] test xfer::dns_response::tests::contains_any ... ok
[INFO] [stdout] test xfer::dns_response::tests::contains_soa ... ok
[INFO] [stdout] test xfer::dns_response::tests::referral ... ok
[INFO] [stdout] test xfer::dns_response::tests::test_contains_answer ... ok
[INFO] [stdout] test xfer::dns_response::tests::test_no_data_type1 ... ok
[INFO] [stdout] test xfer::dns_response::tests::test_no_data_type2 ... ok
[INFO] [stdout] test xfer::dns_response::tests::test_no_data_type3 ... ok
[INFO] [stdout] test xfer::dns_response::tests::test_nx_type1 ... ok
[INFO] [stdout] test xfer::dns_response::tests::test_nx_type2 ... ok
[INFO] [stdout] test xfer::dns_response::tests::test_nx_type3 ... ok
[INFO] [stdout] test udp::udp_stream::tests::test_next_random_socket ... ok
[INFO] [stdout] test xfer::dns_response::tests::test_nx_type4 ... ok
[INFO] [stdout] test xfer::retry_dns_handle::test::test_error ... ok
[INFO] [stdout] test udp::udp_client_stream::tests::test_udp_client_stream_ipv4 ... ok
[INFO] [stdout] test xfer::retry_dns_handle::test::test_retry ... ok
[INFO] [stdout] test udp::udp_stream::tests::test_udp_stream_ipv4 ... ok
[INFO] [stdout] test serialize::binary::encoder::tests::test_fuzzed ... ok
[INFO] [stdout] test rr::rdata::svcb::tests::test_encode_decode_svcb_bad_order - should panic ... ok
[INFO] [stdout] test tcp::tcp_client_stream::tests::test_tcp_stream_ipv6 ... FAILED
[INFO] [stdout] test tcp::tcp_stream::tests::test_tcp_stream_ipv6 ... FAILED
[INFO] [stdout] test udp::udp_client_stream::tests::test_udp_client_stream_ipv6 ... FAILED
[INFO] [stdout] test udp::udp_stream::tests::test_udp_stream_ipv6 ... FAILED
[INFO] [stdout] test tcp::tcp_client_stream::tests::test_tcp_stream_ipv4 ... ok
[INFO] [stdout] test tcp::tcp_stream::tests::test_tcp_stream_ipv4 ... ok
[INFO] [stdout] test xfer::dns_multiplexer::test::test_multiplexer_a ... ok
[INFO] [stdout] test xfer::dns_multiplexer::test::test_multiplexer_axfr_multi ... ok
[INFO] [stdout] test xfer::dns_multiplexer::test::test_multiplexer_axfr ... ok
[INFO] [stdout] test rr::domain::name::tests::test_excessive_encoding_len ... ok
[INFO] [stdout] 
[INFO] [stdout] failures:
[INFO] [stdout] 
[INFO] [stdout] ---- tcp::tcp_client_stream::tests::test_tcp_stream_ipv6 stdout ----
[INFO] [stdout] thread 'tcp::tcp_client_stream::tests::test_tcp_stream_ipv6' panicked at src/tests/tcp.rs:40:10:
[INFO] [stdout] Unable to bind a TCP socket: Os { code: 99, kind: AddrNotAvailable, message: "Cannot assign requested address" }
[INFO] [stdout] stack backtrace:
[INFO] [stdout]    0:     0x5ac3850817da - std::backtrace_rs::backtrace::libunwind::trace::h207520d6e9873551
[INFO] [stdout]                                at /rustc/df4ca44d3fbc9301ee17f30f4d474e6ae4b05252/library/std/src/../../backtrace/src/backtrace/libunwind.rs:116:5
[INFO] [stdout]    1:     0x5ac3850817da - std::backtrace_rs::backtrace::trace_unsynchronized::h2ed7433f370e3eca
[INFO] [stdout]                                at /rustc/df4ca44d3fbc9301ee17f30f4d474e6ae4b05252/library/std/src/../../backtrace/src/backtrace/mod.rs:66:5
[INFO] [stdout]    2:     0x5ac3850817da - std::sys::backtrace::_print_fmt::h916fac51166b18d7
[INFO] [stdout]                                at /rustc/df4ca44d3fbc9301ee17f30f4d474e6ae4b05252/library/std/src/sys/backtrace.rs:66:9
[INFO] [stdout]    3:     0x5ac3850817da - <std::sys::backtrace::BacktraceLock::print::DisplayBacktrace as core::fmt::Display>::fmt::ha0a4c9b8ce3802e6
[INFO] [stdout]                                at /rustc/df4ca44d3fbc9301ee17f30f4d474e6ae4b05252/library/std/src/sys/backtrace.rs:39:26
[INFO] [stdout]    4:     0x5ac3850ab7a3 - core::fmt::rt::Argument::fmt::h4cfc8587d52b3eb5
[INFO] [stdout]                                at /rustc/df4ca44d3fbc9301ee17f30f4d474e6ae4b05252/library/core/src/fmt/rt.rs:177:76
[INFO] [stdout]    5:     0x5ac3850ab7a3 - core::fmt::write::h522cc39e5b36ae9f
[INFO] [stdout]                                at /rustc/df4ca44d3fbc9301ee17f30f4d474e6ae4b05252/library/core/src/fmt/mod.rs:1190:21
[INFO] [stdout]    6:     0x5ac38507d8c3 - std::io::Write::write_fmt::h7d3c26752da97734
[INFO] [stdout]                                at /rustc/df4ca44d3fbc9301ee17f30f4d474e6ae4b05252/library/std/src/io/mod.rs:1839:15
[INFO] [stdout]    7:     0x5ac385081622 - std::sys::backtrace::BacktraceLock::print::h4b9e00b29e9c0942
[INFO] [stdout]                                at /rustc/df4ca44d3fbc9301ee17f30f4d474e6ae4b05252/library/std/src/sys/backtrace.rs:42:9
[INFO] [stdout]    8:     0x5ac385082c6a - std::panicking::default_hook::{{closure}}::hb59b88280d0324d9
[INFO] [stdout]                                at /rustc/df4ca44d3fbc9301ee17f30f4d474e6ae4b05252/library/std/src/panicking.rs:268:22
[INFO] [stdout]    9:     0x5ac385082a74 - std::panicking::default_hook::he1dd496665be4a29
[INFO] [stdout]                                at /rustc/df4ca44d3fbc9301ee17f30f4d474e6ae4b05252/library/std/src/panicking.rs:292:9
[INFO] [stdout]   10:     0x5ac384f0e7a9 - <alloc::boxed::Box<F,A> as core::ops::function::Fn<Args>>::call::h4ff71de18744e1dc
[INFO] [stdout]                                at /rustc/df4ca44d3fbc9301ee17f30f4d474e6ae4b05252/library/alloc/src/boxed.rs:2468:9
[INFO] [stdout]   11:     0x5ac384f0e7a9 - test::test_main::{{closure}}::hcf7c055ce117aa81
[INFO] [stdout]                                at /rustc/df4ca44d3fbc9301ee17f30f4d474e6ae4b05252/library/test/src/lib.rs:133:21
[INFO] [stdout]   12:     0x5ac385083368 - <alloc::boxed::Box<F,A> as core::ops::function::Fn<Args>>::call::h1d66c6bbd60c9692
[INFO] [stdout]                                at /rustc/df4ca44d3fbc9301ee17f30f4d474e6ae4b05252/library/alloc/src/boxed.rs:2468:9
[INFO] [stdout]   13:     0x5ac385083368 - std::panicking::rust_panic_with_hook::h2ff17fe8f26dfcf8
[INFO] [stdout]                                at /rustc/df4ca44d3fbc9301ee17f30f4d474e6ae4b05252/library/std/src/panicking.rs:809:13
[INFO] [stdout]   14:     0x5ac38508312a - std::panicking::begin_panic_handler::{{closure}}::h4fad77951c07e101
[INFO] [stdout]                                at /rustc/df4ca44d3fbc9301ee17f30f4d474e6ae4b05252/library/std/src/panicking.rs:674:13
[INFO] [stdout]   15:     0x5ac385081cb9 - std::sys::backtrace::__rust_end_short_backtrace::hb1a25b3da5d0ea08
[INFO] [stdout]                                at /rustc/df4ca44d3fbc9301ee17f30f4d474e6ae4b05252/library/std/src/sys/backtrace.rs:170:18
[INFO] [stdout]   16:     0x5ac385082dbc - rust_begin_unwind
[INFO] [stdout]                                at /rustc/df4ca44d3fbc9301ee17f30f4d474e6ae4b05252/library/std/src/panicking.rs:665:5
[INFO] [stdout]   17:     0x5ac3850a9ca0 - core::panicking::panic_fmt::ha9db07b529f9b256
[INFO] [stdout]                                at /rustc/df4ca44d3fbc9301ee17f30f4d474e6ae4b05252/library/core/src/panicking.rs:75:14
[INFO] [stdout]   18:     0x5ac3850aa186 - core::result::unwrap_failed::h5e8218e4d4338b8a
[INFO] [stdout]                                at /rustc/df4ca44d3fbc9301ee17f30f4d474e6ae4b05252/library/core/src/result.rs:1698:5
[INFO] [stdout]   19:     0x5ac384d3c32d - core::result::Result<T,E>::expect::ha6b5e5197ae00bea
[INFO] [stdout]                                at /rustc/df4ca44d3fbc9301ee17f30f4d474e6ae4b05252/library/core/src/result.rs:1060:23
[INFO] [stdout]   20:     0x5ac384e735d0 - hickory_proto::tests::tcp::tcp_server_setup::hc3dabbae354575f3
[INFO] [stdout]                                at /opt/rustwide/workdir/src/tests/tcp.rs:39:18
[INFO] [stdout]   21:     0x5ac384e74b5d - hickory_proto::tests::tcp::tcp_client_stream_test::hb2c5af167d77bf48
[INFO] [stdout]                                at /opt/rustwide/workdir/src/tests/tcp.rs:122:9
[INFO] [stdout]   22:     0x5ac384ed3f80 - hickory_proto::tcp::tcp_client_stream::tests::test_tcp_stream_ipv6::h037376e12a5a5787
[INFO] [stdout]                                at /opt/rustwide/workdir/src/tcp/tcp_client_stream.rs:213:9
[INFO] [stdout]   23:     0x5ac384ed3e47 - hickory_proto::tcp::tcp_client_stream::tests::test_tcp_stream_ipv6::{{closure}}::ha905e3376ebc3b56
[INFO] [stdout]                                at /opt/rustwide/workdir/src/tcp/tcp_client_stream.rs:211:30
[INFO] [stdout]   24:     0x5ac384d72666 - core::ops::function::FnOnce::call_once::h5099af074b195f5f
[INFO] [stdout]                                at /rustc/df4ca44d3fbc9301ee17f30f4d474e6ae4b05252/library/core/src/ops/function.rs:250:5
[INFO] [stdout]   25:     0x5ac384f1307b - core::ops::function::FnOnce::call_once::h22c3ba5715e93f05
[INFO] [stdout]                                at /rustc/df4ca44d3fbc9301ee17f30f4d474e6ae4b05252/library/core/src/ops/function.rs:250:5
[INFO] [stdout]   26:     0x5ac384f1307b - test::__rust_begin_short_backtrace::h8e82d8113d0da17f
[INFO] [stdout]                                at /rustc/df4ca44d3fbc9301ee17f30f4d474e6ae4b05252/library/test/src/lib.rs:621:18
[INFO] [stdout]   27:     0x5ac384f129f7 - test::run_test_in_process::{{closure}}::h33235f4f20b7b7c7
[INFO] [stdout]                                at /rustc/df4ca44d3fbc9301ee17f30f4d474e6ae4b05252/library/test/src/lib.rs:644:60
[INFO] [stdout]   28:     0x5ac384f129f7 - <core::panic::unwind_safe::AssertUnwindSafe<F> as core::ops::function::FnOnce<()>>::call_once::hb5043206310c586f
[INFO] [stdout]                                at /rustc/df4ca44d3fbc9301ee17f30f4d474e6ae4b05252/library/core/src/panic/unwind_safe.rs:272:9
[INFO] [stdout]   29:     0x5ac384f129f7 - std::panicking::try::do_call::h9ad4731a60ab23e2
[INFO] [stdout]                                at /rustc/df4ca44d3fbc9301ee17f30f4d474e6ae4b05252/library/std/src/panicking.rs:557:40
[INFO] [stdout]   30:     0x5ac384f129f7 - std::panicking::try::h3824d23db772a716
[INFO] [stdout]                                at /rustc/df4ca44d3fbc9301ee17f30f4d474e6ae4b05252/library/std/src/panicking.rs:520:19
[INFO] [stdout]   31:     0x5ac384f129f7 - std::panic::catch_unwind::h5afd514605fde46b
[INFO] [stdout]                                at /rustc/df4ca44d3fbc9301ee17f30f4d474e6ae4b05252/library/std/src/panic.rs:358:14
[INFO] [stdout]   32:     0x5ac384f129f7 - test::run_test_in_process::h0d5cbfa7067d1720
[INFO] [stdout]                                at /rustc/df4ca44d3fbc9301ee17f30f4d474e6ae4b05252/library/test/src/lib.rs:644:27
[INFO] [stdout]   33:     0x5ac384f129f7 - test::run_test::{{closure}}::h708eb8872708115d
[INFO] [stdout]                                at /rustc/df4ca44d3fbc9301ee17f30f4d474e6ae4b05252/library/test/src/lib.rs:565:43
[INFO] [stdout]   34:     0x5ac384ed6114 - test::run_test::{{closure}}::h392c51cee94713ab
[INFO] [stdout]                                at /rustc/df4ca44d3fbc9301ee17f30f4d474e6ae4b05252/library/test/src/lib.rs:595:41
[INFO] [stdout]   35:     0x5ac384ed6114 - std::sys::backtrace::__rust_begin_short_backtrace::h2f40290710935a8b
[INFO] [stdout]                                at /rustc/df4ca44d3fbc9301ee17f30f4d474e6ae4b05252/library/std/src/sys/backtrace.rs:154:18
[INFO] [stdout]   36:     0x5ac384ed98be - std::thread::Builder::spawn_unchecked_::{{closure}}::{{closure}}::h3fd968d89053a903
[INFO] [stdout]                                at /rustc/df4ca44d3fbc9301ee17f30f4d474e6ae4b05252/library/std/src/thread/mod.rs:541:17
[INFO] [stdout]   37:     0x5ac384ed98be - <core::panic::unwind_safe::AssertUnwindSafe<F> as core::ops::function::FnOnce<()>>::call_once::h743f637ba4229880
[INFO] [stdout]                                at /rustc/df4ca44d3fbc9301ee17f30f4d474e6ae4b05252/library/core/src/panic/unwind_safe.rs:272:9
[INFO] [stdout]   38:     0x5ac384ed98be - std::panicking::try::do_call::h07440897322525a6
[INFO] [stdout]                                at /rustc/df4ca44d3fbc9301ee17f30f4d474e6ae4b05252/library/std/src/panicking.rs:557:40
[INFO] [stdout]   39:     0x5ac384ed98be - std::panicking::try::he5a2e00188156637
[INFO] [stdout]                                at /rustc/df4ca44d3fbc9301ee17f30f4d474e6ae4b05252/library/std/src/panicking.rs:520:19
[INFO] [stdout]   40:     0x5ac384ed98be - std::panic::catch_unwind::hbaf3cae49b3c6433
[INFO] [stdout]                                at /rustc/df4ca44d3fbc9301ee17f30f4d474e6ae4b05252/library/std/src/panic.rs:358:14
[INFO] [stdout]   41:     0x5ac384ed98be - std::thread::Builder::spawn_unchecked_::{{closure}}::h8e141ea224820bce
[INFO] [stdout]                                at /rustc/df4ca44d3fbc9301ee17f30f4d474e6ae4b05252/library/std/src/thread/mod.rs:540:30
[INFO] [stdout]   42:     0x5ac384ed98be - core::ops::function::FnOnce::call_once{{vtable.shim}}::h90d312fedd7b8ea8
[INFO] [stdout]                                at /rustc/df4ca44d3fbc9301ee17f30f4d474e6ae4b05252/library/core/src/ops/function.rs:250:5
[INFO] [stdout]   43:     0x5ac38508742b - <alloc::boxed::Box<F,A> as core::ops::function::FnOnce<Args>>::call_once::h69aa08ddb6adb8b6
[INFO] [stdout]                                at /rustc/df4ca44d3fbc9301ee17f30f4d474e6ae4b05252/library/alloc/src/boxed.rs:2454:9
[INFO] [stdout]   44:     0x5ac38508742b - <alloc::boxed::Box<F,A> as core::ops::function::FnOnce<Args>>::call_once::h5aa36efdb79c806f
[INFO] [stdout]                                at /rustc/df4ca44d3fbc9301ee17f30f4d474e6ae4b05252/library/alloc/src/boxed.rs:2454:9
[INFO] [stdout]   45:     0x5ac38508742b - std::sys::pal::unix::thread::Thread::new::thread_start::h6cd80a1b4be5158d
[INFO] [stdout]                                at /rustc/df4ca44d3fbc9301ee17f30f4d474e6ae4b05252/library/std/src/sys/pal/unix/thread.rs:105:17
[INFO] [stdout]   46:     0x7225f526dac3 - <unknown>
[INFO] [stdout]   47:     0x7225f52fea04 - clone
[INFO] [stdout]   48:                0x0 - <unknown>
[INFO] [stdout] 
[INFO] [stdout] ---- tcp::tcp_stream::tests::test_tcp_stream_ipv6 stdout ----
[INFO] [stdout] thread 'tcp::tcp_stream::tests::test_tcp_stream_ipv6' panicked at src/tests/tcp.rs:40:10:
[INFO] [stdout] Unable to bind a TCP socket: Os { code: 99, kind: AddrNotAvailable, message: "Cannot assign requested address" }
[INFO] [stdout] stack backtrace:
[INFO] [stdout]    0:     0x5ac3850817da - std::backtrace_rs::backtrace::libunwind::trace::h207520d6e9873551
[INFO] [stdout]                                at /rustc/df4ca44d3fbc9301ee17f30f4d474e6ae4b05252/library/std/src/../../backtrace/src/backtrace/libunwind.rs:116:5
[INFO] [stdout]    1:     0x5ac3850817da - std::backtrace_rs::backtrace::trace_unsynchronized::h2ed7433f370e3eca
[INFO] [stdout]                                at /rustc/df4ca44d3fbc9301ee17f30f4d474e6ae4b05252/library/std/src/../../backtrace/src/backtrace/mod.rs:66:5
[INFO] [stdout]    2:     0x5ac3850817da - std::sys::backtrace::_print_fmt::h916fac51166b18d7
[INFO] [stdout]                                at /rustc/df4ca44d3fbc9301ee17f30f4d474e6ae4b05252/library/std/src/sys/backtrace.rs:66:9
[INFO] [stdout]    3:     0x5ac3850817da - <std::sys::backtrace::BacktraceLock::print::DisplayBacktrace as core::fmt::Display>::fmt::ha0a4c9b8ce3802e6
[INFO] [stdout]                                at /rustc/df4ca44d3fbc9301ee17f30f4d474e6ae4b05252/library/std/src/sys/backtrace.rs:39:26
[INFO] [stdout]    4:     0x5ac3850ab7a3 - core::fmt::rt::Argument::fmt::h4cfc8587d52b3eb5
[INFO] [stdout]                                at /rustc/df4ca44d3fbc9301ee17f30f4d474e6ae4b05252/library/core/src/fmt/rt.rs:177:76
[INFO] [stdout]    5:     0x5ac3850ab7a3 - core::fmt::write::h522cc39e5b36ae9f
[INFO] [stdout]                                at /rustc/df4ca44d3fbc9301ee17f30f4d474e6ae4b05252/library/core/src/fmt/mod.rs:1190:21
[INFO] [stdout]    6:     0x5ac38507d8c3 - std::io::Write::write_fmt::h7d3c26752da97734
[INFO] [stdout]                                at /rustc/df4ca44d3fbc9301ee17f30f4d474e6ae4b05252/library/std/src/io/mod.rs:1839:15
[INFO] [stdout]    7:     0x5ac385081622 - std::sys::backtrace::BacktraceLock::print::h4b9e00b29e9c0942
[INFO] [stdout]                                at /rustc/df4ca44d3fbc9301ee17f30f4d474e6ae4b05252/library/std/src/sys/backtrace.rs:42:9
[INFO] [stdout]    8:     0x5ac385082c6a - std::panicking::default_hook::{{closure}}::hb59b88280d0324d9
[INFO] [stdout]                                at /rustc/df4ca44d3fbc9301ee17f30f4d474e6ae4b05252/library/std/src/panicking.rs:268:22
[INFO] [stdout]    9:     0x5ac385082a74 - std::panicking::default_hook::he1dd496665be4a29
[INFO] [stdout]                                at /rustc/df4ca44d3fbc9301ee17f30f4d474e6ae4b05252/library/std/src/panicking.rs:292:9
[INFO] [stdout]   10:     0x5ac384f0e7a9 - <alloc::boxed::Box<F,A> as core::ops::function::Fn<Args>>::call::h4ff71de18744e1dc
[INFO] [stdout]                                at /rustc/df4ca44d3fbc9301ee17f30f4d474e6ae4b05252/library/alloc/src/boxed.rs:2468:9
[INFO] [stdout]   11:     0x5ac384f0e7a9 - test::test_main::{{closure}}::hcf7c055ce117aa81
[INFO] [stdout]                                at /rustc/df4ca44d3fbc9301ee17f30f4d474e6ae4b05252/library/test/src/lib.rs:133:21
[INFO] [stdout]   12:     0x5ac385083368 - <alloc::boxed::Box<F,A> as core::ops::function::Fn<Args>>::call::h1d66c6bbd60c9692
[INFO] [stdout]                                at /rustc/df4ca44d3fbc9301ee17f30f4d474e6ae4b05252/library/alloc/src/boxed.rs:2468:9
[INFO] [stdout]   13:     0x5ac385083368 - std::panicking::rust_panic_with_hook::h2ff17fe8f26dfcf8
[INFO] [stdout]                                at /rustc/df4ca44d3fbc9301ee17f30f4d474e6ae4b05252/library/std/src/panicking.rs:809:13
[INFO] [stdout]   14:     0x5ac38508312a - std::panicking::begin_panic_handler::{{closure}}::h4fad77951c07e101
[INFO] [stdout]                                at /rustc/df4ca44d3fbc9301ee17f30f4d474e6ae4b05252/library/std/src/panicking.rs:674:13
[INFO] [stdout]   15:     0x5ac385081cb9 - std::sys::backtrace::__rust_end_short_backtrace::hb1a25b3da5d0ea08
[INFO] [stdout]                                at /rustc/df4ca44d3fbc9301ee17f30f4d474e6ae4b05252/library/std/src/sys/backtrace.rs:170:18
[INFO] [stdout]   16:     0x5ac385082dbc - rust_begin_unwind
[INFO] [stdout]                                at /rustc/df4ca44d3fbc9301ee17f30f4d474e6ae4b05252/library/std/src/panicking.rs:665:5
[INFO] [stdout]   17:     0x5ac3850a9ca0 - core::panicking::panic_fmt::ha9db07b529f9b256
[INFO] [stdout]                                at /rustc/df4ca44d3fbc9301ee17f30f4d474e6ae4b05252/library/core/src/panicking.rs:75:14
[INFO] [stdout]   18:     0x5ac3850aa186 - core::result::unwrap_failed::h5e8218e4d4338b8a
[INFO] [stdout]                                at /rustc/df4ca44d3fbc9301ee17f30f4d474e6ae4b05252/library/core/src/result.rs:1698:5
[INFO] [stdout]   19:     0x5ac384d3c32d - core::result::Result<T,E>::expect::ha6b5e5197ae00bea
[INFO] [stdout]                                at /rustc/df4ca44d3fbc9301ee17f30f4d474e6ae4b05252/library/core/src/result.rs:1060:23
[INFO] [stdout]   20:     0x5ac384e735d0 - hickory_proto::tests::tcp::tcp_server_setup::hc3dabbae354575f3
[INFO] [stdout]                                at /opt/rustwide/workdir/src/tests/tcp.rs:39:18
[INFO] [stdout]   21:     0x5ac384e742cc - hickory_proto::tests::tcp::tcp_stream_test::hc500944394eb1990
[INFO] [stdout]                                at /opt/rustwide/workdir/src/tests/tcp.rs:90:9
[INFO] [stdout]   22:     0x5ac384d93ee0 - hickory_proto::tcp::tcp_stream::tests::test_tcp_stream_ipv6::hbc53187d34d429b8
[INFO] [stdout]                                at /opt/rustwide/workdir/src/tcp/tcp_stream.rs:506:9
[INFO] [stdout]   23:     0x5ac384d93da7 - hickory_proto::tcp::tcp_stream::tests::test_tcp_stream_ipv6::{{closure}}::h8d39c77b0360477e
[INFO] [stdout]                                at /opt/rustwide/workdir/src/tcp/tcp_stream.rs:504:30
[INFO] [stdout]   24:     0x5ac384d72886 - core::ops::function::FnOnce::call_once::h59cfd63c29303bda
[INFO] [stdout]                                at /rustc/df4ca44d3fbc9301ee17f30f4d474e6ae4b05252/library/core/src/ops/function.rs:250:5
[INFO] [stdout]   25:     0x5ac384f1307b - core::ops::function::FnOnce::call_once::h22c3ba5715e93f05
[INFO] [stdout]                                at /rustc/df4ca44d3fbc9301ee17f30f4d474e6ae4b05252/library/core/src/ops/function.rs:250:5
[INFO] [stdout]   26:     0x5ac384f1307b - test::__rust_begin_short_backtrace::h8e82d8113d0da17f
[INFO] [stdout]                                at /rustc/df4ca44d3fbc9301ee17f30f4d474e6ae4b05252/library/test/src/lib.rs:621:18
[INFO] [stdout]   27:     0x5ac384f129f7 - test::run_test_in_process::{{closure}}::h33235f4f20b7b7c7
[INFO] [stdout]                                at /rustc/df4ca44d3fbc9301ee17f30f4d474e6ae4b05252/library/test/src/lib.rs:644:60
[INFO] [stdout]   28:     0x5ac384f129f7 - <core::panic::unwind_safe::AssertUnwindSafe<F> as core::ops::function::FnOnce<()>>::call_once::hb5043206310c586f
[INFO] [stdout]                                at /rustc/df4ca44d3fbc9301ee17f30f4d474e6ae4b05252/library/core/src/panic/unwind_safe.rs:272:9
[INFO] [stdout]   29:     0x5ac384f129f7 - std::panicking::try::do_call::h9ad4731a60ab23e2
[INFO] [stdout]                                at /rustc/df4ca44d3fbc9301ee17f30f4d474e6ae4b05252/library/std/src/panicking.rs:557:40
[INFO] [stdout]   30:     0x5ac384f129f7 - std::panicking::try::h3824d23db772a716
[INFO] [stdout]                                at /rustc/df4ca44d3fbc9301ee17f30f4d474e6ae4b05252/library/std/src/panicking.rs:520:19
[INFO] [stdout]   31:     0x5ac384f129f7 - std::panic::catch_unwind::h5afd514605fde46b
[INFO] [stdout]                                at /rustc/df4ca44d3fbc9301ee17f30f4d474e6ae4b05252/library/std/src/panic.rs:358:14
[INFO] [stdout]   32:     0x5ac384f129f7 - test::run_test_in_process::h0d5cbfa7067d1720
[INFO] [stdout]                                at /rustc/df4ca44d3fbc9301ee17f30f4d474e6ae4b05252/library/test/src/lib.rs:644:27
[INFO] [stdout]   33:     0x5ac384f129f7 - test::run_test::{{closure}}::h708eb8872708115d
[INFO] [stdout]                                at /rustc/df4ca44d3fbc9301ee17f30f4d474e6ae4b05252/library/test/src/lib.rs:565:43
[INFO] [stdout]   34:     0x5ac384ed6114 - test::run_test::{{closure}}::h392c51cee94713ab
[INFO] [stdout]                                at /rustc/df4ca44d3fbc9301ee17f30f4d474e6ae4b05252/library/test/src/lib.rs:595:41
[INFO] [stdout]   35:     0x5ac384ed6114 - std::sys::backtrace::__rust_begin_short_backtrace::h2f40290710935a8b
[INFO] [stdout]                                at /rustc/df4ca44d3fbc9301ee17f30f4d474e6ae4b05252/library/std/src/sys/backtrace.rs:154:18
[INFO] [stdout]   36:     0x5ac384ed98be - std::thread::Builder::spawn_unchecked_::{{closure}}::{{closure}}::h3fd968d89053a903
[INFO] [stdout]                                at /rustc/df4ca44d3fbc9301ee17f30f4d474e6ae4b05252/library/std/src/thread/mod.rs:541:17
[INFO] [stdout]   37:     0x5ac384ed98be - <core::panic::unwind_safe::AssertUnwindSafe<F> as core::ops::function::FnOnce<()>>::call_once::h743f637ba4229880
[INFO] [stdout]                                at /rustc/df4ca44d3fbc9301ee17f30f4d474e6ae4b05252/library/core/src/panic/unwind_safe.rs:272:9
[INFO] [stdout]   38:     0x5ac384ed98be - std::panicking::try::do_call::h07440897322525a6
[INFO] [stdout]                                at /rustc/df4ca44d3fbc9301ee17f30f4d474e6ae4b05252/library/std/src/panicking.rs:557:40
[INFO] [stdout]   39:     0x5ac384ed98be - std::panicking::try::he5a2e00188156637
[INFO] [stdout]                                at /rustc/df4ca44d3fbc9301ee17f30f4d474e6ae4b05252/library/std/src/panicking.rs:520:19
[INFO] [stdout]   40:     0x5ac384ed98be - std::panic::catch_unwind::hbaf3cae49b3c6433
[INFO] [stdout]                                at /rustc/df4ca44d3fbc9301ee17f30f4d474e6ae4b05252/library/std/src/panic.rs:358:14
[INFO] [stdout]   41:     0x5ac384ed98be - std::thread::Builder::spawn_unchecked_::{{closure}}::h8e141ea224820bce
[INFO] [stdout]                                at /rustc/df4ca44d3fbc9301ee17f30f4d474e6ae4b05252/library/std/src/thread/mod.rs:540:30
[INFO] [stdout]   42:     0x5ac384ed98be - core::ops::function::FnOnce::call_once{{vtable.shim}}::h90d312fedd7b8ea8
[INFO] [stdout]                                at /rustc/df4ca44d3fbc9301ee17f30f4d474e6ae4b05252/library/core/src/ops/function.rs:250:5
[INFO] [stdout]   43:     0x5ac38508742b - <alloc::boxed::Box<F,A> as core::ops::function::FnOnce<Args>>::call_once::h69aa08ddb6adb8b6
[INFO] [stdout]                                at /rustc/df4ca44d3fbc9301ee17f30f4d474e6ae4b05252/library/alloc/src/boxed.rs:2454:9
[INFO] [stdout]   44:     0x5ac38508742b - <alloc::boxed::Box<F,A> as core::ops::function::FnOnce<Args>>::call_once::h5aa36efdb79c806f
[INFO] [stdout]                                at /rustc/df4ca44d3fbc9301ee17f30f4d474e6ae4b05252/library/alloc/src/boxed.rs:2454:9
[INFO] [stdout]   45:     0x5ac38508742b - std::sys::pal::unix::thread::Thread::new::thread_start::h6cd80a1b4be5158d
[INFO] [stdout]                                at /rustc/df4ca44d3fbc9301ee17f30f4d474e6ae4b05252/library/std/src/sys/pal/unix/thread.rs:105:17
[INFO] [stdout]   46:     0x7225f526dac3 - <unknown>
[INFO] [stdout]   47:     0x7225f52fea04 - clone
[INFO] [stdout]   48:                0x0 - <unknown>
[INFO] [stdout] 
[INFO] [stdout] ---- udp::udp_client_stream::tests::test_udp_client_stream_ipv6 stdout ----
[INFO] [stdout] thread 'udp::udp_client_stream::tests::test_udp_client_stream_ipv6' panicked at src/tests/udp.rs:149:77:
[INFO] [stdout] called `Result::unwrap()` on an `Err` value: Os { code: 99, kind: AddrNotAvailable, message: "Cannot assign requested address" }
[INFO] [stdout] stack backtrace:
[INFO] [stdout]    0:     0x5ac3850817da - std::backtrace_rs::backtrace::libunwind::trace::h207520d6e9873551
[INFO] [stdout]                                at /rustc/df4ca44d3fbc9301ee17f30f4d474e6ae4b05252/library/std/src/../../backtrace/src/backtrace/libunwind.rs:116:5
[INFO] [stdout]    1:     0x5ac3850817da - std::backtrace_rs::backtrace::trace_unsynchronized::h2ed7433f370e3eca
[INFO] [stdout]                                at /rustc/df4ca44d3fbc9301ee17f30f4d474e6ae4b05252/library/std/src/../../backtrace/src/backtrace/mod.rs:66:5
[INFO] [stdout]    2:     0x5ac3850817da - std::sys::backtrace::_print_fmt::h916fac51166b18d7
[INFO] [stdout]                                at /rustc/df4ca44d3fbc9301ee17f30f4d474e6ae4b05252/library/std/src/sys/backtrace.rs:66:9
[INFO] [stdout]    3:     0x5ac3850817da - <std::sys::backtrace::BacktraceLock::print::DisplayBacktrace as core::fmt::Display>::fmt::ha0a4c9b8ce3802e6
[INFO] [stdout]                                at /rustc/df4ca44d3fbc9301ee17f30f4d474e6ae4b05252/library/std/src/sys/backtrace.rs:39:26
[INFO] [stdout]    4:     0x5ac3850ab7a3 - core::fmt::rt::Argument::fmt::h4cfc8587d52b3eb5
[INFO] [stdout]                                at /rustc/df4ca44d3fbc9301ee17f30f4d474e6ae4b05252/library/core/src/fmt/rt.rs:177:76
[INFO] [stdout]    5:     0x5ac3850ab7a3 - core::fmt::write::h522cc39e5b36ae9f
[INFO] [stdout]                                at /rustc/df4ca44d3fbc9301ee17f30f4d474e6ae4b05252/library/core/src/fmt/mod.rs:1190:21
[INFO] [stdout]    6:     0x5ac38507d8c3 - std::io::Write::write_fmt::h7d3c26752da97734
[INFO] [stdout]                                at /rustc/df4ca44d3fbc9301ee17f30f4d474e6ae4b05252/library/std/src/io/mod.rs:1839:15
[INFO] [stdout]    7:     0x5ac385081622 - std::sys::backtrace::BacktraceLock::print::h4b9e00b29e9c0942
[INFO] [stdout]                                at /rustc/df4ca44d3fbc9301ee17f30f4d474e6ae4b05252/library/std/src/sys/backtrace.rs:42:9
[INFO] [stdout]    8:     0x5ac385082c6a - std::panicking::default_hook::{{closure}}::hb59b88280d0324d9
[INFO] [stdout]                                at /rustc/df4ca44d3fbc9301ee17f30f4d474e6ae4b05252/library/std/src/panicking.rs:268:22
[INFO] [stdout]    9:     0x5ac385082a74 - std::panicking::default_hook::he1dd496665be4a29
[INFO] [stdout]                                at /rustc/df4ca44d3fbc9301ee17f30f4d474e6ae4b05252/library/std/src/panicking.rs:292:9
[INFO] [stdout]   10:     0x5ac384f0e7a9 - <alloc::boxed::Box<F,A> as core::ops::function::Fn<Args>>::call::h4ff71de18744e1dc
[INFO] [stdout]                                at /rustc/df4ca44d3fbc9301ee17f30f4d474e6ae4b05252/library/alloc/src/boxed.rs:2468:9
[INFO] [stdout]   11:     0x5ac384f0e7a9 - test::test_main::{{closure}}::hcf7c055ce117aa81
[INFO] [stdout]                                at /rustc/df4ca44d3fbc9301ee17f30f4d474e6ae4b05252/library/test/src/lib.rs:133:21
[INFO] [stdout]   12:     0x5ac385083368 - <alloc::boxed::Box<F,A> as core::ops::function::Fn<Args>>::call::h1d66c6bbd60c9692
[INFO] [stdout]                                at /rustc/df4ca44d3fbc9301ee17f30f4d474e6ae4b05252/library/alloc/src/boxed.rs:2468:9
[INFO] [stdout]   13:     0x5ac385083368 - std::panicking::rust_panic_with_hook::h2ff17fe8f26dfcf8
[INFO] [stdout]                                at /rustc/df4ca44d3fbc9301ee17f30f4d474e6ae4b05252/library/std/src/panicking.rs:809:13
[INFO] [stdout]   14:     0x5ac38508312a - std::panicking::begin_panic_handler::{{closure}}::h4fad77951c07e101
[INFO] [stdout]                                at /rustc/df4ca44d3fbc9301ee17f30f4d474e6ae4b05252/library/std/src/panicking.rs:674:13
[INFO] [stdout]   15:     0x5ac385081cb9 - std::sys::backtrace::__rust_end_short_backtrace::hb1a25b3da5d0ea08
[INFO] [stdout]                                at /rustc/df4ca44d3fbc9301ee17f30f4d474e6ae4b05252/library/std/src/sys/backtrace.rs:170:18
[INFO] [stdout]   16:     0x5ac385082dbc - rust_begin_unwind
[INFO] [stdout]                                at /rustc/df4ca44d3fbc9301ee17f30f4d474e6ae4b05252/library/std/src/panicking.rs:665:5
[INFO] [stdout]   17:     0x5ac3850a9ca0 - core::panicking::panic_fmt::ha9db07b529f9b256
[INFO] [stdout]                                at /rustc/df4ca44d3fbc9301ee17f30f4d474e6ae4b05252/library/core/src/panicking.rs:75:14
[INFO] [stdout]   18:     0x5ac3850aa186 - core::result::unwrap_failed::h5e8218e4d4338b8a
[INFO] [stdout]                                at /rustc/df4ca44d3fbc9301ee17f30f4d474e6ae4b05252/library/core/src/result.rs:1698:5
[INFO] [stdout]   19:     0x5ac384e777ed - core::result::Result<T,E>::unwrap::h05d22531a6fa9786
[INFO] [stdout]                                at /rustc/df4ca44d3fbc9301ee17f30f4d474e6ae4b05252/library/core/src/result.rs:1103:23
[INFO] [stdout]   20:     0x5ac384e777ed - hickory_proto::tests::udp::udp_client_stream_test::he26816bb6109d22d
[INFO] [stdout]                                at /opt/rustwide/workdir/src/tests/udp.rs:149:18
[INFO] [stdout]   21:     0x5ac384ead6b0 - hickory_proto::udp::udp_client_stream::tests::test_udp_client_stream_ipv6::haa2a455bbda38679
[INFO] [stdout]                                at /opt/rustwide/workdir/src/udp/udp_client_stream.rs:435:9
[INFO] [stdout]   22:     0x5ac384ead577 - hickory_proto::udp::udp_client_stream::tests::test_udp_client_stream_ipv6::{{closure}}::hfe5e2db332009bdb
[INFO] [stdout]                                at /opt/rustwide/workdir/src/udp/udp_client_stream.rs:433:37
[INFO] [stdout]   23:     0x5ac384d71716 - core::ops::function::FnOnce::call_once::h0c82b3e4861cedbf
[INFO] [stdout]                                at /rustc/df4ca44d3fbc9301ee17f30f4d474e6ae4b05252/library/core/src/ops/function.rs:250:5
[INFO] [stdout]   24:     0x5ac384f1307b - core::ops::function::FnOnce::call_once::h22c3ba5715e93f05
[INFO] [stdout]                                at /rustc/df4ca44d3fbc9301ee17f30f4d474e6ae4b05252/library/core/src/ops/function.rs:250:5
[INFO] [stdout]   25:     0x5ac384f1307b - test::__rust_begin_short_backtrace::h8e82d8113d0da17f
[INFO] [stdout]                                at /rustc/df4ca44d3fbc9301ee17f30f4d474e6ae4b05252/library/test/src/lib.rs:621:18
[INFO] [stdout]   26:     0x5ac384f129f7 - test::run_test_in_process::{{closure}}::h33235f4f20b7b7c7
[INFO] [stdout]                                at /rustc/df4ca44d3fbc9301ee17f30f4d474e6ae4b05252/library/test/src/lib.rs:644:60
[INFO] [stdout]   27:     0x5ac384f129f7 - <core::panic::unwind_safe::AssertUnwindSafe<F> as core::ops::function::FnOnce<()>>::call_once::hb5043206310c586f
[INFO] [stdout]                                at /rustc/df4ca44d3fbc9301ee17f30f4d474e6ae4b05252/library/core/src/panic/unwind_safe.rs:272:9
[INFO] [stdout]   28:     0x5ac384f129f7 - std::panicking::try::do_call::h9ad4731a60ab23e2
[INFO] [stdout]                                at /rustc/df4ca44d3fbc9301ee17f30f4d474e6ae4b05252/library/std/src/panicking.rs:557:40
[INFO] [stdout]   29:     0x5ac384f129f7 - std::panicking::try::h3824d23db772a716
[INFO] [stdout]                                at /rustc/df4ca44d3fbc9301ee17f30f4d474e6ae4b05252/library/std/src/panicking.rs:520:19
[INFO] [stdout]   30:     0x5ac384f129f7 - std::panic::catch_unwind::h5afd514605fde46b
[INFO] [stdout]                                at /rustc/df4ca44d3fbc9301ee17f30f4d474e6ae4b05252/library/std/src/panic.rs:358:14
[INFO] [stdout]   31:     0x5ac384f129f7 - test::run_test_in_process::h0d5cbfa7067d1720
[INFO] [stdout]                                at /rustc/df4ca44d3fbc9301ee17f30f4d474e6ae4b05252/library/test/src/lib.rs:644:27
[INFO] [stdout]   32:     0x5ac384f129f7 - test::run_test::{{closure}}::h708eb8872708115d
[INFO] [stdout]                                at /rustc/df4ca44d3fbc9301ee17f30f4d474e6ae4b05252/library/test/src/lib.rs:565:43
[INFO] [stdout]   33:     0x5ac384ed6114 - test::run_test::{{closure}}::h392c51cee94713ab
[INFO] [stdout]                                at /rustc/df4ca44d3fbc9301ee17f30f4d474e6ae4b05252/library/test/src/lib.rs:595:41
[INFO] [stdout]   34:     0x5ac384ed6114 - std::sys::backtrace::__rust_begin_short_backtrace::h2f40290710935a8b
[INFO] [stdout]                                at /rustc/df4ca44d3fbc9301ee17f30f4d474e6ae4b05252/library/std/src/sys/backtrace.rs:154:18
[INFO] [stdout]   35:     0x5ac384ed98be - std::thread::Builder::spawn_unchecked_::{{closure}}::{{closure}}::h3fd968d89053a903
[INFO] [stdout]                                at /rustc/df4ca44d3fbc9301ee17f30f4d474e6ae4b05252/library/std/src/thread/mod.rs:541:17
[INFO] [stdout]   36:     0x5ac384ed98be - <core::panic::unwind_safe::AssertUnwindSafe<F> as core::ops::function::FnOnce<()>>::call_once::h743f637ba4229880
[INFO] [stdout]                                at /rustc/df4ca44d3fbc9301ee17f30f4d474e6ae4b05252/library/core/src/panic/unwind_safe.rs:272:9
[INFO] [stdout]   37:     0x5ac384ed98be - std::panicking::try::do_call::h07440897322525a6
[INFO] [stdout]                                at /rustc/df4ca44d3fbc9301ee17f30f4d474e6ae4b05252/library/std/src/panicking.rs:557:40
[INFO] [stdout]   38:     0x5ac384ed98be - std::panicking::try::he5a2e00188156637
[INFO] [stdout]                                at /rustc/df4ca44d3fbc9301ee17f30f4d474e6ae4b05252/library/std/src/panicking.rs:520:19
[INFO] [stdout]   39:     0x5ac384ed98be - std::panic::catch_unwind::hbaf3cae49b3c6433
[INFO] [stdout]                                at /rustc/df4ca44d3fbc9301ee17f30f4d474e6ae4b05252/library/std/src/panic.rs:358:14
[INFO] [stdout]   40:     0x5ac384ed98be - std::thread::Builder::spawn_unchecked_::{{closure}}::h8e141ea224820bce
[INFO] [stdout]                                at /rustc/df4ca44d3fbc9301ee17f30f4d474e6ae4b05252/library/std/src/thread/mod.rs:540:30
[INFO] [stdout]   41:     0x5ac384ed98be - core::ops::function::FnOnce::call_once{{vtable.shim}}::h90d312fedd7b8ea8
[INFO] [stdout]                                at /rustc/df4ca44d3fbc9301ee17f30f4d474e6ae4b05252/library/core/src/ops/function.rs:250:5
[INFO] [stdout]   42:     0x5ac38508742b - <alloc::boxed::Box<F,A> as core::ops::function::FnOnce<Args>>::call_once::h69aa08ddb6adb8b6
[INFO] [stdout]                                at /rustc/df4ca44d3fbc9301ee17f30f4d474e6ae4b05252/library/alloc/src/boxed.rs:2454:9
[INFO] [stdout]   43:     0x5ac38508742b - <alloc::boxed::Box<F,A> as core::ops::function::FnOnce<Args>>::call_once::h5aa36efdb79c806f
[INFO] [stdout]                                at /rustc/df4ca44d3fbc9301ee17f30f4d474e6ae4b05252/library/alloc/src/boxed.rs:2454:9
[INFO] [stdout]   44:     0x5ac38508742b - std::sys::pal::unix::thread::Thread::new::thread_start::h6cd80a1b4be5158d
[INFO] [stdout]                                at /rustc/df4ca44d3fbc9301ee17f30f4d474e6ae4b05252/library/std/src/sys/pal/unix/thread.rs:105:17
[INFO] [stdout]   45:     0x7225f526dac3 - <unknown>
[INFO] [stdout]   46:     0x7225f52fea04 - clone
[INFO] [stdout]   47:                0x0 - <unknown>
[INFO] [stdout] 
[INFO] [stdout] ---- udp::udp_stream::tests::test_udp_stream_ipv6 stdout ----
[INFO] [stdout] thread 'udp::udp_stream::tests::test_udp_stream_ipv6' panicked at src/tests/udp.rs:46:77:
[INFO] [stdout] called `Result::unwrap()` on an `Err` value: Os { code: 99, kind: AddrNotAvailable, message: "Cannot assign requested address" }
[INFO] [stdout] stack backtrace:
[INFO] [stdout]    0:     0x5ac3850817da - std::backtrace_rs::backtrace::libunwind::trace::h207520d6e9873551
[INFO] [stdout]                                at /rustc/df4ca44d3fbc9301ee17f30f4d474e6ae4b05252/library/std/src/../../backtrace/src/backtrace/libunwind.rs:116:5
[INFO] [stdout]    1:     0x5ac3850817da - std::backtrace_rs::backtrace::trace_unsynchronized::h2ed7433f370e3eca
[INFO] [stdout]                                at /rustc/df4ca44d3fbc9301ee17f30f4d474e6ae4b05252/library/std/src/../../backtrace/src/backtrace/mod.rs:66:5
[INFO] [stdout]    2:     0x5ac3850817da - std::sys::backtrace::_print_fmt::h916fac51166b18d7
[INFO] [stdout]                                at /rustc/df4ca44d3fbc9301ee17f30f4d474e6ae4b05252/library/std/src/sys/backtrace.rs:66:9
[INFO] [stdout]    3:     0x5ac3850817da - <std::sys::backtrace::BacktraceLock::print::DisplayBacktrace as core::fmt::Display>::fmt::ha0a4c9b8ce3802e6
[INFO] [stdout]                                at /rustc/df4ca44d3fbc9301ee17f30f4d474e6ae4b05252/library/std/src/sys/backtrace.rs:39:26
[INFO] [stdout]    4:     0x5ac3850ab7a3 - core::fmt::rt::Argument::fmt::h4cfc8587d52b3eb5
[INFO] [stdout]                                at /rustc/df4ca44d3fbc9301ee17f30f4d474e6ae4b05252/library/core/src/fmt/rt.rs:177:76
[INFO] [stdout]    5:     0x5ac3850ab7a3 - core::fmt::write::h522cc39e5b36ae9f
[INFO] [stdout]                                at /rustc/df4ca44d3fbc9301ee17f30f4d474e6ae4b05252/library/core/src/fmt/mod.rs:1190:21
[INFO] [stdout]    6:     0x5ac38507d8c3 - std::io::Write::write_fmt::h7d3c26752da97734
[INFO] [stdout]                                at /rustc/df4ca44d3fbc9301ee17f30f4d474e6ae4b05252/library/std/src/io/mod.rs:1839:15
[INFO] [stdout]    7:     0x5ac385081622 - std::sys::backtrace::BacktraceLock::print::h4b9e00b29e9c0942
[INFO] [stdout]                                at /rustc/df4ca44d3fbc9301ee17f30f4d474e6ae4b05252/library/std/src/sys/backtrace.rs:42:9
[INFO] [stdout]    8:     0x5ac385082c6a - std::panicking::default_hook::{{closure}}::hb59b88280d0324d9
[INFO] [stdout]                                at /rustc/df4ca44d3fbc9301ee17f30f4d474e6ae4b05252/library/std/src/panicking.rs:268:22
[INFO] [stdout]    9:     0x5ac385082a74 - std::panicking::default_hook::he1dd496665be4a29
[INFO] [stdout]                                at /rustc/df4ca44d3fbc9301ee17f30f4d474e6ae4b05252/library/std/src/panicking.rs:292:9
[INFO] [stdout]   10:     0x5ac384f0e7a9 - <alloc::boxed::Box<F,A> as core::ops::function::Fn<Args>>::call::h4ff71de18744e1dc
[INFO] [stdout]                                at /rustc/df4ca44d3fbc9301ee17f30f4d474e6ae4b05252/library/alloc/src/boxed.rs:2468:9
[INFO] [stdout]   11:     0x5ac384f0e7a9 - test::test_main::{{closure}}::hcf7c055ce117aa81
[INFO] [stdout]                                at /rustc/df4ca44d3fbc9301ee17f30f4d474e6ae4b05252/library/test/src/lib.rs:133:21
[INFO] [stdout]   12:     0x5ac385083368 - <alloc::boxed::Box<F,A> as core::ops::function::Fn<Args>>::call::h1d66c6bbd60c9692
[INFO] [stdout]                                at /rustc/df4ca44d3fbc9301ee17f30f4d474e6ae4b05252/library/alloc/src/boxed.rs:2468:9
[INFO] [stdout]   13:     0x5ac385083368 - std::panicking::rust_panic_with_hook::h2ff17fe8f26dfcf8
[INFO] [stdout]                                at /rustc/df4ca44d3fbc9301ee17f30f4d474e6ae4b05252/library/std/src/panicking.rs:809:13
[INFO] [stdout]   14:     0x5ac38508312a - std::panicking::begin_panic_handler::{{closure}}::h4fad77951c07e101
[INFO] [stdout]                                at /rustc/df4ca44d3fbc9301ee17f30f4d474e6ae4b05252/library/std/src/panicking.rs:674:13
[INFO] [stdout]   15:     0x5ac385081cb9 - std::sys::backtrace::__rust_end_short_backtrace::hb1a25b3da5d0ea08
[INFO] [stdout]                                at /rustc/df4ca44d3fbc9301ee17f30f4d474e6ae4b05252/library/std/src/sys/backtrace.rs:170:18
[INFO] [stdout]   16:     0x5ac385082dbc - rust_begin_unwind
[INFO] [stdout]                                at /rustc/df4ca44d3fbc9301ee17f30f4d474e6ae4b05252/library/std/src/panicking.rs:665:5
[INFO] [stdout]   17:     0x5ac3850a9ca0 - core::panicking::panic_fmt::ha9db07b529f9b256
[INFO] [stdout]                                at /rustc/df4ca44d3fbc9301ee17f30f4d474e6ae4b05252/library/core/src/panicking.rs:75:14
[INFO] [stdout]   18:     0x5ac3850aa186 - core::result::unwrap_failed::h5e8218e4d4338b8a
[INFO] [stdout]                                at /rustc/df4ca44d3fbc9301ee17f30f4d474e6ae4b05252/library/core/src/result.rs:1698:5
[INFO] [stdout]   19:     0x5ac384e75a2e - core::result::Result<T,E>::unwrap::h05d22531a6fa9786
[INFO] [stdout]                                at /rustc/df4ca44d3fbc9301ee17f30f4d474e6ae4b05252/library/core/src/result.rs:1103:23
[INFO] [stdout]   20:     0x5ac384e75a2e - hickory_proto::tests::udp::udp_stream_test::{{closure}}::hf5b91cd7f8565e7b
[INFO] [stdout]                                at /opt/rustwide/workdir/src/tests/udp.rs:46:18
[INFO] [stdout]   21:     0x5ac384ebd5bf - tokio::runtime::park::CachedParkThread::block_on::{{closure}}::h80d5779931bc4e83
[INFO] [stdout]                                at /opt/rustwide/cargo-home/registry/src/index.crates.io-6f17d22bba15001f/tokio-1.41.0/src/runtime/park.rs:281:63
[INFO] [stdout]   22:     0x5ac384ebb096 - tokio::runtime::coop::with_budget::hd25c45dbdfea4292
[INFO] [stdout]                                at /opt/rustwide/cargo-home/registry/src/index.crates.io-6f17d22bba15001f/tokio-1.41.0/src/runtime/coop.rs:107:5
[INFO] [stdout]   23:     0x5ac384ebb096 - tokio::runtime::coop::budget::hadc0df159c58853b
[INFO] [stdout]                                at /opt/rustwide/cargo-home/registry/src/index.crates.io-6f17d22bba15001f/tokio-1.41.0/src/runtime/coop.rs:73:5
[INFO] [stdout]   24:     0x5ac384ebb096 - tokio::runtime::park::CachedParkThread::block_on::hadbc64979a54b587
[INFO] [stdout]                                at /opt/rustwide/cargo-home/registry/src/index.crates.io-6f17d22bba15001f/tokio-1.41.0/src/runtime/park.rs:281:31
[INFO] [stdout]   25:     0x5ac384e1eb33 - tokio::runtime::context::blocking::BlockingRegionGuard::block_on::h85ee2cc2616c2c27
[INFO] [stdout]                                at /opt/rustwide/cargo-home/registry/src/index.crates.io-6f17d22bba15001f/tokio-1.41.0/src/runtime/context/blocking.rs:66:9
[INFO] [stdout]   26:     0x5ac384dbd948 - tokio::runtime::scheduler::multi_thread::MultiThread::block_on::{{closure}}::h660325dc49cc4745
[INFO] [stdout]                                at /opt/rustwide/cargo-home/registry/src/index.crates.io-6f17d22bba15001f/tokio-1.41.0/src/runtime/scheduler/multi_thread/mod.rs:87:13
[INFO] [stdout]   27:     0x5ac384e15d3b - tokio::runtime::context::runtime::enter_runtime::h0f1dc28efcb72ef5
[INFO] [stdout]                                at /opt/rustwide/cargo-home/registry/src/index.crates.io-6f17d22bba15001f/tokio-1.41.0/src/runtime/context/runtime.rs:65:16
[INFO] [stdout]   28:     0x5ac384dbd093 - tokio::runtime::scheduler::multi_thread::MultiThread::block_on::h27f1227790580478
[INFO] [stdout]                                at /opt/rustwide/cargo-home/registry/src/index.crates.io-6f17d22bba15001f/tokio-1.41.0/src/runtime/scheduler/multi_thread/mod.rs:86:9
[INFO] [stdout]   29:     0x5ac384db4f39 - tokio::runtime::runtime::Runtime::block_on_inner::h0c360d08832a968a
[INFO] [stdout]                                at /opt/rustwide/cargo-home/registry/src/index.crates.io-6f17d22bba15001f/tokio-1.41.0/src/runtime/runtime.rs:370:45
[INFO] [stdout]   30:     0x5ac384db715f - tokio::runtime::runtime::Runtime::block_on::h9dd730f30343ce55
[INFO] [stdout]                                at /opt/rustwide/cargo-home/registry/src/index.crates.io-6f17d22bba15001f/tokio-1.41.0/src/runtime/runtime.rs:342:13
[INFO] [stdout]   31:     0x5ac384e87a0f - hickory_proto::udp::udp_stream::tests::test_udp_stream_ipv6::h1c6b910907b4438a
[INFO] [stdout]                                at /opt/rustwide/workdir/src/udp/udp_stream.rs:403:9
[INFO] [stdout]   32:     0x5ac384e87917 - hickory_proto::udp::udp_stream::tests::test_udp_stream_ipv6::{{closure}}::h4a8184c8f62512de
[INFO] [stdout]                                at /opt/rustwide/workdir/src/udp/udp_stream.rs:400:30
[INFO] [stdout]   33:     0x5ac384d74b06 - core::ops::function::FnOnce::call_once::hf56b8064bc90e0cb
[INFO] [stdout]                                at /rustc/df4ca44d3fbc9301ee17f30f4d474e6ae4b05252/library/core/src/ops/function.rs:250:5
[INFO] [stdout]   34:     0x5ac384f1307b - core::ops::function::FnOnce::call_once::h22c3ba5715e93f05
[INFO] [stdout]                                at /rustc/df4ca44d3fbc9301ee17f30f4d474e6ae4b05252/library/core/src/ops/function.rs:250:5
[INFO] [stdout]   35:     0x5ac384f1307b - test::__rust_begin_short_backtrace::h8e82d8113d0da17f
[INFO] [stdout]                                at /rustc/df4ca44d3fbc9301ee17f30f4d474e6ae4b05252/library/test/src/lib.rs:621:18
[INFO] [stdout]   36:     0x5ac384f129f7 - test::run_test_in_process::{{closure}}::h33235f4f20b7b7c7
[INFO] [stdout]                                at /rustc/df4ca44d3fbc9301ee17f30f4d474e6ae4b05252/library/test/src/lib.rs:644:60
[INFO] [stdout]   37:     0x5ac384f129f7 - <core::panic::unwind_safe::AssertUnwindSafe<F> as core::ops::function::FnOnce<()>>::call_once::hb5043206310c586f
[INFO] [stdout]                                at /rustc/df4ca44d3fbc9301ee17f30f4d474e6ae4b05252/library/core/src/panic/unwind_safe.rs:272:9
[INFO] [stdout]   38:     0x5ac384f129f7 - std::panicking::try::do_call::h9ad4731a60ab23e2
[INFO] [stdout]                                at /rustc/df4ca44d3fbc9301ee17f30f4d474e6ae4b05252/library/std/src/panicking.rs:557:40
[INFO] [stdout]   39:     0x5ac384f129f7 - std::panicking::try::h3824d23db772a716
[INFO] [stdout]                                at /rustc/df4ca44d3fbc9301ee17f30f4d474e6ae4b05252/library/std/src/panicking.rs:520:19
[INFO] [stdout]   40:     0x5ac384f129f7 - std::panic::catch_unwind::h5afd514605fde46b
[INFO] [stdout]                                at /rustc/df4ca44d3fbc9301ee17f30f4d474e6ae4b05252/library/std/src/panic.rs:358:14
[INFO] [stdout]   41:     0x5ac384f129f7 - test::run_test_in_process::h0d5cbfa7067d1720
[INFO] [stdout]                                at /rustc/df4ca44d3fbc9301ee17f30f4d474e6ae4b05252/library/test/src/lib.rs:644:27
[INFO] [stdout]   42:     0x5ac384f129f7 - test::run_test::{{closure}}::h708eb8872708115d
[INFO] [stdout]                                at /rustc/df4ca44d3fbc9301ee17f30f4d474e6ae4b05252/library/test/src/lib.rs:565:43
[INFO] [stdout]   43:     0x5ac384ed6114 - test::run_test::{{closure}}::h392c51cee94713ab
[INFO] [stdout]                                at /rustc/df4ca44d3fbc9301ee17f30f4d474e6ae4b05252/library/test/src/lib.rs:595:41
[INFO] [stdout]   44:     0x5ac384ed6114 - std::sys::backtrace::__rust_begin_short_backtrace::h2f40290710935a8b
[INFO] [stdout]                                at /rustc/df4ca44d3fbc9301ee17f30f4d474e6ae4b05252/library/std/src/sys/backtrace.rs:154:18
[INFO] [stdout]   45:     0x5ac384ed98be - std::thread::Builder::spawn_unchecked_::{{closure}}::{{closure}}::h3fd968d89053a903
[INFO] [stdout]                                at /rustc/df4ca44d3fbc9301ee17f30f4d474e6ae4b05252/library/std/src/thread/mod.rs:541:17
[INFO] [stdout]   46:     0x5ac384ed98be - <core::panic::unwind_safe::AssertUnwindSafe<F> as core::ops::function::FnOnce<()>>::call_once::h743f637ba4229880
[INFO] [stdout]                                at /rustc/df4ca44d3fbc9301ee17f30f4d474e6ae4b05252/library/core/src/panic/unwind_safe.rs:272:9
[INFO] [stdout]   47:     0x5ac384ed98be - std::panicking::try::do_call::h07440897322525a6
[INFO] [stdout]                                at /rustc/df4ca44d3fbc9301ee17f30f4d474e6ae4b05252/library/std/src/panicking.rs:557:40
[INFO] [stdout]   48:     0x5ac384ed98be - std::panicking::try::he5a2e00188156637
[INFO] [stdout]                                at /rustc/df4ca44d3fbc9301ee17f30f4d474e6ae4b05252/library/std/src/panicking.rs:520:19
[INFO] [stdout]   49:     0x5ac384ed98be - std::panic::catch_unwind::hbaf3cae49b3c6433
[INFO] [stdout]                                at /rustc/df4ca44d3fbc9301ee17f30f4d474e6ae4b05252/library/std/src/panic.rs:358:14
[INFO] [stdout]   50:     0x5ac384ed98be - std::thread::Builder::spawn_unchecked_::{{closure}}::h8e141ea224820bce
[INFO] [stdout]                                at /rustc/df4ca44d3fbc9301ee17f30f4d474e6ae4b05252/library/std/src/thread/mod.rs:540:30
[INFO] [stdout]   51:     0x5ac384ed98be - core::ops::function::FnOnce::call_once{{vtable.shim}}::h90d312fedd7b8ea8
[INFO] [stdout]                                at /rustc/df4ca44d3fbc9301ee17f30f4d474e6ae4b05252/library/core/src/ops/function.rs:250:5
[INFO] [stdout]   52:     0x5ac38508742b - <alloc::boxed::Box<F,A> as core::ops::function::FnOnce<Args>>::call_once::h69aa08ddb6adb8b6
[INFO] [stdout]                                at /rustc/df4ca44d3fbc9301ee17f30f4d474e6ae4b05252/library/alloc/src/boxed.rs:2454:9
[INFO] [stdout]   53:     0x5ac38508742b - <alloc::boxed::Box<F,A> as core::ops::function::FnOnce<Args>>::call_once::h5aa36efdb79c806f
[INFO] [stdout]                                at /rustc/df4ca44d3fbc9301ee17f30f4d474e6ae4b05252/library/alloc/src/boxed.rs:2454:9
[INFO] [stdout]   54:     0x5ac38508742b - std::sys::pal::unix::thread::Thread::new::thread_start::h6cd80a1b4be5158d
[INFO] [stdout]                                at /rustc/df4ca44d3fbc9301ee17f30f4d474e6ae4b05252/library/std/src/sys/pal/unix/thread.rs:105:17
[INFO] [stdout]   55:     0x7225f526dac3 - <unknown>
[INFO] [stdout]   56:     0x7225f52fea04 - clone
[INFO] [stdout]   57:                0x0 - <unknown>
[INFO] [stdout] 
[INFO] [stdout] 
[INFO] [stdout] failures:
[INFO] [stdout]     tcp::tcp_client_stream::tests::test_tcp_stream_ipv6
[INFO] [stdout]     tcp::tcp_stream::tests::test_tcp_stream_ipv6
[INFO] [stdout]     udp::udp_client_stream::tests::test_udp_client_stream_ipv6
[INFO] [stdout]     udp::udp_stream::tests::test_udp_stream_ipv6
[INFO] [stdout] 
[INFO] [stdout] test result: FAILED. 161 passed; 4 failed; 0 ignored; 0 measured; 0 filtered out; finished in 0.23s
[INFO] [stdout] 
[INFO] [stderr] error: test failed, to rerun pass `--lib`
[INFO] running `Command { std: "docker" "inspect" "411a549bc5d6be8c639b11e1e9bac788859161bea9dcc8570fb1b03815ae355d", kill_on_drop: false }`
[INFO] running `Command { std: "docker" "rm" "-f" "411a549bc5d6be8c639b11e1e9bac788859161bea9dcc8570fb1b03815ae355d", kill_on_drop: false }`
[INFO] [stdout] 411a549bc5d6be8c639b11e1e9bac788859161bea9dcc8570fb1b03815ae355d
