[INFO] fetching crate hematita 0.1.0...
[INFO] testing hematita-0.1.0 against nightly-2024-10-28 for randomize-layout
[INFO] extracting crate hematita 0.1.0 into /workspace/builds/worker-0-tc1/source
[INFO] validating manifest of crates.io crate hematita 0.1.0 on toolchain nightly-2024-10-28
[INFO] running `Command { std: CARGO_HOME="/workspace/cargo-home" RUSTUP_HOME="/workspace/rustup-home" "/workspace/cargo-home/bin/cargo" "+nightly-2024-10-28" "metadata" "--manifest-path" "Cargo.toml" "--no-deps", kill_on_drop: false }`
[INFO] started tweaking crates.io crate hematita 0.1.0
[INFO] finished tweaking crates.io crate hematita 0.1.0
[INFO] tweaked toml for crates.io crate hematita 0.1.0 written to /workspace/builds/worker-0-tc1/source/Cargo.toml
[INFO] running `Command { std: CARGO_HOME="/workspace/cargo-home" RUSTUP_HOME="/workspace/rustup-home" "/workspace/cargo-home/bin/cargo" "+nightly-2024-10-28" "generate-lockfile" "--manifest-path" "Cargo.toml", kill_on_drop: false }`
[INFO] [stderr]     Updating crates.io index
[INFO] [stderr]      Locking 16 packages to latest compatible versions
[INFO] [stderr]       Adding hashbrown v0.11.2 (available: v0.15.0)
[INFO] [stderr]       Adding itertools v0.10.5 (available: v0.13.0)
[INFO] [stderr]       Adding visibility v0.0.1 (available: v0.1.1)
[INFO] running `Command { std: CARGO_HOME="/workspace/cargo-home" RUSTUP_HOME="/workspace/rustup-home" "/workspace/cargo-home/bin/cargo" "+nightly-2024-10-28" "fetch" "--manifest-path" "Cargo.toml", kill_on_drop: false }`
[INFO] [stderr]  Downloading crates ...
[INFO] [stderr]   Downloaded visibility v0.0.1
[INFO] running `Command { std: "docker" "create" "-v" "/var/lib/crater-agent-workspace/builds/worker-0-tc1/target:/opt/rustwide/target:rw,Z" "-v" "/var/lib/crater-agent-workspace/builds/worker-0-tc1/source:/opt/rustwide/workdir:ro,Z" "-v" "/var/lib/crater-agent-workspace/cargo-home:/opt/rustwide/cargo-home:ro,Z" "-v" "/var/lib/crater-agent-workspace/rustup-home:/opt/rustwide/rustup-home:ro,Z" "-e" "SOURCE_DIR=/opt/rustwide/workdir" "-e" "CARGO_TARGET_DIR=/opt/rustwide/target" "-e" "CARGO_HOME=/opt/rustwide/cargo-home" "-e" "RUSTUP_HOME=/opt/rustwide/rustup-home" "-w" "/opt/rustwide/workdir" "-m" "1610612736" "--user" "0:0" "--network" "none" "ghcr.io/rust-lang/crates-build-env/linux@sha256:4a844ea9eb2546a2d2c7022eacef16ef2e8229c7fbb2c7d4d55a9ceca922f72d" "/opt/rustwide/cargo-home/bin/cargo" "+nightly-2024-10-28" "metadata" "--no-deps" "--format-version=1", kill_on_drop: false }`
[INFO] [stdout] ea47d06d9ef39a9b17f7c0ea55bd857038184635507c90416865d7ab1b203eef
[INFO] running `Command { std: "docker" "start" "-a" "ea47d06d9ef39a9b17f7c0ea55bd857038184635507c90416865d7ab1b203eef", kill_on_drop: false }`
[INFO] running `Command { std: "docker" "inspect" "ea47d06d9ef39a9b17f7c0ea55bd857038184635507c90416865d7ab1b203eef", kill_on_drop: false }`
[INFO] running `Command { std: "docker" "rm" "-f" "ea47d06d9ef39a9b17f7c0ea55bd857038184635507c90416865d7ab1b203eef", kill_on_drop: false }`
[INFO] [stdout] ea47d06d9ef39a9b17f7c0ea55bd857038184635507c90416865d7ab1b203eef
[INFO] running `Command { std: "docker" "create" "-v" "/var/lib/crater-agent-workspace/builds/worker-0-tc1/target:/opt/rustwide/target:rw,Z" "-v" "/var/lib/crater-agent-workspace/builds/worker-0-tc1/source:/opt/rustwide/workdir:ro,Z" "-v" "/var/lib/crater-agent-workspace/cargo-home:/opt/rustwide/cargo-home:ro,Z" "-v" "/var/lib/crater-agent-workspace/rustup-home:/opt/rustwide/rustup-home:ro,Z" "-e" "SOURCE_DIR=/opt/rustwide/workdir" "-e" "CARGO_TARGET_DIR=/opt/rustwide/target" "-e" "CARGO_INCREMENTAL=0" "-e" "RUST_BACKTRACE=full" "-e" "RUSTFLAGS=--cap-lints=forbid" "-e" "RUSTDOCFLAGS=--cap-lints=forbid" "-e" "CARGO_HOME=/opt/rustwide/cargo-home" "-e" "RUSTUP_HOME=/opt/rustwide/rustup-home" "-w" "/opt/rustwide/workdir" "-m" "1610612736" "--user" "0:0" "--network" "none" "ghcr.io/rust-lang/crates-build-env/linux@sha256:4a844ea9eb2546a2d2c7022eacef16ef2e8229c7fbb2c7d4d55a9ceca922f72d" "/opt/rustwide/cargo-home/bin/cargo" "+nightly-2024-10-28" "build" "--frozen" "--message-format=json", kill_on_drop: false }`
[INFO] [stdout] 96fe5b2f29c76b9afab9082d53411f5428a7bead23ffb3c8557b7de3068b3825
[INFO] running `Command { std: "docker" "start" "-a" "96fe5b2f29c76b9afab9082d53411f5428a7bead23ffb3c8557b7de3068b3825", kill_on_drop: false }`
[INFO] [stderr]    Compiling libc v0.2.161
[INFO] [stderr]    Compiling syn v1.0.109
[INFO] [stderr]    Compiling once_cell v1.20.2
[INFO] [stderr]    Compiling hematita v0.1.0 (/opt/rustwide/workdir)
[INFO] [stderr]    Compiling getrandom v0.2.15
[INFO] [stderr]    Compiling ahash v0.7.8
[INFO] [stderr]    Compiling hashbrown v0.11.2
[INFO] [stderr]    Compiling visibility v0.0.1
[INFO] [stdout] warning: unknown lint: `unused_variable`
[INFO] [stdout]     --> src/vm/mod.rs:1077:25
[INFO] [stdout]      |
[INFO] [stdout] 1077 |                 #[allow(unused_mut, unused_variable, unused_assignments)]
[INFO] [stdout]      |                                     ^^^^^^^^^^^^^^^ help: did you mean: `unused_variables`
[INFO] [stdout]      |
[INFO] [stdout]     ::: src/compiler/mod.rs:365:9
[INFO] [stdout]      |
[INFO] [stdout] 365  | ...                   insert_byte_code!(self {reas old, register});
[INFO] [stdout]      |                       -------------------------------------------- in this macro invocation
[INFO] [stdout]      |
[INFO] [stdout]      = note: `#[warn(unknown_lints)]` on by default
[INFO] [stdout]      = note: this warning originates in the macro `byte_code` which comes from the expansion of the macro `insert_byte_code` (in Nightly builds, run with -Z macro-backtrace for more info)
[INFO] [stdout] 
[INFO] [stdout] 
[INFO] [stdout] warning: unknown lint: `unused_variable`
[INFO] [stdout]     --> src/vm/mod.rs:1077:25
[INFO] [stdout]      |
[INFO] [stdout] 1077 |                 #[allow(unused_mut, unused_variable, unused_assignments)]
[INFO] [stdout]      |                                     ^^^^^^^^^^^^^^^ help: did you mean: `unused_variables`
[INFO] [stdout]      |
[INFO] [stdout]     ::: src/compiler/mod.rs:371:9
[INFO] [stdout]      |
[INFO] [stdout] 371  | ...                   insert_byte_code!(self {suv register, ^up_value})
[INFO] [stdout]      |                       ------------------------------------------------- in this macro invocation
[INFO] [stdout]      |
[INFO] [stdout]      = note: this warning originates in the macro `byte_code` which comes from the expansion of the macro `insert_byte_code` (in Nightly builds, run with -Z macro-backtrace for more info)
[INFO] [stdout] 
[INFO] [stdout] 
[INFO] [stdout] warning: unknown lint: `unused_variable`
[INFO] [stdout]     --> src/vm/mod.rs:1077:25
[INFO] [stdout]      |
[INFO] [stdout] 1077 |                 #[allow(unused_mut, unused_variable, unused_assignments)]
[INFO] [stdout]      |                                     ^^^^^^^^^^^^^^^ help: did you mean: `unused_variables`
[INFO] [stdout]      |
[INFO] [stdout]     ::: src/compiler/mod.rs:394:10
[INFO] [stdout]      |
[INFO] [stdout] 394  | ...                   insert_byte_code!(self {reas old, new}),
[INFO] [stdout]      |                       --------------------------------------- in this macro invocation
[INFO] [stdout]      |
[INFO] [stdout]      = note: this warning originates in the macro `byte_code` which comes from the expansion of the macro `insert_byte_code` (in Nightly builds, run with -Z macro-backtrace for more info)
[INFO] [stdout] 
[INFO] [stdout] 
[INFO] [stdout] warning: unknown lint: `unused_variable`
[INFO] [stdout]     --> src/vm/mod.rs:1077:25
[INFO] [stdout]      |
[INFO] [stdout] 1077 |                 #[allow(unused_mut, unused_variable, unused_assignments)]
[INFO] [stdout]      |                                     ^^^^^^^^^^^^^^^ help: did you mean: `unused_variables`
[INFO] [stdout]      |
[INFO] [stdout]     ::: src/compiler/mod.rs:397:10
[INFO] [stdout]      |
[INFO] [stdout] 397  | ...                   insert_byte_code!(self {suv old, ^up_value})
[INFO] [stdout]      |                       -------------------------------------------- in this macro invocation
[INFO] [stdout]      |
[INFO] [stdout]      = note: this warning originates in the macro `byte_code` which comes from the expansion of the macro `insert_byte_code` (in Nightly builds, run with -Z macro-backtrace for more info)
[INFO] [stdout] 
[INFO] [stdout] 
[INFO] [stdout] warning: unknown lint: `unused_variable`
[INFO] [stdout]     --> src/vm/mod.rs:1077:25
[INFO] [stdout]      |
[INFO] [stdout] 1077 |                 #[allow(unused_mut, unused_variable, unused_assignments)]
[INFO] [stdout]      |                                     ^^^^^^^^^^^^^^^ help: did you mean: `unused_variables`
[INFO] [stdout]      |
[INFO] [stdout]     ::: src/compiler/mod.rs:412:8
[INFO] [stdout]      |
[INFO] [stdout] 412  | ...                   insert_byte_code!(self {idxw indexee, index, register});
[INFO] [stdout]      |                       ------------------------------------------------------- in this macro invocation
[INFO] [stdout]      |
[INFO] [stdout]      = note: this warning originates in the macro `byte_code` which comes from the expansion of the macro `insert_byte_code` (in Nightly builds, run with -Z macro-backtrace for more info)
[INFO] [stdout] 
[INFO] [stdout] 
[INFO] [stdout] warning: unknown lint: `unused_variable`
[INFO] [stdout]     --> src/vm/mod.rs:1077:25
[INFO] [stdout]      |
[INFO] [stdout] 1077 |                 #[allow(unused_mut, unused_variable, unused_assignments)]
[INFO] [stdout]      |                                     ^^^^^^^^^^^^^^^ help: did you mean: `unused_variables`
[INFO] [stdout]      |
[INFO] [stdout]     ::: src/compiler/mod.rs:419:8
[INFO] [stdout]      |
[INFO] [stdout] 419  | ...                   insert_byte_code!(self {idxw indexee, index, value});
[INFO] [stdout]      |                       ---------------------------------------------------- in this macro invocation
[INFO] [stdout]      |
[INFO] [stdout]      = note: this warning originates in the macro `byte_code` which comes from the expansion of the macro `insert_byte_code` (in Nightly builds, run with -Z macro-backtrace for more info)
[INFO] [stdout] 
[INFO] [stdout] 
[INFO] [stdout] warning: unknown lint: `unused_variable`
[INFO] [stdout]     --> src/vm/mod.rs:1077:25
[INFO] [stdout]      |
[INFO] [stdout] 1077 |                 #[allow(unused_mut, unused_variable, unused_assignments)]
[INFO] [stdout]      |                                     ^^^^^^^^^^^^^^^ help: did you mean: `unused_variables`
[INFO] [stdout]      |
[INFO] [stdout]     ::: src/compiler/mod.rs:460:8
[INFO] [stdout]      |
[INFO] [stdout] 460  | ...                   insert_byte_code!(self {reas register, destination});
[INFO] [stdout]      |                       ---------------------------------------------------- in this macro invocation
[INFO] [stdout]      |
[INFO] [stdout]      = note: this warning originates in the macro `byte_code` which comes from the expansion of the macro `insert_byte_code` (in Nightly builds, run with -Z macro-backtrace for more info)
[INFO] [stdout] 
[INFO] [stdout] 
[INFO] [stdout] warning: unknown lint: `unused_variable`
[INFO] [stdout]     --> src/vm/mod.rs:1077:25
[INFO] [stdout]      |
[INFO] [stdout] 1077 |                 #[allow(unused_mut, unused_variable, unused_assignments)]
[INFO] [stdout]      |                                     ^^^^^^^^^^^^^^^ help: did you mean: `unused_variables`
[INFO] [stdout]      |
[INFO] [stdout]     ::: src/compiler/mod.rs:931:5
[INFO] [stdout]      |
[INFO] [stdout] 931  |                 insert_byte_code!(compiler {idxr tuple, index, temporary});
[INFO] [stdout]      |                 ---------------------------------------------------------- in this macro invocation
[INFO] [stdout]      |
[INFO] [stdout]      = note: this warning originates in the macro `byte_code` which comes from the expansion of the macro `insert_byte_code` (in Nightly builds, run with -Z macro-backtrace for more info)
[INFO] [stdout] 
[INFO] [stdout] 
[INFO] [stdout] warning: unknown lint: `unused_variable`
[INFO] [stdout]     --> src/vm/mod.rs:1077:25
[INFO] [stdout]      |
[INFO] [stdout] 1077 |                 #[allow(unused_mut, unused_variable, unused_assignments)]
[INFO] [stdout]      |                                     ^^^^^^^^^^^^^^^ help: did you mean: `unused_variables`
[INFO] [stdout]      |
[INFO] [stdout]     ::: src/compiler/mod.rs:940:4
[INFO] [stdout]      |
[INFO] [stdout] 940  |             insert_byte_code!(compiler {idxr tuple, index, temporary});
[INFO] [stdout]      |             ---------------------------------------------------------- in this macro invocation
[INFO] [stdout]      |
[INFO] [stdout]      = note: this warning originates in the macro `byte_code` which comes from the expansion of the macro `insert_byte_code` (in Nightly builds, run with -Z macro-backtrace for more info)
[INFO] [stdout] 
[INFO] [stdout] 
[INFO] [stdout] warning: call to `.borrow()` on a reference in this situation does nothing
[INFO] [stdout]    --> src/vm/value.rs:334:26
[INFO] [stdout]     |
[INFO] [stdout] 334 |             NonNil(value) => value.borrow().type_name(),
[INFO] [stdout]     |                                   ^^^^^^^^^
[INFO] [stdout]     |
[INFO] [stdout]     = note: the type `Value<'_>` does not implement `Borrow`, so calling `borrow` on `&Value<'_>` copies the reference, which does not do anything and can be removed
[INFO] [stdout]     = note: `#[warn(noop_method_call)]` on by default
[INFO] [stdout] help: remove this redundant call
[INFO] [stdout]     |
[INFO] [stdout] 334 -             NonNil(value) => value.borrow().type_name(),
[INFO] [stdout] 334 +             NonNil(value) => value.type_name(),
[INFO] [stdout]     |
[INFO] [stdout] help: if you meant to clone `Value<'_>`, implement `Clone` for it
[INFO] [stdout]     |
[INFO] [stdout] 166 + #[derive(Clone)]
[INFO] [stdout] 167 | pub enum Value<'n> {
[INFO] [stdout]     |
[INFO] [stdout] 
[INFO] [stdout] 
[INFO] [stdout] warning: call to `.borrow()` on a reference in this situation does nothing
[INFO] [stdout]    --> src/vm/value.rs:349:26
[INFO] [stdout]     |
[INFO] [stdout] 349 |             NonNil(value) => value.borrow().coerce_to_bool(),
[INFO] [stdout]     |                                   ^^^^^^^^^
[INFO] [stdout]     |
[INFO] [stdout]     = note: the type `Value<'_>` does not implement `Borrow`, so calling `borrow` on `&Value<'_>` copies the reference, which does not do anything and can be removed
[INFO] [stdout] help: remove this redundant call
[INFO] [stdout]     |
[INFO] [stdout] 349 -             NonNil(value) => value.borrow().coerce_to_bool(),
[INFO] [stdout] 349 +             NonNil(value) => value.coerce_to_bool(),
[INFO] [stdout]     |
[INFO] [stdout] help: if you meant to clone `Value<'_>`, implement `Clone` for it
[INFO] [stdout]     |
[INFO] [stdout] 166 + #[derive(Clone)]
[INFO] [stdout] 167 | pub enum Value<'n> {
[INFO] [stdout]     |
[INFO] [stdout] 
[INFO] [stdout] 
[INFO] [stdout] warning: call to `.borrow()` on a reference in this situation does nothing
[INFO] [stdout]    --> src/vm/value.rs:371:52
[INFO] [stdout]     |
[INFO] [stdout] 371 |             Nillable::NonNil(value) => write!(f, "{}", value.borrow()),
[INFO] [stdout]     |                                                             ^^^^^^^^^
[INFO] [stdout]     |
[INFO] [stdout]     = note: the type `Value<'_>` does not implement `Borrow`, so calling `borrow` on `&Value<'_>` copies the reference, which does not do anything and can be removed
[INFO] [stdout] help: remove this redundant call
[INFO] [stdout]     |
[INFO] [stdout] 371 -             Nillable::NonNil(value) => write!(f, "{}", value.borrow()),
[INFO] [stdout] 371 +             Nillable::NonNil(value) => write!(f, "{}", value),
[INFO] [stdout]     |
[INFO] [stdout] help: if you meant to clone `Value<'_>`, implement `Clone` for it
[INFO] [stdout]     |
[INFO] [stdout] 166 + #[derive(Clone)]
[INFO] [stdout] 167 | pub enum Value<'n> {
[INFO] [stdout]     |
[INFO] [stdout] 
[INFO] [stdout] 
[INFO] [stdout] warning: call to `.borrow()` on a reference in this situation does nothing
[INFO] [stdout]    --> src/vm/value.rs:380:54
[INFO] [stdout]     |
[INFO] [stdout] 380 |             Nillable::NonNil(value) => write!(f, "{:?}", value.borrow()),
[INFO] [stdout]     |                                                               ^^^^^^^^^
[INFO] [stdout]     |
[INFO] [stdout]     = note: the type `Value<'_>` does not implement `Borrow`, so calling `borrow` on `&Value<'_>` copies the reference, which does not do anything and can be removed
[INFO] [stdout] help: remove this redundant call
[INFO] [stdout]     |
[INFO] [stdout] 380 -             Nillable::NonNil(value) => write!(f, "{:?}", value.borrow()),
[INFO] [stdout] 380 +             Nillable::NonNil(value) => write!(f, "{:?}", value),
[INFO] [stdout]     |
[INFO] [stdout] help: if you meant to clone `Value<'_>`, implement `Clone` for it
[INFO] [stdout]     |
[INFO] [stdout] 166 + #[derive(Clone)]
[INFO] [stdout] 167 | pub enum Value<'n> {
[INFO] [stdout]     |
[INFO] [stdout] 
[INFO] [stdout] 
[INFO] [stderr]     Finished `dev` profile [unoptimized + debuginfo] target(s) in 5.51s
[INFO] running `Command { std: "docker" "inspect" "96fe5b2f29c76b9afab9082d53411f5428a7bead23ffb3c8557b7de3068b3825", kill_on_drop: false }`
[INFO] running `Command { std: "docker" "rm" "-f" "96fe5b2f29c76b9afab9082d53411f5428a7bead23ffb3c8557b7de3068b3825", kill_on_drop: false }`
[INFO] [stdout] 96fe5b2f29c76b9afab9082d53411f5428a7bead23ffb3c8557b7de3068b3825
[INFO] running `Command { std: "docker" "create" "-v" "/var/lib/crater-agent-workspace/builds/worker-0-tc1/target:/opt/rustwide/target:rw,Z" "-v" "/var/lib/crater-agent-workspace/builds/worker-0-tc1/source:/opt/rustwide/workdir:ro,Z" "-v" "/var/lib/crater-agent-workspace/cargo-home:/opt/rustwide/cargo-home:ro,Z" "-v" "/var/lib/crater-agent-workspace/rustup-home:/opt/rustwide/rustup-home:ro,Z" "-e" "SOURCE_DIR=/opt/rustwide/workdir" "-e" "CARGO_TARGET_DIR=/opt/rustwide/target" "-e" "CARGO_INCREMENTAL=0" "-e" "RUST_BACKTRACE=full" "-e" "RUSTFLAGS=--cap-lints=forbid" "-e" "RUSTDOCFLAGS=--cap-lints=forbid" "-e" "CARGO_HOME=/opt/rustwide/cargo-home" "-e" "RUSTUP_HOME=/opt/rustwide/rustup-home" "-w" "/opt/rustwide/workdir" "-m" "1610612736" "--user" "0:0" "--network" "none" "ghcr.io/rust-lang/crates-build-env/linux@sha256:4a844ea9eb2546a2d2c7022eacef16ef2e8229c7fbb2c7d4d55a9ceca922f72d" "/opt/rustwide/cargo-home/bin/cargo" "+nightly-2024-10-28" "test" "--frozen" "--no-run" "--message-format=json", kill_on_drop: false }`
[INFO] [stdout] 6079f442b266aca78244607f9bcab00ea90d0f16f3fb5bccb1d4f0fd4cc4247e
[INFO] running `Command { std: "docker" "start" "-a" "6079f442b266aca78244607f9bcab00ea90d0f16f3fb5bccb1d4f0fd4cc4247e", kill_on_drop: false }`
[INFO] [stderr]    Compiling diff v0.1.13
[INFO] [stdout] warning: unknown lint: `unused_variable`
[INFO] [stdout]     --> src/vm/mod.rs:1077:25
[INFO] [stdout]      |
[INFO] [stdout] 1077 |                 #[allow(unused_mut, unused_variable, unused_assignments)]
[INFO] [stdout]      |                                     ^^^^^^^^^^^^^^^ help: did you mean: `unused_variables`
[INFO] [stdout]      |
[INFO] [stdout]     ::: src/compiler/mod.rs:365:9
[INFO] [stdout]      |
[INFO] [stdout] 365  | ...                   insert_byte_code!(self {reas old, register});
[INFO] [stdout]      |                       -------------------------------------------- in this macro invocation
[INFO] [stdout]      |
[INFO] [stdout]      = note: `#[warn(unknown_lints)]` on by default
[INFO] [stdout]      = note: this warning originates in the macro `byte_code` which comes from the expansion of the macro `insert_byte_code` (in Nightly builds, run with -Z macro-backtrace for more info)
[INFO] [stdout] 
[INFO] [stdout] 
[INFO] [stdout] warning: unknown lint: `unused_variable`
[INFO] [stdout]     --> src/vm/mod.rs:1077:25
[INFO] [stdout]      |
[INFO] [stdout] 1077 |                 #[allow(unused_mut, unused_variable, unused_assignments)]
[INFO] [stdout]      |                                     ^^^^^^^^^^^^^^^ help: did you mean: `unused_variables`
[INFO] [stdout]      |
[INFO] [stdout]     ::: src/compiler/mod.rs:371:9
[INFO] [stdout]      |
[INFO] [stdout] 371  | ...                   insert_byte_code!(self {suv register, ^up_value})
[INFO] [stdout]      |                       ------------------------------------------------- in this macro invocation
[INFO] [stdout]      |
[INFO] [stdout]      = note: this warning originates in the macro `byte_code` which comes from the expansion of the macro `insert_byte_code` (in Nightly builds, run with -Z macro-backtrace for more info)
[INFO] [stdout] 
[INFO] [stdout] 
[INFO] [stdout] warning: unknown lint: `unused_variable`
[INFO] [stdout]     --> src/vm/mod.rs:1077:25
[INFO] [stdout]      |
[INFO] [stdout] 1077 |                 #[allow(unused_mut, unused_variable, unused_assignments)]
[INFO] [stdout]      |                                     ^^^^^^^^^^^^^^^ help: did you mean: `unused_variables`
[INFO] [stdout]      |
[INFO] [stdout]     ::: src/compiler/mod.rs:394:10
[INFO] [stdout]      |
[INFO] [stdout] 394  | ...                   insert_byte_code!(self {reas old, new}),
[INFO] [stdout]      |                       --------------------------------------- in this macro invocation
[INFO] [stdout]      |
[INFO] [stdout]      = note: this warning originates in the macro `byte_code` which comes from the expansion of the macro `insert_byte_code` (in Nightly builds, run with -Z macro-backtrace for more info)
[INFO] [stdout] 
[INFO] [stdout] 
[INFO] [stdout] warning: unknown lint: `unused_variable`
[INFO] [stdout]     --> src/vm/mod.rs:1077:25
[INFO] [stdout]      |
[INFO] [stdout] 1077 |                 #[allow(unused_mut, unused_variable, unused_assignments)]
[INFO] [stdout]      |                                     ^^^^^^^^^^^^^^^ help: did you mean: `unused_variables`
[INFO] [stdout]      |
[INFO] [stdout]     ::: src/compiler/mod.rs:397:10
[INFO] [stdout]      |
[INFO] [stdout] 397  | ...                   insert_byte_code!(self {suv old, ^up_value})
[INFO] [stdout]      |                       -------------------------------------------- in this macro invocation
[INFO] [stdout]      |
[INFO] [stdout]      = note: this warning originates in the macro `byte_code` which comes from the expansion of the macro `insert_byte_code` (in Nightly builds, run with -Z macro-backtrace for more info)
[INFO] [stdout] 
[INFO] [stdout] 
[INFO] [stdout] warning: unknown lint: `unused_variable`
[INFO] [stdout]     --> src/vm/mod.rs:1077:25
[INFO] [stdout]      |
[INFO] [stdout] 1077 |                 #[allow(unused_mut, unused_variable, unused_assignments)]
[INFO] [stdout]      |                                     ^^^^^^^^^^^^^^^ help: did you mean: `unused_variables`
[INFO] [stdout]      |
[INFO] [stdout]     ::: src/compiler/mod.rs:412:8
[INFO] [stdout]      |
[INFO] [stdout] 412  | ...                   insert_byte_code!(self {idxw indexee, index, register});
[INFO] [stdout]      |                       ------------------------------------------------------- in this macro invocation
[INFO] [stdout]      |
[INFO] [stdout]      = note: this warning originates in the macro `byte_code` which comes from the expansion of the macro `insert_byte_code` (in Nightly builds, run with -Z macro-backtrace for more info)
[INFO] [stdout] 
[INFO] [stdout] 
[INFO] [stdout] warning: unknown lint: `unused_variable`
[INFO] [stdout]     --> src/vm/mod.rs:1077:25
[INFO] [stdout]      |
[INFO] [stdout] 1077 |                 #[allow(unused_mut, unused_variable, unused_assignments)]
[INFO] [stdout]      |                                     ^^^^^^^^^^^^^^^ help: did you mean: `unused_variables`
[INFO] [stdout]      |
[INFO] [stdout]     ::: src/compiler/mod.rs:419:8
[INFO] [stdout]      |
[INFO] [stdout] 419  | ...                   insert_byte_code!(self {idxw indexee, index, value});
[INFO] [stdout]      |                       ---------------------------------------------------- in this macro invocation
[INFO] [stdout]      |
[INFO] [stdout]      = note: this warning originates in the macro `byte_code` which comes from the expansion of the macro `insert_byte_code` (in Nightly builds, run with -Z macro-backtrace for more info)
[INFO] [stdout] 
[INFO] [stdout] 
[INFO] [stdout] warning: unknown lint: `unused_variable`
[INFO] [stdout]     --> src/vm/mod.rs:1077:25
[INFO] [stdout]      |
[INFO] [stdout] 1077 |                 #[allow(unused_mut, unused_variable, unused_assignments)]
[INFO] [stdout]      |                                     ^^^^^^^^^^^^^^^ help: did you mean: `unused_variables`
[INFO] [stdout]      |
[INFO] [stdout]     ::: src/compiler/mod.rs:460:8
[INFO] [stdout]      |
[INFO] [stdout] 460  | ...                   insert_byte_code!(self {reas register, destination});
[INFO] [stdout]      |                       ---------------------------------------------------- in this macro invocation
[INFO] [stdout]      |
[INFO] [stdout]      = note: this warning originates in the macro `byte_code` which comes from the expansion of the macro `insert_byte_code` (in Nightly builds, run with -Z macro-backtrace for more info)
[INFO] [stdout] 
[INFO] [stdout] 
[INFO] [stdout] warning: unknown lint: `unused_variable`
[INFO] [stdout]     --> src/vm/mod.rs:1077:25
[INFO] [stdout]      |
[INFO] [stdout] 1077 |                 #[allow(unused_mut, unused_variable, unused_assignments)]
[INFO] [stdout]      |                                     ^^^^^^^^^^^^^^^ help: did you mean: `unused_variables`
[INFO] [stdout]      |
[INFO] [stdout]     ::: src/compiler/mod.rs:931:5
[INFO] [stdout]      |
[INFO] [stdout] 931  |                 insert_byte_code!(compiler {idxr tuple, index, temporary});
[INFO] [stdout]      |                 ---------------------------------------------------------- in this macro invocation
[INFO] [stdout]      |
[INFO] [stdout]      = note: this warning originates in the macro `byte_code` which comes from the expansion of the macro `insert_byte_code` (in Nightly builds, run with -Z macro-backtrace for more info)
[INFO] [stdout] 
[INFO] [stdout] 
[INFO] [stdout] warning: unknown lint: `unused_variable`
[INFO] [stdout]     --> src/vm/mod.rs:1077:25
[INFO] [stdout]      |
[INFO] [stdout] 1077 |                 #[allow(unused_mut, unused_variable, unused_assignments)]
[INFO] [stdout]      |                                     ^^^^^^^^^^^^^^^ help: did you mean: `unused_variables`
[INFO] [stdout]      |
[INFO] [stdout]     ::: src/compiler/mod.rs:940:4
[INFO] [stdout]      |
[INFO] [stdout] 940  |             insert_byte_code!(compiler {idxr tuple, index, temporary});
[INFO] [stdout]      |             ---------------------------------------------------------- in this macro invocation
[INFO] [stdout]      |
[INFO] [stdout]      = note: this warning originates in the macro `byte_code` which comes from the expansion of the macro `insert_byte_code` (in Nightly builds, run with -Z macro-backtrace for more info)
[INFO] [stdout] 
[INFO] [stdout] 
[INFO] [stdout] warning: call to `.borrow()` on a reference in this situation does nothing
[INFO] [stdout]    --> src/vm/value.rs:334:26
[INFO] [stdout]     |
[INFO] [stdout] 334 |             NonNil(value) => value.borrow().type_name(),
[INFO] [stdout]     |                                   ^^^^^^^^^
[INFO] [stdout]     |
[INFO] [stdout]     = note: the type `Value<'_>` does not implement `Borrow`, so calling `borrow` on `&Value<'_>` copies the reference, which does not do anything and can be removed
[INFO] [stdout]     = note: `#[warn(noop_method_call)]` on by default
[INFO] [stdout] help: remove this redundant call
[INFO] [stdout]     |
[INFO] [stdout] 334 -             NonNil(value) => value.borrow().type_name(),
[INFO] [stdout] 334 +             NonNil(value) => value.type_name(),
[INFO] [stdout]     |
[INFO] [stdout] help: if you meant to clone `Value<'_>`, implement `Clone` for it
[INFO] [stdout]     |
[INFO] [stdout] 166 + #[derive(Clone)]
[INFO] [stdout] 167 | pub enum Value<'n> {
[INFO] [stdout]     |
[INFO] [stdout] 
[INFO] [stdout] 
[INFO] [stdout] warning: call to `.borrow()` on a reference in this situation does nothing
[INFO] [stdout]    --> src/vm/value.rs:349:26
[INFO] [stdout]     |
[INFO] [stdout] 349 |             NonNil(value) => value.borrow().coerce_to_bool(),
[INFO] [stdout]     |                                   ^^^^^^^^^
[INFO] [stdout]     |
[INFO] [stdout]     = note: the type `Value<'_>` does not implement `Borrow`, so calling `borrow` on `&Value<'_>` copies the reference, which does not do anything and can be removed
[INFO] [stdout] help: remove this redundant call
[INFO] [stdout]     |
[INFO] [stdout] 349 -             NonNil(value) => value.borrow().coerce_to_bool(),
[INFO] [stdout] 349 +             NonNil(value) => value.coerce_to_bool(),
[INFO] [stdout]     |
[INFO] [stdout] help: if you meant to clone `Value<'_>`, implement `Clone` for it
[INFO] [stdout]     |
[INFO] [stdout] 166 + #[derive(Clone)]
[INFO] [stdout] 167 | pub enum Value<'n> {
[INFO] [stdout]     |
[INFO] [stdout] 
[INFO] [stdout] 
[INFO] [stdout] warning: call to `.borrow()` on a reference in this situation does nothing
[INFO] [stdout]    --> src/vm/value.rs:371:52
[INFO] [stdout]     |
[INFO] [stdout] 371 |             Nillable::NonNil(value) => write!(f, "{}", value.borrow()),
[INFO] [stdout]     |                                                             ^^^^^^^^^
[INFO] [stdout]     |
[INFO] [stdout]     = note: the type `Value<'_>` does not implement `Borrow`, so calling `borrow` on `&Value<'_>` copies the reference, which does not do anything and can be removed
[INFO] [stdout] help: remove this redundant call
[INFO] [stdout]     |
[INFO] [stdout] 371 -             Nillable::NonNil(value) => write!(f, "{}", value.borrow()),
[INFO] [stdout] 371 +             Nillable::NonNil(value) => write!(f, "{}", value),
[INFO] [stdout]     |
[INFO] [stdout] help: if you meant to clone `Value<'_>`, implement `Clone` for it
[INFO] [stdout]     |
[INFO] [stdout] 166 + #[derive(Clone)]
[INFO] [stdout] 167 | pub enum Value<'n> {
[INFO] [stdout]     |
[INFO] [stdout] 
[INFO] [stdout] 
[INFO] [stdout] warning: call to `.borrow()` on a reference in this situation does nothing
[INFO] [stdout]    --> src/vm/value.rs:380:54
[INFO] [stdout]     |
[INFO] [stdout] 380 |             Nillable::NonNil(value) => write!(f, "{:?}", value.borrow()),
[INFO] [stdout]     |                                                               ^^^^^^^^^
[INFO] [stdout]     |
[INFO] [stdout]     = note: the type `Value<'_>` does not implement `Borrow`, so calling `borrow` on `&Value<'_>` copies the reference, which does not do anything and can be removed
[INFO] [stdout] help: remove this redundant call
[INFO] [stdout]     |
[INFO] [stdout] 380 -             Nillable::NonNil(value) => write!(f, "{:?}", value.borrow()),
[INFO] [stdout] 380 +             Nillable::NonNil(value) => write!(f, "{:?}", value),
[INFO] [stdout]     |
[INFO] [stdout] help: if you meant to clone `Value<'_>`, implement `Clone` for it
[INFO] [stdout]     |
[INFO] [stdout] 166 + #[derive(Clone)]
[INFO] [stdout] 167 | pub enum Value<'n> {
[INFO] [stdout]     |
[INFO] [stdout] 
[INFO] [stdout] 
[INFO] [stderr]    Compiling hematita v0.1.0 (/opt/rustwide/workdir)
[INFO] [stdout] warning: unknown lint: `unused_variable`
[INFO] [stdout]     --> src/vm/mod.rs:1077:25
[INFO] [stdout]      |
[INFO] [stdout] 1077 |                 #[allow(unused_mut, unused_variable, unused_assignments)]
[INFO] [stdout]      |                                     ^^^^^^^^^^^^^^^ help: did you mean: `unused_variables`
[INFO] [stdout]      |
[INFO] [stdout]     ::: src/compiler/mod.rs:365:9
[INFO] [stdout]      |
[INFO] [stdout] 365  | ...                   insert_byte_code!(self {reas old, register});
[INFO] [stdout]      |                       -------------------------------------------- in this macro invocation
[INFO] [stdout]      |
[INFO] [stdout]      = note: `#[warn(unknown_lints)]` on by default
[INFO] [stdout]      = note: this warning originates in the macro `byte_code` which comes from the expansion of the macro `insert_byte_code` (in Nightly builds, run with -Z macro-backtrace for more info)
[INFO] [stdout] 
[INFO] [stdout] 
[INFO] [stdout] warning: unknown lint: `unused_variable`
[INFO] [stdout]     --> src/vm/mod.rs:1077:25
[INFO] [stdout]      |
[INFO] [stdout] 1077 |                 #[allow(unused_mut, unused_variable, unused_assignments)]
[INFO] [stdout]      |                                     ^^^^^^^^^^^^^^^ help: did you mean: `unused_variables`
[INFO] [stdout]      |
[INFO] [stdout]     ::: src/compiler/mod.rs:371:9
[INFO] [stdout]      |
[INFO] [stdout] 371  | ...                   insert_byte_code!(self {suv register, ^up_value})
[INFO] [stdout]      |                       ------------------------------------------------- in this macro invocation
[INFO] [stdout]      |
[INFO] [stdout]      = note: this warning originates in the macro `byte_code` which comes from the expansion of the macro `insert_byte_code` (in Nightly builds, run with -Z macro-backtrace for more info)
[INFO] [stdout] 
[INFO] [stdout] 
[INFO] [stdout] warning: unknown lint: `unused_variable`
[INFO] [stdout]     --> src/vm/mod.rs:1077:25
[INFO] [stdout]      |
[INFO] [stdout] 1077 |                 #[allow(unused_mut, unused_variable, unused_assignments)]
[INFO] [stdout]      |                                     ^^^^^^^^^^^^^^^ help: did you mean: `unused_variables`
[INFO] [stdout]      |
[INFO] [stdout]     ::: src/compiler/mod.rs:394:10
[INFO] [stdout]      |
[INFO] [stdout] 394  | ...                   insert_byte_code!(self {reas old, new}),
[INFO] [stdout]      |                       --------------------------------------- in this macro invocation
[INFO] [stdout]      |
[INFO] [stdout]      = note: this warning originates in the macro `byte_code` which comes from the expansion of the macro `insert_byte_code` (in Nightly builds, run with -Z macro-backtrace for more info)
[INFO] [stdout] 
[INFO] [stdout] 
[INFO] [stdout] warning: unknown lint: `unused_variable`
[INFO] [stdout]     --> src/vm/mod.rs:1077:25
[INFO] [stdout]      |
[INFO] [stdout] 1077 |                 #[allow(unused_mut, unused_variable, unused_assignments)]
[INFO] [stdout]      |                                     ^^^^^^^^^^^^^^^ help: did you mean: `unused_variables`
[INFO] [stdout]      |
[INFO] [stdout]     ::: src/compiler/mod.rs:397:10
[INFO] [stdout]      |
[INFO] [stdout] 397  | ...                   insert_byte_code!(self {suv old, ^up_value})
[INFO] [stdout]      |                       -------------------------------------------- in this macro invocation
[INFO] [stdout]      |
[INFO] [stdout]      = note: this warning originates in the macro `byte_code` which comes from the expansion of the macro `insert_byte_code` (in Nightly builds, run with -Z macro-backtrace for more info)
[INFO] [stdout] 
[INFO] [stdout] 
[INFO] [stdout] warning: unknown lint: `unused_variable`
[INFO] [stdout]     --> src/vm/mod.rs:1077:25
[INFO] [stdout]      |
[INFO] [stdout] 1077 |                 #[allow(unused_mut, unused_variable, unused_assignments)]
[INFO] [stdout]      |                                     ^^^^^^^^^^^^^^^ help: did you mean: `unused_variables`
[INFO] [stdout]      |
[INFO] [stdout]     ::: src/compiler/mod.rs:412:8
[INFO] [stdout]      |
[INFO] [stdout] 412  | ...                   insert_byte_code!(self {idxw indexee, index, register});
[INFO] [stdout]      |                       ------------------------------------------------------- in this macro invocation
[INFO] [stdout]      |
[INFO] [stdout]      = note: this warning originates in the macro `byte_code` which comes from the expansion of the macro `insert_byte_code` (in Nightly builds, run with -Z macro-backtrace for more info)
[INFO] [stdout] 
[INFO] [stdout] 
[INFO] [stdout] warning: unknown lint: `unused_variable`
[INFO] [stdout]     --> src/vm/mod.rs:1077:25
[INFO] [stdout]      |
[INFO] [stdout] 1077 |                 #[allow(unused_mut, unused_variable, unused_assignments)]
[INFO] [stdout]      |                                     ^^^^^^^^^^^^^^^ help: did you mean: `unused_variables`
[INFO] [stdout]      |
[INFO] [stdout]     ::: src/compiler/mod.rs:419:8
[INFO] [stdout]      |
[INFO] [stdout] 419  | ...                   insert_byte_code!(self {idxw indexee, index, value});
[INFO] [stdout]      |                       ---------------------------------------------------- in this macro invocation
[INFO] [stdout]      |
[INFO] [stdout]      = note: this warning originates in the macro `byte_code` which comes from the expansion of the macro `insert_byte_code` (in Nightly builds, run with -Z macro-backtrace for more info)
[INFO] [stdout] 
[INFO] [stdout] 
[INFO] [stdout] warning: unknown lint: `unused_variable`
[INFO] [stdout]     --> src/vm/mod.rs:1077:25
[INFO] [stdout]      |
[INFO] [stdout] 1077 |                 #[allow(unused_mut, unused_variable, unused_assignments)]
[INFO] [stdout]      |                                     ^^^^^^^^^^^^^^^ help: did you mean: `unused_variables`
[INFO] [stdout]      |
[INFO] [stdout]     ::: src/compiler/mod.rs:460:8
[INFO] [stdout]      |
[INFO] [stdout] 460  | ...                   insert_byte_code!(self {reas register, destination});
[INFO] [stdout]      |                       ---------------------------------------------------- in this macro invocation
[INFO] [stdout]      |
[INFO] [stdout]      = note: this warning originates in the macro `byte_code` which comes from the expansion of the macro `insert_byte_code` (in Nightly builds, run with -Z macro-backtrace for more info)
[INFO] [stdout] 
[INFO] [stdout] 
[INFO] [stdout] warning: unknown lint: `unused_variable`
[INFO] [stdout]     --> src/vm/mod.rs:1077:25
[INFO] [stdout]      |
[INFO] [stdout] 1077 |                 #[allow(unused_mut, unused_variable, unused_assignments)]
[INFO] [stdout]      |                                     ^^^^^^^^^^^^^^^ help: did you mean: `unused_variables`
[INFO] [stdout]      |
[INFO] [stdout]     ::: src/compiler/mod.rs:931:5
[INFO] [stdout]      |
[INFO] [stdout] 931  |                 insert_byte_code!(compiler {idxr tuple, index, temporary});
[INFO] [stdout]      |                 ---------------------------------------------------------- in this macro invocation
[INFO] [stdout]      |
[INFO] [stdout]      = note: this warning originates in the macro `byte_code` which comes from the expansion of the macro `insert_byte_code` (in Nightly builds, run with -Z macro-backtrace for more info)
[INFO] [stdout] 
[INFO] [stdout] 
[INFO] [stdout] warning: unknown lint: `unused_variable`
[INFO] [stdout]     --> src/vm/mod.rs:1077:25
[INFO] [stdout]      |
[INFO] [stdout] 1077 |                 #[allow(unused_mut, unused_variable, unused_assignments)]
[INFO] [stdout]      |                                     ^^^^^^^^^^^^^^^ help: did you mean: `unused_variables`
[INFO] [stdout]      |
[INFO] [stdout]     ::: src/compiler/mod.rs:940:4
[INFO] [stdout]      |
[INFO] [stdout] 940  |             insert_byte_code!(compiler {idxr tuple, index, temporary});
[INFO] [stdout]      |             ---------------------------------------------------------- in this macro invocation
[INFO] [stdout]      |
[INFO] [stdout]      = note: this warning originates in the macro `byte_code` which comes from the expansion of the macro `insert_byte_code` (in Nightly builds, run with -Z macro-backtrace for more info)
[INFO] [stdout] 
[INFO] [stdout] 
[INFO] [stdout] warning: unknown lint: `unused_variable`
[INFO] [stdout]     --> src/vm/mod.rs:1077:25
[INFO] [stdout]      |
[INFO] [stdout] 1077 |                   #[allow(unused_mut, unused_variable, unused_assignments)]
[INFO] [stdout]      |                                       ^^^^^^^^^^^^^^^ help: did you mean: `unused_variables`
[INFO] [stdout]      |
[INFO] [stdout]     ::: src/vm/tests.rs:8:13
[INFO] [stdout]      |
[INFO] [stdout] 8    |       let code = byte_code! {
[INFO] [stdout]      |  ________________-
[INFO] [stdout] 9    | |         call 0, 1, 2;
[INFO] [stdout] 10   | |         idxr 3, 4, 5;
[INFO] [stdout] 11   | |         idxw 6, 7, 8;
[INFO] [stdout] ...    |
[INFO] [stdout] 45   | |         noop;
[INFO] [stdout] 46   | |     };
[INFO] [stdout]      | |_____- in this macro invocation
[INFO] [stdout]      |
[INFO] [stdout]      = note: this warning originates in the macro `byte_code` (in Nightly builds, run with -Z macro-backtrace for more info)
[INFO] [stdout] 
[INFO] [stdout] 
[INFO] [stdout] warning: call to `.borrow()` on a reference in this situation does nothing
[INFO] [stdout]    --> src/vm/value.rs:334:26
[INFO] [stdout]     |
[INFO] [stdout] 334 |             NonNil(value) => value.borrow().type_name(),
[INFO] [stdout]     |                                   ^^^^^^^^^
[INFO] [stdout]     |
[INFO] [stdout]     = note: the type `Value<'_>` does not implement `Borrow`, so calling `borrow` on `&Value<'_>` copies the reference, which does not do anything and can be removed
[INFO] [stdout]     = note: `#[warn(noop_method_call)]` on by default
[INFO] [stdout] help: remove this redundant call
[INFO] [stdout]     |
[INFO] [stdout] 334 -             NonNil(value) => value.borrow().type_name(),
[INFO] [stdout] 334 +             NonNil(value) => value.type_name(),
[INFO] [stdout]     |
[INFO] [stdout] help: if you meant to clone `Value<'_>`, implement `Clone` for it
[INFO] [stdout]     |
[INFO] [stdout] 166 + #[derive(Clone)]
[INFO] [stdout] 167 | pub enum Value<'n> {
[INFO] [stdout]     |
[INFO] [stdout] 
[INFO] [stdout] 
[INFO] [stdout] warning: call to `.borrow()` on a reference in this situation does nothing
[INFO] [stdout]    --> src/vm/value.rs:349:26
[INFO] [stdout]     |
[INFO] [stdout] 349 |             NonNil(value) => value.borrow().coerce_to_bool(),
[INFO] [stdout]     |                                   ^^^^^^^^^
[INFO] [stdout]     |
[INFO] [stdout]     = note: the type `Value<'_>` does not implement `Borrow`, so calling `borrow` on `&Value<'_>` copies the reference, which does not do anything and can be removed
[INFO] [stdout] help: remove this redundant call
[INFO] [stdout]     |
[INFO] [stdout] 349 -             NonNil(value) => value.borrow().coerce_to_bool(),
[INFO] [stdout] 349 +             NonNil(value) => value.coerce_to_bool(),
[INFO] [stdout]     |
[INFO] [stdout] help: if you meant to clone `Value<'_>`, implement `Clone` for it
[INFO] [stdout]     |
[INFO] [stdout] 166 + #[derive(Clone)]
[INFO] [stdout] 167 | pub enum Value<'n> {
[INFO] [stdout]     |
[INFO] [stdout] 
[INFO] [stdout] 
[INFO] [stdout] warning: call to `.borrow()` on a reference in this situation does nothing
[INFO] [stdout]    --> src/vm/value.rs:371:52
[INFO] [stdout]     |
[INFO] [stdout] 371 |             Nillable::NonNil(value) => write!(f, "{}", value.borrow()),
[INFO] [stdout]     |                                                             ^^^^^^^^^
[INFO] [stdout]     |
[INFO] [stdout]     = note: the type `Value<'_>` does not implement `Borrow`, so calling `borrow` on `&Value<'_>` copies the reference, which does not do anything and can be removed
[INFO] [stdout] help: remove this redundant call
[INFO] [stdout]     |
[INFO] [stdout] 371 -             Nillable::NonNil(value) => write!(f, "{}", value.borrow()),
[INFO] [stdout] 371 +             Nillable::NonNil(value) => write!(f, "{}", value),
[INFO] [stdout]     |
[INFO] [stdout] help: if you meant to clone `Value<'_>`, implement `Clone` for it
[INFO] [stdout]     |
[INFO] [stdout] 166 + #[derive(Clone)]
[INFO] [stdout] 167 | pub enum Value<'n> {
[INFO] [stdout]     |
[INFO] [stdout] 
[INFO] [stdout] 
[INFO] [stdout] warning: call to `.borrow()` on a reference in this situation does nothing
[INFO] [stdout]    --> src/vm/value.rs:380:54
[INFO] [stdout]     |
[INFO] [stdout] 380 |             Nillable::NonNil(value) => write!(f, "{:?}", value.borrow()),
[INFO] [stdout]     |                                                               ^^^^^^^^^
[INFO] [stdout]     |
[INFO] [stdout]     = note: the type `Value<'_>` does not implement `Borrow`, so calling `borrow` on `&Value<'_>` copies the reference, which does not do anything and can be removed
[INFO] [stdout] help: remove this redundant call
[INFO] [stdout]     |
[INFO] [stdout] 380 -             Nillable::NonNil(value) => write!(f, "{:?}", value.borrow()),
[INFO] [stdout] 380 +             Nillable::NonNil(value) => write!(f, "{:?}", value),
[INFO] [stdout]     |
[INFO] [stdout] help: if you meant to clone `Value<'_>`, implement `Clone` for it
[INFO] [stdout]     |
[INFO] [stdout] 166 + #[derive(Clone)]
[INFO] [stdout] 167 | pub enum Value<'n> {
[INFO] [stdout]     |
[INFO] [stdout] 
[INFO] [stdout] 
[INFO] [stderr]     Finished `test` profile [unoptimized + debuginfo] target(s) in 1.57s
[INFO] running `Command { std: "docker" "inspect" "6079f442b266aca78244607f9bcab00ea90d0f16f3fb5bccb1d4f0fd4cc4247e", kill_on_drop: false }`
[INFO] running `Command { std: "docker" "rm" "-f" "6079f442b266aca78244607f9bcab00ea90d0f16f3fb5bccb1d4f0fd4cc4247e", kill_on_drop: false }`
[INFO] [stdout] 6079f442b266aca78244607f9bcab00ea90d0f16f3fb5bccb1d4f0fd4cc4247e
[INFO] running `Command { std: "docker" "create" "-v" "/var/lib/crater-agent-workspace/builds/worker-0-tc1/target:/opt/rustwide/target:rw,Z" "-v" "/var/lib/crater-agent-workspace/builds/worker-0-tc1/source:/opt/rustwide/workdir:ro,Z" "-v" "/var/lib/crater-agent-workspace/cargo-home:/opt/rustwide/cargo-home:ro,Z" "-v" "/var/lib/crater-agent-workspace/rustup-home:/opt/rustwide/rustup-home:ro,Z" "-e" "SOURCE_DIR=/opt/rustwide/workdir" "-e" "CARGO_TARGET_DIR=/opt/rustwide/target" "-e" "CARGO_INCREMENTAL=0" "-e" "RUST_BACKTRACE=full" "-e" "RUSTFLAGS=--cap-lints=forbid" "-e" "RUSTDOCFLAGS=--cap-lints=forbid" "-e" "CARGO_HOME=/opt/rustwide/cargo-home" "-e" "RUSTUP_HOME=/opt/rustwide/rustup-home" "-w" "/opt/rustwide/workdir" "-m" "1610612736" "--user" "0:0" "--network" "none" "ghcr.io/rust-lang/crates-build-env/linux@sha256:4a844ea9eb2546a2d2c7022eacef16ef2e8229c7fbb2c7d4d55a9ceca922f72d" "/opt/rustwide/cargo-home/bin/cargo" "+nightly-2024-10-28" "test" "--frozen", kill_on_drop: false }`
[INFO] [stdout] 7e981666a90d6b0f63093c269f1bcee1aef3de6fca5b8db52f2d908ba23bd635
[INFO] running `Command { std: "docker" "start" "-a" "7e981666a90d6b0f63093c269f1bcee1aef3de6fca5b8db52f2d908ba23bd635", kill_on_drop: false }`
[INFO] [stderr] warning: unknown lint: `unused_variable`
[INFO] [stderr]     --> src/vm/mod.rs:1077:25
[INFO] [stderr]      |
[INFO] [stderr] 1077 |                 #[allow(unused_mut, unused_variable, unused_assignments)]
[INFO] [stderr]      |                                     ^^^^^^^^^^^^^^^ help: did you mean: `unused_variables`
[INFO] [stderr]      |
[INFO] [stderr]     ::: src/compiler/mod.rs:365:9
[INFO] [stderr]      |
[INFO] [stderr] 365  | ...                   insert_byte_code!(self {reas old, register});
[INFO] [stderr]      |                       -------------------------------------------- in this macro invocation
[INFO] [stderr]      |
[INFO] [stderr]      = note: `#[warn(unknown_lints)]` on by default
[INFO] [stderr]      = note: this warning originates in the macro `byte_code` which comes from the expansion of the macro `insert_byte_code` (in Nightly builds, run with -Z macro-backtrace for more info)
[INFO] [stderr] 
[INFO] [stderr] warning: unknown lint: `unused_variable`
[INFO] [stderr]     --> src/vm/mod.rs:1077:25
[INFO] [stderr]      |
[INFO] [stderr] 1077 |                 #[allow(unused_mut, unused_variable, unused_assignments)]
[INFO] [stderr]      |                                     ^^^^^^^^^^^^^^^ help: did you mean: `unused_variables`
[INFO] [stderr]      |
[INFO] [stderr]     ::: src/compiler/mod.rs:371:9
[INFO] [stderr]      |
[INFO] [stderr] 371  | ...                   insert_byte_code!(self {suv register, ^up_value})
[INFO] [stderr]      |                       ------------------------------------------------- in this macro invocation
[INFO] [stderr]      |
[INFO] [stderr]      = note: this warning originates in the macro `byte_code` which comes from the expansion of the macro `insert_byte_code` (in Nightly builds, run with -Z macro-backtrace for more info)
[INFO] [stderr] 
[INFO] [stderr] warning: unknown lint: `unused_variable`
[INFO] [stderr]     --> src/vm/mod.rs:1077:25
[INFO] [stderr]      |
[INFO] [stderr] 1077 |                 #[allow(unused_mut, unused_variable, unused_assignments)]
[INFO] [stderr]      |                                     ^^^^^^^^^^^^^^^ help: did you mean: `unused_variables`
[INFO] [stderr]      |
[INFO] [stderr]     ::: src/compiler/mod.rs:394:10
[INFO] [stderr]      |
[INFO] [stderr] 394  | ...                   insert_byte_code!(self {reas old, new}),
[INFO] [stderr]      |                       --------------------------------------- in this macro invocation
[INFO] [stderr]      |
[INFO] [stderr]      = note: this warning originates in the macro `byte_code` which comes from the expansion of the macro `insert_byte_code` (in Nightly builds, run with -Z macro-backtrace for more info)
[INFO] [stderr] 
[INFO] [stderr] warning: unknown lint: `unused_variable`
[INFO] [stderr]     --> src/vm/mod.rs:1077:25
[INFO] [stderr]      |
[INFO] [stderr] 1077 |                 #[allow(unused_mut, unused_variable, unused_assignments)]
[INFO] [stderr]      |                                     ^^^^^^^^^^^^^^^ help: did you mean: `unused_variables`
[INFO] [stderr]      |
[INFO] [stderr]     ::: src/compiler/mod.rs:397:10
[INFO] [stderr]      |
[INFO] [stderr] 397  | ...                   insert_byte_code!(self {suv old, ^up_value})
[INFO] [stderr]      |                       -------------------------------------------- in this macro invocation
[INFO] [stderr]      |
[INFO] [stderr]      = note: this warning originates in the macro `byte_code` which comes from the expansion of the macro `insert_byte_code` (in Nightly builds, run with -Z macro-backtrace for more info)
[INFO] [stderr] 
[INFO] [stderr] warning: unknown lint: `unused_variable`
[INFO] [stderr]     --> src/vm/mod.rs:1077:25
[INFO] [stderr]      |
[INFO] [stderr] 1077 |                 #[allow(unused_mut, unused_variable, unused_assignments)]
[INFO] [stderr]      |                                     ^^^^^^^^^^^^^^^ help: did you mean: `unused_variables`
[INFO] [stderr]      |
[INFO] [stderr]     ::: src/compiler/mod.rs:412:8
[INFO] [stderr]      |
[INFO] [stderr] 412  | ...                   insert_byte_code!(self {idxw indexee, index, register});
[INFO] [stderr]      |                       ------------------------------------------------------- in this macro invocation
[INFO] [stderr]      |
[INFO] [stderr]      = note: this warning originates in the macro `byte_code` which comes from the expansion of the macro `insert_byte_code` (in Nightly builds, run with -Z macro-backtrace for more info)
[INFO] [stderr] 
[INFO] [stderr] warning: unknown lint: `unused_variable`
[INFO] [stderr]     --> src/vm/mod.rs:1077:25
[INFO] [stderr]      |
[INFO] [stderr] 1077 |                 #[allow(unused_mut, unused_variable, unused_assignments)]
[INFO] [stderr]      |                                     ^^^^^^^^^^^^^^^ help: did you mean: `unused_variables`
[INFO] [stderr]      |
[INFO] [stderr]     ::: src/compiler/mod.rs:419:8
[INFO] [stderr]      |
[INFO] [stderr] 419  | ...                   insert_byte_code!(self {idxw indexee, index, value});
[INFO] [stderr]      |                       ---------------------------------------------------- in this macro invocation
[INFO] [stderr]      |
[INFO] [stderr]      = note: this warning originates in the macro `byte_code` which comes from the expansion of the macro `insert_byte_code` (in Nightly builds, run with -Z macro-backtrace for more info)
[INFO] [stderr] 
[INFO] [stderr] warning: unknown lint: `unused_variable`
[INFO] [stderr]     --> src/vm/mod.rs:1077:25
[INFO] [stderr]      |
[INFO] [stderr] 1077 |                 #[allow(unused_mut, unused_variable, unused_assignments)]
[INFO] [stderr]      |                                     ^^^^^^^^^^^^^^^ help: did you mean: `unused_variables`
[INFO] [stderr]      |
[INFO] [stderr]     ::: src/compiler/mod.rs:460:8
[INFO] [stderr]      |
[INFO] [stderr] 460  | ...                   insert_byte_code!(self {reas register, destination});
[INFO] [stderr]      |                       ---------------------------------------------------- in this macro invocation
[INFO] [stderr]      |
[INFO] [stderr]      = note: this warning originates in the macro `byte_code` which comes from the expansion of the macro `insert_byte_code` (in Nightly builds, run with -Z macro-backtrace for more info)
[INFO] [stderr] 
[INFO] [stderr] warning: unknown lint: `unused_variable`
[INFO] [stderr]     --> src/vm/mod.rs:1077:25
[INFO] [stderr]      |
[INFO] [stderr] 1077 |                 #[allow(unused_mut, unused_variable, unused_assignments)]
[INFO] [stderr]      |                                     ^^^^^^^^^^^^^^^ help: did you mean: `unused_variables`
[INFO] [stderr]      |
[INFO] [stderr]     ::: src/compiler/mod.rs:931:5
[INFO] [stderr]      |
[INFO] [stderr] 931  |                 insert_byte_code!(compiler {idxr tuple, index, temporary});
[INFO] [stderr]      |                 ---------------------------------------------------------- in this macro invocation
[INFO] [stderr]      |
[INFO] [stderr]      = note: this warning originates in the macro `byte_code` which comes from the expansion of the macro `insert_byte_code` (in Nightly builds, run with -Z macro-backtrace for more info)
[INFO] [stderr] 
[INFO] [stderr] warning: unknown lint: `unused_variable`
[INFO] [stderr]     --> src/vm/mod.rs:1077:25
[INFO] [stderr]      |
[INFO] [stderr] 1077 |                 #[allow(unused_mut, unused_variable, unused_assignments)]
[INFO] [stderr]      |                                     ^^^^^^^^^^^^^^^ help: did you mean: `unused_variables`
[INFO] [stderr]      |
[INFO] [stderr]     ::: src/compiler/mod.rs:940:4
[INFO] [stderr]      |
[INFO] [stderr] 940  |             insert_byte_code!(compiler {idxr tuple, index, temporary});
[INFO] [stderr]      |             ---------------------------------------------------------- in this macro invocation
[INFO] [stderr]      |
[INFO] [stderr]      = note: this warning originates in the macro `byte_code` which comes from the expansion of the macro `insert_byte_code` (in Nightly builds, run with -Z macro-backtrace for more info)
[INFO] [stderr] 
[INFO] [stderr] warning: call to `.borrow()` on a reference in this situation does nothing
[INFO] [stderr]    --> src/vm/value.rs:334:26
[INFO] [stderr]     |
[INFO] [stderr] 334 |             NonNil(value) => value.borrow().type_name(),
[INFO] [stderr]     |                                   ^^^^^^^^^
[INFO] [stderr]     |
[INFO] [stderr]     = note: the type `Value<'_>` does not implement `Borrow`, so calling `borrow` on `&Value<'_>` copies the reference, which does not do anything and can be removed
[INFO] [stderr]     = note: `#[warn(noop_method_call)]` on by default
[INFO] [stderr] help: remove this redundant call
[INFO] [stderr]     |
[INFO] [stderr] 334 -             NonNil(value) => value.borrow().type_name(),
[INFO] [stderr] 334 +             NonNil(value) => value.type_name(),
[INFO] [stderr]     |
[INFO] [stderr] help: if you meant to clone `Value<'_>`, implement `Clone` for it
[INFO] [stderr]     |
[INFO] [stderr] 166 + #[derive(Clone)]
[INFO] [stderr] 167 | pub enum Value<'n> {
[INFO] [stderr]     |
[INFO] [stderr] 
[INFO] [stderr] warning: call to `.borrow()` on a reference in this situation does nothing
[INFO] [stderr]    --> src/vm/value.rs:349:26
[INFO] [stderr]     |
[INFO] [stderr] 349 |             NonNil(value) => value.borrow().coerce_to_bool(),
[INFO] [stderr]     |                                   ^^^^^^^^^
[INFO] [stderr]     |
[INFO] [stderr]     = note: the type `Value<'_>` does not implement `Borrow`, so calling `borrow` on `&Value<'_>` copies the reference, which does not do anything and can be removed
[INFO] [stderr] help: remove this redundant call
[INFO] [stderr]     |
[INFO] [stderr] 349 -             NonNil(value) => value.borrow().coerce_to_bool(),
[INFO] [stderr] 349 +             NonNil(value) => value.coerce_to_bool(),
[INFO] [stderr]     |
[INFO] [stderr] help: if you meant to clone `Value<'_>`, implement `Clone` for it
[INFO] [stderr]     |
[INFO] [stderr] 166 + #[derive(Clone)]
[INFO] [stderr] 167 | pub enum Value<'n> {
[INFO] [stderr]     |
[INFO] [stderr] 
[INFO] [stderr] warning: call to `.borrow()` on a reference in this situation does nothing
[INFO] [stderr]    --> src/vm/value.rs:371:52
[INFO] [stderr]     |
[INFO] [stderr] 371 |             Nillable::NonNil(value) => write!(f, "{}", value.borrow()),
[INFO] [stderr]     |                                                             ^^^^^^^^^
[INFO] [stderr]     |
[INFO] [stderr]     = note: the type `Value<'_>` does not implement `Borrow`, so calling `borrow` on `&Value<'_>` copies the reference, which does not do anything and can be removed
[INFO] [stderr] help: remove this redundant call
[INFO] [stderr]     |
[INFO] [stderr] 371 -             Nillable::NonNil(value) => write!(f, "{}", value.borrow()),
[INFO] [stderr] 371 +             Nillable::NonNil(value) => write!(f, "{}", value),
[INFO] [stderr]     |
[INFO] [stderr] help: if you meant to clone `Value<'_>`, implement `Clone` for it
[INFO] [stderr]     |
[INFO] [stderr] 166 + #[derive(Clone)]
[INFO] [stderr] 167 | pub enum Value<'n> {
[INFO] [stderr]     |
[INFO] [stderr] 
[INFO] [stderr] warning: call to `.borrow()` on a reference in this situation does nothing
[INFO] [stderr]    --> src/vm/value.rs:380:54
[INFO] [stderr]     |
[INFO] [stderr] 380 |             Nillable::NonNil(value) => write!(f, "{:?}", value.borrow()),
[INFO] [stderr]     |                                                               ^^^^^^^^^
[INFO] [stderr]     |
[INFO] [stderr]     = note: the type `Value<'_>` does not implement `Borrow`, so calling `borrow` on `&Value<'_>` copies the reference, which does not do anything and can be removed
[INFO] [stderr] help: remove this redundant call
[INFO] [stderr]     |
[INFO] [stderr] 380 -             Nillable::NonNil(value) => write!(f, "{:?}", value.borrow()),
[INFO] [stderr] 380 +             Nillable::NonNil(value) => write!(f, "{:?}", value),
[INFO] [stderr]     |
[INFO] [stderr] help: if you meant to clone `Value<'_>`, implement `Clone` for it
[INFO] [stderr]     |
[INFO] [stderr] 166 + #[derive(Clone)]
[INFO] [stderr] 167 | pub enum Value<'n> {
[INFO] [stderr]     |
[INFO] [stderr] 
[INFO] [stderr] warning: unknown lint: `unused_variable`
[INFO] [stderr]     --> src/vm/mod.rs:1077:25
[INFO] [stderr]      |
[INFO] [stderr] 1077 |                   #[allow(unused_mut, unused_variable, unused_assignments)]
[INFO] [stderr]      |                                       ^^^^^^^^^^^^^^^ help: did you mean: `unused_variables`
[INFO] [stderr]      |
[INFO] [stderr]     ::: src/vm/tests.rs:8:13
[INFO] [stderr]      |
[INFO] [stderr] 8    |       let code = byte_code! {
[INFO] [stderr]      |  ________________-
[INFO] [stderr] 9    | |         call 0, 1, 2;
[INFO] [stderr] 10   | |         idxr 3, 4, 5;
[INFO] [stderr] 11   | |         idxw 6, 7, 8;
[INFO] [stderr] ...    |
[INFO] [stderr] 45   | |         noop;
[INFO] [stderr] 46   | |     };
[INFO] [stderr]      | |_____- in this macro invocation
[INFO] [stderr]      |
[INFO] [stderr]      = note: this warning originates in the macro `byte_code` (in Nightly builds, run with -Z macro-backtrace for more info)
[INFO] [stderr] 
[INFO] [stderr] warning: `hematita` (lib) generated 13 warnings (run `cargo fix --lib -p hematita` to apply 4 suggestions)
[INFO] [stderr] warning: `hematita` (lib test) generated 14 warnings (13 duplicates)
[INFO] [stderr]     Finished `test` profile [unoptimized + debuginfo] target(s) in 0.03s
[INFO] [stderr]      Running unittests src/lib.rs (/opt/rustwide/target/debug/deps/hematita-99546b4e93001eff)
[INFO] [stdout] 
[INFO] [stdout] running 3 tests
[INFO] [stdout] test ast::tests::parse_whitespace_multiple ... ok
[INFO] [stdout] test vm::tests::test_byte_code_macro ... ok
[INFO] [stdout] test ast::tests::parse_whitespace_not_whitespace ... ok
[INFO] [stdout] 
[INFO] [stdout] test result: ok. 3 passed; 0 failed; 0 ignored; 0 measured; 0 filtered out; finished in 0.00s
[INFO] [stdout] 
[INFO] [stderr]      Running tests/matches_standard/main.rs (/opt/rustwide/target/debug/deps/matches_standard-e2835a784f8fbd74)
[INFO] [stdout] 
[INFO] [stdout] running 14 tests
[INFO] [stdout] test fun_quine ... FAILED
[INFO] [stdout] test library_pcall ... FAILED
[INFO] [stdout] test statement_function ... FAILED
[INFO] [stdout] test operator_length ... FAILED
[INFO] [stdout] test statement_local ... FAILED
[INFO] [stdout] test operator_logical_or ... FAILED
[INFO] [stdout] test operator_logical_and ... FAILED
[INFO] [stdout] test statement_method ... FAILED
[INFO] [stdout] test statement_while_repeat ... FAILED
[INFO] [stdout] test statement_numeric_for ... FAILED
[INFO] [stdout] test statement_generic_for ... FAILED
[INFO] [stdout] test operator_call ... FAILED
[INFO] [stdout] test up_value_modify ... FAILED
[INFO] [stdout] test up_value_deep ... FAILED
[INFO] [stdout] 
[INFO] [stdout] failures:
[INFO] [stdout] 
[INFO] [stdout] ---- fun_quine stdout ----
[INFO] [stdout] thread 'fun_quine' panicked at /opt/rustwide/target/debug/build/hematita-bf3d642dbf846ccb/out/codegen/hematita-tests-matches_standard-main:59:10:
[INFO] [stdout] called `Result::unwrap()` on an `Err` value: Os { code: 2, kind: NotFound, message: "No such file or directory" }
[INFO] [stdout] stack backtrace:
[INFO] [stdout]    0:     0x647e0e0316da - std::backtrace_rs::backtrace::libunwind::trace::h207520d6e9873551
[INFO] [stdout]                                at /rustc/df4ca44d3fbc9301ee17f30f4d474e6ae4b05252/library/std/src/../../backtrace/src/backtrace/libunwind.rs:116:5
[INFO] [stdout]    1:     0x647e0e0316da - std::backtrace_rs::backtrace::trace_unsynchronized::h2ed7433f370e3eca
[INFO] [stdout]                                at /rustc/df4ca44d3fbc9301ee17f30f4d474e6ae4b05252/library/std/src/../../backtrace/src/backtrace/mod.rs:66:5
[INFO] [stdout]    2:     0x647e0e0316da - std::sys::backtrace::_print_fmt::h916fac51166b18d7
[INFO] [stdout]                                at /rustc/df4ca44d3fbc9301ee17f30f4d474e6ae4b05252/library/std/src/sys/backtrace.rs:66:9
[INFO] [stdout]    3:     0x647e0e0316da - <std::sys::backtrace::BacktraceLock::print::DisplayBacktrace as core::fmt::Display>::fmt::ha0a4c9b8ce3802e6
[INFO] [stdout]                                at /rustc/df4ca44d3fbc9301ee17f30f4d474e6ae4b05252/library/std/src/sys/backtrace.rs:39:26
[INFO] [stdout]    4:     0x647e0e057e43 - core::fmt::rt::Argument::fmt::h4cfc8587d52b3eb5
[INFO] [stdout]                                at /rustc/df4ca44d3fbc9301ee17f30f4d474e6ae4b05252/library/core/src/fmt/rt.rs:177:76
[INFO] [stdout]    5:     0x647e0e057e43 - core::fmt::write::h522cc39e5b36ae9f
[INFO] [stdout]                                at /rustc/df4ca44d3fbc9301ee17f30f4d474e6ae4b05252/library/core/src/fmt/mod.rs:1190:21
[INFO] [stdout]    6:     0x647e0e02e343 - std::io::Write::write_fmt::h7d3c26752da97734
[INFO] [stdout]                                at /rustc/df4ca44d3fbc9301ee17f30f4d474e6ae4b05252/library/std/src/io/mod.rs:1839:15
[INFO] [stdout]    7:     0x647e0e031522 - std::sys::backtrace::BacktraceLock::print::h4b9e00b29e9c0942
[INFO] [stdout]                                at /rustc/df4ca44d3fbc9301ee17f30f4d474e6ae4b05252/library/std/src/sys/backtrace.rs:42:9
[INFO] [stdout]    8:     0x647e0e032b6a - std::panicking::default_hook::{{closure}}::hb59b88280d0324d9
[INFO] [stdout]                                at /rustc/df4ca44d3fbc9301ee17f30f4d474e6ae4b05252/library/std/src/panicking.rs:268:22
[INFO] [stdout]    9:     0x647e0e032974 - std::panicking::default_hook::he1dd496665be4a29
[INFO] [stdout]                                at /rustc/df4ca44d3fbc9301ee17f30f4d474e6ae4b05252/library/std/src/panicking.rs:292:9
[INFO] [stdout]   10:     0x647e0dffc699 - <alloc::boxed::Box<F,A> as core::ops::function::Fn<Args>>::call::h4ff71de18744e1dc
[INFO] [stdout]                                at /rustc/df4ca44d3fbc9301ee17f30f4d474e6ae4b05252/library/alloc/src/boxed.rs:2468:9
[INFO] [stdout]   11:     0x647e0dffc699 - test::test_main::{{closure}}::hcf7c055ce117aa81
[INFO] [stdout]                                at /rustc/df4ca44d3fbc9301ee17f30f4d474e6ae4b05252/library/test/src/lib.rs:133:21
[INFO] [stdout]   12:     0x647e0e033268 - <alloc::boxed::Box<F,A> as core::ops::function::Fn<Args>>::call::h1d66c6bbd60c9692
[INFO] [stdout]                                at /rustc/df4ca44d3fbc9301ee17f30f4d474e6ae4b05252/library/alloc/src/boxed.rs:2468:9
[INFO] [stdout]   13:     0x647e0e033268 - std::panicking::rust_panic_with_hook::h2ff17fe8f26dfcf8
[INFO] [stdout]                                at /rustc/df4ca44d3fbc9301ee17f30f4d474e6ae4b05252/library/std/src/panicking.rs:809:13
[INFO] [stdout]   14:     0x647e0e03302a - std::panicking::begin_panic_handler::{{closure}}::h4fad77951c07e101
[INFO] [stdout]                                at /rustc/df4ca44d3fbc9301ee17f30f4d474e6ae4b05252/library/std/src/panicking.rs:674:13
[INFO] [stdout]   15:     0x647e0e031bb9 - std::sys::backtrace::__rust_end_short_backtrace::hb1a25b3da5d0ea08
[INFO] [stdout]                                at /rustc/df4ca44d3fbc9301ee17f30f4d474e6ae4b05252/library/std/src/sys/backtrace.rs:170:18
[INFO] [stdout]   16:     0x647e0e032cbc - rust_begin_unwind
[INFO] [stdout]                                at /rustc/df4ca44d3fbc9301ee17f30f4d474e6ae4b05252/library/std/src/panicking.rs:665:5
[INFO] [stdout]   17:     0x647e0e056840 - core::panicking::panic_fmt::ha9db07b529f9b256
[INFO] [stdout]                                at /rustc/df4ca44d3fbc9301ee17f30f4d474e6ae4b05252/library/core/src/panicking.rs:75:14
[INFO] [stdout]   18:     0x647e0e056c86 - core::result::unwrap_failed::h5e8218e4d4338b8a
[INFO] [stdout]                                at /rustc/df4ca44d3fbc9301ee17f30f4d474e6ae4b05252/library/core/src/result.rs:1698:5
[INFO] [stdout]   19:     0x647e0df48c5d - core::result::Result<T,E>::unwrap::h0c1010aecbc4321c
[INFO] [stdout]                                at /rustc/df4ca44d3fbc9301ee17f30f4d474e6ae4b05252/library/core/src/result.rs:1103:23
[INFO] [stdout]   20:     0x647e0df48c5d - matches_standard::standard::ha6c6f0d256ee9f87
[INFO] [stdout]                                at /opt/rustwide/target/debug/build/hematita-bf3d642dbf846ccb/out/codegen/hematita-tests-matches_standard-main:56:15
[INFO] [stdout]   21:     0x647e0df49d57 - matches_standard::fun_quine::hb9acbfceecc456f2
[INFO] [stdout]                                at /opt/rustwide/target/debug/build/hematita-bf3d642dbf846ccb/out/codegen/hematita-tests-matches_standard-main:126:17
[INFO] [stdout]   22:     0x647e0df49d07 - matches_standard::fun_quine::{{closure}}::h0c6980616fb3c98d
[INFO] [stdout]                                at /opt/rustwide/target/debug/build/hematita-bf3d642dbf846ccb/out/codegen/hematita-tests-matches_standard-main:122:19
[INFO] [stdout]   23:     0x647e0df3c606 - core::ops::function::FnOnce::call_once::h769b1e309229aaa4
[INFO] [stdout]                                at /rustc/df4ca44d3fbc9301ee17f30f4d474e6ae4b05252/library/core/src/ops/function.rs:250:5
[INFO] [stdout]   24:     0x647e0e000f6b - core::ops::function::FnOnce::call_once::h22c3ba5715e93f05
[INFO] [stdout]                                at /rustc/df4ca44d3fbc9301ee17f30f4d474e6ae4b05252/library/core/src/ops/function.rs:250:5
[INFO] [stdout]   25:     0x647e0e000f6b - test::__rust_begin_short_backtrace::h8e82d8113d0da17f
[INFO] [stdout]                                at /rustc/df4ca44d3fbc9301ee17f30f4d474e6ae4b05252/library/test/src/lib.rs:621:18
[INFO] [stdout]   26:     0x647e0e0008e7 - test::run_test_in_process::{{closure}}::h33235f4f20b7b7c7
[INFO] [stdout]                                at /rustc/df4ca44d3fbc9301ee17f30f4d474e6ae4b05252/library/test/src/lib.rs:644:60
[INFO] [stdout]   27:     0x647e0e0008e7 - <core::panic::unwind_safe::AssertUnwindSafe<F> as core::ops::function::FnOnce<()>>::call_once::hb5043206310c586f
[INFO] [stdout]                                at /rustc/df4ca44d3fbc9301ee17f30f4d474e6ae4b05252/library/core/src/panic/unwind_safe.rs:272:9
[INFO] [stdout]   28:     0x647e0e0008e7 - std::panicking::try::do_call::h9ad4731a60ab23e2
[INFO] [stdout]                                at /rustc/df4ca44d3fbc9301ee17f30f4d474e6ae4b05252/library/std/src/panicking.rs:557:40
[INFO] [stdout]   29:     0x647e0e0008e7 - std::panicking::try::h3824d23db772a716
[INFO] [stdout]                                at /rustc/df4ca44d3fbc9301ee17f30f4d474e6ae4b05252/library/std/src/panicking.rs:520:19
[INFO] [stdout]   30:     0x647e0e0008e7 - std::panic::catch_unwind::h5afd514605fde46b
[INFO] [stdout]                                at /rustc/df4ca44d3fbc9301ee17f30f4d474e6ae4b05252/library/std/src/panic.rs:358:14
[INFO] [stdout]   31:     0x647e0e0008e7 - test::run_test_in_process::h0d5cbfa7067d1720
[INFO] [stdout]                                at /rustc/df4ca44d3fbc9301ee17f30f4d474e6ae4b05252/library/test/src/lib.rs:644:27
[INFO] [stdout]   32:     0x647e0e0008e7 - test::run_test::{{closure}}::h708eb8872708115d
[INFO] [stdout]                                at /rustc/df4ca44d3fbc9301ee17f30f4d474e6ae4b05252/library/test/src/lib.rs:565:43
[INFO] [stdout]   33:     0x647e0dfc4004 - test::run_test::{{closure}}::h392c51cee94713ab
[INFO] [stdout]                                at /rustc/df4ca44d3fbc9301ee17f30f4d474e6ae4b05252/library/test/src/lib.rs:595:41
[INFO] [stdout]   34:     0x647e0dfc4004 - std::sys::backtrace::__rust_begin_short_backtrace::h2f40290710935a8b
[INFO] [stdout]                                at /rustc/df4ca44d3fbc9301ee17f30f4d474e6ae4b05252/library/std/src/sys/backtrace.rs:154:18
[INFO] [stdout]   35:     0x647e0dfc77ae - std::thread::Builder::spawn_unchecked_::{{closure}}::{{closure}}::h3fd968d89053a903
[INFO] [stdout]                                at /rustc/df4ca44d3fbc9301ee17f30f4d474e6ae4b05252/library/std/src/thread/mod.rs:541:17
[INFO] [stdout]   36:     0x647e0dfc77ae - <core::panic::unwind_safe::AssertUnwindSafe<F> as core::ops::function::FnOnce<()>>::call_once::h743f637ba4229880
[INFO] [stdout]                                at /rustc/df4ca44d3fbc9301ee17f30f4d474e6ae4b05252/library/core/src/panic/unwind_safe.rs:272:9
[INFO] [stdout]   37:     0x647e0dfc77ae - std::panicking::try::do_call::h07440897322525a6
[INFO] [stdout]                                at /rustc/df4ca44d3fbc9301ee17f30f4d474e6ae4b05252/library/std/src/panicking.rs:557:40
[INFO] [stdout]   38:     0x647e0dfc77ae - std::panicking::try::he5a2e00188156637
[INFO] [stdout]                                at /rustc/df4ca44d3fbc9301ee17f30f4d474e6ae4b05252/library/std/src/panicking.rs:520:19
[INFO] [stdout]   39:     0x647e0dfc77ae - std::panic::catch_unwind::hbaf3cae49b3c6433
[INFO] [stdout]                                at /rustc/df4ca44d3fbc9301ee17f30f4d474e6ae4b05252/library/std/src/panic.rs:358:14
[INFO] [stdout]   40:     0x647e0dfc77ae - std::thread::Builder::spawn_unchecked_::{{closure}}::h8e141ea224820bce
[INFO] [stdout]                                at /rustc/df4ca44d3fbc9301ee17f30f4d474e6ae4b05252/library/std/src/thread/mod.rs:540:30
[INFO] [stdout]   41:     0x647e0dfc77ae - core::ops::function::FnOnce::call_once{{vtable.shim}}::h90d312fedd7b8ea8
[INFO] [stdout]                                at /rustc/df4ca44d3fbc9301ee17f30f4d474e6ae4b05252/library/core/src/ops/function.rs:250:5
[INFO] [stdout]   42:     0x647e0e03715b - <alloc::boxed::Box<F,A> as core::ops::function::FnOnce<Args>>::call_once::h69aa08ddb6adb8b6
[INFO] [stdout]                                at /rustc/df4ca44d3fbc9301ee17f30f4d474e6ae4b05252/library/alloc/src/boxed.rs:2454:9
[INFO] [stdout]   43:     0x647e0e03715b - <alloc::boxed::Box<F,A> as core::ops::function::FnOnce<Args>>::call_once::h5aa36efdb79c806f
[INFO] [stdout]                                at /rustc/df4ca44d3fbc9301ee17f30f4d474e6ae4b05252/library/alloc/src/boxed.rs:2454:9
[INFO] [stdout]   44:     0x647e0e03715b - std::sys::pal::unix::thread::Thread::new::thread_start::h6cd80a1b4be5158d
[INFO] [stdout]                                at /rustc/df4ca44d3fbc9301ee17f30f4d474e6ae4b05252/library/std/src/sys/pal/unix/thread.rs:105:17
[INFO] [stdout]   45:     0x7a1bb79e9ac3 - <unknown>
[INFO] [stdout]   46:     0x7a1bb7a7aa04 - clone
[INFO] [stdout]   47:                0x0 - <unknown>
[INFO] [stdout] 
[INFO] [stdout] ---- library_pcall stdout ----
[INFO] [stdout] thread 'library_pcall' panicked at /opt/rustwide/target/debug/build/hematita-bf3d642dbf846ccb/out/codegen/hematita-tests-matches_standard-main:59:10:
[INFO] [stdout] called `Result::unwrap()` on an `Err` value: Os { code: 2, kind: NotFound, message: "No such file or directory" }
[INFO] [stdout] stack backtrace:
[INFO] [stdout]    0:     0x647e0e0316da - std::backtrace_rs::backtrace::libunwind::trace::h207520d6e9873551
[INFO] [stdout]                                at /rustc/df4ca44d3fbc9301ee17f30f4d474e6ae4b05252/library/std/src/../../backtrace/src/backtrace/libunwind.rs:116:5
[INFO] [stdout]    1:     0x647e0e0316da - std::backtrace_rs::backtrace::trace_unsynchronized::h2ed7433f370e3eca
[INFO] [stdout]                                at /rustc/df4ca44d3fbc9301ee17f30f4d474e6ae4b05252/library/std/src/../../backtrace/src/backtrace/mod.rs:66:5
[INFO] [stdout]    2:     0x647e0e0316da - std::sys::backtrace::_print_fmt::h916fac51166b18d7
[INFO] [stdout]                                at /rustc/df4ca44d3fbc9301ee17f30f4d474e6ae4b05252/library/std/src/sys/backtrace.rs:66:9
[INFO] [stdout]    3:     0x647e0e0316da - <std::sys::backtrace::BacktraceLock::print::DisplayBacktrace as core::fmt::Display>::fmt::ha0a4c9b8ce3802e6
[INFO] [stdout]                                at /rustc/df4ca44d3fbc9301ee17f30f4d474e6ae4b05252/library/std/src/sys/backtrace.rs:39:26
[INFO] [stdout]    4:     0x647e0e057e43 - core::fmt::rt::Argument::fmt::h4cfc8587d52b3eb5
[INFO] [stdout]                                at /rustc/df4ca44d3fbc9301ee17f30f4d474e6ae4b05252/library/core/src/fmt/rt.rs:177:76
[INFO] [stdout]    5:     0x647e0e057e43 - core::fmt::write::h522cc39e5b36ae9f
[INFO] [stdout]                                at /rustc/df4ca44d3fbc9301ee17f30f4d474e6ae4b05252/library/core/src/fmt/mod.rs:1190:21
[INFO] [stdout]    6:     0x647e0e02e343 - std::io::Write::write_fmt::h7d3c26752da97734
[INFO] [stdout]                                at /rustc/df4ca44d3fbc9301ee17f30f4d474e6ae4b05252/library/std/src/io/mod.rs:1839:15
[INFO] [stdout]    7:     0x647e0e031522 - std::sys::backtrace::BacktraceLock::print::h4b9e00b29e9c0942
[INFO] [stdout]                                at /rustc/df4ca44d3fbc9301ee17f30f4d474e6ae4b05252/library/std/src/sys/backtrace.rs:42:9
[INFO] [stdout]    8:     0x647e0e032b6a - std::panicking::default_hook::{{closure}}::hb59b88280d0324d9
[INFO] [stdout]                                at /rustc/df4ca44d3fbc9301ee17f30f4d474e6ae4b05252/library/std/src/panicking.rs:268:22
[INFO] [stdout]    9:     0x647e0e032974 - std::panicking::default_hook::he1dd496665be4a29
[INFO] [stdout]                                at /rustc/df4ca44d3fbc9301ee17f30f4d474e6ae4b05252/library/std/src/panicking.rs:292:9
[INFO] [stdout]   10:     0x647e0dffc699 - <alloc::boxed::Box<F,A> as core::ops::function::Fn<Args>>::call::h4ff71de18744e1dc
[INFO] [stdout]                                at /rustc/df4ca44d3fbc9301ee17f30f4d474e6ae4b05252/library/alloc/src/boxed.rs:2468:9
[INFO] [stdout]   11:     0x647e0dffc699 - test::test_main::{{closure}}::hcf7c055ce117aa81
[INFO] [stdout]                                at /rustc/df4ca44d3fbc9301ee17f30f4d474e6ae4b05252/library/test/src/lib.rs:133:21
[INFO] [stdout]   12:     0x647e0e033268 - <alloc::boxed::Box<F,A> as core::ops::function::Fn<Args>>::call::h1d66c6bbd60c9692
[INFO] [stdout]                                at /rustc/df4ca44d3fbc9301ee17f30f4d474e6ae4b05252/library/alloc/src/boxed.rs:2468:9
[INFO] [stdout]   13:     0x647e0e033268 - std::panicking::rust_panic_with_hook::h2ff17fe8f26dfcf8
[INFO] [stdout]                                at /rustc/df4ca44d3fbc9301ee17f30f4d474e6ae4b05252/library/std/src/panicking.rs:809:13
[INFO] [stdout]   14:     0x647e0e03302a - std::panicking::begin_panic_handler::{{closure}}::h4fad77951c07e101
[INFO] [stdout]                                at /rustc/df4ca44d3fbc9301ee17f30f4d474e6ae4b05252/library/std/src/panicking.rs:674:13
[INFO] [stdout]   15:     0x647e0e031bb9 - std::sys::backtrace::__rust_end_short_backtrace::hb1a25b3da5d0ea08
[INFO] [stdout]                                at /rustc/df4ca44d3fbc9301ee17f30f4d474e6ae4b05252/library/std/src/sys/backtrace.rs:170:18
[INFO] [stdout]   16:     0x647e0e032cbc - rust_begin_unwind
[INFO] [stdout]                                at /rustc/df4ca44d3fbc9301ee17f30f4d474e6ae4b05252/library/std/src/panicking.rs:665:5
[INFO] [stdout]   17:     0x647e0e056840 - core::panicking::panic_fmt::ha9db07b529f9b256
[INFO] [stdout]                                at /rustc/df4ca44d3fbc9301ee17f30f4d474e6ae4b05252/library/core/src/panicking.rs:75:14
[INFO] [stdout]   18:     0x647e0e056c86 - core::result::unwrap_failed::h5e8218e4d4338b8a
[INFO] [stdout]                                at /rustc/df4ca44d3fbc9301ee17f30f4d474e6ae4b05252/library/core/src/result.rs:1698:5
[INFO] [stdout]   19:     0x647e0df48c5d - core::result::Result<T,E>::unwrap::h0c1010aecbc4321c
[INFO] [stdout]                                at /rustc/df4ca44d3fbc9301ee17f30f4d474e6ae4b05252/library/core/src/result.rs:1103:23
[INFO] [stdout]   20:     0x647e0df48c5d - matches_standard::standard::ha6c6f0d256ee9f87
[INFO] [stdout]                                at /opt/rustwide/target/debug/build/hematita-bf3d642dbf846ccb/out/codegen/hematita-tests-matches_standard-main:56:15
[INFO] [stdout]   21:     0x647e0df4a777 - matches_standard::library_pcall::h811f24ae2317bd89
[INFO] [stdout]                                at /opt/rustwide/target/debug/build/hematita-bf3d642dbf846ccb/out/codegen/hematita-tests-matches_standard-main:164:17
[INFO] [stdout]   22:     0x647e0df4a727 - matches_standard::library_pcall::{{closure}}::h4bb6c1c05cdc2666
[INFO] [stdout]                                at /opt/rustwide/target/debug/build/hematita-bf3d642dbf846ccb/out/codegen/hematita-tests-matches_standard-main:160:23
[INFO] [stdout]   23:     0x647e0df3c406 - core::ops::function::FnOnce::call_once::h374d30b2fbb9c1c1
[INFO] [stdout]                                at /rustc/df4ca44d3fbc9301ee17f30f4d474e6ae4b05252/library/core/src/ops/function.rs:250:5
[INFO] [stdout]   24:     0x647e0e000f6b - core::ops::function::FnOnce::call_once::h22c3ba5715e93f05
[INFO] [stdout]                                at /rustc/df4ca44d3fbc9301ee17f30f4d474e6ae4b05252/library/core/src/ops/function.rs:250:5
[INFO] [stdout]   25:     0x647e0e000f6b - test::__rust_begin_short_backtrace::h8e82d8113d0da17f
[INFO] [stdout]                                at /rustc/df4ca44d3fbc9301ee17f30f4d474e6ae4b05252/library/test/src/lib.rs:621:18
[INFO] [stdout]   26:     0x647e0e0008e7 - test::run_test_in_process::{{closure}}::h33235f4f20b7b7c7
[INFO] [stdout]                                at /rustc/df4ca44d3fbc9301ee17f30f4d474e6ae4b05252/library/test/src/lib.rs:644:60
[INFO] [stdout]   27:     0x647e0e0008e7 - <core::panic::unwind_safe::AssertUnwindSafe<F> as core::ops::function::FnOnce<()>>::call_once::hb5043206310c586f
[INFO] [stdout]                                at /rustc/df4ca44d3fbc9301ee17f30f4d474e6ae4b05252/library/core/src/panic/unwind_safe.rs:272:9
[INFO] [stdout]   28:     0x647e0e0008e7 - std::panicking::try::do_call::h9ad4731a60ab23e2
[INFO] [stdout]                                at /rustc/df4ca44d3fbc9301ee17f30f4d474e6ae4b05252/library/std/src/panicking.rs:557:40
[INFO] [stdout]   29:     0x647e0e0008e7 - std::panicking::try::h3824d23db772a716
[INFO] [stdout]                                at /rustc/df4ca44d3fbc9301ee17f30f4d474e6ae4b05252/library/std/src/panicking.rs:520:19
[INFO] [stdout]   30:     0x647e0e0008e7 - std::panic::catch_unwind::h5afd514605fde46b
[INFO] [stdout]                                at /rustc/df4ca44d3fbc9301ee17f30f4d474e6ae4b05252/library/std/src/panic.rs:358:14
[INFO] [stdout]   31:     0x647e0e0008e7 - test::run_test_in_process::h0d5cbfa7067d1720
[INFO] [stdout]                                at /rustc/df4ca44d3fbc9301ee17f30f4d474e6ae4b05252/library/test/src/lib.rs:644:27
[INFO] [stdout]   32:     0x647e0e0008e7 - test::run_test::{{closure}}::h708eb8872708115d
[INFO] [stdout]                                at /rustc/df4ca44d3fbc9301ee17f30f4d474e6ae4b05252/library/test/src/lib.rs:565:43
[INFO] [stdout]   33:     0x647e0dfc4004 - test::run_test::{{closure}}::h392c51cee94713ab
[INFO] [stdout]                                at /rustc/df4ca44d3fbc9301ee17f30f4d474e6ae4b05252/library/test/src/lib.rs:595:41
[INFO] [stdout]   34:     0x647e0dfc4004 - std::sys::backtrace::__rust_begin_short_backtrace::h2f40290710935a8b
[INFO] [stdout]                                at /rustc/df4ca44d3fbc9301ee17f30f4d474e6ae4b05252/library/std/src/sys/backtrace.rs:154:18
[INFO] [stdout]   35:     0x647e0dfc77ae - std::thread::Builder::spawn_unchecked_::{{closure}}::{{closure}}::h3fd968d89053a903
[INFO] [stdout]                                at /rustc/df4ca44d3fbc9301ee17f30f4d474e6ae4b05252/library/std/src/thread/mod.rs:541:17
[INFO] [stdout]   36:     0x647e0dfc77ae - <core::panic::unwind_safe::AssertUnwindSafe<F> as core::ops::function::FnOnce<()>>::call_once::h743f637ba4229880
[INFO] [stdout]                                at /rustc/df4ca44d3fbc9301ee17f30f4d474e6ae4b05252/library/core/src/panic/unwind_safe.rs:272:9
[INFO] [stdout]   37:     0x647e0dfc77ae - std::panicking::try::do_call::h07440897322525a6
[INFO] [stdout]                                at /rustc/df4ca44d3fbc9301ee17f30f4d474e6ae4b05252/library/std/src/panicking.rs:557:40
[INFO] [stdout]   38:     0x647e0dfc77ae - std::panicking::try::he5a2e00188156637
[INFO] [stdout]                                at /rustc/df4ca44d3fbc9301ee17f30f4d474e6ae4b05252/library/std/src/panicking.rs:520:19
[INFO] [stdout]   39:     0x647e0dfc77ae - std::panic::catch_unwind::hbaf3cae49b3c6433
[INFO] [stdout]                                at /rustc/df4ca44d3fbc9301ee17f30f4d474e6ae4b05252/library/std/src/panic.rs:358:14
[INFO] [stdout]   40:     0x647e0dfc77ae - std::thread::Builder::spawn_unchecked_::{{closure}}::h8e141ea224820bce
[INFO] [stdout]                                at /rustc/df4ca44d3fbc9301ee17f30f4d474e6ae4b05252/library/std/src/thread/mod.rs:540:30
[INFO] [stdout]   41:     0x647e0dfc77ae - core::ops::function::FnOnce::call_once{{vtable.shim}}::h90d312fedd7b8ea8
[INFO] [stdout]                                at /rustc/df4ca44d3fbc9301ee17f30f4d474e6ae4b05252/library/core/src/ops/function.rs:250:5
[INFO] [stdout]   42:     0x647e0e03715b - <alloc::boxed::Box<F,A> as core::ops::function::FnOnce<Args>>::call_once::h69aa08ddb6adb8b6
[INFO] [stdout]                                at /rustc/df4ca44d3fbc9301ee17f30f4d474e6ae4b05252/library/alloc/src/boxed.rs:2454:9
[INFO] [stdout]   43:     0x647e0e03715b - <alloc::boxed::Box<F,A> as core::ops::function::FnOnce<Args>>::call_once::h5aa36efdb79c806f
[INFO] [stdout]                                at /rustc/df4ca44d3fbc9301ee17f30f4d474e6ae4b05252/library/alloc/src/boxed.rs:2454:9
[INFO] [stdout]   44:     0x647e0e03715b - std::sys::pal::unix::thread::Thread::new::thread_start::h6cd80a1b4be5158d
[INFO] [stdout]                                at /rustc/df4ca44d3fbc9301ee17f30f4d474e6ae4b05252/library/std/src/sys/pal/unix/thread.rs:105:17
[INFO] [stdout]   45:     0x7a1bb79e9ac3 - <unknown>
[INFO] [stdout]   46:     0x7a1bb7a7aa04 - clone
[INFO] [stdout]   47:                0x0 - <unknown>
[INFO] [stdout] 
[INFO] [stdout] ---- statement_function stdout ----
[INFO] [stdout] thread 'statement_function' panicked at /opt/rustwide/target/debug/build/hematita-bf3d642dbf846ccb/out/codegen/hematita-tests-matches_standard-main:59:10:
[INFO] [stdout] called `Result::unwrap()` on an `Err` value: Os { code: 2, kind: NotFound, message: "No such file or directory" }
[INFO] [stdout] stack backtrace:
[INFO] [stdout]    0:     0x647e0e0316da - std::backtrace_rs::backtrace::libunwind::trace::h207520d6e9873551
[INFO] [stdout]                                at /rustc/df4ca44d3fbc9301ee17f30f4d474e6ae4b05252/library/std/src/../../backtrace/src/backtrace/libunwind.rs:116:5
[INFO] [stdout]    1:     0x647e0e0316da - std::backtrace_rs::backtrace::trace_unsynchronized::h2ed7433f370e3eca
[INFO] [stdout]                                at /rustc/df4ca44d3fbc9301ee17f30f4d474e6ae4b05252/library/std/src/../../backtrace/src/backtrace/mod.rs:66:5
[INFO] [stdout]    2:     0x647e0e0316da - std::sys::backtrace::_print_fmt::h916fac51166b18d7
[INFO] [stdout]                                at /rustc/df4ca44d3fbc9301ee17f30f4d474e6ae4b05252/library/std/src/sys/backtrace.rs:66:9
[INFO] [stdout]    3:     0x647e0e0316da - <std::sys::backtrace::BacktraceLock::print::DisplayBacktrace as core::fmt::Display>::fmt::ha0a4c9b8ce3802e6
[INFO] [stdout]                                at /rustc/df4ca44d3fbc9301ee17f30f4d474e6ae4b05252/library/std/src/sys/backtrace.rs:39:26
[INFO] [stdout]    4:     0x647e0e057e43 - core::fmt::rt::Argument::fmt::h4cfc8587d52b3eb5
[INFO] [stdout]                                at /rustc/df4ca44d3fbc9301ee17f30f4d474e6ae4b05252/library/core/src/fmt/rt.rs:177:76
[INFO] [stdout]    5:     0x647e0e057e43 - core::fmt::write::h522cc39e5b36ae9f
[INFO] [stdout]                                at /rustc/df4ca44d3fbc9301ee17f30f4d474e6ae4b05252/library/core/src/fmt/mod.rs:1190:21
[INFO] [stdout]    6:     0x647e0e02e343 - std::io::Write::write_fmt::h7d3c26752da97734
[INFO] [stdout]                                at /rustc/df4ca44d3fbc9301ee17f30f4d474e6ae4b05252/library/std/src/io/mod.rs:1839:15
[INFO] [stdout]    7:     0x647e0e031522 - std::sys::backtrace::BacktraceLock::print::h4b9e00b29e9c0942
[INFO] [stdout]                                at /rustc/df4ca44d3fbc9301ee17f30f4d474e6ae4b05252/library/std/src/sys/backtrace.rs:42:9
[INFO] [stdout]    8:     0x647e0e032b6a - std::panicking::default_hook::{{closure}}::hb59b88280d0324d9
[INFO] [stdout]                                at /rustc/df4ca44d3fbc9301ee17f30f4d474e6ae4b05252/library/std/src/panicking.rs:268:22
[INFO] [stdout]    9:     0x647e0e032974 - std::panicking::default_hook::he1dd496665be4a29
[INFO] [stdout]                                at /rustc/df4ca44d3fbc9301ee17f30f4d474e6ae4b05252/library/std/src/panicking.rs:292:9
[INFO] [stdout]   10:     0x647e0dffc699 - <alloc::boxed::Box<F,A> as core::ops::function::Fn<Args>>::call::h4ff71de18744e1dc
[INFO] [stdout]                                at /rustc/df4ca44d3fbc9301ee17f30f4d474e6ae4b05252/library/alloc/src/boxed.rs:2468:9
[INFO] [stdout]   11:     0x647e0dffc699 - test::test_main::{{closure}}::hcf7c055ce117aa81
[INFO] [stdout]                                at /rustc/df4ca44d3fbc9301ee17f30f4d474e6ae4b05252/library/test/src/lib.rs:133:21
[INFO] [stdout]   12:     0x647e0e033268 - <alloc::boxed::Box<F,A> as core::ops::function::Fn<Args>>::call::h1d66c6bbd60c9692
[INFO] [stdout]                                at /rustc/df4ca44d3fbc9301ee17f30f4d474e6ae4b05252/library/alloc/src/boxed.rs:2468:9
[INFO] [stdout]   13:     0x647e0e033268 - std::panicking::rust_panic_with_hook::h2ff17fe8f26dfcf8
[INFO] [stdout]                                at /rustc/df4ca44d3fbc9301ee17f30f4d474e6ae4b05252/library/std/src/panicking.rs:809:13
[INFO] [stdout]   14:     0x647e0e03302a - std::panicking::begin_panic_handler::{{closure}}::h4fad77951c07e101
[INFO] [stdout]                                at /rustc/df4ca44d3fbc9301ee17f30f4d474e6ae4b05252/library/std/src/panicking.rs:674:13
[INFO] [stdout]   15:     0x647e0e031bb9 - std::sys::backtrace::__rust_end_short_backtrace::hb1a25b3da5d0ea08
[INFO] [stdout]                                at /rustc/df4ca44d3fbc9301ee17f30f4d474e6ae4b05252/library/std/src/sys/backtrace.rs:170:18
[INFO] [stdout]   16:     0x647e0e032cbc - rust_begin_unwind
[INFO] [stdout]                                at /rustc/df4ca44d3fbc9301ee17f30f4d474e6ae4b05252/library/std/src/panicking.rs:665:5
[INFO] [stdout]   17:     0x647e0e056840 - core::panicking::panic_fmt::ha9db07b529f9b256
[INFO] [stdout]                                at /rustc/df4ca44d3fbc9301ee17f30f4d474e6ae4b05252/library/core/src/panicking.rs:75:14
[INFO] [stdout]   18:     0x647e0e056c86 - core::result::unwrap_failed::h5e8218e4d4338b8a
[INFO] [stdout]                                at /rustc/df4ca44d3fbc9301ee17f30f4d474e6ae4b05252/library/core/src/result.rs:1698:5
[INFO] [stdout]   19:     0x647e0df48c5d - core::result::Result<T,E>::unwrap::h0c1010aecbc4321c
[INFO] [stdout]                                at /rustc/df4ca44d3fbc9301ee17f30f4d474e6ae4b05252/library/core/src/result.rs:1103:23
[INFO] [stdout]   20:     0x647e0df48c5d - matches_standard::standard::ha6c6f0d256ee9f87
[INFO] [stdout]                                at /opt/rustwide/target/debug/build/hematita-bf3d642dbf846ccb/out/codegen/hematita-tests-matches_standard-main:56:15
[INFO] [stdout]   21:     0x647e0df49847 - matches_standard::statement_function::h5ca458891f958b3d
[INFO] [stdout]                                at /opt/rustwide/target/debug/build/hematita-bf3d642dbf846ccb/out/codegen/hematita-tests-matches_standard-main:107:17
[INFO] [stdout]   22:     0x647e0df497f7 - matches_standard::statement_function::{{closure}}::h6011e2e359cb999d
[INFO] [stdout]                                at /opt/rustwide/target/debug/build/hematita-bf3d642dbf846ccb/out/codegen/hematita-tests-matches_standard-main:103:28
[INFO] [stdout]   23:     0x647e0df3c6a6 - core::ops::function::FnOnce::call_once::h9ccb93beadf88944
[INFO] [stdout]                                at /rustc/df4ca44d3fbc9301ee17f30f4d474e6ae4b05252/library/core/src/ops/function.rs:250:5
[INFO] [stdout]   24:     0x647e0e000f6b - core::ops::function::FnOnce::call_once::h22c3ba5715e93f05
[INFO] [stdout]                                at /rustc/df4ca44d3fbc9301ee17f30f4d474e6ae4b05252/library/core/src/ops/function.rs:250:5
[INFO] [stdout]   25:     0x647e0e000f6b - test::__rust_begin_short_backtrace::h8e82d8113d0da17f
[INFO] [stdout]                                at /rustc/df4ca44d3fbc9301ee17f30f4d474e6ae4b05252/library/test/src/lib.rs:621:18
[INFO] [stdout]   26:     0x647e0e0008e7 - test::run_test_in_process::{{closure}}::h33235f4f20b7b7c7
[INFO] [stdout]                                at /rustc/df4ca44d3fbc9301ee17f30f4d474e6ae4b05252/library/test/src/lib.rs:644:60
[INFO] [stdout]   27:     0x647e0e0008e7 - <core::panic::unwind_safe::AssertUnwindSafe<F> as core::ops::function::FnOnce<()>>::call_once::hb5043206310c586f
[INFO] [stdout]                                at /rustc/df4ca44d3fbc9301ee17f30f4d474e6ae4b05252/library/core/src/panic/unwind_safe.rs:272:9
[INFO] [stdout]   28:     0x647e0e0008e7 - std::panicking::try::do_call::h9ad4731a60ab23e2
[INFO] [stdout]                                at /rustc/df4ca44d3fbc9301ee17f30f4d474e6ae4b05252/library/std/src/panicking.rs:557:40
[INFO] [stdout]   29:     0x647e0e0008e7 - std::panicking::try::h3824d23db772a716
[INFO] [stdout]                                at /rustc/df4ca44d3fbc9301ee17f30f4d474e6ae4b05252/library/std/src/panicking.rs:520:19
[INFO] [stdout]   30:     0x647e0e0008e7 - std::panic::catch_unwind::h5afd514605fde46b
[INFO] [stdout]                                at /rustc/df4ca44d3fbc9301ee17f30f4d474e6ae4b05252/library/std/src/panic.rs:358:14
[INFO] [stdout]   31:     0x647e0e0008e7 - test::run_test_in_process::h0d5cbfa7067d1720
[INFO] [stdout]                                at /rustc/df4ca44d3fbc9301ee17f30f4d474e6ae4b05252/library/test/src/lib.rs:644:27
[INFO] [stdout]   32:     0x647e0e0008e7 - test::run_test::{{closure}}::h708eb8872708115d
[INFO] [stdout]                                at /rustc/df4ca44d3fbc9301ee17f30f4d474e6ae4b05252/library/test/src/lib.rs:565:43
[INFO] [stdout]   33:     0x647e0dfc4004 - test::run_test::{{closure}}::h392c51cee94713ab
[INFO] [stdout]                                at /rustc/df4ca44d3fbc9301ee17f30f4d474e6ae4b05252/library/test/src/lib.rs:595:41
[INFO] [stdout]   34:     0x647e0dfc4004 - std::sys::backtrace::__rust_begin_short_backtrace::h2f40290710935a8b
[INFO] [stdout]                                at /rustc/df4ca44d3fbc9301ee17f30f4d474e6ae4b05252/library/std/src/sys/backtrace.rs:154:18
[INFO] [stdout]   35:     0x647e0dfc77ae - std::thread::Builder::spawn_unchecked_::{{closure}}::{{closure}}::h3fd968d89053a903
[INFO] [stdout]                                at /rustc/df4ca44d3fbc9301ee17f30f4d474e6ae4b05252/library/std/src/thread/mod.rs:541:17
[INFO] [stdout]   36:     0x647e0dfc77ae - <core::panic::unwind_safe::AssertUnwindSafe<F> as core::ops::function::FnOnce<()>>::call_once::h743f637ba4229880
[INFO] [stdout]                                at /rustc/df4ca44d3fbc9301ee17f30f4d474e6ae4b05252/library/core/src/panic/unwind_safe.rs:272:9
[INFO] [stdout]   37:     0x647e0dfc77ae - std::panicking::try::do_call::h07440897322525a6
[INFO] [stdout]                                at /rustc/df4ca44d3fbc9301ee17f30f4d474e6ae4b05252/library/std/src/panicking.rs:557:40
[INFO] [stdout]   38:     0x647e0dfc77ae - std::panicking::try::he5a2e00188156637
[INFO] [stdout]                                at /rustc/df4ca44d3fbc9301ee17f30f4d474e6ae4b05252/library/std/src/panicking.rs:520:19
[INFO] [stdout]   39:     0x647e0dfc77ae - std::panic::catch_unwind::hbaf3cae49b3c6433
[INFO] [stdout]                                at /rustc/df4ca44d3fbc9301ee17f30f4d474e6ae4b05252/library/std/src/panic.rs:358:14
[INFO] [stdout]   40:     0x647e0dfc77ae - std::thread::Builder::spawn_unchecked_::{{closure}}::h8e141ea224820bce
[INFO] [stdout]                                at /rustc/df4ca44d3fbc9301ee17f30f4d474e6ae4b05252/library/std/src/thread/mod.rs:540:30
[INFO] [stdout]   41:     0x647e0dfc77ae - core::ops::function::FnOnce::call_once{{vtable.shim}}::h90d312fedd7b8ea8
[INFO] [stdout]                                at /rustc/df4ca44d3fbc9301ee17f30f4d474e6ae4b05252/library/core/src/ops/function.rs:250:5
[INFO] [stdout]   42:     0x647e0e03715b - <alloc::boxed::Box<F,A> as core::ops::function::FnOnce<Args>>::call_once::h69aa08ddb6adb8b6
[INFO] [stdout]                                at /rustc/df4ca44d3fbc9301ee17f30f4d474e6ae4b05252/library/alloc/src/boxed.rs:2454:9
[INFO] [stdout]   43:     0x647e0e03715b - <alloc::boxed::Box<F,A> as core::ops::function::FnOnce<Args>>::call_once::h5aa36efdb79c806f
[INFO] [stdout]                                at /rustc/df4ca44d3fbc9301ee17f30f4d474e6ae4b05252/library/alloc/src/boxed.rs:2454:9
[INFO] [stdout]   44:     0x647e0e03715b - std::sys::pal::unix::thread::Thread::new::thread_start::h6cd80a1b4be5158d
[INFO] [stdout]                                at /rustc/df4ca44d3fbc9301ee17f30f4d474e6ae4b05252/library/std/src/sys/pal/unix/thread.rs:105:17
[INFO] [stdout]   45:     0x7a1bb79e9ac3 - <unknown>
[INFO] [stdout]   46:     0x7a1bb7a7aa04 - clone
[INFO] [stdout]   47:                0x0 - <unknown>
[INFO] [stdout] 
[INFO] [stdout] ---- operator_length stdout ----
[INFO] [stdout] thread 'operator_length' panicked at /opt/rustwide/target/debug/build/hematita-bf3d642dbf846ccb/out/codegen/hematita-tests-matches_standard-main:59:10:
[INFO] [stdout] called `Result::unwrap()` on an `Err` value: Os { code: 2, kind: NotFound, message: "No such file or directory" }
[INFO] [stdout] stack backtrace:
[INFO] [stdout]    0:     0x647e0e0316da - std::backtrace_rs::backtrace::libunwind::trace::h207520d6e9873551
[INFO] [stdout]                                at /rustc/df4ca44d3fbc9301ee17f30f4d474e6ae4b05252/library/std/src/../../backtrace/src/backtrace/libunwind.rs:116:5
[INFO] [stdout]    1:     0x647e0e0316da - std::backtrace_rs::backtrace::trace_unsynchronized::h2ed7433f370e3eca
[INFO] [stdout]                                at /rustc/df4ca44d3fbc9301ee17f30f4d474e6ae4b05252/library/std/src/../../backtrace/src/backtrace/mod.rs:66:5
[INFO] [stdout]    2:     0x647e0e0316da - std::sys::backtrace::_print_fmt::h916fac51166b18d7
[INFO] [stdout]                                at /rustc/df4ca44d3fbc9301ee17f30f4d474e6ae4b05252/library/std/src/sys/backtrace.rs:66:9
[INFO] [stdout]    3:     0x647e0e0316da - <std::sys::backtrace::BacktraceLock::print::DisplayBacktrace as core::fmt::Display>::fmt::ha0a4c9b8ce3802e6
[INFO] [stdout]                                at /rustc/df4ca44d3fbc9301ee17f30f4d474e6ae4b05252/library/std/src/sys/backtrace.rs:39:26
[INFO] [stdout]    4:     0x647e0e057e43 - core::fmt::rt::Argument::fmt::h4cfc8587d52b3eb5
[INFO] [stdout]                                at /rustc/df4ca44d3fbc9301ee17f30f4d474e6ae4b05252/library/core/src/fmt/rt.rs:177:76
[INFO] [stdout]    5:     0x647e0e057e43 - core::fmt::write::h522cc39e5b36ae9f
[INFO] [stdout]                                at /rustc/df4ca44d3fbc9301ee17f30f4d474e6ae4b05252/library/core/src/fmt/mod.rs:1190:21
[INFO] [stdout]    6:     0x647e0e02e343 - std::io::Write::write_fmt::h7d3c26752da97734
[INFO] [stdout]                                at /rustc/df4ca44d3fbc9301ee17f30f4d474e6ae4b05252/library/std/src/io/mod.rs:1839:15
[INFO] [stdout]    7:     0x647e0e031522 - std::sys::backtrace::BacktraceLock::print::h4b9e00b29e9c0942
[INFO] [stdout]                                at /rustc/df4ca44d3fbc9301ee17f30f4d474e6ae4b05252/library/std/src/sys/backtrace.rs:42:9
[INFO] [stdout]    8:     0x647e0e032b6a - std::panicking::default_hook::{{closure}}::hb59b88280d0324d9
[INFO] [stdout]                                at /rustc/df4ca44d3fbc9301ee17f30f4d474e6ae4b05252/library/std/src/panicking.rs:268:22
[INFO] [stdout]    9:     0x647e0e032974 - std::panicking::default_hook::he1dd496665be4a29
[INFO] [stdout]                                at /rustc/df4ca44d3fbc9301ee17f30f4d474e6ae4b05252/library/std/src/panicking.rs:292:9
[INFO] [stdout]   10:     0x647e0dffc699 - <alloc::boxed::Box<F,A> as core::ops::function::Fn<Args>>::call::h4ff71de18744e1dc
[INFO] [stdout]                                at /rustc/df4ca44d3fbc9301ee17f30f4d474e6ae4b05252/library/alloc/src/boxed.rs:2468:9
[INFO] [stdout]   11:     0x647e0dffc699 - test::test_main::{{closure}}::hcf7c055ce117aa81
[INFO] [stdout]                                at /rustc/df4ca44d3fbc9301ee17f30f4d474e6ae4b05252/library/test/src/lib.rs:133:21
[INFO] [stdout]   12:     0x647e0e033268 - <alloc::boxed::Box<F,A> as core::ops::function::Fn<Args>>::call::h1d66c6bbd60c9692
[INFO] [stdout]                                at /rustc/df4ca44d3fbc9301ee17f30f4d474e6ae4b05252/library/alloc/src/boxed.rs:2468:9
[INFO] [stdout]   13:     0x647e0e033268 - std::panicking::rust_panic_with_hook::h2ff17fe8f26dfcf8
[INFO] [stdout]                                at /rustc/df4ca44d3fbc9301ee17f30f4d474e6ae4b05252/library/std/src/panicking.rs:809:13
[INFO] [stdout]   14:     0x647e0e03302a - std::panicking::begin_panic_handler::{{closure}}::h4fad77951c07e101
[INFO] [stdout]                                at /rustc/df4ca44d3fbc9301ee17f30f4d474e6ae4b05252/library/std/src/panicking.rs:674:13
[INFO] [stdout]   15:     0x647e0e031bb9 - std::sys::backtrace::__rust_end_short_backtrace::hb1a25b3da5d0ea08
[INFO] [stdout]                                at /rustc/df4ca44d3fbc9301ee17f30f4d474e6ae4b05252/library/std/src/sys/backtrace.rs:170:18
[INFO] [stdout]   16:     0x647e0e032cbc - rust_begin_unwind
[INFO] [stdout]                                at /rustc/df4ca44d3fbc9301ee17f30f4d474e6ae4b05252/library/std/src/panicking.rs:665:5
[INFO] [stdout]   17:     0x647e0e056840 - core::panicking::panic_fmt::ha9db07b529f9b256
[INFO] [stdout]                                at /rustc/df4ca44d3fbc9301ee17f30f4d474e6ae4b05252/library/core/src/panicking.rs:75:14
[INFO] [stdout]   18:     0x647e0e056c86 - core::result::unwrap_failed::h5e8218e4d4338b8a
[INFO] [stdout]                                at /rustc/df4ca44d3fbc9301ee17f30f4d474e6ae4b05252/library/core/src/result.rs:1698:5
[INFO] [stdout]   19:     0x647e0df48c5d - core::result::Result<T,E>::unwrap::h0c1010aecbc4321c
[INFO] [stdout]                                at /rustc/df4ca44d3fbc9301ee17f30f4d474e6ae4b05252/library/core/src/result.rs:1103:23
[INFO] [stdout]   20:     0x647e0df48c5d - matches_standard::standard::ha6c6f0d256ee9f87
[INFO] [stdout]                                at /opt/rustwide/target/debug/build/hematita-bf3d642dbf846ccb/out/codegen/hematita-tests-matches_standard-main:56:15
[INFO] [stdout]   21:     0x647e0df4b6a7 - matches_standard::operator_length::h8ce70cd4f7659a27
[INFO] [stdout]                                at /opt/rustwide/target/debug/build/hematita-bf3d642dbf846ccb/out/codegen/hematita-tests-matches_standard-main:221:17
[INFO] [stdout]   22:     0x647e0df4b657 - matches_standard::operator_length::{{closure}}::h44449fe613560cfe
[INFO] [stdout]                                at /opt/rustwide/target/debug/build/hematita-bf3d642dbf846ccb/out/codegen/hematita-tests-matches_standard-main:217:25
[INFO] [stdout]   23:     0x647e0df3c586 - core::ops::function::FnOnce::call_once::h6eaef56117a27ff9
[INFO] [stdout]                                at /rustc/df4ca44d3fbc9301ee17f30f4d474e6ae4b05252/library/core/src/ops/function.rs:250:5
[INFO] [stdout]   24:     0x647e0e000f6b - core::ops::function::FnOnce::call_once::h22c3ba5715e93f05
[INFO] [stdout]                                at /rustc/df4ca44d3fbc9301ee17f30f4d474e6ae4b05252/library/core/src/ops/function.rs:250:5
[INFO] [stdout]   25:     0x647e0e000f6b - test::__rust_begin_short_backtrace::h8e82d8113d0da17f
[INFO] [stdout]                                at /rustc/df4ca44d3fbc9301ee17f30f4d474e6ae4b05252/library/test/src/lib.rs:621:18
[INFO] [stdout]   26:     0x647e0e0008e7 - test::run_test_in_process::{{closure}}::h33235f4f20b7b7c7
[INFO] [stdout]                                at /rustc/df4ca44d3fbc9301ee17f30f4d474e6ae4b05252/library/test/src/lib.rs:644:60
[INFO] [stdout]   27:     0x647e0e0008e7 - <core::panic::unwind_safe::AssertUnwindSafe<F> as core::ops::function::FnOnce<()>>::call_once::hb5043206310c586f
[INFO] [stdout]                                at /rustc/df4ca44d3fbc9301ee17f30f4d474e6ae4b05252/library/core/src/panic/unwind_safe.rs:272:9
[INFO] [stdout]   28:     0x647e0e0008e7 - std::panicking::try::do_call::h9ad4731a60ab23e2
[INFO] [stdout]                                at /rustc/df4ca44d3fbc9301ee17f30f4d474e6ae4b05252/library/std/src/panicking.rs:557:40
[INFO] [stdout]   29:     0x647e0e0008e7 - std::panicking::try::h3824d23db772a716
[INFO] [stdout]                                at /rustc/df4ca44d3fbc9301ee17f30f4d474e6ae4b05252/library/std/src/panicking.rs:520:19
[INFO] [stdout]   30:     0x647e0e0008e7 - std::panic::catch_unwind::h5afd514605fde46b
[INFO] [stdout]                                at /rustc/df4ca44d3fbc9301ee17f30f4d474e6ae4b05252/library/std/src/panic.rs:358:14
[INFO] [stdout]   31:     0x647e0e0008e7 - test::run_test_in_process::h0d5cbfa7067d1720
[INFO] [stdout]                                at /rustc/df4ca44d3fbc9301ee17f30f4d474e6ae4b05252/library/test/src/lib.rs:644:27
[INFO] [stdout]   32:     0x647e0e0008e7 - test::run_test::{{closure}}::h708eb8872708115d
[INFO] [stdout]                                at /rustc/df4ca44d3fbc9301ee17f30f4d474e6ae4b05252/library/test/src/lib.rs:565:43
[INFO] [stdout]   33:     0x647e0dfc4004 - test::run_test::{{closure}}::h392c51cee94713ab
[INFO] [stdout]                                at /rustc/df4ca44d3fbc9301ee17f30f4d474e6ae4b05252/library/test/src/lib.rs:595:41
[INFO] [stdout]   34:     0x647e0dfc4004 - std::sys::backtrace::__rust_begin_short_backtrace::h2f40290710935a8b
[INFO] [stdout]                                at /rustc/df4ca44d3fbc9301ee17f30f4d474e6ae4b05252/library/std/src/sys/backtrace.rs:154:18
[INFO] [stdout]   35:     0x647e0dfc77ae - std::thread::Builder::spawn_unchecked_::{{closure}}::{{closure}}::h3fd968d89053a903
[INFO] [stdout]                                at /rustc/df4ca44d3fbc9301ee17f30f4d474e6ae4b05252/library/std/src/thread/mod.rs:541:17
[INFO] [stdout]   36:     0x647e0dfc77ae - <core::panic::unwind_safe::AssertUnwindSafe<F> as core::ops::function::FnOnce<()>>::call_once::h743f637ba4229880
[INFO] [stdout]                                at /rustc/df4ca44d3fbc9301ee17f30f4d474e6ae4b05252/library/core/src/panic/unwind_safe.rs:272:9
[INFO] [stdout]   37:     0x647e0dfc77ae - std::panicking::try::do_call::h07440897322525a6
[INFO] [stdout]                                at /rustc/df4ca44d3fbc9301ee17f30f4d474e6ae4b05252/library/std/src/panicking.rs:557:40
[INFO] [stdout]   38:     0x647e0dfc77ae - std::panicking::try::he5a2e00188156637
[INFO] [stdout]                                at /rustc/df4ca44d3fbc9301ee17f30f4d474e6ae4b05252/library/std/src/panicking.rs:520:19
[INFO] [stdout]   39:     0x647e0dfc77ae - std::panic::catch_unwind::hbaf3cae49b3c6433
[INFO] [stdout]                                at /rustc/df4ca44d3fbc9301ee17f30f4d474e6ae4b05252/library/std/src/panic.rs:358:14
[INFO] [stdout]   40:     0x647e0dfc77ae - std::thread::Builder::spawn_unchecked_::{{closure}}::h8e141ea224820bce
[INFO] [stdout]                                at /rustc/df4ca44d3fbc9301ee17f30f4d474e6ae4b05252/library/std/src/thread/mod.rs:540:30
[INFO] [stdout]   41:     0x647e0dfc77ae - core::ops::function::FnOnce::call_once{{vtable.shim}}::h90d312fedd7b8ea8
[INFO] [stdout]                                at /rustc/df4ca44d3fbc9301ee17f30f4d474e6ae4b05252/library/core/src/ops/function.rs:250:5
[INFO] [stdout]   42:     0x647e0e03715b - <alloc::boxed::Box<F,A> as core::ops::function::FnOnce<Args>>::call_once::h69aa08ddb6adb8b6
[INFO] [stdout]                                at /rustc/df4ca44d3fbc9301ee17f30f4d474e6ae4b05252/library/alloc/src/boxed.rs:2454:9
[INFO] [stdout]   43:     0x647e0e03715b - <alloc::boxed::Box<F,A> as core::ops::function::FnOnce<Args>>::call_once::h5aa36efdb79c806f
[INFO] [stdout]                                at /rustc/df4ca44d3fbc9301ee17f30f4d474e6ae4b05252/library/alloc/src/boxed.rs:2454:9
[INFO] [stdout]   44:     0x647e0e03715b - std::sys::pal::unix::thread::Thread::new::thread_start::h6cd80a1b4be5158d
[INFO] [stdout]                                at /rustc/df4ca44d3fbc9301ee17f30f4d474e6ae4b05252/library/std/src/sys/pal/unix/thread.rs:105:17
[INFO] [stdout]   45:     0x7a1bb79e9ac3 - <unknown>
[INFO] [stdout]   46:     0x7a1bb7a7aa04 - clone
[INFO] [stdout]   47:                0x0 - <unknown>
[INFO] [stdout] 
[INFO] [stdout] ---- statement_local stdout ----
[INFO] [stdout] thread 'statement_local' panicked at /opt/rustwide/target/debug/build/hematita-bf3d642dbf846ccb/out/codegen/hematita-tests-matches_standard-main:59:10:
[INFO] [stdout] called `Result::unwrap()` on an `Err` value: Os { code: 2, kind: NotFound, message: "No such file or directory" }
[INFO] [stdout] stack backtrace:
[INFO] [stdout]    0:     0x647e0e0316da - std::backtrace_rs::backtrace::libunwind::trace::h207520d6e9873551
[INFO] [stdout]                                at /rustc/df4ca44d3fbc9301ee17f30f4d474e6ae4b05252/library/std/src/../../backtrace/src/backtrace/libunwind.rs:116:5
[INFO] [stdout]    1:     0x647e0e0316da - std::backtrace_rs::backtrace::trace_unsynchronized::h2ed7433f370e3eca
[INFO] [stdout]                                at /rustc/df4ca44d3fbc9301ee17f30f4d474e6ae4b05252/library/std/src/../../backtrace/src/backtrace/mod.rs:66:5
[INFO] [stdout]    2:     0x647e0e0316da - std::sys::backtrace::_print_fmt::h916fac51166b18d7
[INFO] [stdout]                                at /rustc/df4ca44d3fbc9301ee17f30f4d474e6ae4b05252/library/std/src/sys/backtrace.rs:66:9
[INFO] [stdout]    3:     0x647e0e0316da - <std::sys::backtrace::BacktraceLock::print::DisplayBacktrace as core::fmt::Display>::fmt::ha0a4c9b8ce3802e6
[INFO] [stdout]                                at /rustc/df4ca44d3fbc9301ee17f30f4d474e6ae4b05252/library/std/src/sys/backtrace.rs:39:26
[INFO] [stdout]    4:     0x647e0e057e43 - core::fmt::rt::Argument::fmt::h4cfc8587d52b3eb5
[INFO] [stdout]                                at /rustc/df4ca44d3fbc9301ee17f30f4d474e6ae4b05252/library/core/src/fmt/rt.rs:177:76
[INFO] [stdout]    5:     0x647e0e057e43 - core::fmt::write::h522cc39e5b36ae9f
[INFO] [stdout]                                at /rustc/df4ca44d3fbc9301ee17f30f4d474e6ae4b05252/library/core/src/fmt/mod.rs:1190:21
[INFO] [stdout]    6:     0x647e0e02e343 - std::io::Write::write_fmt::h7d3c26752da97734
[INFO] [stdout]                                at /rustc/df4ca44d3fbc9301ee17f30f4d474e6ae4b05252/library/std/src/io/mod.rs:1839:15
[INFO] [stdout]    7:     0x647e0e031522 - std::sys::backtrace::BacktraceLock::print::h4b9e00b29e9c0942
[INFO] [stdout]                                at /rustc/df4ca44d3fbc9301ee17f30f4d474e6ae4b05252/library/std/src/sys/backtrace.rs:42:9
[INFO] [stdout]    8:     0x647e0e032b6a - std::panicking::default_hook::{{closure}}::hb59b88280d0324d9
[INFO] [stdout]                                at /rustc/df4ca44d3fbc9301ee17f30f4d474e6ae4b05252/library/std/src/panicking.rs:268:22
[INFO] [stdout]    9:     0x647e0e032974 - std::panicking::default_hook::he1dd496665be4a29
[INFO] [stdout]                                at /rustc/df4ca44d3fbc9301ee17f30f4d474e6ae4b05252/library/std/src/panicking.rs:292:9
[INFO] [stdout]   10:     0x647e0dffc699 - <alloc::boxed::Box<F,A> as core::ops::function::Fn<Args>>::call::h4ff71de18744e1dc
[INFO] [stdout]                                at /rustc/df4ca44d3fbc9301ee17f30f4d474e6ae4b05252/library/alloc/src/boxed.rs:2468:9
[INFO] [stdout]   11:     0x647e0dffc699 - test::test_main::{{closure}}::hcf7c055ce117aa81
[INFO] [stdout]                                at /rustc/df4ca44d3fbc9301ee17f30f4d474e6ae4b05252/library/test/src/lib.rs:133:21
[INFO] [stdout]   12:     0x647e0e033268 - <alloc::boxed::Box<F,A> as core::ops::function::Fn<Args>>::call::h1d66c6bbd60c9692
[INFO] [stdout]                                at /rustc/df4ca44d3fbc9301ee17f30f4d474e6ae4b05252/library/alloc/src/boxed.rs:2468:9
[INFO] [stdout]   13:     0x647e0e033268 - std::panicking::rust_panic_with_hook::h2ff17fe8f26dfcf8
[INFO] [stdout]                                at /rustc/df4ca44d3fbc9301ee17f30f4d474e6ae4b05252/library/std/src/panicking.rs:809:13
[INFO] [stdout]   14:     0x647e0e03302a - std::panicking::begin_panic_handler::{{closure}}::h4fad77951c07e101
[INFO] [stdout]                                at /rustc/df4ca44d3fbc9301ee17f30f4d474e6ae4b05252/library/std/src/panicking.rs:674:13
[INFO] [stdout]   15:     0x647e0e031bb9 - std::sys::backtrace::__rust_end_short_backtrace::hb1a25b3da5d0ea08
[INFO] [stdout]                                at /rustc/df4ca44d3fbc9301ee17f30f4d474e6ae4b05252/library/std/src/sys/backtrace.rs:170:18
[INFO] [stdout]   16:     0x647e0e032cbc - rust_begin_unwind
[INFO] [stdout]                                at /rustc/df4ca44d3fbc9301ee17f30f4d474e6ae4b05252/library/std/src/panicking.rs:665:5
[INFO] [stdout]   17:     0x647e0e056840 - core::panicking::panic_fmt::ha9db07b529f9b256
[INFO] [stdout]                                at /rustc/df4ca44d3fbc9301ee17f30f4d474e6ae4b05252/library/core/src/panicking.rs:75:14
[INFO] [stdout]   18:     0x647e0e056c86 - core::result::unwrap_failed::h5e8218e4d4338b8a
[INFO] [stdout]                                at /rustc/df4ca44d3fbc9301ee17f30f4d474e6ae4b05252/library/core/src/result.rs:1698:5
[INFO] [stdout]   19:     0x647e0df48c5d - core::result::Result<T,E>::unwrap::h0c1010aecbc4321c
[INFO] [stdout]                                at /rustc/df4ca44d3fbc9301ee17f30f4d474e6ae4b05252/library/core/src/result.rs:1103:23
[INFO] [stdout]   20:     0x647e0df48c5d - matches_standard::standard::ha6c6f0d256ee9f87
[INFO] [stdout]                                at /opt/rustwide/target/debug/build/hematita-bf3d642dbf846ccb/out/codegen/hematita-tests-matches_standard-main:56:15
[INFO] [stdout]   21:     0x647e0df49337 - matches_standard::statement_local::h4e8e7224dc296c75
[INFO] [stdout]                                at /opt/rustwide/target/debug/build/hematita-bf3d642dbf846ccb/out/codegen/hematita-tests-matches_standard-main:88:17
[INFO] [stdout]   22:     0x647e0df492e7 - matches_standard::statement_local::{{closure}}::hb61bb5d073c725d3
[INFO] [stdout]                                at /opt/rustwide/target/debug/build/hematita-bf3d642dbf846ccb/out/codegen/hematita-tests-matches_standard-main:84:25
[INFO] [stdout]   23:     0x647e0df3c736 - core::ops::function::FnOnce::call_once::hb80197fe33d6b196
[INFO] [stdout]                                at /rustc/df4ca44d3fbc9301ee17f30f4d474e6ae4b05252/library/core/src/ops/function.rs:250:5
[INFO] [stdout]   24:     0x647e0e000f6b - core::ops::function::FnOnce::call_once::h22c3ba5715e93f05
[INFO] [stdout]                                at /rustc/df4ca44d3fbc9301ee17f30f4d474e6ae4b05252/library/core/src/ops/function.rs:250:5
[INFO] [stdout]   25:     0x647e0e000f6b - test::__rust_begin_short_backtrace::h8e82d8113d0da17f
[INFO] [stdout]                                at /rustc/df4ca44d3fbc9301ee17f30f4d474e6ae4b05252/library/test/src/lib.rs:621:18
[INFO] [stdout]   26:     0x647e0e0008e7 - test::run_test_in_process::{{closure}}::h33235f4f20b7b7c7
[INFO] [stdout]                                at /rustc/df4ca44d3fbc9301ee17f30f4d474e6ae4b05252/library/test/src/lib.rs:644:60
[INFO] [stdout]   27:     0x647e0e0008e7 - <core::panic::unwind_safe::AssertUnwindSafe<F> as core::ops::function::FnOnce<()>>::call_once::hb5043206310c586f
[INFO] [stdout]                                at /rustc/df4ca44d3fbc9301ee17f30f4d474e6ae4b05252/library/core/src/panic/unwind_safe.rs:272:9
[INFO] [stdout]   28:     0x647e0e0008e7 - std::panicking::try::do_call::h9ad4731a60ab23e2
[INFO] [stdout]                                at /rustc/df4ca44d3fbc9301ee17f30f4d474e6ae4b05252/library/std/src/panicking.rs:557:40
[INFO] [stdout]   29:     0x647e0e0008e7 - std::panicking::try::h3824d23db772a716
[INFO] [stdout]                                at /rustc/df4ca44d3fbc9301ee17f30f4d474e6ae4b05252/library/std/src/panicking.rs:520:19
[INFO] [stdout]   30:     0x647e0e0008e7 - std::panic::catch_unwind::h5afd514605fde46b
[INFO] [stdout]                                at /rustc/df4ca44d3fbc9301ee17f30f4d474e6ae4b05252/library/std/src/panic.rs:358:14
[INFO] [stdout]   31:     0x647e0e0008e7 - test::run_test_in_process::h0d5cbfa7067d1720
[INFO] [stdout]                                at /rustc/df4ca44d3fbc9301ee17f30f4d474e6ae4b05252/library/test/src/lib.rs:644:27
[INFO] [stdout]   32:     0x647e0e0008e7 - test::run_test::{{closure}}::h708eb8872708115d
[INFO] [stdout]                                at /rustc/df4ca44d3fbc9301ee17f30f4d474e6ae4b05252/library/test/src/lib.rs:565:43
[INFO] [stdout]   33:     0x647e0dfc4004 - test::run_test::{{closure}}::h392c51cee94713ab
[INFO] [stdout]                                at /rustc/df4ca44d3fbc9301ee17f30f4d474e6ae4b05252/library/test/src/lib.rs:595:41
[INFO] [stdout]   34:     0x647e0dfc4004 - std::sys::backtrace::__rust_begin_short_backtrace::h2f40290710935a8b
[INFO] [stdout]                                at /rustc/df4ca44d3fbc9301ee17f30f4d474e6ae4b05252/library/std/src/sys/backtrace.rs:154:18
[INFO] [stdout]   35:     0x647e0dfc77ae - std::thread::Builder::spawn_unchecked_::{{closure}}::{{closure}}::h3fd968d89053a903
[INFO] [stdout]                                at /rustc/df4ca44d3fbc9301ee17f30f4d474e6ae4b05252/library/std/src/thread/mod.rs:541:17
[INFO] [stdout]   36:     0x647e0dfc77ae - <core::panic::unwind_safe::AssertUnwindSafe<F> as core::ops::function::FnOnce<()>>::call_once::h743f637ba4229880
[INFO] [stdout]                                at /rustc/df4ca44d3fbc9301ee17f30f4d474e6ae4b05252/library/core/src/panic/unwind_safe.rs:272:9
[INFO] [stdout]   37:     0x647e0dfc77ae - std::panicking::try::do_call::h07440897322525a6
[INFO] [stdout]                                at /rustc/df4ca44d3fbc9301ee17f30f4d474e6ae4b05252/library/std/src/panicking.rs:557:40
[INFO] [stdout]   38:     0x647e0dfc77ae - std::panicking::try::he5a2e00188156637
[INFO] [stdout]                                at /rustc/df4ca44d3fbc9301ee17f30f4d474e6ae4b05252/library/std/src/panicking.rs:520:19
[INFO] [stdout]   39:     0x647e0dfc77ae - std::panic::catch_unwind::hbaf3cae49b3c6433
[INFO] [stdout]                                at /rustc/df4ca44d3fbc9301ee17f30f4d474e6ae4b05252/library/std/src/panic.rs:358:14
[INFO] [stdout]   40:     0x647e0dfc77ae - std::thread::Builder::spawn_unchecked_::{{closure}}::h8e141ea224820bce
[INFO] [stdout]                                at /rustc/df4ca44d3fbc9301ee17f30f4d474e6ae4b05252/library/std/src/thread/mod.rs:540:30
[INFO] [stdout]   41:     0x647e0dfc77ae - core::ops::function::FnOnce::call_once{{vtable.shim}}::h90d312fedd7b8ea8
[INFO] [stdout]                                at /rustc/df4ca44d3fbc9301ee17f30f4d474e6ae4b05252/library/core/src/ops/function.rs:250:5
[INFO] [stdout]   42:     0x647e0e03715b - <alloc::boxed::Box<F,A> as core::ops::function::FnOnce<Args>>::call_once::h69aa08ddb6adb8b6
[INFO] [stdout]                                at /rustc/df4ca44d3fbc9301ee17f30f4d474e6ae4b05252/library/alloc/src/boxed.rs:2454:9
[INFO] [stdout]   43:     0x647e0e03715b - <alloc::boxed::Box<F,A> as core::ops::function::FnOnce<Args>>::call_once::h5aa36efdb79c806f
[INFO] [stdout]                                at /rustc/df4ca44d3fbc9301ee17f30f4d474e6ae4b05252/library/alloc/src/boxed.rs:2454:9
[INFO] [stdout]   44:     0x647e0e03715b - std::sys::pal::unix::thread::Thread::new::thread_start::h6cd80a1b4be5158d
[INFO] [stdout]                                at /rustc/df4ca44d3fbc9301ee17f30f4d474e6ae4b05252/library/std/src/sys/pal/unix/thread.rs:105:17
[INFO] [stdout]   45:     0x7a1bb79e9ac3 - <unknown>
[INFO] [stdout]   46:     0x7a1bb7a7aa04 - clone
[INFO] [stdout]   47:                0x0 - <unknown>
[INFO] [stdout] 
[INFO] [stdout] ---- operator_logical_or stdout ----
[INFO] [stdout] thread 'operator_logical_or' panicked at /opt/rustwide/target/debug/build/hematita-bf3d642dbf846ccb/out/codegen/hematita-tests-matches_standard-main:59:10:
[INFO] [stdout] called `Result::unwrap()` on an `Err` value: Os { code: 2, kind: NotFound, message: "No such file or directory" }
[INFO] [stdout] stack backtrace:
[INFO] [stdout]    0:     0x647e0e0316da - std::backtrace_rs::backtrace::libunwind::trace::h207520d6e9873551
[INFO] [stdout]                                at /rustc/df4ca44d3fbc9301ee17f30f4d474e6ae4b05252/library/std/src/../../backtrace/src/backtrace/libunwind.rs:116:5
[INFO] [stdout]    1:     0x647e0e0316da - std::backtrace_rs::backtrace::trace_unsynchronized::h2ed7433f370e3eca
[INFO] [stdout]                                at /rustc/df4ca44d3fbc9301ee17f30f4d474e6ae4b05252/library/std/src/../../backtrace/src/backtrace/mod.rs:66:5
[INFO] [stdout]    2:     0x647e0e0316da - std::sys::backtrace::_print_fmt::h916fac51166b18d7
[INFO] [stdout]                                at /rustc/df4ca44d3fbc9301ee17f30f4d474e6ae4b05252/library/std/src/sys/backtrace.rs:66:9
[INFO] [stdout]    3:     0x647e0e0316da - <std::sys::backtrace::BacktraceLock::print::DisplayBacktrace as core::fmt::Display>::fmt::ha0a4c9b8ce3802e6
[INFO] [stdout]                                at /rustc/df4ca44d3fbc9301ee17f30f4d474e6ae4b05252/library/std/src/sys/backtrace.rs:39:26
[INFO] [stdout]    4:     0x647e0e057e43 - core::fmt::rt::Argument::fmt::h4cfc8587d52b3eb5
[INFO] [stdout]                                at /rustc/df4ca44d3fbc9301ee17f30f4d474e6ae4b05252/library/core/src/fmt/rt.rs:177:76
[INFO] [stdout]    5:     0x647e0e057e43 - core::fmt::write::h522cc39e5b36ae9f
[INFO] [stdout]                                at /rustc/df4ca44d3fbc9301ee17f30f4d474e6ae4b05252/library/core/src/fmt/mod.rs:1190:21
[INFO] [stdout]    6:     0x647e0e02e343 - std::io::Write::write_fmt::h7d3c26752da97734
[INFO] [stdout]                                at /rustc/df4ca44d3fbc9301ee17f30f4d474e6ae4b05252/library/std/src/io/mod.rs:1839:15
[INFO] [stdout]    7:     0x647e0e031522 - std::sys::backtrace::BacktraceLock::print::h4b9e00b29e9c0942
[INFO] [stdout]                                at /rustc/df4ca44d3fbc9301ee17f30f4d474e6ae4b05252/library/std/src/sys/backtrace.rs:42:9
[INFO] [stdout]    8:     0x647e0e032b6a - std::panicking::default_hook::{{closure}}::hb59b88280d0324d9
[INFO] [stdout]                                at /rustc/df4ca44d3fbc9301ee17f30f4d474e6ae4b05252/library/std/src/panicking.rs:268:22
[INFO] [stdout]    9:     0x647e0e032974 - std::panicking::default_hook::he1dd496665be4a29
[INFO] [stdout]                                at /rustc/df4ca44d3fbc9301ee17f30f4d474e6ae4b05252/library/std/src/panicking.rs:292:9
[INFO] [stdout]   10:     0x647e0dffc699 - <alloc::boxed::Box<F,A> as core::ops::function::Fn<Args>>::call::h4ff71de18744e1dc
[INFO] [stdout]                                at /rustc/df4ca44d3fbc9301ee17f30f4d474e6ae4b05252/library/alloc/src/boxed.rs:2468:9
[INFO] [stdout]   11:     0x647e0dffc699 - test::test_main::{{closure}}::hcf7c055ce117aa81
[INFO] [stdout]                                at /rustc/df4ca44d3fbc9301ee17f30f4d474e6ae4b05252/library/test/src/lib.rs:133:21
[INFO] [stdout]   12:     0x647e0e033268 - <alloc::boxed::Box<F,A> as core::ops::function::Fn<Args>>::call::h1d66c6bbd60c9692
[INFO] [stdout]                                at /rustc/df4ca44d3fbc9301ee17f30f4d474e6ae4b05252/library/alloc/src/boxed.rs:2468:9
[INFO] [stdout]   13:     0x647e0e033268 - std::panicking::rust_panic_with_hook::h2ff17fe8f26dfcf8
[INFO] [stdout]                                at /rustc/df4ca44d3fbc9301ee17f30f4d474e6ae4b05252/library/std/src/panicking.rs:809:13
[INFO] [stdout]   14:     0x647e0e03302a - std::panicking::begin_panic_handler::{{closure}}::h4fad77951c07e101
[INFO] [stdout]                                at /rustc/df4ca44d3fbc9301ee17f30f4d474e6ae4b05252/library/std/src/panicking.rs:674:13
[INFO] [stdout]   15:     0x647e0e031bb9 - std::sys::backtrace::__rust_end_short_backtrace::hb1a25b3da5d0ea08
[INFO] [stdout]                                at /rustc/df4ca44d3fbc9301ee17f30f4d474e6ae4b05252/library/std/src/sys/backtrace.rs:170:18
[INFO] [stdout]   16:     0x647e0e032cbc - rust_begin_unwind
[INFO] [stdout]                                at /rustc/df4ca44d3fbc9301ee17f30f4d474e6ae4b05252/library/std/src/panicking.rs:665:5
[INFO] [stdout]   17:     0x647e0e056840 - core::panicking::panic_fmt::ha9db07b529f9b256
[INFO] [stdout]                                at /rustc/df4ca44d3fbc9301ee17f30f4d474e6ae4b05252/library/core/src/panicking.rs:75:14
[INFO] [stdout]   18:     0x647e0e056c86 - core::result::unwrap_failed::h5e8218e4d4338b8a
[INFO] [stdout]                                at /rustc/df4ca44d3fbc9301ee17f30f4d474e6ae4b05252/library/core/src/result.rs:1698:5
[INFO] [stdout]   19:     0x647e0df48c5d - core::result::Result<T,E>::unwrap::h0c1010aecbc4321c
[INFO] [stdout]                                at /rustc/df4ca44d3fbc9301ee17f30f4d474e6ae4b05252/library/core/src/result.rs:1103:23
[INFO] [stdout]   20:     0x647e0df48c5d - matches_standard::standard::ha6c6f0d256ee9f87
[INFO] [stdout]                                at /opt/rustwide/target/debug/build/hematita-bf3d642dbf846ccb/out/codegen/hematita-tests-matches_standard-main:56:15
[INFO] [stdout]   21:     0x647e0df48e27 - matches_standard::operator_logical_or::h373de5c2f3bc6ff4
[INFO] [stdout]                                at /opt/rustwide/target/debug/build/hematita-bf3d642dbf846ccb/out/codegen/hematita-tests-matches_standard-main:69:17
[INFO] [stdout]   22:     0x647e0df48dd7 - matches_standard::operator_logical_or::{{closure}}::h2a9f6bbbfc2c1b29
[INFO] [stdout]                                at /opt/rustwide/target/debug/build/hematita-bf3d642dbf846ccb/out/codegen/hematita-tests-matches_standard-main:65:29
[INFO] [stdout]   23:     0x647e0df3c346 - core::ops::function::FnOnce::call_once::h05317cd18242bb2f
[INFO] [stdout]                                at /rustc/df4ca44d3fbc9301ee17f30f4d474e6ae4b05252/library/core/src/ops/function.rs:250:5
[INFO] [stdout]   24:     0x647e0e000f6b - core::ops::function::FnOnce::call_once::h22c3ba5715e93f05
[INFO] [stdout]                                at /rustc/df4ca44d3fbc9301ee17f30f4d474e6ae4b05252/library/core/src/ops/function.rs:250:5
[INFO] [stdout]   25:     0x647e0e000f6b - test::__rust_begin_short_backtrace::h8e82d8113d0da17f
[INFO] [stdout]                                at /rustc/df4ca44d3fbc9301ee17f30f4d474e6ae4b05252/library/test/src/lib.rs:621:18
[INFO] [stdout]   26:     0x647e0e0008e7 - test::run_test_in_process::{{closure}}::h33235f4f20b7b7c7
[INFO] [stdout]                                at /rustc/df4ca44d3fbc9301ee17f30f4d474e6ae4b05252/library/test/src/lib.rs:644:60
[INFO] [stdout]   27:     0x647e0e0008e7 - <core::panic::unwind_safe::AssertUnwindSafe<F> as core::ops::function::FnOnce<()>>::call_once::hb5043206310c586f
[INFO] [stdout]                                at /rustc/df4ca44d3fbc9301ee17f30f4d474e6ae4b05252/library/core/src/panic/unwind_safe.rs:272:9
[INFO] [stdout]   28:     0x647e0e0008e7 - std::panicking::try::do_call::h9ad4731a60ab23e2
[INFO] [stdout]                                at /rustc/df4ca44d3fbc9301ee17f30f4d474e6ae4b05252/library/std/src/panicking.rs:557:40
[INFO] [stdout]   29:     0x647e0e0008e7 - std::panicking::try::h3824d23db772a716
[INFO] [stdout]                                at /rustc/df4ca44d3fbc9301ee17f30f4d474e6ae4b05252/library/std/src/panicking.rs:520:19
[INFO] [stdout]   30:     0x647e0e0008e7 - std::panic::catch_unwind::h5afd514605fde46b
[INFO] [stdout]                                at /rustc/df4ca44d3fbc9301ee17f30f4d474e6ae4b05252/library/std/src/panic.rs:358:14
[INFO] [stdout]   31:     0x647e0e0008e7 - test::run_test_in_process::h0d5cbfa7067d1720
[INFO] [stdout]                                at /rustc/df4ca44d3fbc9301ee17f30f4d474e6ae4b05252/library/test/src/lib.rs:644:27
[INFO] [stdout]   32:     0x647e0e0008e7 - test::run_test::{{closure}}::h708eb8872708115d
[INFO] [stdout]                                at /rustc/df4ca44d3fbc9301ee17f30f4d474e6ae4b05252/library/test/src/lib.rs:565:43
[INFO] [stdout]   33:     0x647e0dfc4004 - test::run_test::{{closure}}::h392c51cee94713ab
[INFO] [stdout]                                at /rustc/df4ca44d3fbc9301ee17f30f4d474e6ae4b05252/library/test/src/lib.rs:595:41
[INFO] [stdout]   34:     0x647e0dfc4004 - std::sys::backtrace::__rust_begin_short_backtrace::h2f40290710935a8b
[INFO] [stdout]                                at /rustc/df4ca44d3fbc9301ee17f30f4d474e6ae4b05252/library/std/src/sys/backtrace.rs:154:18
[INFO] [stdout]   35:     0x647e0dfc77ae - std::thread::Builder::spawn_unchecked_::{{closure}}::{{closure}}::h3fd968d89053a903
[INFO] [stdout]                                at /rustc/df4ca44d3fbc9301ee17f30f4d474e6ae4b05252/library/std/src/thread/mod.rs:541:17
[INFO] [stdout]   36:     0x647e0dfc77ae - <core::panic::unwind_safe::AssertUnwindSafe<F> as core::ops::function::FnOnce<()>>::call_once::h743f637ba4229880
[INFO] [stdout]                                at /rustc/df4ca44d3fbc9301ee17f30f4d474e6ae4b05252/library/core/src/panic/unwind_safe.rs:272:9
[INFO] [stdout]   37:     0x647e0dfc77ae - std::panicking::try::do_call::h07440897322525a6
[INFO] [stdout]                                at /rustc/df4ca44d3fbc9301ee17f30f4d474e6ae4b05252/library/std/src/panicking.rs:557:40
[INFO] [stdout]   38:     0x647e0dfc77ae - std::panicking::try::he5a2e00188156637
[INFO] [stdout]                                at /rustc/df4ca44d3fbc9301ee17f30f4d474e6ae4b05252/library/std/src/panicking.rs:520:19
[INFO] [stdout]   39:     0x647e0dfc77ae - std::panic::catch_unwind::hbaf3cae49b3c6433
[INFO] [stdout]                                at /rustc/df4ca44d3fbc9301ee17f30f4d474e6ae4b05252/library/std/src/panic.rs:358:14
[INFO] [stdout]   40:     0x647e0dfc77ae - std::thread::Builder::spawn_unchecked_::{{closure}}::h8e141ea224820bce
[INFO] [stdout]                                at /rustc/df4ca44d3fbc9301ee17f30f4d474e6ae4b05252/library/std/src/thread/mod.rs:540:30
[INFO] [stdout]   41:     0x647e0dfc77ae - core::ops::function::FnOnce::call_once{{vtable.shim}}::h90d312fedd7b8ea8
[INFO] [stdout]                                at /rustc/df4ca44d3fbc9301ee17f30f4d474e6ae4b05252/library/core/src/ops/function.rs:250:5
[INFO] [stdout]   42:     0x647e0e03715b - <alloc::boxed::Box<F,A> as core::ops::function::FnOnce<Args>>::call_once::h69aa08ddb6adb8b6
[INFO] [stdout]                                at /rustc/df4ca44d3fbc9301ee17f30f4d474e6ae4b05252/library/alloc/src/boxed.rs:2454:9
[INFO] [stdout]   43:     0x647e0e03715b - <alloc::boxed::Box<F,A> as core::ops::function::FnOnce<Args>>::call_once::h5aa36efdb79c806f
[INFO] [stdout]                                at /rustc/df4ca44d3fbc9301ee17f30f4d474e6ae4b05252/library/alloc/src/boxed.rs:2454:9
[INFO] [stdout]   44:     0x647e0e03715b - std::sys::pal::unix::thread::Thread::new::thread_start::h6cd80a1b4be5158d
[INFO] [stdout]                                at /rustc/df4ca44d3fbc9301ee17f30f4d474e6ae4b05252/library/std/src/sys/pal/unix/thread.rs:105:17
[INFO] [stdout]   45:     0x7a1bb79e9ac3 - <unknown>
[INFO] [stdout]   46:     0x7a1bb7a7aa04 - clone
[INFO] [stdout]   47:                0x0 - <unknown>
[INFO] [stdout] 
[INFO] [stdout] ---- operator_logical_and stdout ----
[INFO] [stdout] thread 'operator_logical_and' panicked at /opt/rustwide/target/debug/build/hematita-bf3d642dbf846ccb/out/codegen/hematita-tests-matches_standard-main:59:10:
[INFO] [stdout] called `Result::unwrap()` on an `Err` value: Os { code: 2, kind: NotFound, message: "No such file or directory" }
[INFO] [stdout] stack backtrace:
[INFO] [stdout]    0:     0x647e0e0316da - std::backtrace_rs::backtrace::libunwind::trace::h207520d6e9873551
[INFO] [stdout]                                at /rustc/df4ca44d3fbc9301ee17f30f4d474e6ae4b05252/library/std/src/../../backtrace/src/backtrace/libunwind.rs:116:5
[INFO] [stdout]    1:     0x647e0e0316da - std::backtrace_rs::backtrace::trace_unsynchronized::h2ed7433f370e3eca
[INFO] [stdout]                                at /rustc/df4ca44d3fbc9301ee17f30f4d474e6ae4b05252/library/std/src/../../backtrace/src/backtrace/mod.rs:66:5
[INFO] [stdout]    2:     0x647e0e0316da - std::sys::backtrace::_print_fmt::h916fac51166b18d7
[INFO] [stdout]                                at /rustc/df4ca44d3fbc9301ee17f30f4d474e6ae4b05252/library/std/src/sys/backtrace.rs:66:9
[INFO] [stdout]    3:     0x647e0e0316da - <std::sys::backtrace::BacktraceLock::print::DisplayBacktrace as core::fmt::Display>::fmt::ha0a4c9b8ce3802e6
[INFO] [stdout]                                at /rustc/df4ca44d3fbc9301ee17f30f4d474e6ae4b05252/library/std/src/sys/backtrace.rs:39:26
[INFO] [stdout]    4:     0x647e0e057e43 - core::fmt::rt::Argument::fmt::h4cfc8587d52b3eb5
[INFO] [stdout]                                at /rustc/df4ca44d3fbc9301ee17f30f4d474e6ae4b05252/library/core/src/fmt/rt.rs:177:76
[INFO] [stdout]    5:     0x647e0e057e43 - core::fmt::write::h522cc39e5b36ae9f
[INFO] [stdout]                                at /rustc/df4ca44d3fbc9301ee17f30f4d474e6ae4b05252/library/core/src/fmt/mod.rs:1190:21
[INFO] [stdout]    6:     0x647e0e02e343 - std::io::Write::write_fmt::h7d3c26752da97734
[INFO] [stdout]                                at /rustc/df4ca44d3fbc9301ee17f30f4d474e6ae4b05252/library/std/src/io/mod.rs:1839:15
[INFO] [stdout]    7:     0x647e0e031522 - std::sys::backtrace::BacktraceLock::print::h4b9e00b29e9c0942
[INFO] [stdout]                                at /rustc/df4ca44d3fbc9301ee17f30f4d474e6ae4b05252/library/std/src/sys/backtrace.rs:42:9
[INFO] [stdout]    8:     0x647e0e032b6a - std::panicking::default_hook::{{closure}}::hb59b88280d0324d9
[INFO] [stdout]                                at /rustc/df4ca44d3fbc9301ee17f30f4d474e6ae4b05252/library/std/src/panicking.rs:268:22
[INFO] [stdout]    9:     0x647e0e032974 - std::panicking::default_hook::he1dd496665be4a29
[INFO] [stdout]                                at /rustc/df4ca44d3fbc9301ee17f30f4d474e6ae4b05252/library/std/src/panicking.rs:292:9
[INFO] [stdout]   10:     0x647e0dffc699 - <alloc::boxed::Box<F,A> as core::ops::function::Fn<Args>>::call::h4ff71de18744e1dc
[INFO] [stdout]                                at /rustc/df4ca44d3fbc9301ee17f30f4d474e6ae4b05252/library/alloc/src/boxed.rs:2468:9
[INFO] [stdout]   11:     0x647e0dffc699 - test::test_main::{{closure}}::hcf7c055ce117aa81
[INFO] [stdout]                                at /rustc/df4ca44d3fbc9301ee17f30f4d474e6ae4b05252/library/test/src/lib.rs:133:21
[INFO] [stdout]   12:     0x647e0e033268 - <alloc::boxed::Box<F,A> as core::ops::function::Fn<Args>>::call::h1d66c6bbd60c9692
[INFO] [stdout]                                at /rustc/df4ca44d3fbc9301ee17f30f4d474e6ae4b05252/library/alloc/src/boxed.rs:2468:9
[INFO] [stdout]   13:     0x647e0e033268 - std::panicking::rust_panic_with_hook::h2ff17fe8f26dfcf8
[INFO] [stdout]                                at /rustc/df4ca44d3fbc9301ee17f30f4d474e6ae4b05252/library/std/src/panicking.rs:809:13
[INFO] [stdout]   14:     0x647e0e03302a - std::panicking::begin_panic_handler::{{closure}}::h4fad77951c07e101
[INFO] [stdout]                                at /rustc/df4ca44d3fbc9301ee17f30f4d474e6ae4b05252/library/std/src/panicking.rs:674:13
[INFO] [stdout]   15:     0x647e0e031bb9 - std::sys::backtrace::__rust_end_short_backtrace::hb1a25b3da5d0ea08
[INFO] [stdout]                                at /rustc/df4ca44d3fbc9301ee17f30f4d474e6ae4b05252/library/std/src/sys/backtrace.rs:170:18
[INFO] [stdout]   16:     0x647e0e032cbc - rust_begin_unwind
[INFO] [stdout]                                at /rustc/df4ca44d3fbc9301ee17f30f4d474e6ae4b05252/library/std/src/panicking.rs:665:5
[INFO] [stdout]   17:     0x647e0e056840 - core::panicking::panic_fmt::ha9db07b529f9b256
[INFO] [stdout]                                at /rustc/df4ca44d3fbc9301ee17f30f4d474e6ae4b05252/library/core/src/panicking.rs:75:14
[INFO] [stdout]   18:     0x647e0e056c86 - core::result::unwrap_failed::h5e8218e4d4338b8a
[INFO] [stdout]                                at /rustc/df4ca44d3fbc9301ee17f30f4d474e6ae4b05252/library/core/src/result.rs:1698:5
[INFO] [stdout]   19:     0x647e0df48c5d - core::result::Result<T,E>::unwrap::h0c1010aecbc4321c
[INFO] [stdout]                                at /rustc/df4ca44d3fbc9301ee17f30f4d474e6ae4b05252/library/core/src/result.rs:1103:23
[INFO] [stdout]   20:     0x647e0df48c5d - matches_standard::standard::ha6c6f0d256ee9f87
[INFO] [stdout]                                at /opt/rustwide/target/debug/build/hematita-bf3d642dbf846ccb/out/codegen/hematita-tests-matches_standard-main:56:15
[INFO] [stdout]   21:     0x647e0df4bbb7 - matches_standard::operator_logical_and::h2de05d71f8d605fe
[INFO] [stdout]                                at /opt/rustwide/target/debug/build/hematita-bf3d642dbf846ccb/out/codegen/hematita-tests-matches_standard-main:240:17
[INFO] [stderr] error: test failed, to rerun pass `--test matches_standard`
[INFO] [stdout]   22:     0x647e0df4bb67 - matches_standard::operator_logical_and::{{closure}}::h719bb050f7d0982e
[INFO] [stdout]                                at /opt/rustwide/target/debug/build/hematita-bf3d642dbf846ccb/out/codegen/hematita-tests-matches_standard-main:236:30
[INFO] [stdout]   23:     0x647e0df3c846 - core::ops::function::FnOnce::call_once::hed8397981ebccbce
[INFO] [stdout]                                at /rustc/df4ca44d3fbc9301ee17f30f4d474e6ae4b05252/library/core/src/ops/function.rs:250:5
[INFO] [stdout]   24:     0x647e0e000f6b - core::ops::function::FnOnce::call_once::h22c3ba5715e93f05
[INFO] [stdout]                                at /rustc/df4ca44d3fbc9301ee17f30f4d474e6ae4b05252/library/core/src/ops/function.rs:250:5
[INFO] [stdout]   25:     0x647e0e000f6b - test::__rust_begin_short_backtrace::h8e82d8113d0da17f
[INFO] [stdout]                                at /rustc/df4ca44d3fbc9301ee17f30f4d474e6ae4b05252/library/test/src/lib.rs:621:18
[INFO] [stdout]   26:     0x647e0e0008e7 - test::run_test_in_process::{{closure}}::h33235f4f20b7b7c7
[INFO] [stdout]                                at /rustc/df4ca44d3fbc9301ee17f30f4d474e6ae4b05252/library/test/src/lib.rs:644:60
[INFO] [stdout]   27:     0x647e0e0008e7 - <core::panic::unwind_safe::AssertUnwindSafe<F> as core::ops::function::FnOnce<()>>::call_once::hb5043206310c586f
[INFO] [stdout]                                at /rustc/df4ca44d3fbc9301ee17f30f4d474e6ae4b05252/library/core/src/panic/unwind_safe.rs:272:9
[INFO] [stdout]   28:     0x647e0e0008e7 - std::panicking::try::do_call::h9ad4731a60ab23e2
[INFO] [stdout]                                at /rustc/df4ca44d3fbc9301ee17f30f4d474e6ae4b05252/library/std/src/panicking.rs:557:40
[INFO] [stdout]   29:     0x647e0e0008e7 - std::panicking::try::h3824d23db772a716
[INFO] [stdout]                                at /rustc/df4ca44d3fbc9301ee17f30f4d474e6ae4b05252/library/std/src/panicking.rs:520:19
[INFO] [stdout]   30:     0x647e0e0008e7 - std::panic::catch_unwind::h5afd514605fde46b
[INFO] [stdout]                                at /rustc/df4ca44d3fbc9301ee17f30f4d474e6ae4b05252/library/std/src/panic.rs:358:14
[INFO] [stdout]   31:     0x647e0e0008e7 - test::run_test_in_process::h0d5cbfa7067d1720
[INFO] [stdout]                                at /rustc/df4ca44d3fbc9301ee17f30f4d474e6ae4b05252/library/test/src/lib.rs:644:27
[INFO] [stdout]   32:     0x647e0e0008e7 - test::run_test::{{closure}}::h708eb8872708115d
[INFO] [stdout]                                at /rustc/df4ca44d3fbc9301ee17f30f4d474e6ae4b05252/library/test/src/lib.rs:565:43
[INFO] [stdout]   33:     0x647e0dfc4004 - test::run_test::{{closure}}::h392c51cee94713ab
[INFO] [stdout]                                at /rustc/df4ca44d3fbc9301ee17f30f4d474e6ae4b05252/library/test/src/lib.rs:595:41
[INFO] [stdout]   34:     0x647e0dfc4004 - std::sys::backtrace::__rust_begin_short_backtrace::h2f40290710935a8b
[INFO] [stdout]                                at /rustc/df4ca44d3fbc9301ee17f30f4d474e6ae4b05252/library/std/src/sys/backtrace.rs:154:18
[INFO] [stdout]   35:     0x647e0dfc77ae - std::thread::Builder::spawn_unchecked_::{{closure}}::{{closure}}::h3fd968d89053a903
[INFO] [stdout]                                at /rustc/df4ca44d3fbc9301ee17f30f4d474e6ae4b05252/library/std/src/thread/mod.rs:541:17
[INFO] [stdout]   36:     0x647e0dfc77ae - <core::panic::unwind_safe::AssertUnwindSafe<F> as core::ops::function::FnOnce<()>>::call_once::h743f637ba4229880
[INFO] [stdout]                                at /rustc/df4ca44d3fbc9301ee17f30f4d474e6ae4b05252/library/core/src/panic/unwind_safe.rs:272:9
[INFO] [stdout]   37:     0x647e0dfc77ae - std::panicking::try::do_call::h07440897322525a6
[INFO] [stdout]                                at /rustc/df4ca44d3fbc9301ee17f30f4d474e6ae4b05252/library/std/src/panicking.rs:557:40
[INFO] [stdout]   38:     0x647e0dfc77ae - std::panicking::try::he5a2e00188156637
[INFO] [stdout]                                at /rustc/df4ca44d3fbc9301ee17f30f4d474e6ae4b05252/library/std/src/panicking.rs:520:19
[INFO] [stdout]   39:     0x647e0dfc77ae - std::panic::catch_unwind::hbaf3cae49b3c6433
[INFO] [stdout]                                at /rustc/df4ca44d3fbc9301ee17f30f4d474e6ae4b05252/library/std/src/panic.rs:358:14
[INFO] [stdout]   40:     0x647e0dfc77ae - std::thread::Builder::spawn_unchecked_::{{closure}}::h8e141ea224820bce
[INFO] [stdout]                                at /rustc/df4ca44d3fbc9301ee17f30f4d474e6ae4b05252/library/std/src/thread/mod.rs:540:30
[INFO] [stdout]   41:     0x647e0dfc77ae - core::ops::function::FnOnce::call_once{{vtable.shim}}::h90d312fedd7b8ea8
[INFO] [stdout]                                at /rustc/df4ca44d3fbc9301ee17f30f4d474e6ae4b05252/library/core/src/ops/function.rs:250:5
[INFO] [stdout]   42:     0x647e0e03715b - <alloc::boxed::Box<F,A> as core::ops::function::FnOnce<Args>>::call_once::h69aa08ddb6adb8b6
[INFO] [stdout]                                at /rustc/df4ca44d3fbc9301ee17f30f4d474e6ae4b05252/library/alloc/src/boxed.rs:2454:9
[INFO] [stdout]   43:     0x647e0e03715b - <alloc::boxed::Box<F,A> as core::ops::function::FnOnce<Args>>::call_once::h5aa36efdb79c806f
[INFO] [stdout]                                at /rustc/df4ca44d3fbc9301ee17f30f4d474e6ae4b05252/library/alloc/src/boxed.rs:2454:9
[INFO] [stdout]   44:     0x647e0e03715b - std::sys::pal::unix::thread::Thread::new::thread_start::h6cd80a1b4be5158d
[INFO] [stdout]                                at /rustc/df4ca44d3fbc9301ee17f30f4d474e6ae4b05252/library/std/src/sys/pal/unix/thread.rs:105:17
[INFO] [stdout]   45:     0x7a1bb79e9ac3 - <unknown>
[INFO] [stdout]   46:     0x7a1bb7a7aa04 - clone
[INFO] [stdout]   47:                0x0 - <unknown>
[INFO] [stdout] 
[INFO] [stdout] ---- statement_method stdout ----
[INFO] [stdout] thread 'statement_method' panicked at /opt/rustwide/target/debug/build/hematita-bf3d642dbf846ccb/out/codegen/hematita-tests-matches_standard-main:59:10:
[INFO] [stdout] called `Result::unwrap()` on an `Err` value: Os { code: 2, kind: NotFound, message: "No such file or directory" }
[INFO] [stdout] stack backtrace:
[INFO] [stdout]    0:     0x647e0e0316da - std::backtrace_rs::backtrace::libunwind::trace::h207520d6e9873551
[INFO] [stdout]                                at /rustc/df4ca44d3fbc9301ee17f30f4d474e6ae4b05252/library/std/src/../../backtrace/src/backtrace/libunwind.rs:116:5
[INFO] [stdout]    1:     0x647e0e0316da - std::backtrace_rs::backtrace::trace_unsynchronized::h2ed7433f370e3eca
[INFO] [stdout]                                at /rustc/df4ca44d3fbc9301ee17f30f4d474e6ae4b05252/library/std/src/../../backtrace/src/backtrace/mod.rs:66:5
[INFO] [stdout]    2:     0x647e0e0316da - std::sys::backtrace::_print_fmt::h916fac51166b18d7
[INFO] [stdout]                                at /rustc/df4ca44d3fbc9301ee17f30f4d474e6ae4b05252/library/std/src/sys/backtrace.rs:66:9
[INFO] [stdout]    3:     0x647e0e0316da - <std::sys::backtrace::BacktraceLock::print::DisplayBacktrace as core::fmt::Display>::fmt::ha0a4c9b8ce3802e6
[INFO] [stdout]                                at /rustc/df4ca44d3fbc9301ee17f30f4d474e6ae4b05252/library/std/src/sys/backtrace.rs:39:26
[INFO] [stdout]    4:     0x647e0e057e43 - core::fmt::rt::Argument::fmt::h4cfc8587d52b3eb5
[INFO] [stdout]                                at /rustc/df4ca44d3fbc9301ee17f30f4d474e6ae4b05252/library/core/src/fmt/rt.rs:177:76
[INFO] [stdout]    5:     0x647e0e057e43 - core::fmt::write::h522cc39e5b36ae9f
[INFO] [stdout]                                at /rustc/df4ca44d3fbc9301ee17f30f4d474e6ae4b05252/library/core/src/fmt/mod.rs:1190:21
[INFO] [stdout]    6:     0x647e0e02e343 - std::io::Write::write_fmt::h7d3c26752da97734
[INFO] [stdout]                                at /rustc/df4ca44d3fbc9301ee17f30f4d474e6ae4b05252/library/std/src/io/mod.rs:1839:15
[INFO] [stdout]    7:     0x647e0e031522 - std::sys::backtrace::BacktraceLock::print::h4b9e00b29e9c0942
[INFO] [stdout]                                at /rustc/df4ca44d3fbc9301ee17f30f4d474e6ae4b05252/library/std/src/sys/backtrace.rs:42:9
[INFO] [stdout]    8:     0x647e0e032b6a - std::panicking::default_hook::{{closure}}::hb59b88280d0324d9
[INFO] [stdout]                                at /rustc/df4ca44d3fbc9301ee17f30f4d474e6ae4b05252/library/std/src/panicking.rs:268:22
[INFO] [stdout]    9:     0x647e0e032974 - std::panicking::default_hook::he1dd496665be4a29
[INFO] [stdout]                                at /rustc/df4ca44d3fbc9301ee17f30f4d474e6ae4b05252/library/std/src/panicking.rs:292:9
[INFO] [stdout]   10:     0x647e0dffc699 - <alloc::boxed::Box<F,A> as core::ops::function::Fn<Args>>::call::h4ff71de18744e1dc
[INFO] [stdout]                                at /rustc/df4ca44d3fbc9301ee17f30f4d474e6ae4b05252/library/alloc/src/boxed.rs:2468:9
[INFO] [stdout]   11:     0x647e0dffc699 - test::test_main::{{closure}}::hcf7c055ce117aa81
[INFO] [stdout]                                at /rustc/df4ca44d3fbc9301ee17f30f4d474e6ae4b05252/library/test/src/lib.rs:133:21
[INFO] [stdout]   12:     0x647e0e033268 - <alloc::boxed::Box<F,A> as core::ops::function::Fn<Args>>::call::h1d66c6bbd60c9692
[INFO] [stdout]                                at /rustc/df4ca44d3fbc9301ee17f30f4d474e6ae4b05252/library/alloc/src/boxed.rs:2468:9
[INFO] [stdout]   13:     0x647e0e033268 - std::panicking::rust_panic_with_hook::h2ff17fe8f26dfcf8
[INFO] [stdout]                                at /rustc/df4ca44d3fbc9301ee17f30f4d474e6ae4b05252/library/std/src/panicking.rs:809:13
[INFO] [stdout]   14:     0x647e0e03302a - std::panicking::begin_panic_handler::{{closure}}::h4fad77951c07e101
[INFO] [stdout]                                at /rustc/df4ca44d3fbc9301ee17f30f4d474e6ae4b05252/library/std/src/panicking.rs:674:13
[INFO] [stdout]   15:     0x647e0e031bb9 - std::sys::backtrace::__rust_end_short_backtrace::hb1a25b3da5d0ea08
[INFO] [stdout]                                at /rustc/df4ca44d3fbc9301ee17f30f4d474e6ae4b05252/library/std/src/sys/backtrace.rs:170:18
[INFO] [stdout]   16:     0x647e0e032cbc - rust_begin_unwind
[INFO] [stdout]                                at /rustc/df4ca44d3fbc9301ee17f30f4d474e6ae4b05252/library/std/src/panicking.rs:665:5
[INFO] [stdout]   17:     0x647e0e056840 - core::panicking::panic_fmt::ha9db07b529f9b256
[INFO] [stdout]                                at /rustc/df4ca44d3fbc9301ee17f30f4d474e6ae4b05252/library/core/src/panicking.rs:75:14
[INFO] [stdout]   18:     0x647e0e056c86 - core::result::unwrap_failed::h5e8218e4d4338b8a
[INFO] [stdout]                                at /rustc/df4ca44d3fbc9301ee17f30f4d474e6ae4b05252/library/core/src/result.rs:1698:5
[INFO] [stdout]   19:     0x647e0df48c5d - core::result::Result<T,E>::unwrap::h0c1010aecbc4321c
[INFO] [stdout]                                at /rustc/df4ca44d3fbc9301ee17f30f4d474e6ae4b05252/library/core/src/result.rs:1103:23
[INFO] [stdout]   20:     0x647e0df48c5d - matches_standard::standard::ha6c6f0d256ee9f87
[INFO] [stdout]                                at /opt/rustwide/target/debug/build/hematita-bf3d642dbf846ccb/out/codegen/hematita-tests-matches_standard-main:56:15
[INFO] [stdout]   21:     0x647e0df4c5d7 - matches_standard::statement_method::h9ae565acaf996665
[INFO] [stdout]                                at /opt/rustwide/target/debug/build/hematita-bf3d642dbf846ccb/out/codegen/hematita-tests-matches_standard-main:278:17
[INFO] [stdout]   22:     0x647e0df4c587 - matches_standard::statement_method::{{closure}}::h3a5d9f84eda1b71b
[INFO] [stdout]                                at /opt/rustwide/target/debug/build/hematita-bf3d642dbf846ccb/out/codegen/hematita-tests-matches_standard-main:274:26
[INFO] [stdout]   23:     0x647e0df3c386 - core::ops::function::FnOnce::call_once::h11fc1afc3e48fb96
[INFO] [stdout]                                at /rustc/df4ca44d3fbc9301ee17f30f4d474e6ae4b05252/library/core/src/ops/function.rs:250:5
[INFO] [stdout]   24:     0x647e0e000f6b - core::ops::function::FnOnce::call_once::h22c3ba5715e93f05
[INFO] [stdout]                                at /rustc/df4ca44d3fbc9301ee17f30f4d474e6ae4b05252/library/core/src/ops/function.rs:250:5
[INFO] [stdout]   25:     0x647e0e000f6b - test::__rust_begin_short_backtrace::h8e82d8113d0da17f
[INFO] [stdout]                                at /rustc/df4ca44d3fbc9301ee17f30f4d474e6ae4b05252/library/test/src/lib.rs:621:18
[INFO] [stdout]   26:     0x647e0e0008e7 - test::run_test_in_process::{{closure}}::h33235f4f20b7b7c7
[INFO] [stdout]                                at /rustc/df4ca44d3fbc9301ee17f30f4d474e6ae4b05252/library/test/src/lib.rs:644:60
[INFO] [stdout]   27:     0x647e0e0008e7 - <core::panic::unwind_safe::AssertUnwindSafe<F> as core::ops::function::FnOnce<()>>::call_once::hb5043206310c586f
[INFO] [stdout]                                at /rustc/df4ca44d3fbc9301ee17f30f4d474e6ae4b05252/library/core/src/panic/unwind_safe.rs:272:9
[INFO] [stdout]   28:     0x647e0e0008e7 - std::panicking::try::do_call::h9ad4731a60ab23e2
[INFO] [stdout]                                at /rustc/df4ca44d3fbc9301ee17f30f4d474e6ae4b05252/library/std/src/panicking.rs:557:40
[INFO] [stdout]   29:     0x647e0e0008e7 - std::panicking::try::h3824d23db772a716
[INFO] [stdout]                                at /rustc/df4ca44d3fbc9301ee17f30f4d474e6ae4b05252/library/std/src/panicking.rs:520:19
[INFO] [stdout]   30:     0x647e0e0008e7 - std::panic::catch_unwind::h5afd514605fde46b
[INFO] [stdout]                                at /rustc/df4ca44d3fbc9301ee17f30f4d474e6ae4b05252/library/std/src/panic.rs:358:14
[INFO] [stdout]   31:     0x647e0e0008e7 - test::run_test_in_process::h0d5cbfa7067d1720
[INFO] [stdout]                                at /rustc/df4ca44d3fbc9301ee17f30f4d474e6ae4b05252/library/test/src/lib.rs:644:27
[INFO] [stdout]   32:     0x647e0e0008e7 - test::run_test::{{closure}}::h708eb8872708115d
[INFO] [stdout]                                at /rustc/df4ca44d3fbc9301ee17f30f4d474e6ae4b05252/library/test/src/lib.rs:565:43
[INFO] [stdout]   33:     0x647e0dfc4004 - test::run_test::{{closure}}::h392c51cee94713ab
[INFO] [stdout]                                at /rustc/df4ca44d3fbc9301ee17f30f4d474e6ae4b05252/library/test/src/lib.rs:595:41
[INFO] [stdout]   34:     0x647e0dfc4004 - std::sys::backtrace::__rust_begin_short_backtrace::h2f40290710935a8b
[INFO] [stdout]                                at /rustc/df4ca44d3fbc9301ee17f30f4d474e6ae4b05252/library/std/src/sys/backtrace.rs:154:18
[INFO] [stdout]   35:     0x647e0dfc77ae - std::thread::Builder::spawn_unchecked_::{{closure}}::{{closure}}::h3fd968d89053a903
[INFO] [stdout]                                at /rustc/df4ca44d3fbc9301ee17f30f4d474e6ae4b05252/library/std/src/thread/mod.rs:541:17
[INFO] [stdout]   36:     0x647e0dfc77ae - <core::panic::unwind_safe::AssertUnwindSafe<F> as core::ops::function::FnOnce<()>>::call_once::h743f637ba4229880
[INFO] [stdout]                                at /rustc/df4ca44d3fbc9301ee17f30f4d474e6ae4b05252/library/core/src/panic/unwind_safe.rs:272:9
[INFO] [stdout]   37:     0x647e0dfc77ae - std::panicking::try::do_call::h07440897322525a6
[INFO] [stdout]                                at /rustc/df4ca44d3fbc9301ee17f30f4d474e6ae4b05252/library/std/src/panicking.rs:557:40
[INFO] [stdout]   38:     0x647e0dfc77ae - std::panicking::try::he5a2e00188156637
[INFO] [stdout]                                at /rustc/df4ca44d3fbc9301ee17f30f4d474e6ae4b05252/library/std/src/panicking.rs:520:19
[INFO] [stdout]   39:     0x647e0dfc77ae - std::panic::catch_unwind::hbaf3cae49b3c6433
[INFO] [stdout]                                at /rustc/df4ca44d3fbc9301ee17f30f4d474e6ae4b05252/library/std/src/panic.rs:358:14
[INFO] [stdout]   40:     0x647e0dfc77ae - std::thread::Builder::spawn_unchecked_::{{closure}}::h8e141ea224820bce
[INFO] [stdout]                                at /rustc/df4ca44d3fbc9301ee17f30f4d474e6ae4b05252/library/std/src/thread/mod.rs:540:30
[INFO] [stdout]   41:     0x647e0dfc77ae - core::ops::function::FnOnce::call_once{{vtable.shim}}::h90d312fedd7b8ea8
[INFO] [stdout]                                at /rustc/df4ca44d3fbc9301ee17f30f4d474e6ae4b05252/library/core/src/ops/function.rs:250:5
[INFO] [stdout]   42:     0x647e0e03715b - <alloc::boxed::Box<F,A> as core::ops::function::FnOnce<Args>>::call_once::h69aa08ddb6adb8b6
[INFO] [stdout]                                at /rustc/df4ca44d3fbc9301ee17f30f4d474e6ae4b05252/library/alloc/src/boxed.rs:2454:9
[INFO] [stdout]   43:     0x647e0e03715b - <alloc::boxed::Box<F,A> as core::ops::function::FnOnce<Args>>::call_once::h5aa36efdb79c806f
[INFO] [stdout]                                at /rustc/df4ca44d3fbc9301ee17f30f4d474e6ae4b05252/library/alloc/src/boxed.rs:2454:9
[INFO] [stdout]   44:     0x647e0e03715b - std::sys::pal::unix::thread::Thread::new::thread_start::h6cd80a1b4be5158d
[INFO] [stdout]                                at /rustc/df4ca44d3fbc9301ee17f30f4d474e6ae4b05252/library/std/src/sys/pal/unix/thread.rs:105:17
[INFO] [stdout]   45:     0x7a1bb79e9ac3 - <unknown>
[INFO] [stdout]   46:     0x7a1bb7a7aa04 - clone
[INFO] [stdout]   47:                0x0 - <unknown>
[INFO] [stdout] 
[INFO] [stdout] ---- statement_while_repeat stdout ----
[INFO] [stdout] thread 'statement_while_repeat' panicked at /opt/rustwide/target/debug/build/hematita-bf3d642dbf846ccb/out/codegen/hematita-tests-matches_standard-main:59:10:
[INFO] [stdout] called `Result::unwrap()` on an `Err` value: Os { code: 2, kind: NotFound, message: "No such file or directory" }
[INFO] [stdout] stack backtrace:
[INFO] [stdout]    0:     0x647e0e0316da - std::backtrace_rs::backtrace::libunwind::trace::h207520d6e9873551
[INFO] [stdout]                                at /rustc/df4ca44d3fbc9301ee17f30f4d474e6ae4b05252/library/std/src/../../backtrace/src/backtrace/libunwind.rs:116:5
[INFO] [stdout]    1:     0x647e0e0316da - std::backtrace_rs::backtrace::trace_unsynchronized::h2ed7433f370e3eca
[INFO] [stdout]                                at /rustc/df4ca44d3fbc9301ee17f30f4d474e6ae4b05252/library/std/src/../../backtrace/src/backtrace/mod.rs:66:5
[INFO] [stdout]    2:     0x647e0e0316da - std::sys::backtrace::_print_fmt::h916fac51166b18d7
[INFO] [stdout]                                at /rustc/df4ca44d3fbc9301ee17f30f4d474e6ae4b05252/library/std/src/sys/backtrace.rs:66:9
[INFO] [stdout]    3:     0x647e0e0316da - <std::sys::backtrace::BacktraceLock::print::DisplayBacktrace as core::fmt::Display>::fmt::ha0a4c9b8ce3802e6
[INFO] [stdout]                                at /rustc/df4ca44d3fbc9301ee17f30f4d474e6ae4b05252/library/std/src/sys/backtrace.rs:39:26
[INFO] [stdout]    4:     0x647e0e057e43 - core::fmt::rt::Argument::fmt::h4cfc8587d52b3eb5
[INFO] [stdout]                                at /rustc/df4ca44d3fbc9301ee17f30f4d474e6ae4b05252/library/core/src/fmt/rt.rs:177:76
[INFO] [stdout]    5:     0x647e0e057e43 - core::fmt::write::h522cc39e5b36ae9f
[INFO] [stdout]                                at /rustc/df4ca44d3fbc9301ee17f30f4d474e6ae4b05252/library/core/src/fmt/mod.rs:1190:21
[INFO] [stdout]    6:     0x647e0e02e343 - std::io::Write::write_fmt::h7d3c26752da97734
[INFO] [stdout]                                at /rustc/df4ca44d3fbc9301ee17f30f4d474e6ae4b05252/library/std/src/io/mod.rs:1839:15
[INFO] [stdout]    7:     0x647e0e031522 - std::sys::backtrace::BacktraceLock::print::h4b9e00b29e9c0942
[INFO] [stdout]                                at /rustc/df4ca44d3fbc9301ee17f30f4d474e6ae4b05252/library/std/src/sys/backtrace.rs:42:9
[INFO] [stdout]    8:     0x647e0e032b6a - std::panicking::default_hook::{{closure}}::hb59b88280d0324d9
[INFO] [stdout]                                at /rustc/df4ca44d3fbc9301ee17f30f4d474e6ae4b05252/library/std/src/panicking.rs:268:22
[INFO] [stdout]    9:     0x647e0e032974 - std::panicking::default_hook::he1dd496665be4a29
[INFO] [stdout]                                at /rustc/df4ca44d3fbc9301ee17f30f4d474e6ae4b05252/library/std/src/panicking.rs:292:9
[INFO] [stdout]   10:     0x647e0dffc699 - <alloc::boxed::Box<F,A> as core::ops::function::Fn<Args>>::call::h4ff71de18744e1dc
[INFO] [stdout]                                at /rustc/df4ca44d3fbc9301ee17f30f4d474e6ae4b05252/library/alloc/src/boxed.rs:2468:9
[INFO] [stdout]   11:     0x647e0dffc699 - test::test_main::{{closure}}::hcf7c055ce117aa81
[INFO] [stdout]                                at /rustc/df4ca44d3fbc9301ee17f30f4d474e6ae4b05252/library/test/src/lib.rs:133:21
[INFO] [stdout]   12:     0x647e0e033268 - <alloc::boxed::Box<F,A> as core::ops::function::Fn<Args>>::call::h1d66c6bbd60c9692
[INFO] [stdout]                                at /rustc/df4ca44d3fbc9301ee17f30f4d474e6ae4b05252/library/alloc/src/boxed.rs:2468:9
[INFO] [stdout]   13:     0x647e0e033268 - std::panicking::rust_panic_with_hook::h2ff17fe8f26dfcf8
[INFO] [stdout]                                at /rustc/df4ca44d3fbc9301ee17f30f4d474e6ae4b05252/library/std/src/panicking.rs:809:13
[INFO] [stdout]   14:     0x647e0e03302a - std::panicking::begin_panic_handler::{{closure}}::h4fad77951c07e101
[INFO] [stdout]                                at /rustc/df4ca44d3fbc9301ee17f30f4d474e6ae4b05252/library/std/src/panicking.rs:674:13
[INFO] [stdout]   15:     0x647e0e031bb9 - std::sys::backtrace::__rust_end_short_backtrace::hb1a25b3da5d0ea08
[INFO] [stdout]                                at /rustc/df4ca44d3fbc9301ee17f30f4d474e6ae4b05252/library/std/src/sys/backtrace.rs:170:18
[INFO] [stdout]   16:     0x647e0e032cbc - rust_begin_unwind
[INFO] [stdout]                                at /rustc/df4ca44d3fbc9301ee17f30f4d474e6ae4b05252/library/std/src/panicking.rs:665:5
[INFO] [stdout]   17:     0x647e0e056840 - core::panicking::panic_fmt::ha9db07b529f9b256
[INFO] [stdout]                                at /rustc/df4ca44d3fbc9301ee17f30f4d474e6ae4b05252/library/core/src/panicking.rs:75:14
[INFO] [stdout]   18:     0x647e0e056c86 - core::result::unwrap_failed::h5e8218e4d4338b8a
[INFO] [stdout]                                at /rustc/df4ca44d3fbc9301ee17f30f4d474e6ae4b05252/library/core/src/result.rs:1698:5
[INFO] [stdout]   19:     0x647e0df48c5d - core::result::Result<T,E>::unwrap::h0c1010aecbc4321c
[INFO] [stdout]                                at /rustc/df4ca44d3fbc9301ee17f30f4d474e6ae4b05252/library/core/src/result.rs:1103:23
[INFO] [stdout]   20:     0x647e0df48c5d - matches_standard::standard::ha6c6f0d256ee9f87
[INFO] [stdout]                                at /opt/rustwide/target/debug/build/hematita-bf3d642dbf846ccb/out/codegen/hematita-tests-matches_standard-main:56:15
[INFO] [stdout]   21:     0x647e0df4b197 - matches_standard::statement_while_repeat::h83c00feb298957db
[INFO] [stdout]                                at /opt/rustwide/target/debug/build/hematita-bf3d642dbf846ccb/out/codegen/hematita-tests-matches_standard-main:202:17
[INFO] [stdout]   22:     0x647e0df4b147 - matches_standard::statement_while_repeat::{{closure}}::h001425928517f225
[INFO] [stdout]                                at /opt/rustwide/target/debug/build/hematita-bf3d642dbf846ccb/out/codegen/hematita-tests-matches_standard-main:198:32
[INFO] [stdout]   23:     0x647e0df3c4c6 - core::ops::function::FnOnce::call_once::h4767d4cf75ff1586
[INFO] [stdout]                                at /rustc/df4ca44d3fbc9301ee17f30f4d474e6ae4b05252/library/core/src/ops/function.rs:250:5
[INFO] [stdout]   24:     0x647e0e000f6b - core::ops::function::FnOnce::call_once::h22c3ba5715e93f05
[INFO] [stdout]                                at /rustc/df4ca44d3fbc9301ee17f30f4d474e6ae4b05252/library/core/src/ops/function.rs:250:5
[INFO] [stdout]   25:     0x647e0e000f6b - test::__rust_begin_short_backtrace::h8e82d8113d0da17f
[INFO] [stdout]                                at /rustc/df4ca44d3fbc9301ee17f30f4d474e6ae4b05252/library/test/src/lib.rs:621:18
[INFO] [stdout]   26:     0x647e0e0008e7 - test::run_test_in_process::{{closure}}::h33235f4f20b7b7c7
[INFO] [stdout]                                at /rustc/df4ca44d3fbc9301ee17f30f4d474e6ae4b05252/library/test/src/lib.rs:644:60
[INFO] [stdout]   27:     0x647e0e0008e7 - <core::panic::unwind_safe::AssertUnwindSafe<F> as core::ops::function::FnOnce<()>>::call_once::hb5043206310c586f
[INFO] [stdout]                                at /rustc/df4ca44d3fbc9301ee17f30f4d474e6ae4b05252/library/core/src/panic/unwind_safe.rs:272:9
[INFO] [stdout]   28:     0x647e0e0008e7 - std::panicking::try::do_call::h9ad4731a60ab23e2
[INFO] [stdout]                                at /rustc/df4ca44d3fbc9301ee17f30f4d474e6ae4b05252/library/std/src/panicking.rs:557:40
[INFO] [stdout]   29:     0x647e0e0008e7 - std::panicking::try::h3824d23db772a716
[INFO] [stdout]                                at /rustc/df4ca44d3fbc9301ee17f30f4d474e6ae4b05252/library/std/src/panicking.rs:520:19
[INFO] [stdout]   30:     0x647e0e0008e7 - std::panic::catch_unwind::h5afd514605fde46b
[INFO] [stdout]                                at /rustc/df4ca44d3fbc9301ee17f30f4d474e6ae4b05252/library/std/src/panic.rs:358:14
[INFO] [stdout]   31:     0x647e0e0008e7 - test::run_test_in_process::h0d5cbfa7067d1720
[INFO] [stdout]                                at /rustc/df4ca44d3fbc9301ee17f30f4d474e6ae4b05252/library/test/src/lib.rs:644:27
[INFO] [stdout]   32:     0x647e0e0008e7 - test::run_test::{{closure}}::h708eb8872708115d
[INFO] [stdout]                                at /rustc/df4ca44d3fbc9301ee17f30f4d474e6ae4b05252/library/test/src/lib.rs:565:43
[INFO] [stdout]   33:     0x647e0dfc4004 - test::run_test::{{closure}}::h392c51cee94713ab
[INFO] [stdout]                                at /rustc/df4ca44d3fbc9301ee17f30f4d474e6ae4b05252/library/test/src/lib.rs:595:41
[INFO] [stdout]   34:     0x647e0dfc4004 - std::sys::backtrace::__rust_begin_short_backtrace::h2f40290710935a8b
[INFO] [stdout]                                at /rustc/df4ca44d3fbc9301ee17f30f4d474e6ae4b05252/library/std/src/sys/backtrace.rs:154:18
[INFO] [stdout]   35:     0x647e0dfc77ae - std::thread::Builder::spawn_unchecked_::{{closure}}::{{closure}}::h3fd968d89053a903
[INFO] [stdout]                                at /rustc/df4ca44d3fbc9301ee17f30f4d474e6ae4b05252/library/std/src/thread/mod.rs:541:17
[INFO] [stdout]   36:     0x647e0dfc77ae - <core::panic::unwind_safe::AssertUnwindSafe<F> as core::ops::function::FnOnce<()>>::call_once::h743f637ba4229880
[INFO] [stdout]                                at /rustc/df4ca44d3fbc9301ee17f30f4d474e6ae4b05252/library/core/src/panic/unwind_safe.rs:272:9
[INFO] [stdout]   37:     0x647e0dfc77ae - std::panicking::try::do_call::h07440897322525a6
[INFO] [stdout]                                at /rustc/df4ca44d3fbc9301ee17f30f4d474e6ae4b05252/library/std/src/panicking.rs:557:40
[INFO] [stdout]   38:     0x647e0dfc77ae - std::panicking::try::he5a2e00188156637
[INFO] [stdout]                                at /rustc/df4ca44d3fbc9301ee17f30f4d474e6ae4b05252/library/std/src/panicking.rs:520:19
[INFO] [stdout]   39:     0x647e0dfc77ae - std::panic::catch_unwind::hbaf3cae49b3c6433
[INFO] [stdout]                                at /rustc/df4ca44d3fbc9301ee17f30f4d474e6ae4b05252/library/std/src/panic.rs:358:14
[INFO] [stdout]   40:     0x647e0dfc77ae - std::thread::Builder::spawn_unchecked_::{{closure}}::h8e141ea224820bce
[INFO] [stdout]                                at /rustc/df4ca44d3fbc9301ee17f30f4d474e6ae4b05252/library/std/src/thread/mod.rs:540:30
[INFO] [stdout]   41:     0x647e0dfc77ae - core::ops::function::FnOnce::call_once{{vtable.shim}}::h90d312fedd7b8ea8
[INFO] [stdout]                                at /rustc/df4ca44d3fbc9301ee17f30f4d474e6ae4b05252/library/core/src/ops/function.rs:250:5
[INFO] [stdout]   42:     0x647e0e03715b - <alloc::boxed::Box<F,A> as core::ops::function::FnOnce<Args>>::call_once::h69aa08ddb6adb8b6
[INFO] [stdout]                                at /rustc/df4ca44d3fbc9301ee17f30f4d474e6ae4b05252/library/alloc/src/boxed.rs:2454:9
[INFO] [stdout]   43:     0x647e0e03715b - <alloc::boxed::Box<F,A> as core::ops::function::FnOnce<Args>>::call_once::h5aa36efdb79c806f
[INFO] [stdout]                                at /rustc/df4ca44d3fbc9301ee17f30f4d474e6ae4b05252/library/alloc/src/boxed.rs:2454:9
[INFO] [stdout]   44:     0x647e0e03715b - std::sys::pal::unix::thread::Thread::new::thread_start::h6cd80a1b4be5158d
[INFO] [stdout]                                at /rustc/df4ca44d3fbc9301ee17f30f4d474e6ae4b05252/library/std/src/sys/pal/unix/thread.rs:105:17
[INFO] [stdout]   45:     0x7a1bb79e9ac3 - <unknown>
[INFO] [stdout]   46:     0x7a1bb7a7aa04 - clone
[INFO] [stdout]   47:                0x0 - <unknown>
[INFO] [stdout] 
[INFO] [stdout] ---- statement_numeric_for stdout ----
[INFO] [stdout] thread 'statement_numeric_for' panicked at /opt/rustwide/target/debug/build/hematita-bf3d642dbf846ccb/out/codegen/hematita-tests-matches_standard-main:59:10:
[INFO] [stdout] called `Result::unwrap()` on an `Err` value: Os { code: 2, kind: NotFound, message: "No such file or directory" }
[INFO] [stdout] stack backtrace:
[INFO] [stdout]    0:     0x647e0e0316da - std::backtrace_rs::backtrace::libunwind::trace::h207520d6e9873551
[INFO] [stdout]                                at /rustc/df4ca44d3fbc9301ee17f30f4d474e6ae4b05252/library/std/src/../../backtrace/src/backtrace/libunwind.rs:116:5
[INFO] [stdout]    1:     0x647e0e0316da - std::backtrace_rs::backtrace::trace_unsynchronized::h2ed7433f370e3eca
[INFO] [stdout]                                at /rustc/df4ca44d3fbc9301ee17f30f4d474e6ae4b05252/library/std/src/../../backtrace/src/backtrace/mod.rs:66:5
[INFO] [stdout]    2:     0x647e0e0316da - std::sys::backtrace::_print_fmt::h916fac51166b18d7
[INFO] [stdout]                                at /rustc/df4ca44d3fbc9301ee17f30f4d474e6ae4b05252/library/std/src/sys/backtrace.rs:66:9
[INFO] [stdout]    3:     0x647e0e0316da - <std::sys::backtrace::BacktraceLock::print::DisplayBacktrace as core::fmt::Display>::fmt::ha0a4c9b8ce3802e6
[INFO] [stdout]                                at /rustc/df4ca44d3fbc9301ee17f30f4d474e6ae4b05252/library/std/src/sys/backtrace.rs:39:26
[INFO] [stdout]    4:     0x647e0e057e43 - core::fmt::rt::Argument::fmt::h4cfc8587d52b3eb5
[INFO] [stdout]                                at /rustc/df4ca44d3fbc9301ee17f30f4d474e6ae4b05252/library/core/src/fmt/rt.rs:177:76
[INFO] [stdout]    5:     0x647e0e057e43 - core::fmt::write::h522cc39e5b36ae9f
[INFO] [stdout]                                at /rustc/df4ca44d3fbc9301ee17f30f4d474e6ae4b05252/library/core/src/fmt/mod.rs:1190:21
[INFO] [stdout]    6:     0x647e0e02e343 - std::io::Write::write_fmt::h7d3c26752da97734
[INFO] [stdout]                                at /rustc/df4ca44d3fbc9301ee17f30f4d474e6ae4b05252/library/std/src/io/mod.rs:1839:15
[INFO] [stdout]    7:     0x647e0e031522 - std::sys::backtrace::BacktraceLock::print::h4b9e00b29e9c0942
[INFO] [stdout]                                at /rustc/df4ca44d3fbc9301ee17f30f4d474e6ae4b05252/library/std/src/sys/backtrace.rs:42:9
[INFO] [stdout]    8:     0x647e0e032b6a - std::panicking::default_hook::{{closure}}::hb59b88280d0324d9
[INFO] [stdout]                                at /rustc/df4ca44d3fbc9301ee17f30f4d474e6ae4b05252/library/std/src/panicking.rs:268:22
[INFO] [stdout]    9:     0x647e0e032974 - std::panicking::default_hook::he1dd496665be4a29
[INFO] [stdout]                                at /rustc/df4ca44d3fbc9301ee17f30f4d474e6ae4b05252/library/std/src/panicking.rs:292:9
[INFO] [stdout]   10:     0x647e0dffc699 - <alloc::boxed::Box<F,A> as core::ops::function::Fn<Args>>::call::h4ff71de18744e1dc
[INFO] [stdout]                                at /rustc/df4ca44d3fbc9301ee17f30f4d474e6ae4b05252/library/alloc/src/boxed.rs:2468:9
[INFO] [stdout]   11:     0x647e0dffc699 - test::test_main::{{closure}}::hcf7c055ce117aa81
[INFO] [stdout]                                at /rustc/df4ca44d3fbc9301ee17f30f4d474e6ae4b05252/library/test/src/lib.rs:133:21
[INFO] [stdout]   12:     0x647e0e033268 - <alloc::boxed::Box<F,A> as core::ops::function::Fn<Args>>::call::h1d66c6bbd60c9692
[INFO] [stdout]                                at /rustc/df4ca44d3fbc9301ee17f30f4d474e6ae4b05252/library/alloc/src/boxed.rs:2468:9
[INFO] [stdout]   13:     0x647e0e033268 - std::panicking::rust_panic_with_hook::h2ff17fe8f26dfcf8
[INFO] [stdout]                                at /rustc/df4ca44d3fbc9301ee17f30f4d474e6ae4b05252/library/std/src/panicking.rs:809:13
[INFO] [stdout]   14:     0x647e0e03302a - std::panicking::begin_panic_handler::{{closure}}::h4fad77951c07e101
[INFO] [stdout]                                at /rustc/df4ca44d3fbc9301ee17f30f4d474e6ae4b05252/library/std/src/panicking.rs:674:13
[INFO] [stdout]   15:     0x647e0e031bb9 - std::sys::backtrace::__rust_end_short_backtrace::hb1a25b3da5d0ea08
[INFO] [stdout]                                at /rustc/df4ca44d3fbc9301ee17f30f4d474e6ae4b05252/library/std/src/sys/backtrace.rs:170:18
[INFO] [stdout]   16:     0x647e0e032cbc - rust_begin_unwind
[INFO] [stdout]                                at /rustc/df4ca44d3fbc9301ee17f30f4d474e6ae4b05252/library/std/src/panicking.rs:665:5
[INFO] [stdout]   17:     0x647e0e056840 - core::panicking::panic_fmt::ha9db07b529f9b256
[INFO] [stdout]                                at /rustc/df4ca44d3fbc9301ee17f30f4d474e6ae4b05252/library/core/src/panicking.rs:75:14
[INFO] [stdout]   18:     0x647e0e056c86 - core::result::unwrap_failed::h5e8218e4d4338b8a
[INFO] [stdout]                                at /rustc/df4ca44d3fbc9301ee17f30f4d474e6ae4b05252/library/core/src/result.rs:1698:5
[INFO] [stdout]   19:     0x647e0df48c5d - core::result::Result<T,E>::unwrap::h0c1010aecbc4321c
[INFO] [stdout]                                at /rustc/df4ca44d3fbc9301ee17f30f4d474e6ae4b05252/library/core/src/result.rs:1103:23
[INFO] [stdout]   20:     0x647e0df48c5d - matches_standard::standard::ha6c6f0d256ee9f87
[INFO] [stdout]                                at /opt/rustwide/target/debug/build/hematita-bf3d642dbf846ccb/out/codegen/hematita-tests-matches_standard-main:56:15
[INFO] [stdout]   21:     0x647e0df4cae7 - matches_standard::statement_numeric_for::h347735839e55c51e
[INFO] [stdout]                                at /opt/rustwide/target/debug/build/hematita-bf3d642dbf846ccb/out/codegen/hematita-tests-matches_standard-main:297:17
[INFO] [stdout]   22:     0x647e0df4ca97 - matches_standard::statement_numeric_for::{{closure}}::h535b996ca41e8b87
[INFO] [stdout]                                at /opt/rustwide/target/debug/build/hematita-bf3d642dbf846ccb/out/codegen/hematita-tests-matches_standard-main:293:31
[INFO] [stdout]   23:     0x647e0df3c7c6 - core::ops::function::FnOnce::call_once::hc99a85ddeaf8601a
[INFO] [stdout]                                at /rustc/df4ca44d3fbc9301ee17f30f4d474e6ae4b05252/library/core/src/ops/function.rs:250:5
[INFO] [stdout]   24:     0x647e0e000f6b - core::ops::function::FnOnce::call_once::h22c3ba5715e93f05
[INFO] [stdout]                                at /rustc/df4ca44d3fbc9301ee17f30f4d474e6ae4b05252/library/core/src/ops/function.rs:250:5
[INFO] [stdout]   25:     0x647e0e000f6b - test::__rust_begin_short_backtrace::h8e82d8113d0da17f
[INFO] [stdout]                                at /rustc/df4ca44d3fbc9301ee17f30f4d474e6ae4b05252/library/test/src/lib.rs:621:18
[INFO] [stdout]   26:     0x647e0e0008e7 - test::run_test_in_process::{{closure}}::h33235f4f20b7b7c7
[INFO] [stdout]                                at /rustc/df4ca44d3fbc9301ee17f30f4d474e6ae4b05252/library/test/src/lib.rs:644:60
[INFO] [stdout]   27:     0x647e0e0008e7 - <core::panic::unwind_safe::AssertUnwindSafe<F> as core::ops::function::FnOnce<()>>::call_once::hb5043206310c586f
[INFO] [stdout]                                at /rustc/df4ca44d3fbc9301ee17f30f4d474e6ae4b05252/library/core/src/panic/unwind_safe.rs:272:9
[INFO] [stdout]   28:     0x647e0e0008e7 - std::panicking::try::do_call::h9ad4731a60ab23e2
[INFO] [stdout]                                at /rustc/df4ca44d3fbc9301ee17f30f4d474e6ae4b05252/library/std/src/panicking.rs:557:40
[INFO] [stdout]   29:     0x647e0e0008e7 - std::panicking::try::h3824d23db772a716
[INFO] [stdout]                                at /rustc/df4ca44d3fbc9301ee17f30f4d474e6ae4b05252/library/std/src/panicking.rs:520:19
[INFO] [stdout]   30:     0x647e0e0008e7 - std::panic::catch_unwind::h5afd514605fde46b
[INFO] [stdout]                                at /rustc/df4ca44d3fbc9301ee17f30f4d474e6ae4b05252/library/std/src/panic.rs:358:14
[INFO] [stdout]   31:     0x647e0e0008e7 - test::run_test_in_process::h0d5cbfa7067d1720
[INFO] [stdout]                                at /rustc/df4ca44d3fbc9301ee17f30f4d474e6ae4b05252/library/test/src/lib.rs:644:27
[INFO] [stdout]   32:     0x647e0e0008e7 - test::run_test::{{closure}}::h708eb8872708115d
[INFO] [stdout]                                at /rustc/df4ca44d3fbc9301ee17f30f4d474e6ae4b05252/library/test/src/lib.rs:565:43
[INFO] [stdout]   33:     0x647e0dfc4004 - test::run_test::{{closure}}::h392c51cee94713ab
[INFO] [stdout]                                at /rustc/df4ca44d3fbc9301ee17f30f4d474e6ae4b05252/library/test/src/lib.rs:595:41
[INFO] [stdout]   34:     0x647e0dfc4004 - std::sys::backtrace::__rust_begin_short_backtrace::h2f40290710935a8b
[INFO] [stdout]                                at /rustc/df4ca44d3fbc9301ee17f30f4d474e6ae4b05252/library/std/src/sys/backtrace.rs:154:18
[INFO] [stdout]   35:     0x647e0dfc77ae - std::thread::Builder::spawn_unchecked_::{{closure}}::{{closure}}::h3fd968d89053a903
[INFO] [stdout]                                at /rustc/df4ca44d3fbc9301ee17f30f4d474e6ae4b05252/library/std/src/thread/mod.rs:541:17
[INFO] [stdout]   36:     0x647e0dfc77ae - <core::panic::unwind_safe::AssertUnwindSafe<F> as core::ops::function::FnOnce<()>>::call_once::h743f637ba4229880
[INFO] [stdout]                                at /rustc/df4ca44d3fbc9301ee17f30f4d474e6ae4b05252/library/core/src/panic/unwind_safe.rs:272:9
[INFO] [stdout]   37:     0x647e0dfc77ae - std::panicking::try::do_call::h07440897322525a6
[INFO] [stdout]                                at /rustc/df4ca44d3fbc9301ee17f30f4d474e6ae4b05252/library/std/src/panicking.rs:557:40
[INFO] [stdout]   38:     0x647e0dfc77ae - std::panicking::try::he5a2e00188156637
[INFO] [stdout]                                at /rustc/df4ca44d3fbc9301ee17f30f4d474e6ae4b05252/library/std/src/panicking.rs:520:19
[INFO] [stdout]   39:     0x647e0dfc77ae - std::panic::catch_unwind::hbaf3cae49b3c6433
[INFO] [stdout]                                at /rustc/df4ca44d3fbc9301ee17f30f4d474e6ae4b05252/library/std/src/panic.rs:358:14
[INFO] [stdout]   40:     0x647e0dfc77ae - std::thread::Builder::spawn_unchecked_::{{closure}}::h8e141ea224820bce
[INFO] [stdout]                                at /rustc/df4ca44d3fbc9301ee17f30f4d474e6ae4b05252/library/std/src/thread/mod.rs:540:30
[INFO] [stdout]   41:     0x647e0dfc77ae - core::ops::function::FnOnce::call_once{{vtable.shim}}::h90d312fedd7b8ea8
[INFO] [stdout]                                at /rustc/df4ca44d3fbc9301ee17f30f4d474e6ae4b05252/library/core/src/ops/function.rs:250:5
[INFO] [stdout]   42:     0x647e0e03715b - <alloc::boxed::Box<F,A> as core::ops::function::FnOnce<Args>>::call_once::h69aa08ddb6adb8b6
[INFO] [stdout]                                at /rustc/df4ca44d3fbc9301ee17f30f4d474e6ae4b05252/library/alloc/src/boxed.rs:2454:9
[INFO] [stdout]   43:     0x647e0e03715b - <alloc::boxed::Box<F,A> as core::ops::function::FnOnce<Args>>::call_once::h5aa36efdb79c806f
[INFO] [stdout]                                at /rustc/df4ca44d3fbc9301ee17f30f4d474e6ae4b05252/library/alloc/src/boxed.rs:2454:9
[INFO] [stdout]   44:     0x647e0e03715b - std::sys::pal::unix::thread::Thread::new::thread_start::h6cd80a1b4be5158d
[INFO] [stdout]                                at /rustc/df4ca44d3fbc9301ee17f30f4d474e6ae4b05252/library/std/src/sys/pal/unix/thread.rs:105:17
[INFO] [stdout]   45:     0x7a1bb79e9ac3 - <unknown>
[INFO] [stdout]   46:     0x7a1bb7a7aa04 - clone
[INFO] [stdout]   47:                0x0 - <unknown>
[INFO] [stdout] 
[INFO] [stdout] ---- statement_generic_for stdout ----
[INFO] [stdout] thread 'statement_generic_for' panicked at /opt/rustwide/target/debug/build/hematita-bf3d642dbf846ccb/out/codegen/hematita-tests-matches_standard-main:59:10:
[INFO] [stdout] called `Result::unwrap()` on an `Err` value: Os { code: 2, kind: NotFound, message: "No such file or directory" }
[INFO] [stdout] stack backtrace:
[INFO] [stdout]    0:     0x647e0e0316da - std::backtrace_rs::backtrace::libunwind::trace::h207520d6e9873551
[INFO] [stdout]                                at /rustc/df4ca44d3fbc9301ee17f30f4d474e6ae4b05252/library/std/src/../../backtrace/src/backtrace/libunwind.rs:116:5
[INFO] [stdout]    1:     0x647e0e0316da - std::backtrace_rs::backtrace::trace_unsynchronized::h2ed7433f370e3eca
[INFO] [stdout]                                at /rustc/df4ca44d3fbc9301ee17f30f4d474e6ae4b05252/library/std/src/../../backtrace/src/backtrace/mod.rs:66:5
[INFO] [stdout]    2:     0x647e0e0316da - std::sys::backtrace::_print_fmt::h916fac51166b18d7
[INFO] [stdout]                                at /rustc/df4ca44d3fbc9301ee17f30f4d474e6ae4b05252/library/std/src/sys/backtrace.rs:66:9
[INFO] [stdout]    3:     0x647e0e0316da - <std::sys::backtrace::BacktraceLock::print::DisplayBacktrace as core::fmt::Display>::fmt::ha0a4c9b8ce3802e6
[INFO] [stdout]                                at /rustc/df4ca44d3fbc9301ee17f30f4d474e6ae4b05252/library/std/src/sys/backtrace.rs:39:26
[INFO] [stdout]    4:     0x647e0e057e43 - core::fmt::rt::Argument::fmt::h4cfc8587d52b3eb5
[INFO] [stdout]                                at /rustc/df4ca44d3fbc9301ee17f30f4d474e6ae4b05252/library/core/src/fmt/rt.rs:177:76
[INFO] [stdout]    5:     0x647e0e057e43 - core::fmt::write::h522cc39e5b36ae9f
[INFO] [stdout]                                at /rustc/df4ca44d3fbc9301ee17f30f4d474e6ae4b05252/library/core/src/fmt/mod.rs:1190:21
[INFO] [stdout]    6:     0x647e0e02e343 - std::io::Write::write_fmt::h7d3c26752da97734
[INFO] [stdout]                                at /rustc/df4ca44d3fbc9301ee17f30f4d474e6ae4b05252/library/std/src/io/mod.rs:1839:15
[INFO] [stdout]    7:     0x647e0e031522 - std::sys::backtrace::BacktraceLock::print::h4b9e00b29e9c0942
[INFO] [stdout]                                at /rustc/df4ca44d3fbc9301ee17f30f4d474e6ae4b05252/library/std/src/sys/backtrace.rs:42:9
[INFO] [stdout]    8:     0x647e0e032b6a - std::panicking::default_hook::{{closure}}::hb59b88280d0324d9
[INFO] [stdout]                                at /rustc/df4ca44d3fbc9301ee17f30f4d474e6ae4b05252/library/std/src/panicking.rs:268:22
[INFO] [stdout]    9:     0x647e0e032974 - std::panicking::default_hook::he1dd496665be4a29
[INFO] [stdout]                                at /rustc/df4ca44d3fbc9301ee17f30f4d474e6ae4b05252/library/std/src/panicking.rs:292:9
[INFO] [stdout]   10:     0x647e0dffc699 - <alloc::boxed::Box<F,A> as core::ops::function::Fn<Args>>::call::h4ff71de18744e1dc
[INFO] [stdout]                                at /rustc/df4ca44d3fbc9301ee17f30f4d474e6ae4b05252/library/alloc/src/boxed.rs:2468:9
[INFO] [stdout]   11:     0x647e0dffc699 - test::test_main::{{closure}}::hcf7c055ce117aa81
[INFO] [stdout]                                at /rustc/df4ca44d3fbc9301ee17f30f4d474e6ae4b05252/library/test/src/lib.rs:133:21
[INFO] [stdout]   12:     0x647e0e033268 - <alloc::boxed::Box<F,A> as core::ops::function::Fn<Args>>::call::h1d66c6bbd60c9692
[INFO] [stdout]                                at /rustc/df4ca44d3fbc9301ee17f30f4d474e6ae4b05252/library/alloc/src/boxed.rs:2468:9
[INFO] [stdout]   13:     0x647e0e033268 - std::panicking::rust_panic_with_hook::h2ff17fe8f26dfcf8
[INFO] [stdout]                                at /rustc/df4ca44d3fbc9301ee17f30f4d474e6ae4b05252/library/std/src/panicking.rs:809:13
[INFO] [stdout]   14:     0x647e0e03302a - std::panicking::begin_panic_handler::{{closure}}::h4fad77951c07e101
[INFO] [stdout]                                at /rustc/df4ca44d3fbc9301ee17f30f4d474e6ae4b05252/library/std/src/panicking.rs:674:13
[INFO] [stdout]   15:     0x647e0e031bb9 - std::sys::backtrace::__rust_end_short_backtrace::hb1a25b3da5d0ea08
[INFO] [stdout]                                at /rustc/df4ca44d3fbc9301ee17f30f4d474e6ae4b05252/library/std/src/sys/backtrace.rs:170:18
[INFO] [stdout]   16:     0x647e0e032cbc - rust_begin_unwind
[INFO] [stdout]                                at /rustc/df4ca44d3fbc9301ee17f30f4d474e6ae4b05252/library/std/src/panicking.rs:665:5
[INFO] [stdout]   17:     0x647e0e056840 - core::panicking::panic_fmt::ha9db07b529f9b256
[INFO] [stdout]                                at /rustc/df4ca44d3fbc9301ee17f30f4d474e6ae4b05252/library/core/src/panicking.rs:75:14
[INFO] [stdout]   18:     0x647e0e056c86 - core::result::unwrap_failed::h5e8218e4d4338b8a
[INFO] [stdout]                                at /rustc/df4ca44d3fbc9301ee17f30f4d474e6ae4b05252/library/core/src/result.rs:1698:5
[INFO] [stdout]   19:     0x647e0df48c5d - core::result::Result<T,E>::unwrap::h0c1010aecbc4321c
[INFO] [stdout]                                at /rustc/df4ca44d3fbc9301ee17f30f4d474e6ae4b05252/library/core/src/result.rs:1103:23
[INFO] [stdout]   20:     0x647e0df48c5d - matches_standard::standard::ha6c6f0d256ee9f87
[INFO] [stdout]                                at /opt/rustwide/target/debug/build/hematita-bf3d642dbf846ccb/out/codegen/hematita-tests-matches_standard-main:56:15
[INFO] [stdout]   21:     0x647e0df4a267 - matches_standard::statement_generic_for::ha367325aa9a6f87a
[INFO] [stdout]                                at /opt/rustwide/target/debug/build/hematita-bf3d642dbf846ccb/out/codegen/hematita-tests-matches_standard-main:145:17
[INFO] [stdout]   22:     0x647e0df4a217 - matches_standard::statement_generic_for::{{closure}}::hc4bc8053ba5d8edf
[INFO] [stdout]                                at /opt/rustwide/target/debug/build/hematita-bf3d642dbf846ccb/out/codegen/hematita-tests-matches_standard-main:141:31
[INFO] [stdout]   23:     0x647e0df3c506 - core::ops::function::FnOnce::call_once::h5891b69001309e1b
[INFO] [stdout]                                at /rustc/df4ca44d3fbc9301ee17f30f4d474e6ae4b05252/library/core/src/ops/function.rs:250:5
[INFO] [stdout]   24:     0x647e0e000f6b - core::ops::function::FnOnce::call_once::h22c3ba5715e93f05
[INFO] [stdout]                                at /rustc/df4ca44d3fbc9301ee17f30f4d474e6ae4b05252/library/core/src/ops/function.rs:250:5
[INFO] [stdout]   25:     0x647e0e000f6b - test::__rust_begin_short_backtrace::h8e82d8113d0da17f
[INFO] [stdout]                                at /rustc/df4ca44d3fbc9301ee17f30f4d474e6ae4b05252/library/test/src/lib.rs:621:18
[INFO] [stdout]   26:     0x647e0e0008e7 - test::run_test_in_process::{{closure}}::h33235f4f20b7b7c7
[INFO] [stdout]                                at /rustc/df4ca44d3fbc9301ee17f30f4d474e6ae4b05252/library/test/src/lib.rs:644:60
[INFO] [stdout]   27:     0x647e0e0008e7 - <core::panic::unwind_safe::AssertUnwindSafe<F> as core::ops::function::FnOnce<()>>::call_once::hb5043206310c586f
[INFO] [stdout]                                at /rustc/df4ca44d3fbc9301ee17f30f4d474e6ae4b05252/library/core/src/panic/unwind_safe.rs:272:9
[INFO] [stdout]   28:     0x647e0e0008e7 - std::panicking::try::do_call::h9ad4731a60ab23e2
[INFO] [stdout]                                at /rustc/df4ca44d3fbc9301ee17f30f4d474e6ae4b05252/library/std/src/panicking.rs:557:40
[INFO] [stdout]   29:     0x647e0e0008e7 - std::panicking::try::h3824d23db772a716
[INFO] [stdout]                                at /rustc/df4ca44d3fbc9301ee17f30f4d474e6ae4b05252/library/std/src/panicking.rs:520:19
[INFO] [stdout]   30:     0x647e0e0008e7 - std::panic::catch_unwind::h5afd514605fde46b
[INFO] [stdout]                                at /rustc/df4ca44d3fbc9301ee17f30f4d474e6ae4b05252/library/std/src/panic.rs:358:14
[INFO] [stdout]   31:     0x647e0e0008e7 - test::run_test_in_process::h0d5cbfa7067d1720
[INFO] [stdout]                                at /rustc/df4ca44d3fbc9301ee17f30f4d474e6ae4b05252/library/test/src/lib.rs:644:27
[INFO] [stdout]   32:     0x647e0e0008e7 - test::run_test::{{closure}}::h708eb8872708115d
[INFO] [stdout]                                at /rustc/df4ca44d3fbc9301ee17f30f4d474e6ae4b05252/library/test/src/lib.rs:565:43
[INFO] [stdout]   33:     0x647e0dfc4004 - test::run_test::{{closure}}::h392c51cee94713ab
[INFO] [stdout]                                at /rustc/df4ca44d3fbc9301ee17f30f4d474e6ae4b05252/library/test/src/lib.rs:595:41
[INFO] [stdout]   34:     0x647e0dfc4004 - std::sys::backtrace::__rust_begin_short_backtrace::h2f40290710935a8b
[INFO] [stdout]                                at /rustc/df4ca44d3fbc9301ee17f30f4d474e6ae4b05252/library/std/src/sys/backtrace.rs:154:18
[INFO] [stdout]   35:     0x647e0dfc77ae - std::thread::Builder::spawn_unchecked_::{{closure}}::{{closure}}::h3fd968d89053a903
[INFO] [stdout]                                at /rustc/df4ca44d3fbc9301ee17f30f4d474e6ae4b05252/library/std/src/thread/mod.rs:541:17
[INFO] [stdout]   36:     0x647e0dfc77ae - <core::panic::unwind_safe::AssertUnwindSafe<F> as core::ops::function::FnOnce<()>>::call_once::h743f637ba4229880
[INFO] [stdout]                                at /rustc/df4ca44d3fbc9301ee17f30f4d474e6ae4b05252/library/core/src/panic/unwind_safe.rs:272:9
[INFO] [stdout]   37:     0x647e0dfc77ae - std::panicking::try::do_call::h07440897322525a6
[INFO] [stdout]                                at /rustc/df4ca44d3fbc9301ee17f30f4d474e6ae4b05252/library/std/src/panicking.rs:557:40
[INFO] [stdout]   38:     0x647e0dfc77ae - std::panicking::try::he5a2e00188156637
[INFO] [stdout]                                at /rustc/df4ca44d3fbc9301ee17f30f4d474e6ae4b05252/library/std/src/panicking.rs:520:19
[INFO] [stdout]   39:     0x647e0dfc77ae - std::panic::catch_unwind::hbaf3cae49b3c6433
[INFO] [stdout]                                at /rustc/df4ca44d3fbc9301ee17f30f4d474e6ae4b05252/library/std/src/panic.rs:358:14
[INFO] [stdout]   40:     0x647e0dfc77ae - std::thread::Builder::spawn_unchecked_::{{closure}}::h8e141ea224820bce
[INFO] [stdout]                                at /rustc/df4ca44d3fbc9301ee17f30f4d474e6ae4b05252/library/std/src/thread/mod.rs:540:30
[INFO] [stdout]   41:     0x647e0dfc77ae - core::ops::function::FnOnce::call_once{{vtable.shim}}::h90d312fedd7b8ea8
[INFO] [stdout]                                at /rustc/df4ca44d3fbc9301ee17f30f4d474e6ae4b05252/library/core/src/ops/function.rs:250:5
[INFO] [stdout]   42:     0x647e0e03715b - <alloc::boxed::Box<F,A> as core::ops::function::FnOnce<Args>>::call_once::h69aa08ddb6adb8b6
[INFO] [stdout]                                at /rustc/df4ca44d3fbc9301ee17f30f4d474e6ae4b05252/library/alloc/src/boxed.rs:2454:9
[INFO] [stdout]   43:     0x647e0e03715b - <alloc::boxed::Box<F,A> as core::ops::function::FnOnce<Args>>::call_once::h5aa36efdb79c806f
[INFO] [stdout]                                at /rustc/df4ca44d3fbc9301ee17f30f4d474e6ae4b05252/library/alloc/src/boxed.rs:2454:9
[INFO] [stdout]   44:     0x647e0e03715b - std::sys::pal::unix::thread::Thread::new::thread_start::h6cd80a1b4be5158d
[INFO] [stdout]                                at /rustc/df4ca44d3fbc9301ee17f30f4d474e6ae4b05252/library/std/src/sys/pal/unix/thread.rs:105:17
[INFO] [stdout]   45:     0x7a1bb79e9ac3 - <unknown>
[INFO] [stdout]   46:     0x7a1bb7a7aa04 - clone
[INFO] [stdout]   47:                0x0 - <unknown>
[INFO] [stdout] 
[INFO] [stdout] ---- operator_call stdout ----
[INFO] [stdout] thread 'operator_call' panicked at /opt/rustwide/target/debug/build/hematita-bf3d642dbf846ccb/out/codegen/hematita-tests-matches_standard-main:59:10:
[INFO] [stdout] called `Result::unwrap()` on an `Err` value: Os { code: 2, kind: NotFound, message: "No such file or directory" }
[INFO] [stdout] stack backtrace:
[INFO] [stdout]    0:     0x647e0e0316da - std::backtrace_rs::backtrace::libunwind::trace::h207520d6e9873551
[INFO] [stdout]                                at /rustc/df4ca44d3fbc9301ee17f30f4d474e6ae4b05252/library/std/src/../../backtrace/src/backtrace/libunwind.rs:116:5
[INFO] [stdout]    1:     0x647e0e0316da - std::backtrace_rs::backtrace::trace_unsynchronized::h2ed7433f370e3eca
[INFO] [stdout]                                at /rustc/df4ca44d3fbc9301ee17f30f4d474e6ae4b05252/library/std/src/../../backtrace/src/backtrace/mod.rs:66:5
[INFO] [stdout]    2:     0x647e0e0316da - std::sys::backtrace::_print_fmt::h916fac51166b18d7
[INFO] [stdout]                                at /rustc/df4ca44d3fbc9301ee17f30f4d474e6ae4b05252/library/std/src/sys/backtrace.rs:66:9
[INFO] [stdout]    3:     0x647e0e0316da - <std::sys::backtrace::BacktraceLock::print::DisplayBacktrace as core::fmt::Display>::fmt::ha0a4c9b8ce3802e6
[INFO] [stdout]                                at /rustc/df4ca44d3fbc9301ee17f30f4d474e6ae4b05252/library/std/src/sys/backtrace.rs:39:26
[INFO] [stdout]    4:     0x647e0e057e43 - core::fmt::rt::Argument::fmt::h4cfc8587d52b3eb5
[INFO] [stdout]                                at /rustc/df4ca44d3fbc9301ee17f30f4d474e6ae4b05252/library/core/src/fmt/rt.rs:177:76
[INFO] [stdout]    5:     0x647e0e057e43 - core::fmt::write::h522cc39e5b36ae9f
[INFO] [stdout]                                at /rustc/df4ca44d3fbc9301ee17f30f4d474e6ae4b05252/library/core/src/fmt/mod.rs:1190:21
[INFO] [stdout]    6:     0x647e0e02e343 - std::io::Write::write_fmt::h7d3c26752da97734
[INFO] [stdout]                                at /rustc/df4ca44d3fbc9301ee17f30f4d474e6ae4b05252/library/std/src/io/mod.rs:1839:15
[INFO] [stdout]    7:     0x647e0e031522 - std::sys::backtrace::BacktraceLock::print::h4b9e00b29e9c0942
[INFO] [stdout]                                at /rustc/df4ca44d3fbc9301ee17f30f4d474e6ae4b05252/library/std/src/sys/backtrace.rs:42:9
[INFO] [stdout]    8:     0x647e0e032b6a - std::panicking::default_hook::{{closure}}::hb59b88280d0324d9
[INFO] [stdout]                                at /rustc/df4ca44d3fbc9301ee17f30f4d474e6ae4b05252/library/std/src/panicking.rs:268:22
[INFO] [stdout]    9:     0x647e0e032974 - std::panicking::default_hook::he1dd496665be4a29
[INFO] [stdout]                                at /rustc/df4ca44d3fbc9301ee17f30f4d474e6ae4b05252/library/std/src/panicking.rs:292:9
[INFO] [stdout]   10:     0x647e0dffc699 - <alloc::boxed::Box<F,A> as core::ops::function::Fn<Args>>::call::h4ff71de18744e1dc
[INFO] [stdout]                                at /rustc/df4ca44d3fbc9301ee17f30f4d474e6ae4b05252/library/alloc/src/boxed.rs:2468:9
[INFO] [stdout]   11:     0x647e0dffc699 - test::test_main::{{closure}}::hcf7c055ce117aa81
[INFO] [stdout]                                at /rustc/df4ca44d3fbc9301ee17f30f4d474e6ae4b05252/library/test/src/lib.rs:133:21
[INFO] [stdout]   12:     0x647e0e033268 - <alloc::boxed::Box<F,A> as core::ops::function::Fn<Args>>::call::h1d66c6bbd60c9692
[INFO] [stdout]                                at /rustc/df4ca44d3fbc9301ee17f30f4d474e6ae4b05252/library/alloc/src/boxed.rs:2468:9
[INFO] [stdout]   13:     0x647e0e033268 - std::panicking::rust_panic_with_hook::h2ff17fe8f26dfcf8
[INFO] [stdout]                                at /rustc/df4ca44d3fbc9301ee17f30f4d474e6ae4b05252/library/std/src/panicking.rs:809:13
[INFO] [stdout]   14:     0x647e0e03302a - std::panicking::begin_panic_handler::{{closure}}::h4fad77951c07e101
[INFO] [stdout]                                at /rustc/df4ca44d3fbc9301ee17f30f4d474e6ae4b05252/library/std/src/panicking.rs:674:13
[INFO] [stdout]   15:     0x647e0e031bb9 - std::sys::backtrace::__rust_end_short_backtrace::hb1a25b3da5d0ea08
[INFO] [stdout]                                at /rustc/df4ca44d3fbc9301ee17f30f4d474e6ae4b05252/library/std/src/sys/backtrace.rs:170:18
[INFO] [stdout]   16:     0x647e0e032cbc - rust_begin_unwind
[INFO] [stdout]                                at /rustc/df4ca44d3fbc9301ee17f30f4d474e6ae4b05252/library/std/src/panicking.rs:665:5
[INFO] [stdout]   17:     0x647e0e056840 - core::panicking::panic_fmt::ha9db07b529f9b256
[INFO] [stdout]                                at /rustc/df4ca44d3fbc9301ee17f30f4d474e6ae4b05252/library/core/src/panicking.rs:75:14
[INFO] [stdout]   18:     0x647e0e056c86 - core::result::unwrap_failed::h5e8218e4d4338b8a
[INFO] [stdout]                                at /rustc/df4ca44d3fbc9301ee17f30f4d474e6ae4b05252/library/core/src/result.rs:1698:5
[INFO] [stdout]   19:     0x647e0df48c5d - core::result::Result<T,E>::unwrap::h0c1010aecbc4321c
[INFO] [stdout]                                at /rustc/df4ca44d3fbc9301ee17f30f4d474e6ae4b05252/library/core/src/result.rs:1103:23
[INFO] [stdout]   20:     0x647e0df48c5d - matches_standard::standard::ha6c6f0d256ee9f87
[INFO] [stdout]                                at /opt/rustwide/target/debug/build/hematita-bf3d642dbf846ccb/out/codegen/hematita-tests-matches_standard-main:56:15
[INFO] [stdout]   21:     0x647e0df4ac87 - matches_standard::operator_call::h978fb1645bd6c0eb
[INFO] [stdout]                                at /opt/rustwide/target/debug/build/hematita-bf3d642dbf846ccb/out/codegen/hematita-tests-matches_standard-main:183:17
[INFO] [stdout]   22:     0x647e0df4ac37 - matches_standard::operator_call::{{closure}}::h2575f01b3753858d
[INFO] [stdout]                                at /opt/rustwide/target/debug/build/hematita-bf3d642dbf846ccb/out/codegen/hematita-tests-matches_standard-main:179:23
[INFO] [stdout]   23:     0x647e0df3c3c6 - core::ops::function::FnOnce::call_once::h22a02e7983ecf4a1
[INFO] [stdout]                                at /rustc/df4ca44d3fbc9301ee17f30f4d474e6ae4b05252/library/core/src/ops/function.rs:250:5
[INFO] [stdout]   24:     0x647e0e000f6b - core::ops::function::FnOnce::call_once::h22c3ba5715e93f05
[INFO] [stdout]                                at /rustc/df4ca44d3fbc9301ee17f30f4d474e6ae4b05252/library/core/src/ops/function.rs:250:5
[INFO] [stdout]   25:     0x647e0e000f6b - test::__rust_begin_short_backtrace::h8e82d8113d0da17f
[INFO] [stdout]                                at /rustc/df4ca44d3fbc9301ee17f30f4d474e6ae4b05252/library/test/src/lib.rs:621:18
[INFO] [stdout]   26:     0x647e0e0008e7 - test::run_test_in_process::{{closure}}::h33235f4f20b7b7c7
[INFO] [stdout]                                at /rustc/df4ca44d3fbc9301ee17f30f4d474e6ae4b05252/library/test/src/lib.rs:644:60
[INFO] [stdout]   27:     0x647e0e0008e7 - <core::panic::unwind_safe::AssertUnwindSafe<F> as core::ops::function::FnOnce<()>>::call_once::hb5043206310c586f
[INFO] [stdout]                                at /rustc/df4ca44d3fbc9301ee17f30f4d474e6ae4b05252/library/core/src/panic/unwind_safe.rs:272:9
[INFO] [stdout]   28:     0x647e0e0008e7 - std::panicking::try::do_call::h9ad4731a60ab23e2
[INFO] [stdout]                                at /rustc/df4ca44d3fbc9301ee17f30f4d474e6ae4b05252/library/std/src/panicking.rs:557:40
[INFO] [stdout]   29:     0x647e0e0008e7 - std::panicking::try::h3824d23db772a716
[INFO] [stdout]                                at /rustc/df4ca44d3fbc9301ee17f30f4d474e6ae4b05252/library/std/src/panicking.rs:520:19
[INFO] [stdout]   30:     0x647e0e0008e7 - std::panic::catch_unwind::h5afd514605fde46b
[INFO] [stdout]                                at /rustc/df4ca44d3fbc9301ee17f30f4d474e6ae4b05252/library/std/src/panic.rs:358:14
[INFO] [stdout]   31:     0x647e0e0008e7 - test::run_test_in_process::h0d5cbfa7067d1720
[INFO] [stdout]                                at /rustc/df4ca44d3fbc9301ee17f30f4d474e6ae4b05252/library/test/src/lib.rs:644:27
[INFO] [stdout]   32:     0x647e0e0008e7 - test::run_test::{{closure}}::h708eb8872708115d
[INFO] [stdout]                                at /rustc/df4ca44d3fbc9301ee17f30f4d474e6ae4b05252/library/test/src/lib.rs:565:43
[INFO] [stdout]   33:     0x647e0dfc4004 - test::run_test::{{closure}}::h392c51cee94713ab
[INFO] [stdout]                                at /rustc/df4ca44d3fbc9301ee17f30f4d474e6ae4b05252/library/test/src/lib.rs:595:41
[INFO] [stdout]   34:     0x647e0dfc4004 - std::sys::backtrace::__rust_begin_short_backtrace::h2f40290710935a8b
[INFO] [stdout]                                at /rustc/df4ca44d3fbc9301ee17f30f4d474e6ae4b05252/library/std/src/sys/backtrace.rs:154:18
[INFO] [stdout]   35:     0x647e0dfc77ae - std::thread::Builder::spawn_unchecked_::{{closure}}::{{closure}}::h3fd968d89053a903
[INFO] [stdout]                                at /rustc/df4ca44d3fbc9301ee17f30f4d474e6ae4b05252/library/std/src/thread/mod.rs:541:17
[INFO] [stdout]   36:     0x647e0dfc77ae - <core::panic::unwind_safe::AssertUnwindSafe<F> as core::ops::function::FnOnce<()>>::call_once::h743f637ba4229880
[INFO] [stdout]                                at /rustc/df4ca44d3fbc9301ee17f30f4d474e6ae4b05252/library/core/src/panic/unwind_safe.rs:272:9
[INFO] [stdout]   37:     0x647e0dfc77ae - std::panicking::try::do_call::h07440897322525a6
[INFO] [stdout]                                at /rustc/df4ca44d3fbc9301ee17f30f4d474e6ae4b05252/library/std/src/panicking.rs:557:40
[INFO] [stdout]   38:     0x647e0dfc77ae - std::panicking::try::he5a2e00188156637
[INFO] [stdout]                                at /rustc/df4ca44d3fbc9301ee17f30f4d474e6ae4b05252/library/std/src/panicking.rs:520:19
[INFO] [stdout]   39:     0x647e0dfc77ae - std::panic::catch_unwind::hbaf3cae49b3c6433
[INFO] [stdout]                                at /rustc/df4ca44d3fbc9301ee17f30f4d474e6ae4b05252/library/std/src/panic.rs:358:14
[INFO] [stdout]   40:     0x647e0dfc77ae - std::thread::Builder::spawn_unchecked_::{{closure}}::h8e141ea224820bce
[INFO] [stdout]                                at /rustc/df4ca44d3fbc9301ee17f30f4d474e6ae4b05252/library/std/src/thread/mod.rs:540:30
[INFO] [stdout]   41:     0x647e0dfc77ae - core::ops::function::FnOnce::call_once{{vtable.shim}}::h90d312fedd7b8ea8
[INFO] [stdout]                                at /rustc/df4ca44d3fbc9301ee17f30f4d474e6ae4b05252/library/core/src/ops/function.rs:250:5
[INFO] [stdout]   42:     0x647e0e03715b - <alloc::boxed::Box<F,A> as core::ops::function::FnOnce<Args>>::call_once::h69aa08ddb6adb8b6
[INFO] [stdout]                                at /rustc/df4ca44d3fbc9301ee17f30f4d474e6ae4b05252/library/alloc/src/boxed.rs:2454:9
[INFO] [stdout]   43:     0x647e0e03715b - <alloc::boxed::Box<F,A> as core::ops::function::FnOnce<Args>>::call_once::h5aa36efdb79c806f
[INFO] [stdout]                                at /rustc/df4ca44d3fbc9301ee17f30f4d474e6ae4b05252/library/alloc/src/boxed.rs:2454:9
[INFO] [stdout]   44:     0x647e0e03715b - std::sys::pal::unix::thread::Thread::new::thread_start::h6cd80a1b4be5158d
[INFO] [stdout]                                at /rustc/df4ca44d3fbc9301ee17f30f4d474e6ae4b05252/library/std/src/sys/pal/unix/thread.rs:105:17
[INFO] [stdout]   45:     0x7a1bb79e9ac3 - <unknown>
[INFO] [stdout]   46:     0x7a1bb7a7aa04 - clone
[INFO] [stdout]   47:                0x0 - <unknown>
[INFO] [stdout] 
[INFO] [stdout] ---- up_value_modify stdout ----
[INFO] [stdout] thread 'up_value_modify' panicked at /opt/rustwide/target/debug/build/hematita-bf3d642dbf846ccb/out/codegen/hematita-tests-matches_standard-main:59:10:
[INFO] [stdout] called `Result::unwrap()` on an `Err` value: Os { code: 2, kind: NotFound, message: "No such file or directory" }
[INFO] [stdout] stack backtrace:
[INFO] [stdout]    0:     0x647e0e0316da - std::backtrace_rs::backtrace::libunwind::trace::h207520d6e9873551
[INFO] [stdout]                                at /rustc/df4ca44d3fbc9301ee17f30f4d474e6ae4b05252/library/std/src/../../backtrace/src/backtrace/libunwind.rs:116:5
[INFO] [stdout]    1:     0x647e0e0316da - std::backtrace_rs::backtrace::trace_unsynchronized::h2ed7433f370e3eca
[INFO] [stdout]                                at /rustc/df4ca44d3fbc9301ee17f30f4d474e6ae4b05252/library/std/src/../../backtrace/src/backtrace/mod.rs:66:5
[INFO] [stdout]    2:     0x647e0e0316da - std::sys::backtrace::_print_fmt::h916fac51166b18d7
[INFO] [stdout]                                at /rustc/df4ca44d3fbc9301ee17f30f4d474e6ae4b05252/library/std/src/sys/backtrace.rs:66:9
[INFO] [stdout]    3:     0x647e0e0316da - <std::sys::backtrace::BacktraceLock::print::DisplayBacktrace as core::fmt::Display>::fmt::ha0a4c9b8ce3802e6
[INFO] [stdout]                                at /rustc/df4ca44d3fbc9301ee17f30f4d474e6ae4b05252/library/std/src/sys/backtrace.rs:39:26
[INFO] [stdout]    4:     0x647e0e057e43 - core::fmt::rt::Argument::fmt::h4cfc8587d52b3eb5
[INFO] [stdout]                                at /rustc/df4ca44d3fbc9301ee17f30f4d474e6ae4b05252/library/core/src/fmt/rt.rs:177:76
[INFO] [stdout]    5:     0x647e0e057e43 - core::fmt::write::h522cc39e5b36ae9f
[INFO] [stdout]                                at /rustc/df4ca44d3fbc9301ee17f30f4d474e6ae4b05252/library/core/src/fmt/mod.rs:1190:21
[INFO] [stdout]    6:     0x647e0e02e343 - std::io::Write::write_fmt::h7d3c26752da97734
[INFO] [stdout]                                at /rustc/df4ca44d3fbc9301ee17f30f4d474e6ae4b05252/library/std/src/io/mod.rs:1839:15
[INFO] [stdout]    7:     0x647e0e031522 - std::sys::backtrace::BacktraceLock::print::h4b9e00b29e9c0942
[INFO] [stdout]                                at /rustc/df4ca44d3fbc9301ee17f30f4d474e6ae4b05252/library/std/src/sys/backtrace.rs:42:9
[INFO] [stdout]    8:     0x647e0e032b6a - std::panicking::default_hook::{{closure}}::hb59b88280d0324d9
[INFO] [stdout]                                at /rustc/df4ca44d3fbc9301ee17f30f4d474e6ae4b05252/library/std/src/panicking.rs:268:22
[INFO] [stdout]    9:     0x647e0e032974 - std::panicking::default_hook::he1dd496665be4a29
[INFO] [stdout]                                at /rustc/df4ca44d3fbc9301ee17f30f4d474e6ae4b05252/library/std/src/panicking.rs:292:9
[INFO] [stdout]   10:     0x647e0dffc699 - <alloc::boxed::Box<F,A> as core::ops::function::Fn<Args>>::call::h4ff71de18744e1dc
[INFO] [stdout]                                at /rustc/df4ca44d3fbc9301ee17f30f4d474e6ae4b05252/library/alloc/src/boxed.rs:2468:9
[INFO] [stdout]   11:     0x647e0dffc699 - test::test_main::{{closure}}::hcf7c055ce117aa81
[INFO] [stdout]                                at /rustc/df4ca44d3fbc9301ee17f30f4d474e6ae4b05252/library/test/src/lib.rs:133:21
[INFO] [stdout]   12:     0x647e0e033268 - <alloc::boxed::Box<F,A> as core::ops::function::Fn<Args>>::call::h1d66c6bbd60c9692
[INFO] [stdout]                                at /rustc/df4ca44d3fbc9301ee17f30f4d474e6ae4b05252/library/alloc/src/boxed.rs:2468:9
[INFO] [stdout]   13:     0x647e0e033268 - std::panicking::rust_panic_with_hook::h2ff17fe8f26dfcf8
[INFO] [stdout]                                at /rustc/df4ca44d3fbc9301ee17f30f4d474e6ae4b05252/library/std/src/panicking.rs:809:13
[INFO] [stdout]   14:     0x647e0e03302a - std::panicking::begin_panic_handler::{{closure}}::h4fad77951c07e101
[INFO] [stdout]                                at /rustc/df4ca44d3fbc9301ee17f30f4d474e6ae4b05252/library/std/src/panicking.rs:674:13
[INFO] [stdout]   15:     0x647e0e031bb9 - std::sys::backtrace::__rust_end_short_backtrace::hb1a25b3da5d0ea08
[INFO] [stdout]                                at /rustc/df4ca44d3fbc9301ee17f30f4d474e6ae4b05252/library/std/src/sys/backtrace.rs:170:18
[INFO] [stdout]   16:     0x647e0e032cbc - rust_begin_unwind
[INFO] [stdout]                                at /rustc/df4ca44d3fbc9301ee17f30f4d474e6ae4b05252/library/std/src/panicking.rs:665:5
[INFO] [stdout]   17:     0x647e0e056840 - core::panicking::panic_fmt::ha9db07b529f9b256
[INFO] [stdout]                                at /rustc/df4ca44d3fbc9301ee17f30f4d474e6ae4b05252/library/core/src/panicking.rs:75:14
[INFO] [stdout]   18:     0x647e0e056c86 - core::result::unwrap_failed::h5e8218e4d4338b8a
[INFO] [stdout]                                at /rustc/df4ca44d3fbc9301ee17f30f4d474e6ae4b05252/library/core/src/result.rs:1698:5
[INFO] [stdout]   19:     0x647e0df48c5d - core::result::Result<T,E>::unwrap::h0c1010aecbc4321c
[INFO] [stdout]                                at /rustc/df4ca44d3fbc9301ee17f30f4d474e6ae4b05252/library/core/src/result.rs:1103:23
[INFO] [stdout]   20:     0x647e0df48c5d - matches_standard::standard::ha6c6f0d256ee9f87
[INFO] [stdout]                                at /opt/rustwide/target/debug/build/hematita-bf3d642dbf846ccb/out/codegen/hematita-tests-matches_standard-main:56:15
[INFO] [stdout]   21:     0x647e0df4c0c7 - matches_standard::up_value_modify::hce04a1e7bbf67750
[INFO] [stdout]                                at /opt/rustwide/target/debug/build/hematita-bf3d642dbf846ccb/out/codegen/hematita-tests-matches_standard-main:259:17
[INFO] [stdout]   22:     0x647e0df4c077 - matches_standard::up_value_modify::{{closure}}::h9f6e167cd4e3ab37
[INFO] [stdout]                                at /opt/rustwide/target/debug/build/hematita-bf3d642dbf846ccb/out/codegen/hematita-tests-matches_standard-main:255:25
[INFO] [stdout]   23:     0x647e0df3c806 - core::ops::function::FnOnce::call_once::hd98048ee233227bc
[INFO] [stdout]                                at /rustc/df4ca44d3fbc9301ee17f30f4d474e6ae4b05252/library/core/src/ops/function.rs:250:5
[INFO] [stdout]   24:     0x647e0e000f6b - core::ops::function::FnOnce::call_once::h22c3ba5715e93f05
[INFO] [stdout]                                at /rustc/df4ca44d3fbc9301ee17f30f4d474e6ae4b05252/library/core/src/ops/function.rs:250:5
[INFO] [stdout]   25:     0x647e0e000f6b - test::__rust_begin_short_backtrace::h8e82d8113d0da17f
[INFO] [stdout]                                at /rustc/df4ca44d3fbc9301ee17f30f4d474e6ae4b05252/library/test/src/lib.rs:621:18
[INFO] [stdout]   26:     0x647e0e0008e7 - test::run_test_in_process::{{closure}}::h33235f4f20b7b7c7
[INFO] [stdout]                                at /rustc/df4ca44d3fbc9301ee17f30f4d474e6ae4b05252/library/test/src/lib.rs:644:60
[INFO] [stdout]   27:     0x647e0e0008e7 - <core::panic::unwind_safe::AssertUnwindSafe<F> as core::ops::function::FnOnce<()>>::call_once::hb5043206310c586f
[INFO] [stdout]                                at /rustc/df4ca44d3fbc9301ee17f30f4d474e6ae4b05252/library/core/src/panic/unwind_safe.rs:272:9
[INFO] [stdout]   28:     0x647e0e0008e7 - std::panicking::try::do_call::h9ad4731a60ab23e2
[INFO] [stdout]                                at /rustc/df4ca44d3fbc9301ee17f30f4d474e6ae4b05252/library/std/src/panicking.rs:557:40
[INFO] [stdout]   29:     0x647e0e0008e7 - std::panicking::try::h3824d23db772a716
[INFO] [stdout]                                at /rustc/df4ca44d3fbc9301ee17f30f4d474e6ae4b05252/library/std/src/panicking.rs:520:19
[INFO] [stdout]   30:     0x647e0e0008e7 - std::panic::catch_unwind::h5afd514605fde46b
[INFO] [stdout]                                at /rustc/df4ca44d3fbc9301ee17f30f4d474e6ae4b05252/library/std/src/panic.rs:358:14
[INFO] [stdout]   31:     0x647e0e0008e7 - test::run_test_in_process::h0d5cbfa7067d1720
[INFO] [stdout]                                at /rustc/df4ca44d3fbc9301ee17f30f4d474e6ae4b05252/library/test/src/lib.rs:644:27
[INFO] [stdout]   32:     0x647e0e0008e7 - test::run_test::{{closure}}::h708eb8872708115d
[INFO] [stdout]                                at /rustc/df4ca44d3fbc9301ee17f30f4d474e6ae4b05252/library/test/src/lib.rs:565:43
[INFO] [stdout]   33:     0x647e0dfc4004 - test::run_test::{{closure}}::h392c51cee94713ab
[INFO] [stdout]                                at /rustc/df4ca44d3fbc9301ee17f30f4d474e6ae4b05252/library/test/src/lib.rs:595:41
[INFO] [stdout]   34:     0x647e0dfc4004 - std::sys::backtrace::__rust_begin_short_backtrace::h2f40290710935a8b
[INFO] [stdout]                                at /rustc/df4ca44d3fbc9301ee17f30f4d474e6ae4b05252/library/std/src/sys/backtrace.rs:154:18
[INFO] [stdout]   35:     0x647e0dfc77ae - std::thread::Builder::spawn_unchecked_::{{closure}}::{{closure}}::h3fd968d89053a903
[INFO] [stdout]                                at /rustc/df4ca44d3fbc9301ee17f30f4d474e6ae4b05252/library/std/src/thread/mod.rs:541:17
[INFO] [stdout]   36:     0x647e0dfc77ae - <core::panic::unwind_safe::AssertUnwindSafe<F> as core::ops::function::FnOnce<()>>::call_once::h743f637ba4229880
[INFO] [stdout]                                at /rustc/df4ca44d3fbc9301ee17f30f4d474e6ae4b05252/library/core/src/panic/unwind_safe.rs:272:9
[INFO] [stdout]   37:     0x647e0dfc77ae - std::panicking::try::do_call::h07440897322525a6
[INFO] [stdout]                                at /rustc/df4ca44d3fbc9301ee17f30f4d474e6ae4b05252/library/std/src/panicking.rs:557:40
[INFO] [stdout]   38:     0x647e0dfc77ae - std::panicking::try::he5a2e00188156637
[INFO] [stdout]                                at /rustc/df4ca44d3fbc9301ee17f30f4d474e6ae4b05252/library/std/src/panicking.rs:520:19
[INFO] [stdout]   39:     0x647e0dfc77ae - std::panic::catch_unwind::hbaf3cae49b3c6433
[INFO] [stdout]                                at /rustc/df4ca44d3fbc9301ee17f30f4d474e6ae4b05252/library/std/src/panic.rs:358:14
[INFO] [stdout]   40:     0x647e0dfc77ae - std::thread::Builder::spawn_unchecked_::{{closure}}::h8e141ea224820bce
[INFO] [stdout]                                at /rustc/df4ca44d3fbc9301ee17f30f4d474e6ae4b05252/library/std/src/thread/mod.rs:540:30
[INFO] [stdout]   41:     0x647e0dfc77ae - core::ops::function::FnOnce::call_once{{vtable.shim}}::h90d312fedd7b8ea8
[INFO] [stdout]                                at /rustc/df4ca44d3fbc9301ee17f30f4d474e6ae4b05252/library/core/src/ops/function.rs:250:5
[INFO] [stdout]   42:     0x647e0e03715b - <alloc::boxed::Box<F,A> as core::ops::function::FnOnce<Args>>::call_once::h69aa08ddb6adb8b6
[INFO] [stdout]                                at /rustc/df4ca44d3fbc9301ee17f30f4d474e6ae4b05252/library/alloc/src/boxed.rs:2454:9
[INFO] [stdout]   43:     0x647e0e03715b - <alloc::boxed::Box<F,A> as core::ops::function::FnOnce<Args>>::call_once::h5aa36efdb79c806f
[INFO] [stdout]                                at /rustc/df4ca44d3fbc9301ee17f30f4d474e6ae4b05252/library/alloc/src/boxed.rs:2454:9
[INFO] [stdout]   44:     0x647e0e03715b - std::sys::pal::unix::thread::Thread::new::thread_start::h6cd80a1b4be5158d
[INFO] [stdout]                                at /rustc/df4ca44d3fbc9301ee17f30f4d474e6ae4b05252/library/std/src/sys/pal/unix/thread.rs:105:17
[INFO] [stdout]   45:     0x7a1bb79e9ac3 - <unknown>
[INFO] [stdout]   46:     0x7a1bb7a7aa04 - clone
[INFO] [stdout]   47:                0x0 - <unknown>
[INFO] [stdout] 
[INFO] [stdout] ---- up_value_deep stdout ----
[INFO] [stdout] thread 'up_value_deep' panicked at /opt/rustwide/target/debug/build/hematita-bf3d642dbf846ccb/out/codegen/hematita-tests-matches_standard-main:59:10:
[INFO] [stdout] called `Result::unwrap()` on an `Err` value: Os { code: 2, kind: NotFound, message: "No such file or directory" }
[INFO] [stdout] stack backtrace:
[INFO] [stdout]    0:     0x647e0e0316da - std::backtrace_rs::backtrace::libunwind::trace::h207520d6e9873551
[INFO] [stdout]                                at /rustc/df4ca44d3fbc9301ee17f30f4d474e6ae4b05252/library/std/src/../../backtrace/src/backtrace/libunwind.rs:116:5
[INFO] [stdout]    1:     0x647e0e0316da - std::backtrace_rs::backtrace::trace_unsynchronized::h2ed7433f370e3eca
[INFO] [stdout]                                at /rustc/df4ca44d3fbc9301ee17f30f4d474e6ae4b05252/library/std/src/../../backtrace/src/backtrace/mod.rs:66:5
[INFO] [stdout]    2:     0x647e0e0316da - std::sys::backtrace::_print_fmt::h916fac51166b18d7
[INFO] [stdout]                                at /rustc/df4ca44d3fbc9301ee17f30f4d474e6ae4b05252/library/std/src/sys/backtrace.rs:66:9
[INFO] [stdout]    3:     0x647e0e0316da - <std::sys::backtrace::BacktraceLock::print::DisplayBacktrace as core::fmt::Display>::fmt::ha0a4c9b8ce3802e6
[INFO] [stdout]                                at /rustc/df4ca44d3fbc9301ee17f30f4d474e6ae4b05252/library/std/src/sys/backtrace.rs:39:26
[INFO] [stdout]    4:     0x647e0e057e43 - core::fmt::rt::Argument::fmt::h4cfc8587d52b3eb5
[INFO] [stdout]                                at /rustc/df4ca44d3fbc9301ee17f30f4d474e6ae4b05252/library/core/src/fmt/rt.rs:177:76
[INFO] [stdout]    5:     0x647e0e057e43 - core::fmt::write::h522cc39e5b36ae9f
[INFO] [stdout]                                at /rustc/df4ca44d3fbc9301ee17f30f4d474e6ae4b05252/library/core/src/fmt/mod.rs:1190:21
[INFO] [stdout]    6:     0x647e0e02e343 - std::io::Write::write_fmt::h7d3c26752da97734
[INFO] [stdout]                                at /rustc/df4ca44d3fbc9301ee17f30f4d474e6ae4b05252/library/std/src/io/mod.rs:1839:15
[INFO] [stdout]    7:     0x647e0e031522 - std::sys::backtrace::BacktraceLock::print::h4b9e00b29e9c0942
[INFO] [stdout]                                at /rustc/df4ca44d3fbc9301ee17f30f4d474e6ae4b05252/library/std/src/sys/backtrace.rs:42:9
[INFO] [stdout]    8:     0x647e0e032b6a - std::panicking::default_hook::{{closure}}::hb59b88280d0324d9
[INFO] [stdout]                                at /rustc/df4ca44d3fbc9301ee17f30f4d474e6ae4b05252/library/std/src/panicking.rs:268:22
[INFO] [stdout]    9:     0x647e0e032974 - std::panicking::default_hook::he1dd496665be4a29
[INFO] [stdout]                                at /rustc/df4ca44d3fbc9301ee17f30f4d474e6ae4b05252/library/std/src/panicking.rs:292:9
[INFO] [stdout]   10:     0x647e0dffc699 - <alloc::boxed::Box<F,A> as core::ops::function::Fn<Args>>::call::h4ff71de18744e1dc
[INFO] [stdout]                                at /rustc/df4ca44d3fbc9301ee17f30f4d474e6ae4b05252/library/alloc/src/boxed.rs:2468:9
[INFO] [stdout]   11:     0x647e0dffc699 - test::test_main::{{closure}}::hcf7c055ce117aa81
[INFO] [stdout]                                at /rustc/df4ca44d3fbc9301ee17f30f4d474e6ae4b05252/library/test/src/lib.rs:133:21
[INFO] [stdout]   12:     0x647e0e033268 - <alloc::boxed::Box<F,A> as core::ops::function::Fn<Args>>::call::h1d66c6bbd60c9692
[INFO] [stdout]                                at /rustc/df4ca44d3fbc9301ee17f30f4d474e6ae4b05252/library/alloc/src/boxed.rs:2468:9
[INFO] [stdout]   13:     0x647e0e033268 - std::panicking::rust_panic_with_hook::h2ff17fe8f26dfcf8
[INFO] [stdout]                                at /rustc/df4ca44d3fbc9301ee17f30f4d474e6ae4b05252/library/std/src/panicking.rs:809:13
[INFO] [stdout]   14:     0x647e0e03302a - std::panicking::begin_panic_handler::{{closure}}::h4fad77951c07e101
[INFO] [stdout]                                at /rustc/df4ca44d3fbc9301ee17f30f4d474e6ae4b05252/library/std/src/panicking.rs:674:13
[INFO] [stdout]   15:     0x647e0e031bb9 - std::sys::backtrace::__rust_end_short_backtrace::hb1a25b3da5d0ea08
[INFO] [stdout]                                at /rustc/df4ca44d3fbc9301ee17f30f4d474e6ae4b05252/library/std/src/sys/backtrace.rs:170:18
[INFO] [stdout]   16:     0x647e0e032cbc - rust_begin_unwind
[INFO] [stdout]                                at /rustc/df4ca44d3fbc9301ee17f30f4d474e6ae4b05252/library/std/src/panicking.rs:665:5
[INFO] [stdout]   17:     0x647e0e056840 - core::panicking::panic_fmt::ha9db07b529f9b256
[INFO] [stdout]                                at /rustc/df4ca44d3fbc9301ee17f30f4d474e6ae4b05252/library/core/src/panicking.rs:75:14
[INFO] [stdout]   18:     0x647e0e056c86 - core::result::unwrap_failed::h5e8218e4d4338b8a
[INFO] [stdout]                                at /rustc/df4ca44d3fbc9301ee17f30f4d474e6ae4b05252/library/core/src/result.rs:1698:5
[INFO] [stdout]   19:     0x647e0df48c5d - core::result::Result<T,E>::unwrap::h0c1010aecbc4321c
[INFO] [stdout]                                at /rustc/df4ca44d3fbc9301ee17f30f4d474e6ae4b05252/library/core/src/result.rs:1103:23
[INFO] [stdout]   20:     0x647e0df48c5d - matches_standard::standard::ha6c6f0d256ee9f87
[INFO] [stdout]                                at /opt/rustwide/target/debug/build/hematita-bf3d642dbf846ccb/out/codegen/hematita-tests-matches_standard-main:56:15
[INFO] [stdout]   21:     0x647e0df4cff7 - matches_standard::up_value_deep::hcf2d1ec86ad6f08b
[INFO] [stdout]                                at /opt/rustwide/target/debug/build/hematita-bf3d642dbf846ccb/out/codegen/hematita-tests-matches_standard-main:316:17
[INFO] [stdout]   22:     0x647e0df4cfa7 - matches_standard::up_value_deep::{{closure}}::h9bfa20f7d46e1d29
[INFO] [stdout]                                at /opt/rustwide/target/debug/build/hematita-bf3d642dbf846ccb/out/codegen/hematita-tests-matches_standard-main:312:23
[INFO] [stdout]   23:     0x647e0df3c5c6 - core::ops::function::FnOnce::call_once::h7169a395f6a2f76d
[INFO] [stdout]                                at /rustc/df4ca44d3fbc9301ee17f30f4d474e6ae4b05252/library/core/src/ops/function.rs:250:5
[INFO] [stdout]   24:     0x647e0e000f6b - core::ops::function::FnOnce::call_once::h22c3ba5715e93f05
[INFO] [stdout]                                at /rustc/df4ca44d3fbc9301ee17f30f4d474e6ae4b05252/library/core/src/ops/function.rs:250:5
[INFO] [stdout]   25:     0x647e0e000f6b - test::__rust_begin_short_backtrace::h8e82d8113d0da17f
[INFO] [stdout]                                at /rustc/df4ca44d3fbc9301ee17f30f4d474e6ae4b05252/library/test/src/lib.rs:621:18
[INFO] [stdout]   26:     0x647e0e0008e7 - test::run_test_in_process::{{closure}}::h33235f4f20b7b7c7
[INFO] [stdout]                                at /rustc/df4ca44d3fbc9301ee17f30f4d474e6ae4b05252/library/test/src/lib.rs:644:60
[INFO] [stdout]   27:     0x647e0e0008e7 - <core::panic::unwind_safe::AssertUnwindSafe<F> as core::ops::function::FnOnce<()>>::call_once::hb5043206310c586f
[INFO] [stdout]                                at /rustc/df4ca44d3fbc9301ee17f30f4d474e6ae4b05252/library/core/src/panic/unwind_safe.rs:272:9
[INFO] [stdout]   28:     0x647e0e0008e7 - std::panicking::try::do_call::h9ad4731a60ab23e2
[INFO] [stdout]                                at /rustc/df4ca44d3fbc9301ee17f30f4d474e6ae4b05252/library/std/src/panicking.rs:557:40
[INFO] [stdout]   29:     0x647e0e0008e7 - std::panicking::try::h3824d23db772a716
[INFO] [stdout]                                at /rustc/df4ca44d3fbc9301ee17f30f4d474e6ae4b05252/library/std/src/panicking.rs:520:19
[INFO] [stdout]   30:     0x647e0e0008e7 - std::panic::catch_unwind::h5afd514605fde46b
[INFO] [stdout]                                at /rustc/df4ca44d3fbc9301ee17f30f4d474e6ae4b05252/library/std/src/panic.rs:358:14
[INFO] [stdout]   31:     0x647e0e0008e7 - test::run_test_in_process::h0d5cbfa7067d1720
[INFO] [stdout]                                at /rustc/df4ca44d3fbc9301ee17f30f4d474e6ae4b05252/library/test/src/lib.rs:644:27
[INFO] [stdout]   32:     0x647e0e0008e7 - test::run_test::{{closure}}::h708eb8872708115d
[INFO] [stdout]                                at /rustc/df4ca44d3fbc9301ee17f30f4d474e6ae4b05252/library/test/src/lib.rs:565:43
[INFO] [stdout]   33:     0x647e0dfc4004 - test::run_test::{{closure}}::h392c51cee94713ab
[INFO] [stdout]                                at /rustc/df4ca44d3fbc9301ee17f30f4d474e6ae4b05252/library/test/src/lib.rs:595:41
[INFO] [stdout]   34:     0x647e0dfc4004 - std::sys::backtrace::__rust_begin_short_backtrace::h2f40290710935a8b
[INFO] [stdout]                                at /rustc/df4ca44d3fbc9301ee17f30f4d474e6ae4b05252/library/std/src/sys/backtrace.rs:154:18
[INFO] [stdout]   35:     0x647e0dfc77ae - std::thread::Builder::spawn_unchecked_::{{closure}}::{{closure}}::h3fd968d89053a903
[INFO] [stdout]                                at /rustc/df4ca44d3fbc9301ee17f30f4d474e6ae4b05252/library/std/src/thread/mod.rs:541:17
[INFO] [stdout]   36:     0x647e0dfc77ae - <core::panic::unwind_safe::AssertUnwindSafe<F> as core::ops::function::FnOnce<()>>::call_once::h743f637ba4229880
[INFO] [stdout]                                at /rustc/df4ca44d3fbc9301ee17f30f4d474e6ae4b05252/library/core/src/panic/unwind_safe.rs:272:9
[INFO] [stdout]   37:     0x647e0dfc77ae - std::panicking::try::do_call::h07440897322525a6
[INFO] [stdout]                                at /rustc/df4ca44d3fbc9301ee17f30f4d474e6ae4b05252/library/std/src/panicking.rs:557:40
[INFO] [stdout]   38:     0x647e0dfc77ae - std::panicking::try::he5a2e00188156637
[INFO] [stdout]                                at /rustc/df4ca44d3fbc9301ee17f30f4d474e6ae4b05252/library/std/src/panicking.rs:520:19
[INFO] [stdout]   39:     0x647e0dfc77ae - std::panic::catch_unwind::hbaf3cae49b3c6433
[INFO] [stdout]                                at /rustc/df4ca44d3fbc9301ee17f30f4d474e6ae4b05252/library/std/src/panic.rs:358:14
[INFO] [stdout]   40:     0x647e0dfc77ae - std::thread::Builder::spawn_unchecked_::{{closure}}::h8e141ea224820bce
[INFO] [stdout]                                at /rustc/df4ca44d3fbc9301ee17f30f4d474e6ae4b05252/library/std/src/thread/mod.rs:540:30
[INFO] [stdout]   41:     0x647e0dfc77ae - core::ops::function::FnOnce::call_once{{vtable.shim}}::h90d312fedd7b8ea8
[INFO] [stdout]                                at /rustc/df4ca44d3fbc9301ee17f30f4d474e6ae4b05252/library/core/src/ops/function.rs:250:5
[INFO] [stdout]   42:     0x647e0e03715b - <alloc::boxed::Box<F,A> as core::ops::function::FnOnce<Args>>::call_once::h69aa08ddb6adb8b6
[INFO] [stdout]                                at /rustc/df4ca44d3fbc9301ee17f30f4d474e6ae4b05252/library/alloc/src/boxed.rs:2454:9
[INFO] [stdout]   43:     0x647e0e03715b - <alloc::boxed::Box<F,A> as core::ops::function::FnOnce<Args>>::call_once::h5aa36efdb79c806f
[INFO] [stdout]                                at /rustc/df4ca44d3fbc9301ee17f30f4d474e6ae4b05252/library/alloc/src/boxed.rs:2454:9
[INFO] [stdout]   44:     0x647e0e03715b - std::sys::pal::unix::thread::Thread::new::thread_start::h6cd80a1b4be5158d
[INFO] [stdout]                                at /rustc/df4ca44d3fbc9301ee17f30f4d474e6ae4b05252/library/std/src/sys/pal/unix/thread.rs:105:17
[INFO] [stdout]   45:     0x7a1bb79e9ac3 - <unknown>
[INFO] [stdout]   46:     0x7a1bb7a7aa04 - clone
[INFO] [stdout]   47:                0x0 - <unknown>
[INFO] [stdout] 
[INFO] [stdout] 
[INFO] [stdout] failures:
[INFO] [stdout]     fun_quine
[INFO] [stdout]     library_pcall
[INFO] [stdout]     operator_call
[INFO] [stdout]     operator_length
[INFO] [stdout]     operator_logical_and
[INFO] [stdout]     operator_logical_or
[INFO] [stdout]     statement_function
[INFO] [stdout]     statement_generic_for
[INFO] [stdout]     statement_local
[INFO] [stdout]     statement_method
[INFO] [stdout]     statement_numeric_for
[INFO] [stdout]     statement_while_repeat
[INFO] [stdout]     up_value_deep
[INFO] [stdout]     up_value_modify
[INFO] [stdout] 
[INFO] [stdout] test result: FAILED. 0 passed; 14 failed; 0 ignored; 0 measured; 0 filtered out; finished in 0.06s
[INFO] [stdout] 
[INFO] running `Command { std: "docker" "inspect" "7e981666a90d6b0f63093c269f1bcee1aef3de6fca5b8db52f2d908ba23bd635", kill_on_drop: false }`
[INFO] running `Command { std: "docker" "rm" "-f" "7e981666a90d6b0f63093c269f1bcee1aef3de6fca5b8db52f2d908ba23bd635", kill_on_drop: false }`
[INFO] [stdout] 7e981666a90d6b0f63093c269f1bcee1aef3de6fca5b8db52f2d908ba23bd635
