[INFO] fetching crate heed 0.20.5...
[INFO] testing heed-0.20.5 against nightly-2024-10-28+rustflags=-Zrandomize-layout for randomize-layout
[INFO] extracting crate heed 0.20.5 into /workspace/builds/worker-3-tc2/source
[INFO] validating manifest of crates.io crate heed 0.20.5 on toolchain nightly-2024-10-28
[INFO] running `Command { std: CARGO_HOME="/workspace/cargo-home" RUSTUP_HOME="/workspace/rustup-home" "/workspace/cargo-home/bin/cargo" "+nightly-2024-10-28" "metadata" "--manifest-path" "Cargo.toml" "--no-deps", kill_on_drop: false }`
[INFO] started tweaking crates.io crate heed 0.20.5
[INFO] removed 0 missing examples
[INFO] finished tweaking crates.io crate heed 0.20.5
[INFO] tweaked toml for crates.io crate heed 0.20.5 written to /workspace/builds/worker-3-tc2/source/Cargo.toml
[INFO] crate crates.io crate heed 0.20.5 already has a lockfile, it will not be regenerated
[INFO] running `Command { std: CARGO_HOME="/workspace/cargo-home" RUSTUP_HOME="/workspace/rustup-home" "/workspace/cargo-home/bin/cargo" "+nightly-2024-10-28" "fetch" "--manifest-path" "Cargo.toml", kill_on_drop: false }`
[INFO] running `Command { std: "docker" "create" "-v" "/var/lib/crater-agent-workspace/builds/worker-3-tc2/target:/opt/rustwide/target:rw,Z" "-v" "/var/lib/crater-agent-workspace/builds/worker-3-tc2/source:/opt/rustwide/workdir:ro,Z" "-v" "/var/lib/crater-agent-workspace/cargo-home:/opt/rustwide/cargo-home:ro,Z" "-v" "/var/lib/crater-agent-workspace/rustup-home:/opt/rustwide/rustup-home:ro,Z" "-e" "SOURCE_DIR=/opt/rustwide/workdir" "-e" "CARGO_TARGET_DIR=/opt/rustwide/target" "-e" "CARGO_HOME=/opt/rustwide/cargo-home" "-e" "RUSTUP_HOME=/opt/rustwide/rustup-home" "-w" "/opt/rustwide/workdir" "-m" "1610612736" "--user" "0:0" "--network" "none" "ghcr.io/rust-lang/crates-build-env/linux@sha256:4a844ea9eb2546a2d2c7022eacef16ef2e8229c7fbb2c7d4d55a9ceca922f72d" "/opt/rustwide/cargo-home/bin/cargo" "+nightly-2024-10-28" "metadata" "--no-deps" "--format-version=1", kill_on_drop: false }`
[INFO] [stdout] f94a8c874f69d6a0f0c1db01f40fe65b1a6b0a764a2b813847002f4d308b84e9
[INFO] running `Command { std: "docker" "start" "-a" "f94a8c874f69d6a0f0c1db01f40fe65b1a6b0a764a2b813847002f4d308b84e9", kill_on_drop: false }`
[INFO] running `Command { std: "docker" "inspect" "f94a8c874f69d6a0f0c1db01f40fe65b1a6b0a764a2b813847002f4d308b84e9", kill_on_drop: false }`
[INFO] running `Command { std: "docker" "rm" "-f" "f94a8c874f69d6a0f0c1db01f40fe65b1a6b0a764a2b813847002f4d308b84e9", kill_on_drop: false }`
[INFO] [stdout] f94a8c874f69d6a0f0c1db01f40fe65b1a6b0a764a2b813847002f4d308b84e9
[INFO] running `Command { std: "docker" "create" "-v" "/var/lib/crater-agent-workspace/builds/worker-3-tc2/target:/opt/rustwide/target:rw,Z" "-v" "/var/lib/crater-agent-workspace/builds/worker-3-tc2/source:/opt/rustwide/workdir:ro,Z" "-v" "/var/lib/crater-agent-workspace/cargo-home:/opt/rustwide/cargo-home:ro,Z" "-v" "/var/lib/crater-agent-workspace/rustup-home:/opt/rustwide/rustup-home:ro,Z" "-e" "SOURCE_DIR=/opt/rustwide/workdir" "-e" "CARGO_TARGET_DIR=/opt/rustwide/target" "-e" "CARGO_INCREMENTAL=0" "-e" "RUST_BACKTRACE=full" "-e" "RUSTFLAGS=--cap-lints=forbid -Zrandomize-layout" "-e" "RUSTDOCFLAGS=--cap-lints=forbid" "-e" "CARGO_HOME=/opt/rustwide/cargo-home" "-e" "RUSTUP_HOME=/opt/rustwide/rustup-home" "-w" "/opt/rustwide/workdir" "-m" "1610612736" "--user" "0:0" "--network" "none" "ghcr.io/rust-lang/crates-build-env/linux@sha256:4a844ea9eb2546a2d2c7022eacef16ef2e8229c7fbb2c7d4d55a9ceca922f72d" "/opt/rustwide/cargo-home/bin/cargo" "+nightly-2024-10-28" "build" "--frozen" "--message-format=json", kill_on_drop: false }`
[INFO] [stdout] 43a5252fbffced64fe636448e14458238cae94aebd3c15e2c18ceba894e8d103
[INFO] running `Command { std: "docker" "start" "-a" "43a5252fbffced64fe636448e14458238cae94aebd3c15e2c18ceba894e8d103", kill_on_drop: false }`
[INFO] [stderr]    Compiling proc-macro2 v1.0.86
[INFO] [stderr]    Compiling unicode-ident v1.0.6
[INFO] [stderr]    Compiling syn v1.0.107
[INFO] [stderr]    Compiling siphasher v0.3.10
[INFO] [stderr]    Compiling rand_core v0.6.4
[INFO] [stderr]    Compiling serde v1.0.206
[INFO] [stderr]    Compiling memchr v2.5.0
[INFO] [stderr]    Compiling libc v0.2.155
[INFO] [stderr]    Compiling crossbeam-utils v0.8.14
[INFO] [stderr]    Compiling crossbeam-queue v0.3.8
[INFO] [stderr]    Compiling serde_json v1.0.124
[INFO] [stderr]    Compiling cc v1.1.10
[INFO] [stderr]    Compiling itoa v1.0.5
[INFO] [stderr]    Compiling ryu v1.0.12
[INFO] [stderr]    Compiling heed-traits v0.20.0
[INFO] [stderr]    Compiling once_cell v1.19.0
[INFO] [stderr]    Compiling phf_shared v0.11.1
[INFO] [stderr]    Compiling rand v0.8.5
[INFO] [stderr]    Compiling phf_generator v0.11.1
[INFO] [stderr]    Compiling synchronoise v1.0.1
[INFO] [stderr]    Compiling quote v1.0.36
[INFO] [stderr]    Compiling syn v2.0.74
[INFO] [stderr]    Compiling page_size v0.6.0
[INFO] [stderr]    Compiling serde_derive v1.0.206
[INFO] [stderr]    Compiling phf_macros v0.11.1
[INFO] [stderr]    Compiling phf v0.11.1
[INFO] [stderr]    Compiling doxygen-rs v0.4.2
[INFO] [stderr]    Compiling lmdb-master-sys v0.2.4
[INFO] [stderr]    Compiling bincode v1.3.3
[INFO] [stderr]    Compiling bitflags v2.6.0
[INFO] [stderr]    Compiling heed-types v0.20.1
[INFO] [stderr]    Compiling heed v0.20.5 (/opt/rustwide/workdir)
[INFO] [stderr]     Finished `dev` profile [unoptimized + debuginfo] target(s) in 6.62s
[INFO] running `Command { std: "docker" "inspect" "43a5252fbffced64fe636448e14458238cae94aebd3c15e2c18ceba894e8d103", kill_on_drop: false }`
[INFO] running `Command { std: "docker" "rm" "-f" "43a5252fbffced64fe636448e14458238cae94aebd3c15e2c18ceba894e8d103", kill_on_drop: false }`
[INFO] [stdout] 43a5252fbffced64fe636448e14458238cae94aebd3c15e2c18ceba894e8d103
[INFO] running `Command { std: "docker" "create" "-v" "/var/lib/crater-agent-workspace/builds/worker-3-tc2/target:/opt/rustwide/target:rw,Z" "-v" "/var/lib/crater-agent-workspace/builds/worker-3-tc2/source:/opt/rustwide/workdir:ro,Z" "-v" "/var/lib/crater-agent-workspace/cargo-home:/opt/rustwide/cargo-home:ro,Z" "-v" "/var/lib/crater-agent-workspace/rustup-home:/opt/rustwide/rustup-home:ro,Z" "-e" "SOURCE_DIR=/opt/rustwide/workdir" "-e" "CARGO_TARGET_DIR=/opt/rustwide/target" "-e" "CARGO_INCREMENTAL=0" "-e" "RUST_BACKTRACE=full" "-e" "RUSTFLAGS=--cap-lints=forbid -Zrandomize-layout" "-e" "RUSTDOCFLAGS=--cap-lints=forbid" "-e" "CARGO_HOME=/opt/rustwide/cargo-home" "-e" "RUSTUP_HOME=/opt/rustwide/rustup-home" "-w" "/opt/rustwide/workdir" "-m" "1610612736" "--user" "0:0" "--network" "none" "ghcr.io/rust-lang/crates-build-env/linux@sha256:4a844ea9eb2546a2d2c7022eacef16ef2e8229c7fbb2c7d4d55a9ceca922f72d" "/opt/rustwide/cargo-home/bin/cargo" "+nightly-2024-10-28" "test" "--frozen" "--no-run" "--message-format=json", kill_on_drop: false }`
[INFO] [stdout] 14028eda8d432d057c95f10c34ad221bd0725d72f80ef8abb916e3f5ae8f181f
[INFO] running `Command { std: "docker" "start" "-a" "14028eda8d432d057c95f10c34ad221bd0725d72f80ef8abb916e3f5ae8f181f", kill_on_drop: false }`
[INFO] [stderr]    Compiling rustix v0.38.34
[INFO] [stderr]    Compiling fastrand v2.1.0
[INFO] [stderr]    Compiling bitflags v2.6.0
[INFO] [stderr]    Compiling heed v0.20.5 (/opt/rustwide/workdir)
[INFO] [stderr]    Compiling tempfile v3.12.0
[INFO] [stderr]     Finished `test` profile [unoptimized + debuginfo] target(s) in 2.33s
[INFO] running `Command { std: "docker" "inspect" "14028eda8d432d057c95f10c34ad221bd0725d72f80ef8abb916e3f5ae8f181f", kill_on_drop: false }`
[INFO] running `Command { std: "docker" "rm" "-f" "14028eda8d432d057c95f10c34ad221bd0725d72f80ef8abb916e3f5ae8f181f", kill_on_drop: false }`
[INFO] [stdout] 14028eda8d432d057c95f10c34ad221bd0725d72f80ef8abb916e3f5ae8f181f
[INFO] running `Command { std: "docker" "create" "-v" "/var/lib/crater-agent-workspace/builds/worker-3-tc2/target:/opt/rustwide/target:rw,Z" "-v" "/var/lib/crater-agent-workspace/builds/worker-3-tc2/source:/opt/rustwide/workdir:ro,Z" "-v" "/var/lib/crater-agent-workspace/cargo-home:/opt/rustwide/cargo-home:ro,Z" "-v" "/var/lib/crater-agent-workspace/rustup-home:/opt/rustwide/rustup-home:ro,Z" "-e" "SOURCE_DIR=/opt/rustwide/workdir" "-e" "CARGO_TARGET_DIR=/opt/rustwide/target" "-e" "CARGO_INCREMENTAL=0" "-e" "RUST_BACKTRACE=full" "-e" "RUSTFLAGS=--cap-lints=forbid -Zrandomize-layout" "-e" "RUSTDOCFLAGS=--cap-lints=forbid" "-e" "CARGO_HOME=/opt/rustwide/cargo-home" "-e" "RUSTUP_HOME=/opt/rustwide/rustup-home" "-w" "/opt/rustwide/workdir" "-m" "1610612736" "--user" "0:0" "--network" "none" "ghcr.io/rust-lang/crates-build-env/linux@sha256:4a844ea9eb2546a2d2c7022eacef16ef2e8229c7fbb2c7d4d55a9ceca922f72d" "/opt/rustwide/cargo-home/bin/cargo" "+nightly-2024-10-28" "test" "--frozen", kill_on_drop: false }`
[INFO] [stdout] 315621ef332f900fd83a1b32503283dff96c309d8565b2f7228fc93208f90bd9
[INFO] running `Command { std: "docker" "start" "-a" "315621ef332f900fd83a1b32503283dff96c309d8565b2f7228fc93208f90bd9", kill_on_drop: false }`
[INFO] [stderr]     Finished `test` profile [unoptimized + debuginfo] target(s) in 0.03s
[INFO] [stderr]      Running unittests src/lib.rs (/opt/rustwide/target/debug/deps/heed-a5cccdfb1490bba3)
[INFO] [stdout] 
[INFO] [stdout] running 22 tests
[INFO] [stdout] test database::tests::put_overwrite ... ok
[INFO] [stdout] test env::tests::open_database_with_nosubdir ... ok
[INFO] [stdout] test env::tests::max_key_size ... ok
[INFO] [stdout] test env::tests::create_database_without_commit ... ok
[INFO] [stdout] test env::tests::open_env_with_named_path ... ok
[INFO] [stdout] test mdb::lmdb_error::test::test_description ... ok
[INFO] [stdout] test tests::error_is_send_sync ... ok
[INFO] [stdout] test env::tests::reopen_env_with_different_options_is_err ... ok
[INFO] [stdout] test iterator::tests::iter_last ... ok
[INFO] [stdout] test iterator::tests::prefix_iter_last ... ok
[INFO] [stdout] test env::tests::open_database_with_writemap_flag ... ok
[INFO] [stdout] test iterator::tests::range_iter_last ... ok
[INFO] [stdout] test iterator::tests::prefix_iter_last_with_byte_255 ... ok
[INFO] [stdout] test iterator::tests::range_iter_last_with_byte_255 ... ok
[INFO] [stdout] test iterator::tests::rev_prefix_iter_last ... ok
[INFO] [stdout] test iterator::tests::rev_prefix_iter_last_with_byte_255 ... ok
[INFO] [stdout] test iterator::tests::rev_range_iter_last ... ok
[INFO] [stdout] test iterator::tests::rev_range_iter_last_with_byte_255 ... ok
[INFO] [stdout] test env::tests::open_already_existing_database ... ok
[INFO] [stdout] test env::tests::open_read_only_without_no_env_opened_before ... ok
[INFO] [stdout] test env::tests::resize_database ... ok
[INFO] [stdout] test env::tests::close_env ... ok
[INFO] [stdout] 
[INFO] [stdout] test result: ok. 22 passed; 0 failed; 0 ignored; 0 measured; 0 filtered out; finished in 1.00s
[INFO] [stdout] 
[INFO] [stderr]    Doc-tests heed
[INFO] [stdout] 
[INFO] [stdout] running 56 tests
[INFO] [stdout] test src/cookbook.rs - cookbook (line 292) ... FAILED
[INFO] [stdout] test src/database.rs - database::Database<KC,DC,C>::first (line 727) ... ok
[INFO] [stdout] test src/database.rs - database::Database<KC,DC,C>::delete (line 2279) ... ok
[INFO] [stdout] test src/database.rs - database::Database<KC,DC,C>::clear (line 2500) ... ok
[INFO] [stdout] test src/database.rs - database::Database<KC,DC,C>::get_greater_than (line 589) ... ok
[INFO] [stdout] test src/cookbook.rs - cookbook (line 86) ... FAILED
[INFO] [stdout] test src/database.rs - database::Database<KC,DC,C>::get_greater_than_or_equal_to (line 661) ... ok
[INFO] [stdout] test src/cookbook.rs - cookbook (line 148) ... FAILED
[INFO] [stdout] test src/database.rs - database::Database (line 190) ... ok
[INFO] [stdout] test src/database.rs - database::Database<KC,DC,C>::get_duplicates (line 374) ... ok
[INFO] [stdout] test src/cookbook.rs - cookbook (line 370) ... FAILED
[INFO] [stdout] test src/database.rs - database::Database<KC,DC,C>::get (line 309) ... ok
[INFO] [stdout] test src/database.rs - database::Database<KC,DC,C>::delete_range (line 2432) ... ok
[INFO] [stdout] test src/database.rs - database::Database (line 238) ... ok
[INFO] [stdout] test src/database.rs - database::Database<KC,DC,C>::delete_one_duplicate (line 2342) ... ok
[INFO] [stdout] test src/cookbook.rs - cookbook (line 15) ... FAILED
[INFO] [stdout] test src/database.rs - database::Database<KC,DC,C>::get_or_put (line 2004) ... ok
[INFO] [stdout] test src/database.rs - database::Database<KC,DC,C>::get_or_put_with_flags (line 2051) ... ok
[INFO] [stdout] test src/database.rs - database::Database<KC,DC,C>::get_lower_than_or_equal_to (line 516) ... ok
[INFO] [stdout] test src/database.rs - database::Database<KC,DC,C>::get_lower_than (line 447) ... ok
[INFO] [stdout] test src/database.rs - database::Database<KC,DC,C>::last (line 781) ... ok
[INFO] [stdout] test src/database.rs - database::Database<KC,DC,C>::iter (line 980) ... ok
[INFO] [stdout] test src/database.rs - database::Database<KC,DC,C>::get_or_put_reserved_with_flags (line 2186) ... ok
[INFO] [stdout] test src/database.rs - database::Database<KC,DC,C>::iter_mut (line 1022) ... ok
[INFO] [stdout] test src/database.rs - database::Database<KC,DC,C>::get_or_put_reserved (line 2122) ... ok
[INFO] [stdout] test src/database.rs - database::Database<KC,DC,C>::is_empty (line 874) ... ok
[INFO] [stdout] test src/database.rs - database::Database<KC,DC,C>::prefix_iter (line 1534) ... ok
[INFO] [stdout] test src/database.rs - database::Database<KC,DC,C>::len (line 831) ... ok
[INFO] [stdout] test src/database.rs - database::Database<KC,DC,C>::put_reserved (line 1849) ... ok
[INFO] [stdout] test src/database.rs - database::Database<KC,DC,C>::put (line 1793) ... ok
[INFO] [stdout] test src/database.rs - database::Database<KC,DC,C>::prefix_iter_mut (line 1592) ... ok
[INFO] [stdout] test src/database.rs - database::Database<KC,DC,C>::put_with_flags (line 1916) ... ok
[INFO] [stdout] test src/database.rs - database::Database<KC,DC,C>::remap_types (line 2550) ... ok
[INFO] [stdout] test src/database.rs - database::Database<KC,DC,C>::range (line 1186) ... ok
[INFO] [stdout] test src/database.rs - database::Database<KC,DC,C>::range_mut (line 1265) ... ok
[INFO] [stdout] test src/database.rs - database::Database<KC,DC,C>::stat (line 917) ... ok
[INFO] [stdout] test src/database.rs - database::Database<KC,DC,C>::rev_range_mut (line 1439) ... ok
[INFO] [stdout] test src/database.rs - database::Database<KC,DC,C>::rev_iter_mut (line 1125) ... ok
[INFO] [stdout] test src/database.rs - database::Database<KC,DC,C>::rev_prefix_iter_mut (line 1724) ... ok
[INFO] [stdout] test src/database.rs - database::Database<KC,DC,C>::rev_range (line 1360) ... ok
[INFO] [stdout] test src/database.rs - database::Database<KC,DC,C>::rev_iter (line 1081) ... ok
[INFO] [stdout] test src/database.rs - database::Database<KC,DC,C>::rev_prefix_iter (line 1666) ... ok
[INFO] [stdout] test src/env.rs - env::Env::real_disk_size (line 491) ... ok
[INFO] [stdout] test src/env.rs - env::Env::set_flags (line 520) ... FAILED
[INFO] [stdout] test src/lib.rs - lmdb_version (line 113) ... ok
[INFO] [stdout] test src/database.rs - database::DatabaseOpenOptions (line 22) ... ok
[INFO] [stdout] test src/env.rs - env::EnvOpenOptions::flags (line 149) ... FAILED
[INFO] [stdout] test src/lib.rs - (line 31) ... ok
[INFO] [stdout] test src/iterator/iter.rs - iterator::iter::RoIter<'txn,KC,DC,IM>::move_between_keys (line 23) ... ok
[INFO] [stdout] test src/iterator/iter.rs - iterator::iter::RoIter<'txn,KC,DC,IM>::move_through_duplicate_values (line 76) ... ok
[INFO] [stdout] test src/mdb/lmdb_flags.rs - mdb::lmdb_flags::DatabaseFlags::DUP_FIXED (line 220) ... ok
[INFO] [stdout] test src/mdb/lmdb_flags.rs - mdb::lmdb_flags::DatabaseFlags::REVERSE_KEY (line 67) ... ok
[INFO] [stdout] test src/mdb/lmdb_flags.rs - mdb::lmdb_flags::DatabaseFlags::INTEGER_KEY (line 175) ... ok
[INFO] [stdout] test src/mdb/lmdb_flags.rs - mdb::lmdb_flags::DatabaseFlags::INTEGER_DUP (line 280) ... ok
[INFO] [stdout] test src/mdb/lmdb_flags.rs - mdb::lmdb_flags::DatabaseFlags::DUP_SORT (line 114) ... ok
[INFO] [stdout] test src/mdb/lmdb_flags.rs - mdb::lmdb_flags::DatabaseFlags::REVERSE_DUP (line 340) ... ok
[INFO] [stdout] 
[INFO] [stdout] failures:
[INFO] [stdout] 
[INFO] [stdout] ---- src/cookbook.rs - cookbook (line 292) stdout ----
[INFO] [stdout] Test executable failed (exit status: 1).
[INFO] [stdout] 
[INFO] [stdout] stderr:
[INFO] [stdout] Error: Os { code: 30, kind: ReadOnlyFilesystem, message: "Read-only file system" }
[INFO] [stdout] 
[INFO] [stdout] 
[INFO] [stdout] ---- src/cookbook.rs - cookbook (line 86) stdout ----
[INFO] [stdout] Test executable failed (exit status: 1).
[INFO] [stdout] 
[INFO] [stdout] stderr:
[INFO] [stdout] Error: Os { code: 30, kind: ReadOnlyFilesystem, message: "Read-only file system" }
[INFO] [stdout] 
[INFO] [stdout] 
[INFO] [stdout] ---- src/cookbook.rs - cookbook (line 148) stdout ----
[INFO] [stdout] Test executable failed (exit status: 1).
[INFO] [stdout] 
[INFO] [stdout] stderr:
[INFO] [stdout] Error: Os { code: 30, kind: ReadOnlyFilesystem, message: "Read-only file system" }
[INFO] [stdout] 
[INFO] [stdout] 
[INFO] [stdout] ---- src/cookbook.rs - cookbook (line 370) stdout ----
[INFO] [stdout] Test executable failed (exit status: 1).
[INFO] [stdout] 
[INFO] [stdout] stderr:
[INFO] [stdout] Error: Os { code: 30, kind: ReadOnlyFilesystem, message: "Read-only file system" }
[INFO] [stdout] 
[INFO] [stdout] 
[INFO] [stdout] ---- src/cookbook.rs - cookbook (line 15) stdout ----
[INFO] [stdout] Test executable failed (exit status: 1).
[INFO] [stdout] 
[INFO] [stdout] stderr:
[INFO] [stdout] Error: Os { code: 30, kind: ReadOnlyFilesystem, message: "Read-only file system" }
[INFO] [stdout] 
[INFO] [stdout] 
[INFO] [stdout] ---- src/env.rs - env::Env::set_flags (line 520) stdout ----
[INFO] [stdout] Test executable failed (exit status: 1).
[INFO] [stdout] 
[INFO] [stdout] stderr:
[INFO] [stdout] Error: Os { code: 30, kind: ReadOnlyFilesystem, message: "Read-only file system" }
[INFO] [stdout] 
[INFO] [stdout] 
[INFO] [stdout] ---- src/env.rs - env::EnvOpenOptions::flags (line 149) stdout ----
[INFO] [stdout] Test executable failed (exit status: 1).
[INFO] [stdout] 
[INFO] [stdout] stderr:
[INFO] [stdout] Error: Os { code: 30, kind: ReadOnlyFilesystem, message: "Read-only file system" }
[INFO] [stdout] 
[INFO] [stdout] 
[INFO] [stdout] 
[INFO] [stdout] failures:
[INFO] [stdout]     src/cookbook.rs - cookbook (line 148)
[INFO] [stdout]     src/cookbook.rs - cookbook (line 15)
[INFO] [stdout]     src/cookbook.rs - cookbook (line 292)
[INFO] [stdout]     src/cookbook.rs - cookbook (line 370)
[INFO] [stdout]     src/cookbook.rs - cookbook (line 86)
[INFO] [stdout]     src/env.rs - env::Env::set_flags (line 520)
[INFO] [stdout]     src/env.rs - env::EnvOpenOptions::flags (line 149)
[INFO] [stdout] 
[INFO] [stdout] test result: FAILED. 49 passed; 7 failed; 0 ignored; 0 measured; 0 filtered out; finished in 1.45s
[INFO] [stdout] 
[INFO] [stderr] error: doctest failed, to rerun pass `--doc`
[INFO] running `Command { std: "docker" "inspect" "315621ef332f900fd83a1b32503283dff96c309d8565b2f7228fc93208f90bd9", kill_on_drop: false }`
[INFO] running `Command { std: "docker" "rm" "-f" "315621ef332f900fd83a1b32503283dff96c309d8565b2f7228fc93208f90bd9", kill_on_drop: false }`
[INFO] [stdout] 315621ef332f900fd83a1b32503283dff96c309d8565b2f7228fc93208f90bd9
