[INFO] fetching crate hdk 0.5.0-dev.2...
[INFO] testing hdk-0.5.0-dev.2 against nightly-2024-10-28+rustflags=-Zrandomize-layout for randomize-layout
[INFO] extracting crate hdk 0.5.0-dev.2 into /workspace/builds/worker-3-tc2/source
[INFO] validating manifest of crates.io crate hdk 0.5.0-dev.2 on toolchain nightly-2024-10-28
[INFO] running `Command { std: CARGO_HOME="/workspace/cargo-home" RUSTUP_HOME="/workspace/rustup-home" "/workspace/cargo-home/bin/cargo" "+nightly-2024-10-28" "metadata" "--manifest-path" "Cargo.toml" "--no-deps", kill_on_drop: false }`
[INFO] started tweaking crates.io crate hdk 0.5.0-dev.2
[INFO] finished tweaking crates.io crate hdk 0.5.0-dev.2
[INFO] tweaked toml for crates.io crate hdk 0.5.0-dev.2 written to /workspace/builds/worker-3-tc2/source/Cargo.toml
[INFO] running `Command { std: CARGO_HOME="/workspace/cargo-home" RUSTUP_HOME="/workspace/rustup-home" "/workspace/cargo-home/bin/cargo" "+nightly-2024-10-28" "generate-lockfile" "--manifest-path" "Cargo.toml", kill_on_drop: false }`
[INFO] [stderr]     Updating crates.io index
[INFO] [stderr]      Locking 247 packages to latest compatible versions
[INFO] [stderr]       Adding mockall v0.11.4 (available: v0.13.0)
[INFO] [stderr]       Adding serde v1.0.203 (available: v1.0.214)
[INFO] [stderr]       Adding serde_derive v1.0.203 (available: v1.0.214)
[INFO] running `Command { std: CARGO_HOME="/workspace/cargo-home" RUSTUP_HOME="/workspace/rustup-home" "/workspace/cargo-home/bin/cargo" "+nightly-2024-10-28" "fetch" "--manifest-path" "Cargo.toml", kill_on_drop: false }`
[INFO] running `Command { std: "docker" "create" "-v" "/var/lib/crater-agent-workspace/builds/worker-3-tc2/target:/opt/rustwide/target:rw,Z" "-v" "/var/lib/crater-agent-workspace/builds/worker-3-tc2/source:/opt/rustwide/workdir:ro,Z" "-v" "/var/lib/crater-agent-workspace/cargo-home:/opt/rustwide/cargo-home:ro,Z" "-v" "/var/lib/crater-agent-workspace/rustup-home:/opt/rustwide/rustup-home:ro,Z" "-e" "SOURCE_DIR=/opt/rustwide/workdir" "-e" "CARGO_TARGET_DIR=/opt/rustwide/target" "-e" "CARGO_HOME=/opt/rustwide/cargo-home" "-e" "RUSTUP_HOME=/opt/rustwide/rustup-home" "-w" "/opt/rustwide/workdir" "-m" "1610612736" "--user" "0:0" "--network" "none" "ghcr.io/rust-lang/crates-build-env/linux@sha256:4a844ea9eb2546a2d2c7022eacef16ef2e8229c7fbb2c7d4d55a9ceca922f72d" "/opt/rustwide/cargo-home/bin/cargo" "+nightly-2024-10-28" "metadata" "--no-deps" "--format-version=1", kill_on_drop: false }`
[INFO] [stdout] 080b85aeb1dc6d699e2331849b956cf0116259717b68f0acbe19312a078f1403
[INFO] running `Command { std: "docker" "start" "-a" "080b85aeb1dc6d699e2331849b956cf0116259717b68f0acbe19312a078f1403", kill_on_drop: false }`
[INFO] running `Command { std: "docker" "inspect" "080b85aeb1dc6d699e2331849b956cf0116259717b68f0acbe19312a078f1403", kill_on_drop: false }`
[INFO] running `Command { std: "docker" "rm" "-f" "080b85aeb1dc6d699e2331849b956cf0116259717b68f0acbe19312a078f1403", kill_on_drop: false }`
[INFO] [stdout] 080b85aeb1dc6d699e2331849b956cf0116259717b68f0acbe19312a078f1403
[INFO] running `Command { std: "docker" "create" "-v" "/var/lib/crater-agent-workspace/builds/worker-3-tc2/target:/opt/rustwide/target:rw,Z" "-v" "/var/lib/crater-agent-workspace/builds/worker-3-tc2/source:/opt/rustwide/workdir:ro,Z" "-v" "/var/lib/crater-agent-workspace/cargo-home:/opt/rustwide/cargo-home:ro,Z" "-v" "/var/lib/crater-agent-workspace/rustup-home:/opt/rustwide/rustup-home:ro,Z" "-e" "SOURCE_DIR=/opt/rustwide/workdir" "-e" "CARGO_TARGET_DIR=/opt/rustwide/target" "-e" "CARGO_INCREMENTAL=0" "-e" "RUST_BACKTRACE=full" "-e" "RUSTFLAGS=--cap-lints=forbid -Zrandomize-layout" "-e" "RUSTDOCFLAGS=--cap-lints=forbid" "-e" "CARGO_HOME=/opt/rustwide/cargo-home" "-e" "RUSTUP_HOME=/opt/rustwide/rustup-home" "-w" "/opt/rustwide/workdir" "-m" "1610612736" "--user" "0:0" "--network" "none" "ghcr.io/rust-lang/crates-build-env/linux@sha256:4a844ea9eb2546a2d2c7022eacef16ef2e8229c7fbb2c7d4d55a9ceca922f72d" "/opt/rustwide/cargo-home/bin/cargo" "+nightly-2024-10-28" "build" "--frozen" "--message-format=json", kill_on_drop: false }`
[INFO] [stdout] dad9316ab0db2c4f06018ceec14e1c2f103b980bb9a0303cdbc4e294c8891c26
[INFO] running `Command { std: "docker" "start" "-a" "dad9316ab0db2c4f06018ceec14e1c2f103b980bb9a0303cdbc4e294c8891c26", kill_on_drop: false }`
[INFO] [stderr]    Compiling serde v1.0.203
[INFO] [stderr]    Compiling syn v1.0.109
[INFO] [stderr]    Compiling fnv v1.0.7
[INFO] [stderr]    Compiling ident_case v1.0.1
[INFO] [stderr]    Compiling either v1.13.0
[INFO] [stderr]    Compiling paste v1.0.15
[INFO] [stderr]    Compiling num-traits v0.2.19
[INFO] [stderr]    Compiling serde_json v1.0.132
[INFO] [stderr]    Compiling semver v1.0.23
[INFO] [stderr]    Compiling camino v1.1.9
[INFO] [stderr]    Compiling syn v2.0.86
[INFO] [stderr]    Compiling strsim v0.11.1
[INFO] [stderr]    Compiling futures-sink v0.3.31
[INFO] [stderr]    Compiling futures-core v0.3.31
[INFO] [stderr]    Compiling bit-vec v0.6.3
[INFO] [stderr]    Compiling prettyplease v0.2.25
[INFO] [stderr]    Compiling test-fuzz-internal v6.0.0
[INFO] [stderr]    Compiling trilean v1.1.0
[INFO] [stderr]    Compiling lazy_static v1.5.0
[INFO] [stderr]    Compiling futures-channel v0.3.31
[INFO] [stderr]    Compiling convert_case v0.4.0
[INFO] [stderr]    Compiling test-fuzz v6.0.0
[INFO] [stderr]    Compiling colored v2.1.0
[INFO] [stderr]    Compiling dunce v1.0.5
[INFO] [stderr]    Compiling bit-set v0.5.3
[INFO] [stderr]    Compiling itertools v0.13.0
[INFO] [stderr]    Compiling base64 v0.22.1
[INFO] [stderr]    Compiling iana-time-zone v0.1.61
[INFO] [stderr]    Compiling arrayref v0.3.9
[INFO] [stderr]    Compiling constant_time_eq v0.3.1
[INFO] [stderr]    Compiling subtle v2.6.1
[INFO] [stderr]    Compiling arrayvec v0.7.6
[INFO] [stderr]    Compiling proc-macro-error-attr v1.0.4
[INFO] [stderr]    Compiling tracing-core v0.1.32
[INFO] [stderr]    Compiling strsim v0.10.0
[INFO] [stderr]    Compiling itertools v0.8.2
[INFO] [stderr]    Compiling proc-macro-error v1.0.4
[INFO] [stderr]    Compiling bitflags v1.3.2
[INFO] [stderr]    Compiling blake2b_simd v1.0.2
[INFO] [stderr]    Compiling num-integer v0.1.46
[INFO] [stderr]    Compiling rmp v0.8.14
[INFO] [stderr]    Compiling gcollections v1.5.0
[INFO] [stderr]    Compiling intervallum v1.4.1
[INFO] [stderr]    Compiling darling_core v0.14.4
[INFO] [stderr]    Compiling darling_core v0.20.10
[INFO] [stderr]    Compiling holochain_serialized_bytes_derive v0.0.55
[INFO] [stderr]    Compiling shrinkwraprs v0.3.0
[INFO] [stderr]    Compiling serde_derive v1.0.203
[INFO] [stderr]    Compiling thiserror-impl v1.0.66
[INFO] [stderr]    Compiling futures-macro v0.3.31
[INFO] [stderr]    Compiling derive_more v0.99.18
[INFO] [stderr]    Compiling tracing-attributes v0.1.27
[INFO] [stderr]    Compiling darling_macro v0.14.4
[INFO] [stderr]    Compiling darling v0.14.4
[INFO] [stderr]    Compiling futures-util v0.3.31
[INFO] [stderr]    Compiling thiserror v1.0.66
[INFO] [stderr]    Compiling tracing v0.1.40
[INFO] [stderr]    Compiling darling_macro v0.20.10
[INFO] [stderr]    Compiling darling v0.20.10
[INFO] [stderr]    Compiling test-fuzz-macro v6.0.0
[INFO] [stderr]    Compiling futures-executor v0.3.31
[INFO] [stderr]    Compiling futures v0.3.31
[INFO] [stderr]    Compiling holochain_util v0.5.0-dev.0
[INFO] [stderr]    Compiling cargo-platform v0.1.8
[INFO] [stderr]    Compiling bincode v1.3.3
[INFO] [stderr]    Compiling serde_bytes v0.11.15
[INFO] [stderr]    Compiling serde-transcode v1.1.1
[INFO] [stderr]    Compiling rmp-serde v1.3.0
[INFO] [stderr]    Compiling kitsune_p2p_dht_arc v0.5.0-dev.1
[INFO] [stderr]    Compiling holochain_secure_primitive v0.5.0-dev.0
[INFO] [stderr]    Compiling chrono v0.4.38
[INFO] [stderr]    Compiling kitsune_p2p_timestamp v0.5.0-dev.0
[INFO] [stderr]    Compiling kitsune_p2p_bin_data v0.5.0-dev.1
[INFO] [stderr]    Compiling cargo_metadata v0.18.1
[INFO] [stderr]    Compiling holochain_serialized_bytes v0.0.55
[INFO] [stderr]    Compiling holochain_nonce v0.5.0-dev.0
[INFO] [stderr]    Compiling kitsune_p2p_block v0.5.0-dev.1
[INFO] [stderr]    Compiling test-fuzz-runtime v6.0.0
[INFO] [stderr]    Compiling holochain_wasmer_common v0.0.96
[INFO] [stderr]    Compiling holo_hash v0.5.0-dev.1
[INFO] [stderr]    Compiling holochain_wasmer_guest v0.0.96
[INFO] [stderr]    Compiling holochain_integrity_types v0.5.0-dev.1
[INFO] [stderr]    Compiling holochain_zome_types v0.5.0-dev.3
[INFO] [stderr]    Compiling hdk_derive v0.5.0-dev.1
[INFO] [stderr]    Compiling hdi v0.6.0-dev.1
[INFO] [stderr]    Compiling hdk v0.5.0-dev.2 (/opt/rustwide/workdir)
[INFO] [stderr]     Finished `dev` profile [unoptimized + debuginfo] target(s) in 14.61s
[INFO] running `Command { std: "docker" "inspect" "dad9316ab0db2c4f06018ceec14e1c2f103b980bb9a0303cdbc4e294c8891c26", kill_on_drop: false }`
[INFO] running `Command { std: "docker" "rm" "-f" "dad9316ab0db2c4f06018ceec14e1c2f103b980bb9a0303cdbc4e294c8891c26", kill_on_drop: false }`
[INFO] [stdout] dad9316ab0db2c4f06018ceec14e1c2f103b980bb9a0303cdbc4e294c8891c26
[INFO] running `Command { std: "docker" "create" "-v" "/var/lib/crater-agent-workspace/builds/worker-3-tc2/target:/opt/rustwide/target:rw,Z" "-v" "/var/lib/crater-agent-workspace/builds/worker-3-tc2/source:/opt/rustwide/workdir:ro,Z" "-v" "/var/lib/crater-agent-workspace/cargo-home:/opt/rustwide/cargo-home:ro,Z" "-v" "/var/lib/crater-agent-workspace/rustup-home:/opt/rustwide/rustup-home:ro,Z" "-e" "SOURCE_DIR=/opt/rustwide/workdir" "-e" "CARGO_TARGET_DIR=/opt/rustwide/target" "-e" "CARGO_INCREMENTAL=0" "-e" "RUST_BACKTRACE=full" "-e" "RUSTFLAGS=--cap-lints=forbid -Zrandomize-layout" "-e" "RUSTDOCFLAGS=--cap-lints=forbid" "-e" "CARGO_HOME=/opt/rustwide/cargo-home" "-e" "RUSTUP_HOME=/opt/rustwide/rustup-home" "-w" "/opt/rustwide/workdir" "-m" "1610612736" "--user" "0:0" "--network" "none" "ghcr.io/rust-lang/crates-build-env/linux@sha256:4a844ea9eb2546a2d2c7022eacef16ef2e8229c7fbb2c7d4d55a9ceca922f72d" "/opt/rustwide/cargo-home/bin/cargo" "+nightly-2024-10-28" "test" "--frozen" "--no-run" "--message-format=json", kill_on_drop: false }`
[INFO] [stdout] cbc84b84ef4c8facd66b76e994d14889992b6e1dd5f731bd7bee46309f047585
[INFO] running `Command { std: "docker" "start" "-a" "cbc84b84ef4c8facd66b76e994d14889992b6e1dd5f731bd7bee46309f047585", kill_on_drop: false }`
[INFO] [stderr]    Compiling serde_spanned v0.6.8
[INFO] [stderr]    Compiling toml_datetime v0.6.8
[INFO] [stderr]    Compiling target-triple v0.1.3
[INFO] [stderr]    Compiling winnow v0.6.20
[INFO] [stderr]    Compiling termcolor v1.4.1
[INFO] [stderr]    Compiling glob v0.3.1
[INFO] [stderr]    Compiling toml_edit v0.22.22
[INFO] [stderr]    Compiling toml v0.8.19
[INFO] [stderr]    Compiling trybuild v1.0.101
[INFO] [stderr]    Compiling hdk v0.5.0-dev.2 (/opt/rustwide/workdir)
[INFO] [stderr]     Finished `test` profile [unoptimized + debuginfo] target(s) in 4.76s
[INFO] running `Command { std: "docker" "inspect" "cbc84b84ef4c8facd66b76e994d14889992b6e1dd5f731bd7bee46309f047585", kill_on_drop: false }`
[INFO] running `Command { std: "docker" "rm" "-f" "cbc84b84ef4c8facd66b76e994d14889992b6e1dd5f731bd7bee46309f047585", kill_on_drop: false }`
[INFO] [stdout] cbc84b84ef4c8facd66b76e994d14889992b6e1dd5f731bd7bee46309f047585
[INFO] running `Command { std: "docker" "create" "-v" "/var/lib/crater-agent-workspace/builds/worker-3-tc2/target:/opt/rustwide/target:rw,Z" "-v" "/var/lib/crater-agent-workspace/builds/worker-3-tc2/source:/opt/rustwide/workdir:ro,Z" "-v" "/var/lib/crater-agent-workspace/cargo-home:/opt/rustwide/cargo-home:ro,Z" "-v" "/var/lib/crater-agent-workspace/rustup-home:/opt/rustwide/rustup-home:ro,Z" "-e" "SOURCE_DIR=/opt/rustwide/workdir" "-e" "CARGO_TARGET_DIR=/opt/rustwide/target" "-e" "CARGO_INCREMENTAL=0" "-e" "RUST_BACKTRACE=full" "-e" "RUSTFLAGS=--cap-lints=forbid -Zrandomize-layout" "-e" "RUSTDOCFLAGS=--cap-lints=forbid" "-e" "CARGO_HOME=/opt/rustwide/cargo-home" "-e" "RUSTUP_HOME=/opt/rustwide/rustup-home" "-w" "/opt/rustwide/workdir" "-m" "1610612736" "--user" "0:0" "--network" "none" "ghcr.io/rust-lang/crates-build-env/linux@sha256:4a844ea9eb2546a2d2c7022eacef16ef2e8229c7fbb2c7d4d55a9ceca922f72d" "/opt/rustwide/cargo-home/bin/cargo" "+nightly-2024-10-28" "test" "--frozen", kill_on_drop: false }`
[INFO] [stdout] 18d4e1c0e92d109eb795a2327ea273b4c0386d1b808cdebad3278fabe35f3a82
[INFO] running `Command { std: "docker" "start" "-a" "18d4e1c0e92d109eb795a2327ea273b4c0386d1b808cdebad3278fabe35f3a82", kill_on_drop: false }`
[INFO] [stderr]     Finished `test` profile [unoptimized + debuginfo] target(s) in 0.11s
[INFO] [stderr]      Running unittests src/lib.rs (/opt/rustwide/target/debug/deps/hdk-e46de6426c01d18b)
[INFO] [stdout] 
[INFO] [stdout] running 1 test
[INFO] [stdout] test hash_path::anchor::hash_path_anchor_from_path ... ok
[INFO] [stdout] 
[INFO] [stdout] test result: ok. 1 passed; 0 failed; 0 ignored; 0 measured; 0 filtered out; finished in 0.00s
[INFO] [stdout] 
[INFO] [stderr]      Running tests/integration.rs (/opt/rustwide/target/debug/deps/integration-a1eff9e1736838a7)
[INFO] [stdout] 
[INFO] [stdout] running 2 tests
[INFO] [stdout] test tests::macros::macros ... ignored, this is a long-running test that slows down ci - execute this manually
[INFO] [stderr]    Compiling proc-macro2 v1.0.89
[INFO] [stderr]    Compiling unicode-ident v1.0.13
[INFO] [stderr]    Compiling autocfg v1.4.0
[INFO] [stderr]    Compiling serde v1.0.203
[INFO] [stderr]    Compiling version_check v0.9.5
[INFO] [stderr]    Compiling typenum v1.17.0
[INFO] [stderr]    Compiling serde_json v1.0.132
[INFO] [stderr]    Compiling thiserror v1.0.66
[INFO] [stderr]    Compiling semver v1.0.23
[INFO] [stderr]    Compiling syn v1.0.109
[INFO] [stderr]    Compiling camino v1.1.9
[INFO] [stderr]    Compiling paste v1.0.15
[INFO] [stderr]    Compiling fnv v1.0.7
[INFO] [stderr]    Compiling ident_case v1.0.1
[INFO] [stderr]    Compiling either v1.13.0
[INFO] [stderr]     Checking memchr v2.7.4
[INFO] [stderr]    Compiling test-fuzz-internal v6.0.0
[INFO] [stderr]    Compiling strsim v0.11.1
[INFO] [stderr]     Checking cfg-if v1.0.0
[INFO] [stderr]    Compiling prettyplease v0.2.25
[INFO] [stderr]    Compiling once_cell v1.20.2
[INFO] [stderr]    Compiling test-fuzz v6.0.0
[INFO] [stderr]    Compiling itertools v0.13.0
[INFO] [stderr]     Checking hashbrown v0.15.0
[INFO] [stderr]     Checking equivalent v1.0.1
[INFO] [stderr]    Compiling heck v0.5.0
[INFO] [stderr]    Compiling convert_case v0.4.0
[INFO] [stderr]     Checking ryu v1.0.18
[INFO] [stderr]     Checking itoa v1.0.11
[INFO] [stderr]     Checking pin-project-lite v0.2.15
[INFO] [stderr]    Compiling generic-array v0.14.7
[INFO] [stderr]     Checking futures-sink v0.3.31
[INFO] [stderr]     Checking futures-core v0.3.31
[INFO] [stderr]     Checking futures-io v0.3.31
[INFO] [stderr]     Checking futures-task v0.3.31
[INFO] [stderr]     Checking futures-channel v0.3.31
[INFO] [stderr]    Compiling num-traits v0.2.19
[INFO] [stderr]    Compiling slab v0.4.9
[INFO] [stderr]     Checking bit-vec v0.6.3
[INFO] [stderr]     Checking pin-utils v0.1.0
[INFO] [stderr]    Compiling quote v1.0.37
[INFO] [stderr]     Checking indexmap v2.6.0
[INFO] [stderr]     Checking cpufeatures v0.2.14
[INFO] [stderr]     Checking bit-set v0.5.3
[INFO] [stderr]    Compiling libc v0.2.161
[INFO] [stderr]     Checking byteorder v1.5.0
[INFO] [stderr]    Compiling syn v2.0.86
[INFO] [stderr]     Checking trilean v1.1.0
[INFO] [stderr]     Checking lazy_static v1.5.0
[INFO] [stderr]     Checking hex v0.4.3
[INFO] [stderr]     Checking colored v2.1.0
[INFO] [stderr]     Checking iana-time-zone v0.1.61
[INFO] [stderr]     Checking dunce v1.0.5
[INFO] [stderr]     Checking base64 v0.22.1
[INFO] [stderr]     Checking tracing-core v0.1.32
[INFO] [stderr]    Compiling lock_api v0.4.12
[INFO] [stderr]    Compiling proc-macro-error-attr v1.0.4
[INFO] [stderr]    Compiling constant_time_eq v0.3.1
[INFO] [stderr]     Checking num-integer v0.1.46
[INFO] [stderr]     Checking rmp v0.8.14
[INFO] [stderr]    Compiling parking_lot_core v0.9.10
[INFO] [stderr]    Compiling arrayref v0.3.9
[INFO] [stderr]    Compiling arrayvec v0.7.6
[INFO] [stderr]     Checking subtle v2.6.1
[INFO] [stderr]    Compiling strsim v0.10.0
[INFO] [stderr]     Checking block-buffer v0.10.4
[INFO] [stderr]     Checking crypto-common v0.1.6
[INFO] [stderr]     Checking gcollections v1.5.0
[INFO] [stderr]    Compiling blake2b_simd v1.0.2
[INFO] [stderr]    Compiling proc-macro-error v1.0.4
[INFO] [stderr]    Compiling itertools v0.8.2
[INFO] [stderr]     Checking scopeguard v1.2.0
[INFO] [stderr]     Checking digest v0.10.7
[INFO] [stderr]    Compiling bitflags v1.3.2
[INFO] [stderr]     Checking smallvec v1.13.2
[INFO] [stderr]     Checking sha1 v0.10.6
[INFO] [stderr]     Checking intervallum v1.4.1
[INFO] [stderr]     Checking getrandom v0.2.15
[INFO] [stderr]     Checking parking_lot v0.12.3
[INFO] [stderr]    Compiling darling_core v0.14.4
[INFO] [stderr]    Compiling darling_core v0.20.10
[INFO] [stderr]    Compiling holochain_serialized_bytes_derive v0.0.55
[INFO] [stderr]    Compiling shrinkwraprs v0.3.0
[INFO] [stderr]    Compiling serde_derive v1.0.203
[INFO] [stderr]    Compiling thiserror-impl v1.0.66
[INFO] [stderr]    Compiling futures-macro v0.3.31
[INFO] [stderr]    Compiling derive_more v0.99.18
[INFO] [stderr]    Compiling tracing-attributes v0.1.27
[INFO] [stderr]    Compiling darling_macro v0.14.4
[INFO] [stderr]    Compiling darling v0.14.4
[INFO] [stderr]     Checking futures-util v0.3.31
[INFO] [stderr]     Checking tracing v0.1.40
[INFO] [stderr]    Compiling darling_macro v0.20.10
[INFO] [stderr]    Compiling darling v0.20.10
[INFO] [stderr]    Compiling test-fuzz-macro v6.0.0
[INFO] [stderr]     Checking futures-executor v0.3.31
[INFO] [stderr]     Checking futures v0.3.31
[INFO] [stderr]     Checking holochain_util v0.5.0-dev.0
[INFO] [stderr]     Checking cargo-platform v0.1.8
[INFO] [stderr]     Checking bincode v1.3.3
[INFO] [stderr]     Checking serde_bytes v0.11.15
[INFO] [stderr]     Checking serde-transcode v1.1.1
[INFO] [stderr]     Checking rmp-serde v1.3.0
[INFO] [stderr]     Checking chrono v0.4.38
[INFO] [stderr]     Checking kitsune_p2p_dht_arc v0.5.0-dev.1
[INFO] [stderr]     Checking holochain_secure_primitive v0.5.0-dev.0
[INFO] [stderr]     Checking kitsune_p2p_bin_data v0.5.0-dev.1
[INFO] [stderr]    Compiling kitsune_p2p_timestamp v0.5.0-dev.0
[INFO] [stderr]     Checking cargo_metadata v0.18.1
[INFO] [stderr]     Checking holochain_serialized_bytes v0.0.55
[INFO] [stderr]     Checking holochain_nonce v0.5.0-dev.0
[INFO] [stderr]     Checking kitsune_p2p_block v0.5.0-dev.1
[INFO] [stderr]     Checking test-fuzz-runtime v6.0.0
[INFO] [stderr]     Checking holochain_wasmer_common v0.0.96
[INFO] [stderr]     Checking holo_hash v0.5.0-dev.1
[INFO] [stderr]     Checking holochain_wasmer_guest v0.0.96
[INFO] [stderr]     Checking holochain_integrity_types v0.5.0-dev.1
[INFO] [stderr]     Checking holochain_zome_types v0.5.0-dev.3
[INFO] [stderr]    Compiling hdk_derive v0.5.0-dev.1
[INFO] [stderr]     Checking hdi v0.6.0-dev.1
[INFO] [stderr]     Checking hdk v0.5.0-dev.2 (/opt/rustwide/workdir)
[INFO] [stderr]     Checking hdk-tests v0.0.0 (/opt/rustwide/target/tests/trybuild/hdk)
[INFO] [stderr]     Finished `dev` profile [unoptimized + debuginfo] target(s) in 20.69s
[INFO] [stderr] 
[INFO] [stderr] 
[INFO] [stderr] There are no trybuild tests enabled yet.
[INFO] [stderr] 
[INFO] [stderr] 
[INFO] [stdout] test tests::samples::samples ... ok
[INFO] [stdout] 
[INFO] [stdout] test result: ok. 1 passed; 0 failed; 1 ignored; 0 measured; 0 filtered out; finished in 20.94s
[INFO] [stdout] 
[INFO] [stderr]    Doc-tests hdk
[INFO] [stdout] 
[INFO] [stdout] running 21 tests
[INFO] [stdout] test src/entry.rs - entry::create_entry (line 62) ... ignored
[INFO] [stdout] test src/entry.rs - entry::delete_entry (line 101) ... ignored
[INFO] [stdout] test src/entry.rs - entry::delete_entry (line 115) ... ignored
[INFO] [stdout] test src/entry.rs - entry::entry_type (line 321) ... ignored
[INFO] [stdout] test src/entry.rs - entry::entry_type (line 326) ... ignored
[INFO] [stdout] test src/entry.rs - entry::update_entry (line 141) ... ignored
[INFO] [stdout] test src/hdk.rs - hdk::HdkT (line 18) ... ignored
[INFO] [stdout] test src/info.rs - info::agent_info (line 7) ... ignored
[INFO] [stdout] test src/info.rs - info::call_info (line 23) ... ignored
[INFO] [stdout] test src/lib.rs - (line 111) ... ignored
[INFO] [stdout] test src/lib.rs - (line 86) ... ignored
[INFO] [stdout] test src/map_extern.rs - map_extern::map_extern (line 18) ... ignored
[INFO] [stdout] test src/p2p.rs - p2p::call_remote (line 67) ... ignored
[INFO] [stdout] test src/p2p.rs - p2p::send_remote_signal (line 136) ... ignored
[INFO] [stdout] test src/random.rs - random::random_bytes (line 5) ... ignored
[INFO] [stdout] test src/time.rs - time::schedule (line 111) ... ignored
[INFO] [stdout] test src/time.rs - time::sys_time (line 7) ... ignored
[INFO] [stdout] test src/link/builder.rs - link::builder::GetLinksInputBuilder (line 37) - compile ... ok
[INFO] [stdout] test src/link/builder.rs - link::builder::GetLinksInputBuilder (line 9) - compile ... ok
[INFO] [stdout] test src/link/builder.rs - link::builder::GetLinksInputBuilder (line 20) - compile ... ok
[INFO] [stdout] test src/validation_receipt.rs - validation_receipt::get_validation_receipts (line 17) - compile ... FAILED
[INFO] [stdout] 
[INFO] [stdout] failures:
[INFO] [stdout] 
[INFO] [stdout] ---- src/validation_receipt.rs - validation_receipt::get_validation_receipts (line 17) stdout ----
[INFO] [stdout] error[E0412]: cannot find type `ExternResult` in this scope
[INFO] [stdout]  --> src/validation_receipt.rs:23:1
[INFO] [stdout]   |
[INFO] [stdout] 9 | #[hdk_entry_types]
[INFO] [stdout]   | ^^^^^^^^^^^^^^^^^^ not found in this scope
[INFO] [stdout]   |
[INFO] [stdout]   = help: consider importing one of these type aliases:
[INFO] [stdout]           hdi::prelude::ExternResult
[INFO] [stdout]           hdk::prelude::ExternResult
[INFO] [stdout]   = note: this error originates in the attribute macro `hdk_derive::hdk_entry_types_name_registration` (in Nightly builds, run with -Z macro-backtrace for more info)
[INFO] [stdout] 
[INFO] [stdout] error[E0412]: cannot find type `EntryDefsCallbackResult` in this scope
[INFO] [stdout]  --> src/validation_receipt.rs:23:1
[INFO] [stdout]   |
[INFO] [stdout] 9 | #[hdk_entry_types]
[INFO] [stdout]   | ^^^^^^^^^^^^^^^^^^ not found in this scope
[INFO] [stdout]   |
[INFO] [stdout]   = help: consider importing one of these enums:
[INFO] [stdout]           hdi::prelude::EntryDefsCallbackResult
[INFO] [stdout]           hdk::prelude::EntryDefsCallbackResult
[INFO] [stdout]           holochain_zome_types::prelude::EntryDefsCallbackResult
[INFO] [stdout]   = note: this error originates in the attribute macro `hdk_derive::hdk_entry_types_name_registration` (in Nightly builds, run with -Z macro-backtrace for more info)
[INFO] [stdout] 
[INFO] [stdout] error[E0425]: cannot find function `entry_defs` in module `super`
[INFO] [stdout]  --> src/validation_receipt.rs:23:1
[INFO] [stdout]   |
[INFO] [stdout] 9 | #[hdk_entry_types]
[INFO] [stdout]   | ^^^^^^^^^^^^^^^^^^ not found in `super`
[INFO] [stdout]   |
[INFO] [stdout]   = note: this error originates in the attribute macro `hdk_derive::hdk_entry_types_name_registration` (in Nightly builds, run with -Z macro-backtrace for more info)
[INFO] [stdout] 
[INFO] [stdout] error[E0412]: cannot find type `ExternResult` in this scope
[INFO] [stdout]   --> src/validation_receipt.rs:35:25
[INFO] [stdout]    |
[INFO] [stdout] 21 | fn create_and_list() -> ExternResult<()> {
[INFO] [stdout]    |                         ^^^^^^^^^^^^ not found in this scope
[INFO] [stdout]    |
[INFO] [stdout]    = help: consider importing one of these type aliases:
[INFO] [stdout]            hdi::prelude::ExternResult
[INFO] [stdout]            hdk::prelude::ExternResult
[INFO] [stdout] 
[INFO] [stdout] error[E0425]: cannot find function `create_and_list` in module `super`
[INFO] [stdout]   --> src/validation_receipt.rs:35:4
[INFO] [stdout]    |
[INFO] [stdout] 21 | fn create_and_list() -> ExternResult<()> {
[INFO] [stdout]    |    ^^^^^^^^^^^^^^^ not found in `super`
[INFO] [stdout] 
[INFO] [stdout] error: aborting due to 5 previous errors
[INFO] [stdout] 
[INFO] [stdout] Some errors have detailed explanations: E0412, E0425.
[INFO] [stdout] For more information about an error, try `rustc --explain E0412`.
[INFO] [stdout] Couldn't compile the test.
[INFO] [stdout] 
[INFO] [stdout] failures:
[INFO] [stdout]     src/validation_receipt.rs - validation_receipt::get_validation_receipts (line 17)
[INFO] [stdout] 
[INFO] [stdout] test result: FAILED. 3 passed; 1 failed; 17 ignored; 0 measured; 0 filtered out; finished in 0.35s
[INFO] [stdout] 
[INFO] [stderr] error: doctest failed, to rerun pass `--doc`
[INFO] running `Command { std: "docker" "inspect" "18d4e1c0e92d109eb795a2327ea273b4c0386d1b808cdebad3278fabe35f3a82", kill_on_drop: false }`
[INFO] running `Command { std: "docker" "rm" "-f" "18d4e1c0e92d109eb795a2327ea273b4c0386d1b808cdebad3278fabe35f3a82", kill_on_drop: false }`
[INFO] [stdout] 18d4e1c0e92d109eb795a2327ea273b4c0386d1b808cdebad3278fabe35f3a82
