[INFO] fetching crate hdf5-previewer 0.0.3...
[INFO] testing hdf5-previewer-0.0.3 against nightly-2024-10-28 for randomize-layout
[INFO] extracting crate hdf5-previewer 0.0.3 into /workspace/builds/worker-7-tc1/source
[INFO] validating manifest of crates.io crate hdf5-previewer 0.0.3 on toolchain nightly-2024-10-28
[INFO] running `Command { std: CARGO_HOME="/workspace/cargo-home" RUSTUP_HOME="/workspace/rustup-home" "/workspace/cargo-home/bin/cargo" "+nightly-2024-10-28" "metadata" "--manifest-path" "Cargo.toml" "--no-deps", kill_on_drop: false }`
[INFO] started tweaking crates.io crate hdf5-previewer 0.0.3
[INFO] finished tweaking crates.io crate hdf5-previewer 0.0.3
[INFO] tweaked toml for crates.io crate hdf5-previewer 0.0.3 written to /workspace/builds/worker-7-tc1/source/Cargo.toml
[INFO] crate crates.io crate hdf5-previewer 0.0.3 already has a lockfile, it will not be regenerated
[INFO] running `Command { std: CARGO_HOME="/workspace/cargo-home" RUSTUP_HOME="/workspace/rustup-home" "/workspace/cargo-home/bin/cargo" "+nightly-2024-10-28" "fetch" "--manifest-path" "Cargo.toml", kill_on_drop: false }`
[INFO] [stderr]     Blocking waiting for file lock on package cache
[INFO] [stderr]     Updating crates.io index
[INFO] [stderr]  Downloading crates ...
[INFO] [stderr]   Downloaded color-backtrace v0.6.1
[INFO] [stderr]   Downloaded hdf5-metno v0.9.2
[INFO] [stderr]   Downloaded ndarray v0.16.1
[INFO] running `Command { std: "docker" "create" "-v" "/var/lib/crater-agent-workspace/builds/worker-7-tc1/target:/opt/rustwide/target:rw,Z" "-v" "/var/lib/crater-agent-workspace/builds/worker-7-tc1/source:/opt/rustwide/workdir:ro,Z" "-v" "/var/lib/crater-agent-workspace/cargo-home:/opt/rustwide/cargo-home:ro,Z" "-v" "/var/lib/crater-agent-workspace/rustup-home:/opt/rustwide/rustup-home:ro,Z" "-e" "SOURCE_DIR=/opt/rustwide/workdir" "-e" "CARGO_TARGET_DIR=/opt/rustwide/target" "-e" "CARGO_HOME=/opt/rustwide/cargo-home" "-e" "RUSTUP_HOME=/opt/rustwide/rustup-home" "-w" "/opt/rustwide/workdir" "-m" "1610612736" "--user" "0:0" "--network" "none" "ghcr.io/rust-lang/crates-build-env/linux@sha256:4a844ea9eb2546a2d2c7022eacef16ef2e8229c7fbb2c7d4d55a9ceca922f72d" "/opt/rustwide/cargo-home/bin/cargo" "+nightly-2024-10-28" "metadata" "--no-deps" "--format-version=1", kill_on_drop: false }`
[INFO] [stdout] 5c54c304a212a35135eba1ebe7203ff32da65418339629cfcb750a60901414f6
[INFO] running `Command { std: "docker" "start" "-a" "5c54c304a212a35135eba1ebe7203ff32da65418339629cfcb750a60901414f6", kill_on_drop: false }`
[INFO] running `Command { std: "docker" "inspect" "5c54c304a212a35135eba1ebe7203ff32da65418339629cfcb750a60901414f6", kill_on_drop: false }`
[INFO] running `Command { std: "docker" "rm" "-f" "5c54c304a212a35135eba1ebe7203ff32da65418339629cfcb750a60901414f6", kill_on_drop: false }`
[INFO] [stdout] 5c54c304a212a35135eba1ebe7203ff32da65418339629cfcb750a60901414f6
[INFO] running `Command { std: "docker" "create" "-v" "/var/lib/crater-agent-workspace/builds/worker-7-tc1/target:/opt/rustwide/target:rw,Z" "-v" "/var/lib/crater-agent-workspace/builds/worker-7-tc1/source:/opt/rustwide/workdir:ro,Z" "-v" "/var/lib/crater-agent-workspace/cargo-home:/opt/rustwide/cargo-home:ro,Z" "-v" "/var/lib/crater-agent-workspace/rustup-home:/opt/rustwide/rustup-home:ro,Z" "-e" "SOURCE_DIR=/opt/rustwide/workdir" "-e" "CARGO_TARGET_DIR=/opt/rustwide/target" "-e" "CARGO_INCREMENTAL=0" "-e" "RUST_BACKTRACE=full" "-e" "RUSTFLAGS=--cap-lints=forbid" "-e" "RUSTDOCFLAGS=--cap-lints=forbid" "-e" "CARGO_HOME=/opt/rustwide/cargo-home" "-e" "RUSTUP_HOME=/opt/rustwide/rustup-home" "-w" "/opt/rustwide/workdir" "-m" "1610612736" "--user" "0:0" "--network" "none" "ghcr.io/rust-lang/crates-build-env/linux@sha256:4a844ea9eb2546a2d2c7022eacef16ef2e8229c7fbb2c7d4d55a9ceca922f72d" "/opt/rustwide/cargo-home/bin/cargo" "+nightly-2024-10-28" "build" "--frozen" "--message-format=json", kill_on_drop: false }`
[INFO] [stdout] 3788e0fb7a99a3daeae5e8363674871cb290425983a9e0a64c53263230dc977c
[INFO] running `Command { std: "docker" "start" "-a" "3788e0fb7a99a3daeae5e8363674871cb290425983a9e0a64c53263230dc977c", kill_on_drop: false }`
[INFO] [stderr]    Compiling memchr v2.7.4
[INFO] [stderr]    Compiling regex-syntax v0.8.4
[INFO] [stderr]    Compiling pkg-config v0.3.30
[INFO] [stderr]    Compiling libc v0.2.158
[INFO] [stderr]    Compiling num-traits v0.2.19
[INFO] [stderr]    Compiling matrixmultiply v0.3.9
[INFO] [stderr]    Compiling rawpointer v0.2.1
[INFO] [stderr]    Compiling libloading v0.8.5
[INFO] [stderr]    Compiling proc-macro-error v1.0.4
[INFO] [stderr]    Compiling paste v1.0.15
[INFO] [stderr]    Compiling hdf5-metno-types v0.9.0
[INFO] [stderr]    Compiling hdf5-metno v0.9.2
[INFO] [stderr]    Compiling proc-macro-error-attr v1.0.4
[INFO] [stderr]    Compiling syn v2.0.77
[INFO] [stderr]    Compiling bitflags v2.6.0
[INFO] [stderr]    Compiling lazy_static v1.5.0
[INFO] [stderr]    Compiling glob v0.3.1
[INFO] [stderr]    Compiling aho-corasick v1.1.3
[INFO] [stderr]    Compiling parking_lot_core v0.9.10
[INFO] [stderr]    Compiling num-integer v0.1.46
[INFO] [stderr]    Compiling num-complex v0.4.6
[INFO] [stderr]    Compiling parking_lot v0.12.3
[INFO] [stderr]    Compiling regex-automata v0.4.7
[INFO] [stderr]    Compiling ndarray v0.16.1
[INFO] [stderr]    Compiling hdf5-metno-derive v0.9.0
[INFO] [stderr]    Compiling regex v1.10.6
[INFO] [stderr]    Compiling env_filter v0.1.2
[INFO] [stderr]    Compiling env_logger v0.11.5
[INFO] [stderr]    Compiling hdf5-metno-sys v0.9.1
[INFO] [stderr]    Compiling hdf5-previewer v0.0.3 (/opt/rustwide/workdir)
[INFO] [stderr]     Finished `dev` profile [unoptimized + debuginfo] target(s) in 9.95s
[INFO] running `Command { std: "docker" "inspect" "3788e0fb7a99a3daeae5e8363674871cb290425983a9e0a64c53263230dc977c", kill_on_drop: false }`
[INFO] running `Command { std: "docker" "rm" "-f" "3788e0fb7a99a3daeae5e8363674871cb290425983a9e0a64c53263230dc977c", kill_on_drop: false }`
[INFO] [stdout] 3788e0fb7a99a3daeae5e8363674871cb290425983a9e0a64c53263230dc977c
[INFO] running `Command { std: "docker" "create" "-v" "/var/lib/crater-agent-workspace/builds/worker-7-tc1/target:/opt/rustwide/target:rw,Z" "-v" "/var/lib/crater-agent-workspace/builds/worker-7-tc1/source:/opt/rustwide/workdir:ro,Z" "-v" "/var/lib/crater-agent-workspace/cargo-home:/opt/rustwide/cargo-home:ro,Z" "-v" "/var/lib/crater-agent-workspace/rustup-home:/opt/rustwide/rustup-home:ro,Z" "-e" "SOURCE_DIR=/opt/rustwide/workdir" "-e" "CARGO_TARGET_DIR=/opt/rustwide/target" "-e" "CARGO_INCREMENTAL=0" "-e" "RUST_BACKTRACE=full" "-e" "RUSTFLAGS=--cap-lints=forbid" "-e" "RUSTDOCFLAGS=--cap-lints=forbid" "-e" "CARGO_HOME=/opt/rustwide/cargo-home" "-e" "RUSTUP_HOME=/opt/rustwide/rustup-home" "-w" "/opt/rustwide/workdir" "-m" "1610612736" "--user" "0:0" "--network" "none" "ghcr.io/rust-lang/crates-build-env/linux@sha256:4a844ea9eb2546a2d2c7022eacef16ef2e8229c7fbb2c7d4d55a9ceca922f72d" "/opt/rustwide/cargo-home/bin/cargo" "+nightly-2024-10-28" "test" "--frozen" "--no-run" "--message-format=json", kill_on_drop: false }`
[INFO] [stdout] b26bbebbcd386e3ae1c14d89266927fa400a4a3edafa8d89989c9893d9a55b5f
[INFO] running `Command { std: "docker" "start" "-a" "b26bbebbcd386e3ae1c14d89266927fa400a4a3edafa8d89989c9893d9a55b5f", kill_on_drop: false }`
[INFO] [stderr]    Compiling adler2 v2.0.0
[INFO] [stderr]    Compiling gimli v0.31.0
[INFO] [stderr]    Compiling object v0.36.4
[INFO] [stderr]    Compiling termcolor v1.4.1
[INFO] [stderr]    Compiling ctor v0.2.8
[INFO] [stderr]    Compiling hdf5-metno-derive v0.9.0
[INFO] [stderr]    Compiling miniz_oxide v0.8.0
[INFO] [stderr]    Compiling hdf5-metno v0.9.2
[INFO] [stderr]    Compiling addr2line v0.24.1
[INFO] [stderr]    Compiling backtrace v0.3.74
[INFO] [stderr]    Compiling color-backtrace v0.6.1
[INFO] [stderr]    Compiling hdf5-previewer v0.0.3 (/opt/rustwide/workdir)
[INFO] [stderr]     Finished `test` profile [unoptimized + debuginfo] target(s) in 5.81s
[INFO] running `Command { std: "docker" "inspect" "b26bbebbcd386e3ae1c14d89266927fa400a4a3edafa8d89989c9893d9a55b5f", kill_on_drop: false }`
[INFO] running `Command { std: "docker" "rm" "-f" "b26bbebbcd386e3ae1c14d89266927fa400a4a3edafa8d89989c9893d9a55b5f", kill_on_drop: false }`
[INFO] [stdout] b26bbebbcd386e3ae1c14d89266927fa400a4a3edafa8d89989c9893d9a55b5f
[INFO] running `Command { std: "docker" "create" "-v" "/var/lib/crater-agent-workspace/builds/worker-7-tc1/target:/opt/rustwide/target:rw,Z" "-v" "/var/lib/crater-agent-workspace/builds/worker-7-tc1/source:/opt/rustwide/workdir:ro,Z" "-v" "/var/lib/crater-agent-workspace/cargo-home:/opt/rustwide/cargo-home:ro,Z" "-v" "/var/lib/crater-agent-workspace/rustup-home:/opt/rustwide/rustup-home:ro,Z" "-e" "SOURCE_DIR=/opt/rustwide/workdir" "-e" "CARGO_TARGET_DIR=/opt/rustwide/target" "-e" "CARGO_INCREMENTAL=0" "-e" "RUST_BACKTRACE=full" "-e" "RUSTFLAGS=--cap-lints=forbid" "-e" "RUSTDOCFLAGS=--cap-lints=forbid" "-e" "CARGO_HOME=/opt/rustwide/cargo-home" "-e" "RUSTUP_HOME=/opt/rustwide/rustup-home" "-w" "/opt/rustwide/workdir" "-m" "1610612736" "--user" "0:0" "--network" "none" "ghcr.io/rust-lang/crates-build-env/linux@sha256:4a844ea9eb2546a2d2c7022eacef16ef2e8229c7fbb2c7d4d55a9ceca922f72d" "/opt/rustwide/cargo-home/bin/cargo" "+nightly-2024-10-28" "test" "--frozen", kill_on_drop: false }`
[INFO] [stdout] ba03b7e95529722bc3dbe4038354dc7c792348a36988a90e88f1b391935ca745
[INFO] running `Command { std: "docker" "start" "-a" "ba03b7e95529722bc3dbe4038354dc7c792348a36988a90e88f1b391935ca745", kill_on_drop: false }`
[INFO] [stderr]     Finished `test` profile [unoptimized + debuginfo] target(s) in 0.14s
[INFO] [stderr]      Running unittests src/main.rs (/opt/rustwide/target/debug/deps/hdf5_previewer-ee17a425c8989595)
[INFO] [stdout] 
[INFO] [stdout] running 2 tests
[INFO] [stderr] The application panicked (crashed).
[INFO] [stderr] Message:  assertion failed: false
[INFO] [stderr] Location: src/hdf5_previewer.rs:123
[INFO] [stderr] 
[INFO] [stderr] Run with COLORBT_SHOW_HIDDEN=1 environment variable to disable frame filtering.
[INFO] [stderr] ━━━━━━━━━━━━━━━━━━━━━━━━━━━━━━━━━━ BACKTRACE ━━━━━━━━━━━━━━━━━━━━━━━━━━━━━━━━━━━
[INFO] [stderr]                               ⋮ 10 frames hidden ⋮                              
[INFO] [stderr] 11: core::panicking::panic::h993086813d94accc
[INFO] [stderr]     at /rustc/df4ca44d3fbc9301ee17f30f4d474e6ae4b05252/library/core/src/panicking.rs:152
[INFO] [stderr] 12: hdf5_previewer::hdf5_previewer::tests::test_read_hdf5_runs::h0e39a44f96b8c240
[INFO] [stderr]     at /opt/rustwide/workdir/src/hdf5_previewer.rs:123
[INFO] [stderr]      121 │             Err(e) => {
[INFO] [stderr]      122 │                 println!("Error: {:?}", e);
[INFO] [stderr]      123 >                 assert!(false);
[INFO] [stderr]      124 │             }
[INFO] [stderr]      125 │         }
[INFO] [stderr] 13: hdf5_previewer::hdf5_previewer::tests::test_read_hdf5_runs::{{closure}}::hbc14d38bbe2d2d18
[INFO] [stderr]     at /opt/rustwide/workdir/src/hdf5_previewer.rs:115
[INFO] [stderr]      113 │ 
[INFO] [stderr]      114 │     #[test]
[INFO] [stderr]      115 >     fn test_read_hdf5_runs() {
[INFO] [stderr]      116 │         let filename = get_sample_drf_hdf5();
[INFO] [stderr]      117 │         let file = cli::read_hdf5(&filename);
[INFO] [stderr] 14: core::ops::function::FnOnce::call_once::hffb15569d57f3274
[INFO] [stderr]     at /rustc/df4ca44d3fbc9301ee17f30f4d474e6ae4b05252/library/core/src/ops/function.rs:250
[INFO] [stderr] 15: core::ops::function::FnOnce::call_once::h22c3ba5715e93f05
[INFO] [stderr]     at /rustc/df4ca44d3fbc9301ee17f30f4d474e6ae4b05252/library/core/src/ops/function.rs:250
[INFO] [stderr] 16: test::__rust_begin_short_backtrace::h8e82d8113d0da17f
[INFO] [stderr]     at /rustc/df4ca44d3fbc9301ee17f30f4d474e6ae4b05252/library/test/src/lib.rs:621
[INFO] [stderr] 17: test::run_test_in_process::{{closure}}::h33235f4f20b7b7c7
[INFO] [stderr]     at /rustc/df4ca44d3fbc9301ee17f30f4d474e6ae4b05252/library/test/src/lib.rs:644
[INFO] [stderr] 18: <core::panic::unwind_safe::AssertUnwindSafe<F> as core::ops::function::FnOnce<()>>::call_once::hb5043206310c586f
[INFO] [stderr]     at /rustc/df4ca44d3fbc9301ee17f30f4d474e6ae4b05252/library/core/src/panic/unwind_safe.rs:272
[INFO] [stderr] 19: std::panicking::try::do_call::h9ad4731a60ab23e2
[INFO] [stderr]     at /rustc/df4ca44d3fbc9301ee17f30f4d474e6ae4b05252/library/std/src/panicking.rs:557
[INFO] [stderr] 20: std::panicking::try::h3824d23db772a716
[INFO] [stderr]     at /rustc/df4ca44d3fbc9301ee17f30f4d474e6ae4b05252/library/std/src/panicking.rs:520
[INFO] [stderr] 21: std::panic::catch_unwind::h5afd514605fde46b
[INFO] [stderr]     at /rustc/df4ca44d3fbc9301ee17f30f4d474e6ae4b05252/library/std/src/panic.rs:358
[INFO] [stdout] test hdf5_previewer::tests::test_read_hdf5_runs ... FAILED
[INFO] [stderr] 22: test::run_test_in_process::h0d5cbfa7067d1720
[INFO] [stderr]     at /rustc/df4ca44d3fbc9301ee17f30f4d474e6ae4b05252/library/test/src/lib.rs:644
[INFO] [stderr] 23: test::run_test::{{closure}}::h708eb8872708115d
[INFO] [stderr]     at /rustc/df4ca44d3fbc9301ee17f30f4d474e6ae4b05252/library/test/src/lib.rs:565
[INFO] [stderr] 24: test::run_test::{{closure}}::h392c51cee94713ab
[INFO] [stderr]     at /rustc/df4ca44d3fbc9301ee17f30f4d474e6ae4b05252/library/test/src/lib.rs:595
[INFO] [stderr] 25: std::sys::backtrace::__rust_begin_short_backtrace::h2f40290710935a8b
[INFO] [stderr]     at /rustc/df4ca44d3fbc9301ee17f30f4d474e6ae4b05252/library/std/src/sys/backtrace.rs:154
[INFO] [stderr] 26: std::thread::Builder::spawn_unchecked_::{{closure}}::{{closure}}::h3fd968d89053a903
[INFO] [stderr]     at /rustc/df4ca44d3fbc9301ee17f30f4d474e6ae4b05252/library/std/src/thread/mod.rs:541
[INFO] [stderr] 27: <core::panic::unwind_safe::AssertUnwindSafe<F> as core::ops::function::FnOnce<()>>::call_once::h743f637ba4229880
[INFO] [stderr]     at /rustc/df4ca44d3fbc9301ee17f30f4d474e6ae4b05252/library/core/src/panic/unwind_safe.rs:272
[INFO] [stderr] 28: std::panicking::try::do_call::h07440897322525a6
[INFO] [stderr]     at /rustc/df4ca44d3fbc9301ee17f30f4d474e6ae4b05252/library/std/src/panicking.rs:557
[INFO] [stderr] 29: std::panicking::try::he5a2e00188156637
[INFO] [stderr]     at /rustc/df4ca44d3fbc9301ee17f30f4d474e6ae4b05252/library/std/src/panicking.rs:520
[INFO] [stderr] 30: std::panic::catch_unwind::hbaf3cae49b3c6433
[INFO] [stderr]     at /rustc/df4ca44d3fbc9301ee17f30f4d474e6ae4b05252/library/std/src/panic.rs:358
[INFO] [stderr] 31: std::thread::Builder::spawn_unchecked_::{{closure}}::h8e141ea224820bce
[INFO] [stderr]     at /rustc/df4ca44d3fbc9301ee17f30f4d474e6ae4b05252/library/std/src/thread/mod.rs:540
[INFO] [stderr] 32: core::ops::function::FnOnce::call_once{{vtable.shim}}::h90d312fedd7b8ea8
[INFO] [stderr]     at /rustc/df4ca44d3fbc9301ee17f30f4d474e6ae4b05252/library/core/src/ops/function.rs:250
[INFO] [stderr] 33: <alloc::boxed::Box<F,A> as core::ops::function::FnOnce<Args>>::call_once::h69aa08ddb6adb8b6
[INFO] [stderr]     at /rustc/df4ca44d3fbc9301ee17f30f4d474e6ae4b05252/library/alloc/src/boxed.rs:2454
[INFO] [stderr] 34: <alloc::boxed::Box<F,A> as core::ops::function::FnOnce<Args>>::call_once::h5aa36efdb79c806f
[INFO] [stderr]     at /rustc/df4ca44d3fbc9301ee17f30f4d474e6ae4b05252/library/alloc/src/boxed.rs:2454
[INFO] [stderr] 35: std::sys::pal::unix::thread::Thread::new::thread_start::h6cd80a1b4be5158d
[INFO] [stderr]     at /rustc/df4ca44d3fbc9301ee17f30f4d474e6ae4b05252/library/std/src/sys/pal/unix/thread.rs:105
[INFO] [stderr] 36: clone
[INFO] [stderr]     at <unknown source file>
[INFO] [stderr] The application panicked (crashed).
[INFO] [stderr] Message:  called `Result::unwrap()` on an `Err` value: H5Fopen(): unable to open file: unable to open file: name = '/opt/rustwide/workdir/samples/digital-rf/capture/drf_properties.h5', errno = 2, error message = 'No such file or directory', flags = 0, o_flags = 0
[INFO] [stderr] Location: src/hdf5_previewer.rs:131
[INFO] [stderr] 
[INFO] [stderr] Run with COLORBT_SHOW_HIDDEN=1 environment variable to disable frame filtering.
[INFO] [stderr] ━━━━━━━━━━━━━━━━━━━━━━━━━━━━━━━━━━ BACKTRACE ━━━━━━━━━━━━━━━━━━━━━━━━━━━━━━━━━━━
[INFO] [stderr]                               ⋮ 11 frames hidden ⋮                              
[INFO] [stderr] 12: core::result::Result<T,E>::unwrap::h5061e3e05857156f
[INFO] [stderr]     at /rustc/df4ca44d3fbc9301ee17f30f4d474e6ae4b05252/library/core/src/result.rs:1103
[INFO] [stderr] 13: hdf5_previewer::hdf5_previewer::tests::test_main_runs::h092e3ed3f309fcc1
[INFO] [stderr]     at /opt/rustwide/workdir/src/hdf5_previewer.rs:131
[INFO] [stderr]      129 │     fn test_main_runs() {
[INFO] [stderr]      130 │         let filename = get_sample_drf_hdf5();
[INFO] [stderr]      131 >         let file = cli::read_hdf5(&filename).unwrap();
[INFO] [stderr]      132 │         let main = cli::preview(&file);
[INFO] [stderr]      133 │         assert!(main.is_ok());
[INFO] [stderr] 14: hdf5_previewer::hdf5_previewer::tests::test_main_runs::{{closure}}::hefca9cd6b20d412a
[INFO] [stderr]     at /opt/rustwide/workdir/src/hdf5_previewer.rs:129
[INFO] [stderr]      127 │ 
[INFO] [stderr]      128 │     #[test]
[INFO] [stderr]      129 >     fn test_main_runs() {
[INFO] [stderr]      130 │         let filename = get_sample_drf_hdf5();
[INFO] [stderr]      131 │         let file = cli::read_hdf5(&filename).unwrap();
[INFO] [stderr] 15: core::ops::function::FnOnce::call_once::h67011aac9cd92b2a
[INFO] [stderr]     at /rustc/df4ca44d3fbc9301ee17f30f4d474e6ae4b05252/library/core/src/ops/function.rs:250
[INFO] [stderr] 16: core::ops::function::FnOnce::call_once::h22c3ba5715e93f05
[INFO] [stderr]     at /rustc/df4ca44d3fbc9301ee17f30f4d474e6ae4b05252/library/core/src/ops/function.rs:250
[INFO] [stderr] 17: test::__rust_begin_short_backtrace::h8e82d8113d0da17f
[INFO] [stderr]     at /rustc/df4ca44d3fbc9301ee17f30f4d474e6ae4b05252/library/test/src/lib.rs:621
[INFO] [stderr] 18: test::run_test_in_process::{{closure}}::h33235f4f20b7b7c7
[INFO] [stderr]     at /rustc/df4ca44d3fbc9301ee17f30f4d474e6ae4b05252/library/test/src/lib.rs:644
[INFO] [stderr] 19: <core::panic::unwind_safe::AssertUnwindSafe<F> as core::ops::function::FnOnce<()>>::call_once::hb5043206310c586f
[INFO] [stderr]     at /rustc/df4ca44d3fbc9301ee17f30f4d474e6ae4b05252/library/core/src/panic/unwind_safe.rs:272
[INFO] [stderr] 20: std::panicking::try::do_call::h9ad4731a60ab23e2
[INFO] [stderr]     at /rustc/df4ca44d3fbc9301ee17f30f4d474e6ae4b05252/library/std/src/panicking.rs:557
[INFO] [stderr] 21: std::panicking::try::h3824d23db772a716
[INFO] [stderr]     at /rustc/df4ca44d3fbc9301ee17f30f4d474e6ae4b05252/library/std/src/panicking.rs:520
[INFO] [stderr] 22: std::panic::catch_unwind::h5afd514605fde46b
[INFO] [stderr]     at /rustc/df4ca44d3fbc9301ee17f30f4d474e6ae4b05252/library/std/src/panic.rs:358
[INFO] [stderr] 23: test::run_test_in_process::h0d5cbfa7067d1720
[INFO] [stderr]     at /rustc/df4ca44d3fbc9301ee17f30f4d474e6ae4b05252/library/test/src/lib.rs:644
[INFO] [stderr] 24: test::run_test::{{closure}}::h708eb8872708115d
[INFO] [stderr]     at /rustc/df4ca44d3fbc9301ee17f30f4d474e6ae4b05252/library/test/src/lib.rs:565
[INFO] [stderr] 25: test::run_test::{{closure}}::h392c51cee94713ab
[INFO] [stderr]     at /rustc/df4ca44d3fbc9301ee17f30f4d474e6ae4b05252/library/test/src/lib.rs:595
[INFO] [stderr] 26: std::sys::backtrace::__rust_begin_short_backtrace::h2f40290710935a8b
[INFO] [stderr]     at /rustc/df4ca44d3fbc9301ee17f30f4d474e6ae4b05252/library/std/src/sys/backtrace.rs:154
[INFO] [stderr] 27: std::thread::Builder::spawn_unchecked_::{{closure}}::{{closure}}::h3fd968d89053a903
[INFO] [stderr]     at /rustc/df4ca44d3fbc9301ee17f30f4d474e6ae4b05252/library/std/src/thread/mod.rs:541
[INFO] [stderr] 28: <core::panic::unwind_safe::AssertUnwindSafe<F> as core::ops::function::FnOnce<()>>::call_once::h743f637ba4229880
[INFO] [stderr]     at /rustc/df4ca44d3fbc9301ee17f30f4d474e6ae4b05252/library/core/src/panic/unwind_safe.rs:272
[INFO] [stderr] 29: std::panicking::try::do_call::h07440897322525a6
[INFO] [stderr]     at /rustc/df4ca44d3fbc9301ee17f30f4d474e6ae4b05252/library/std/src/panicking.rs:557
[INFO] [stderr] 30: std::panicking::try::he5a2e00188156637
[INFO] [stderr]     at /rustc/df4ca44d3fbc9301ee17f30f4d474e6ae4b05252/library/std/src/panicking.rs:520
[INFO] [stderr] 31: std::panic::catch_unwind::hbaf3cae49b3c6433
[INFO] [stderr]     at /rustc/df4ca44d3fbc9301ee17f30f4d474e6ae4b05252/library/std/src/panic.rs:358
[INFO] [stderr] 32: std::thread::Builder::spawn_unchecked_::{{closure}}::h8e141ea224820bce
[INFO] [stderr]     at /rustc/df4ca44d3fbc9301ee17f30f4d474e6ae4b05252/library/std/src/thread/mod.rs:540
[INFO] [stderr] 33: core::ops::function::FnOnce::call_once{{vtable.shim}}::h90d312fedd7b8ea8
[INFO] [stderr]     at /rustc/df4ca44d3fbc9301ee17f30f4d474e6ae4b05252/library/core/src/ops/function.rs:250
[INFO] [stderr] 34: <alloc::boxed::Box<F,A> as core::ops::function::FnOnce<Args>>::call_once::h69aa08ddb6adb8b6
[INFO] [stderr]     at /rustc/df4ca44d3fbc9301ee17f30f4d474e6ae4b05252/library/alloc/src/boxed.rs:2454
[INFO] [stderr] 35: <alloc::boxed::Box<F,A> as core::ops::function::FnOnce<Args>>::call_once::h5aa36efdb79c806f
[INFO] [stderr]     at /rustc/df4ca44d3fbc9301ee17f30f4d474e6ae4b05252/library/alloc/src/boxed.rs:2454
[INFO] [stderr] 36: std::sys::pal::unix::thread::Thread::new::thread_start::h6cd80a1b4be5158d
[INFO] [stderr]     at /rustc/df4ca44d3fbc9301ee17f30f4d474e6ae4b05252/library/std/src/sys/pal/unix/thread.rs:105
[INFO] [stderr] 37: clone
[INFO] [stderr]     at <unknown source file>
[INFO] [stdout] test hdf5_previewer::tests::test_main_runs ... FAILED
[INFO] [stdout] 
[INFO] [stdout] failures:
[INFO] [stdout] 
[INFO] [stdout] ---- hdf5_previewer::tests::test_read_hdf5_runs stdout ----
[INFO] [stdout] Error: H5Fopen(): unable to open file: unable to open file: name = '/opt/rustwide/workdir/samples/digital-rf/capture/drf_properties.h5', errno = 2, error message = 'No such file or directory', flags = 0, o_flags = 0
[INFO] [stdout] 
[INFO] [stdout] 
[INFO] [stdout] failures:
[INFO] [stdout]     hdf5_previewer::tests::test_main_runs
[INFO] [stdout]     hdf5_previewer::tests::test_read_hdf5_runs
[INFO] [stdout] 
[INFO] [stdout] test result: FAILED. 0 passed; 2 failed; 0 ignored; 0 measured; 0 filtered out; finished in 0.42s
[INFO] [stdout] 
[INFO] [stderr] error: test failed, to rerun pass `--bin hdf5-previewer`
[INFO] running `Command { std: "docker" "inspect" "ba03b7e95529722bc3dbe4038354dc7c792348a36988a90e88f1b391935ca745", kill_on_drop: false }`
[INFO] running `Command { std: "docker" "rm" "-f" "ba03b7e95529722bc3dbe4038354dc7c792348a36988a90e88f1b391935ca745", kill_on_drop: false }`
[INFO] [stdout] ba03b7e95529722bc3dbe4038354dc7c792348a36988a90e88f1b391935ca745
