[INFO] fetching crate hd-wallet 0.5.1...
[INFO] testing hd-wallet-0.5.1 against nightly-2024-10-28+rustflags=-Zrandomize-layout for randomize-layout
[INFO] extracting crate hd-wallet 0.5.1 into /workspace/builds/worker-2-tc2/source
[INFO] validating manifest of crates.io crate hd-wallet 0.5.1 on toolchain nightly-2024-10-28
[INFO] running `Command { std: CARGO_HOME="/workspace/cargo-home" RUSTUP_HOME="/workspace/rustup-home" "/workspace/cargo-home/bin/cargo" "+nightly-2024-10-28" "metadata" "--manifest-path" "Cargo.toml" "--no-deps", kill_on_drop: false }`
[INFO] started tweaking crates.io crate hd-wallet 0.5.1
[INFO] removed 0 missing tests
[INFO] finished tweaking crates.io crate hd-wallet 0.5.1
[INFO] tweaked toml for crates.io crate hd-wallet 0.5.1 written to /workspace/builds/worker-2-tc2/source/Cargo.toml
[INFO] running `Command { std: CARGO_HOME="/workspace/cargo-home" RUSTUP_HOME="/workspace/rustup-home" "/workspace/cargo-home/bin/cargo" "+nightly-2024-10-28" "generate-lockfile" "--manifest-path" "Cargo.toml", kill_on_drop: false }`
[INFO] [stderr]     Updating crates.io index
[INFO] [stderr]      Locking 66 packages to latest compatible versions
[INFO] [stderr]       Adding generic-array v0.14.7 (available: v1.1.0)
[INFO] running `Command { std: CARGO_HOME="/workspace/cargo-home" RUSTUP_HOME="/workspace/rustup-home" "/workspace/cargo-home/bin/cargo" "+nightly-2024-10-28" "fetch" "--manifest-path" "Cargo.toml", kill_on_drop: false }`
[INFO] running `Command { std: "docker" "create" "-v" "/var/lib/crater-agent-workspace/builds/worker-2-tc2/target:/opt/rustwide/target:rw,Z" "-v" "/var/lib/crater-agent-workspace/builds/worker-2-tc2/source:/opt/rustwide/workdir:ro,Z" "-v" "/var/lib/crater-agent-workspace/cargo-home:/opt/rustwide/cargo-home:ro,Z" "-v" "/var/lib/crater-agent-workspace/rustup-home:/opt/rustwide/rustup-home:ro,Z" "-e" "SOURCE_DIR=/opt/rustwide/workdir" "-e" "CARGO_TARGET_DIR=/opt/rustwide/target" "-e" "CARGO_HOME=/opt/rustwide/cargo-home" "-e" "RUSTUP_HOME=/opt/rustwide/rustup-home" "-w" "/opt/rustwide/workdir" "-m" "1610612736" "--user" "0:0" "--network" "none" "ghcr.io/rust-lang/crates-build-env/linux@sha256:4a844ea9eb2546a2d2c7022eacef16ef2e8229c7fbb2c7d4d55a9ceca922f72d" "/opt/rustwide/cargo-home/bin/cargo" "+nightly-2024-10-28" "metadata" "--no-deps" "--format-version=1", kill_on_drop: false }`
[INFO] [stdout] 9eb61a70ffef6e3eb5a5f00c632b1420c845559ad9586317c775c6cff70403d1
[INFO] running `Command { std: "docker" "start" "-a" "9eb61a70ffef6e3eb5a5f00c632b1420c845559ad9586317c775c6cff70403d1", kill_on_drop: false }`
[INFO] running `Command { std: "docker" "inspect" "9eb61a70ffef6e3eb5a5f00c632b1420c845559ad9586317c775c6cff70403d1", kill_on_drop: false }`
[INFO] running `Command { std: "docker" "rm" "-f" "9eb61a70ffef6e3eb5a5f00c632b1420c845559ad9586317c775c6cff70403d1", kill_on_drop: false }`
[INFO] [stdout] 9eb61a70ffef6e3eb5a5f00c632b1420c845559ad9586317c775c6cff70403d1
[INFO] running `Command { std: "docker" "create" "-v" "/var/lib/crater-agent-workspace/builds/worker-2-tc2/target:/opt/rustwide/target:rw,Z" "-v" "/var/lib/crater-agent-workspace/builds/worker-2-tc2/source:/opt/rustwide/workdir:ro,Z" "-v" "/var/lib/crater-agent-workspace/cargo-home:/opt/rustwide/cargo-home:ro,Z" "-v" "/var/lib/crater-agent-workspace/rustup-home:/opt/rustwide/rustup-home:ro,Z" "-e" "SOURCE_DIR=/opt/rustwide/workdir" "-e" "CARGO_TARGET_DIR=/opt/rustwide/target" "-e" "CARGO_INCREMENTAL=0" "-e" "RUST_BACKTRACE=full" "-e" "RUSTFLAGS=--cap-lints=forbid -Zrandomize-layout" "-e" "RUSTDOCFLAGS=--cap-lints=forbid" "-e" "CARGO_HOME=/opt/rustwide/cargo-home" "-e" "RUSTUP_HOME=/opt/rustwide/rustup-home" "-w" "/opt/rustwide/workdir" "-m" "1610612736" "--user" "0:0" "--network" "none" "ghcr.io/rust-lang/crates-build-env/linux@sha256:4a844ea9eb2546a2d2c7022eacef16ef2e8229c7fbb2c7d4d55a9ceca922f72d" "/opt/rustwide/cargo-home/bin/cargo" "+nightly-2024-10-28" "build" "--frozen" "--message-format=json", kill_on_drop: false }`
[INFO] [stdout] 5ce376b9511ccf1852446b40cb25cfb1307715795de1ab15c01e3e4f4a4683be
[INFO] running `Command { std: "docker" "start" "-a" "5ce376b9511ccf1852446b40cb25cfb1307715795de1ab15c01e3e4f4a4683be", kill_on_drop: false }`
[INFO] [stderr]    Compiling syn v2.0.86
[INFO] [stderr]    Compiling num-traits v0.2.19
[INFO] [stderr]    Compiling syn v1.0.109
[INFO] [stderr]    Compiling crypto-common v0.1.6
[INFO] [stderr]    Compiling digest v0.10.7
[INFO] [stderr]    Compiling hmac v0.12.1
[INFO] [stderr]    Compiling sha2 v0.10.8
[INFO] [stderr]    Compiling num-integer v0.1.46
[INFO] [stderr]    Compiling num-bigint v0.4.6
[INFO] [stderr]    Compiling zeroize_derive v1.4.2
[INFO] [stderr]    Compiling enum-ordinalize v3.1.15
[INFO] [stderr]    Compiling educe v0.4.23
[INFO] [stderr]    Compiling zeroize v1.8.1
[INFO] [stderr]    Compiling generic-ec-core v0.2.1
[INFO] [stderr]    Compiling phantom-type v0.4.2
[INFO] [stderr]    Compiling generic-ec v0.4.3
[INFO] [stderr]    Compiling hd-wallet v0.5.1 (/opt/rustwide/workdir)
[INFO] [stderr]     Finished `dev` profile [unoptimized + debuginfo] target(s) in 3.94s
[INFO] running `Command { std: "docker" "inspect" "5ce376b9511ccf1852446b40cb25cfb1307715795de1ab15c01e3e4f4a4683be", kill_on_drop: false }`
[INFO] running `Command { std: "docker" "rm" "-f" "5ce376b9511ccf1852446b40cb25cfb1307715795de1ab15c01e3e4f4a4683be", kill_on_drop: false }`
[INFO] [stdout] 5ce376b9511ccf1852446b40cb25cfb1307715795de1ab15c01e3e4f4a4683be
[INFO] running `Command { std: "docker" "create" "-v" "/var/lib/crater-agent-workspace/builds/worker-2-tc2/target:/opt/rustwide/target:rw,Z" "-v" "/var/lib/crater-agent-workspace/builds/worker-2-tc2/source:/opt/rustwide/workdir:ro,Z" "-v" "/var/lib/crater-agent-workspace/cargo-home:/opt/rustwide/cargo-home:ro,Z" "-v" "/var/lib/crater-agent-workspace/rustup-home:/opt/rustwide/rustup-home:ro,Z" "-e" "SOURCE_DIR=/opt/rustwide/workdir" "-e" "CARGO_TARGET_DIR=/opt/rustwide/target" "-e" "CARGO_INCREMENTAL=0" "-e" "RUST_BACKTRACE=full" "-e" "RUSTFLAGS=--cap-lints=forbid -Zrandomize-layout" "-e" "RUSTDOCFLAGS=--cap-lints=forbid" "-e" "CARGO_HOME=/opt/rustwide/cargo-home" "-e" "RUSTUP_HOME=/opt/rustwide/rustup-home" "-w" "/opt/rustwide/workdir" "-m" "1610612736" "--user" "0:0" "--network" "none" "ghcr.io/rust-lang/crates-build-env/linux@sha256:4a844ea9eb2546a2d2c7022eacef16ef2e8229c7fbb2c7d4d55a9ceca922f72d" "/opt/rustwide/cargo-home/bin/cargo" "+nightly-2024-10-28" "test" "--frozen" "--no-run" "--message-format=json", kill_on_drop: false }`
[INFO] [stdout] 36d8e38da3d4a880c3582f06bf6e5c17a40862744fb6b8dc35663aae86f1f331
[INFO] running `Command { std: "docker" "start" "-a" "36d8e38da3d4a880c3582f06bf6e5c17a40862744fb6b8dc35663aae86f1f331", kill_on_drop: false }`
[INFO] [stderr]    Compiling libc v0.2.161
[INFO] [stderr]    Compiling byteorder v1.5.0
[INFO] [stderr]    Compiling hex-literal v0.4.1
[INFO] [stderr]    Compiling hex v0.4.3
[INFO] [stderr]    Compiling zerocopy-derive v0.7.35
[INFO] [stderr]    Compiling zerocopy v0.7.35
[INFO] [stderr]    Compiling getrandom v0.2.15
[INFO] [stderr]    Compiling rand_core v0.6.4
[INFO] [stderr]    Compiling generic-ec-core v0.2.1
[INFO] [stderr]    Compiling generic-ec v0.4.3
[INFO] [stderr]    Compiling ppv-lite86 v0.2.20
[INFO] [stderr]    Compiling rand_chacha v0.3.1
[INFO] [stderr]    Compiling hd-wallet v0.5.1 (/opt/rustwide/workdir)
[INFO] [stderr]    Compiling rand v0.8.5
[INFO] [stderr]     Finished `test` profile [unoptimized + debuginfo] target(s) in 1.68s
[INFO] running `Command { std: "docker" "inspect" "36d8e38da3d4a880c3582f06bf6e5c17a40862744fb6b8dc35663aae86f1f331", kill_on_drop: false }`
[INFO] running `Command { std: "docker" "rm" "-f" "36d8e38da3d4a880c3582f06bf6e5c17a40862744fb6b8dc35663aae86f1f331", kill_on_drop: false }`
[INFO] [stdout] 36d8e38da3d4a880c3582f06bf6e5c17a40862744fb6b8dc35663aae86f1f331
[INFO] running `Command { std: "docker" "create" "-v" "/var/lib/crater-agent-workspace/builds/worker-2-tc2/target:/opt/rustwide/target:rw,Z" "-v" "/var/lib/crater-agent-workspace/builds/worker-2-tc2/source:/opt/rustwide/workdir:ro,Z" "-v" "/var/lib/crater-agent-workspace/cargo-home:/opt/rustwide/cargo-home:ro,Z" "-v" "/var/lib/crater-agent-workspace/rustup-home:/opt/rustwide/rustup-home:ro,Z" "-e" "SOURCE_DIR=/opt/rustwide/workdir" "-e" "CARGO_TARGET_DIR=/opt/rustwide/target" "-e" "CARGO_INCREMENTAL=0" "-e" "RUST_BACKTRACE=full" "-e" "RUSTFLAGS=--cap-lints=forbid -Zrandomize-layout" "-e" "RUSTDOCFLAGS=--cap-lints=forbid" "-e" "CARGO_HOME=/opt/rustwide/cargo-home" "-e" "RUSTUP_HOME=/opt/rustwide/rustup-home" "-w" "/opt/rustwide/workdir" "-m" "1610612736" "--user" "0:0" "--network" "none" "ghcr.io/rust-lang/crates-build-env/linux@sha256:4a844ea9eb2546a2d2c7022eacef16ef2e8229c7fbb2c7d4d55a9ceca922f72d" "/opt/rustwide/cargo-home/bin/cargo" "+nightly-2024-10-28" "test" "--frozen", kill_on_drop: false }`
[INFO] [stdout] 59638a62eafbf52b58f3cb71d402fb24be30ac26eaaa59ca4083664b881e2c02
[INFO] running `Command { std: "docker" "start" "-a" "59638a62eafbf52b58f3cb71d402fb24be30ac26eaaa59ca4083664b881e2c02", kill_on_drop: false }`
[INFO] [stderr]     Finished `test` profile [unoptimized + debuginfo] target(s) in 0.03s
[INFO] [stderr]      Running unittests src/lib.rs (/opt/rustwide/target/debug/deps/hd_wallet-16a3f61712d0a6c5)
[INFO] [stdout] 
[INFO] [stdout] running 0 tests
[INFO] [stdout] 
[INFO] [stdout] test result: ok. 0 passed; 0 failed; 0 ignored; 0 measured; 0 filtered out; finished in 0.00s
[INFO] [stdout] 
[INFO] [stderr]    Doc-tests hd_wallet
[INFO] [stdout] 
[INFO] [stdout] running 29 tests
[INFO] [stdout] test src/lib.rs - (line 17) ... FAILED
[INFO] [stdout] test src/lib.rs - (line 34) ... FAILED
[INFO] [stdout] test src/lib.rs - HdWallet::derive_child_key_pair (line 639) ... FAILED
[INFO] [stdout] test src/lib.rs - HdWallet::derive_child_public_key (line 615) ... FAILED
[INFO] [stdout] test src/lib.rs - HdWallet::derive_child_public_key_with_path (line 786) ... FAILED
[INFO] [stdout] test src/lib.rs - HdWallet::derive_child_key_pair_with_path (line 716) ... FAILED
[INFO] [stdout] test src/lib.rs - H (line 115) ... FAILED
[INFO] [stdout] test src/lib.rs - Edwards (line 1011) ... FAILED
[INFO] [stdout] test src/lib.rs - edwards::derive_child_key_pair_with_path (line 509) - compile ... FAILED
[INFO] [stdout] test src/lib.rs - edwards::derive_child_key_pair (line 438) - compile ... FAILED
[INFO] [stdout] test src/lib.rs - HdWallet::try_derive_child_public_key_with_path (line 753) ... FAILED
[INFO] [stdout] test src/lib.rs - HdWallet::try_derive_child_key_pair_with_path (line 683) ... FAILED
[INFO] [stdout] test src/lib.rs - Slip10 (line 945) ... FAILED
[INFO] [stdout] test src/lib.rs - edwards::derive_child_public_key (line 409) - compile ... FAILED
[INFO] [stdout] test src/lib.rs - edwards::try_derive_child_key_pair_with_path (line 474) - compile ... FAILED
[INFO] [stdout] test src/lib.rs - edwards::derive_child_public_key_with_path (line 582) - compile ... FAILED
[INFO] [stdout] test src/lib.rs - slip10::derive_child_key_pair (line 438) - compile ... FAILED
[INFO] [stdout] test src/lib.rs - edwards::try_derive_child_public_key_with_path (line 546) - compile ... FAILED
[INFO] [stdout] test src/lib.rs - slip10::derive_child_public_key_with_path (line 582) - compile ... FAILED
[INFO] [stdout] test src/lib.rs - slip10::derive_child_key_pair_with_path (line 509) - compile ... FAILED
[INFO] [stdout] test src/lib.rs - slip10::derive_child_public_key (line 409) - compile ... FAILED
[INFO] [stdout] test src/lib.rs - slip10::try_derive_child_key_pair_with_path (line 474) - compile ... FAILED
[INFO] [stdout] test src/lib.rs - slip10::try_derive_child_public_key_with_path (line 546) - compile ... FAILED
[INFO] [stdout] test src/lib.rs - slip10_like::derive_child_key_pair (line 438) - compile ... FAILED
[INFO] [stdout] test src/lib.rs - slip10_like::derive_child_key_pair_with_path (line 509) - compile ... FAILED
[INFO] [stdout] test src/lib.rs - slip10_like::try_derive_child_key_pair_with_path (line 474) - compile ... FAILED
[INFO] [stdout] test src/lib.rs - slip10_like::derive_child_public_key (line 409) - compile ... FAILED
[INFO] [stdout] test src/lib.rs - slip10_like::derive_child_public_key_with_path (line 582) - compile ... FAILED
[INFO] [stdout] test src/lib.rs - slip10_like::try_derive_child_public_key_with_path (line 546) - compile ... FAILED
[INFO] [stdout] 
[INFO] [stdout] failures:
[INFO] [stdout] 
[INFO] [stdout] ---- src/lib.rs - (line 17) stdout ----
[INFO] [stdout] error[E0432]: unresolved import `hd_wallet::curves::Secp256k1`
[INFO] [stdout]    --> src/lib.rs:19:25
[INFO] [stdout]     |
[INFO] [stdout] 5   | use hd_wallet::{slip10, curves::Secp256k1};
[INFO] [stdout]     |                         ^^^^^^^^^^^^^^^^^ no `Secp256k1` in `curves`
[INFO] [stdout]     |
[INFO] [stdout]     = help: consider importing this variant instead:
[INFO] [stdout]             hd_wallet::slip10::CurveType::Secp256k1
[INFO] [stdout] note: found an item that was configured out
[INFO] [stdout]    --> /opt/rustwide/cargo-home/registry/src/index.crates.io-6f17d22bba15001f/generic-ec-0.4.3/src/lib.rs:249:32
[INFO] [stdout]     |
[INFO] [stdout] 249 |     pub use generic_ec_curves::Secp256k1;
[INFO] [stdout]     |                                ^^^^^^^^^
[INFO] [stdout] note: the item is gated behind the `curve-secp256k1` feature
[INFO] [stdout]    --> /opt/rustwide/cargo-home/registry/src/index.crates.io-6f17d22bba15001f/generic-ec-0.4.3/src/lib.rs:247:11
[INFO] [stdout]     |
[INFO] [stdout] 247 |     #[cfg(feature = "curve-secp256k1")]
[INFO] [stdout]     |           ^^^^^^^^^^^^^^^^^^^^^^^^^^^
[INFO] [stdout] 
[INFO] [stdout] error[E0277]: the trait bound `Slip10: HdWallet<_>` is not satisfied
[INFO] [stdout]    --> src/lib.rs:26:5
[INFO] [stdout]     |
[INFO] [stdout] 11  | let child_key_pair = slip10::derive_child_key_pair_with_path(
[INFO] [stdout]     |                      --------------------------------------- required by a bound introduced by this call
[INFO] [stdout] 12  |     &master_key_pair,
[INFO] [stdout]     |     ^^^^^^^^^^^^^^^^ the trait `DeriveShift<_>` is not implemented for `Slip10`, which is required by `Slip10: HdWallet<_>`
[INFO] [stdout]     |
[INFO] [stdout]     = help: the trait `DeriveShift<E>` is implemented for `Slip10Like`
[INFO] [stdout]     = note: required for `Slip10` to implement `HdWallet<_>`
[INFO] [stdout] note: required by a bound in `hd_wallet::slip10::derive_child_key_pair_with_path`
[INFO] [stdout]    --> /opt/rustwide/workdir/src/slip10.rs:105:1
[INFO] [stdout]     |
[INFO] [stdout] 105 | super::create_aliases!(Slip10, slip10);
[INFO] [stdout]     | ^^^^^^^^^^^^^^^^^^^^^^^^^^^^^^^^^^^^^^
[INFO] [stdout]     | |
[INFO] [stdout]     | required by a bound in this function
[INFO] [stdout]     | required by this bound in `derive_child_key_pair_with_path`
[INFO] [stdout]     = note: this error originates in the macro `$crate::create_aliases` which comes from the expansion of the macro `super::create_aliases` (in Nightly builds, run with -Z macro-backtrace for more info)
[INFO] [stdout] 
[INFO] [stdout] error: aborting due to 2 previous errors
[INFO] [stdout] 
[INFO] [stdout] Some errors have detailed explanations: E0277, E0432.
[INFO] [stdout] For more information about an error, try `rustc --explain E0277`.
[INFO] [stdout] Couldn't compile the test.
[INFO] [stdout] ---- src/lib.rs - (line 34) stdout ----
[INFO] [stdout] error[E0432]: unresolved import `hd_wallet::curves::Secp256r1`
[INFO] [stdout]    --> src/lib.rs:36:29
[INFO] [stdout]     |
[INFO] [stdout] 5   | use hd_wallet::{Slip10Like, curves::Secp256r1};
[INFO] [stdout]     |                             ^^^^^^^^^^^^^^^^^ no `Secp256r1` in `curves`
[INFO] [stdout]     |
[INFO] [stdout]     = help: consider importing this variant instead:
[INFO] [stdout]             hd_wallet::slip10::CurveType::Secp256r1
[INFO] [stdout] note: found an item that was configured out
[INFO] [stdout]    --> /opt/rustwide/cargo-home/registry/src/index.crates.io-6f17d22bba15001f/generic-ec-0.4.3/src/lib.rs:252:32
[INFO] [stdout]     |
[INFO] [stdout] 252 |     pub use generic_ec_curves::Secp256r1;
[INFO] [stdout]     |                                ^^^^^^^^^
[INFO] [stdout] note: the item is gated behind the `curve-secp256r1` feature
[INFO] [stdout]    --> /opt/rustwide/cargo-home/registry/src/index.crates.io-6f17d22bba15001f/generic-ec-0.4.3/src/lib.rs:250:11
[INFO] [stdout]     |
[INFO] [stdout] 250 |     #[cfg(feature = "curve-secp256r1")]
[INFO] [stdout]     |           ^^^^^^^^^^^^^^^^^^^^^^^^^^^
[INFO] [stdout] 
[INFO] [stdout] error[E0277]: the trait bound `InvalidLength: std::error::Error` is not satisfied
[INFO] [stdout]   --> src/lib.rs:50:60
[INFO] [stdout]    |
[INFO] [stdout] 19 | let master_key = hd_wallet::slip10::derive_master_key(seed)?;
[INFO] [stdout]    |                                                            ^ the trait `std::error::Error` is not implemented for `InvalidLength`, which is required by `Result<(), _>: FromResidual<Result<Infallible, InvalidLength>>`
[INFO] [stdout]    |
[INFO] [stdout]    = help: the trait `FromResidual<Result<Infallible, E>>` is implemented for `Result<T, F>`
[INFO] [stdout]    = note: required for `Box<dyn std::error::Error>` to implement `From<InvalidLength>`
[INFO] [stdout]    = note: required for `Result<(), Box<dyn std::error::Error>>` to implement `FromResidual<Result<Infallible, InvalidLength>>`
[INFO] [stdout] 
[INFO] [stdout] error: aborting due to 2 previous errors
[INFO] [stdout] 
[INFO] [stdout] Some errors have detailed explanations: E0277, E0432.
[INFO] [stdout] For more information about an error, try `rustc --explain E0277`.
[INFO] [stdout] Couldn't compile the test.
[INFO] [stdout] ---- src/lib.rs - HdWallet::derive_child_key_pair (line 639) stdout ----
[INFO] [stdout] error[E0412]: cannot find type `Secp256k1` in module `hd_wallet::curves`
[INFO] [stdout]    --> src/lib.rs:644:76
[INFO] [stdout]     |
[INFO] [stdout] 8   | let master_key = hd_wallet::slip10::derive_master_key::<hd_wallet::curves::Secp256k1>(seed)?;
[INFO] [stdout]     |                                                                            ^^^^^^^^^ not found in `hd_wallet::curves`
[INFO] [stdout]     |
[INFO] [stdout] note: found an item that was configured out
[INFO] [stdout]    --> /opt/rustwide/cargo-home/registry/src/index.crates.io-6f17d22bba15001f/generic-ec-0.4.3/src/lib.rs:249:32
[INFO] [stdout]     |
[INFO] [stdout] 249 |     pub use generic_ec_curves::Secp256k1;
[INFO] [stdout]     |                                ^^^^^^^^^
[INFO] [stdout] note: the item is gated behind the `curve-secp256k1` feature
[INFO] [stdout]    --> /opt/rustwide/cargo-home/registry/src/index.crates.io-6f17d22bba15001f/generic-ec-0.4.3/src/lib.rs:247:11
[INFO] [stdout]     |
[INFO] [stdout] 247 |     #[cfg(feature = "curve-secp256k1")]
[INFO] [stdout]     |           ^^^^^^^^^^^^^^^^^^^^^^^^^^^
[INFO] [stdout] help: there is an enum variant `hd_wallet::slip10::CurveType::Secp256k1`; try using the variant's enum
[INFO] [stdout]     |
[INFO] [stdout] 8   | let master_key = hd_wallet::slip10::derive_master_key::<hd_wallet::slip10::CurveType>(seed)?;
[INFO] [stdout]     |                                                         ~~~~~~~~~~~~~~~~~~~~~~~~~~~~
[INFO] [stdout] 
[INFO] [stdout] error[E0599]: the function or associated item `derive_child_key_pair` exists for struct `Slip10`, but its trait bounds were not satisfied
[INFO] [stdout]    --> src/lib.rs:647:38
[INFO] [stdout]     |
[INFO] [stdout] 11  | let derived_key = hd_wallet::Slip10::derive_child_key_pair(
[INFO] [stdout]     |                                      ^^^^^^^^^^^^^^^^^^^^^ function or associated item cannot be called on `Slip10` due to unsatisfied trait bounds
[INFO] [stdout]     |
[INFO] [stdout]    ::: /opt/rustwide/workdir/src/lib.rs:964:1
[INFO] [stdout]     |
[INFO] [stdout] 964 | pub struct Slip10;
[INFO] [stdout]     | ----------------- doesn't satisfy `Slip10: DeriveShift<_>` or `Slip10: HdWallet<_>`
[INFO] [stdout]     |
[INFO] [stdout]     = note: the following trait bounds were not satisfied:
[INFO] [stdout]             `Slip10: DeriveShift<_>`
[INFO] [stdout]             which is required by `Slip10: HdWallet<_>`
[INFO] [stdout]             `&Slip10: DeriveShift<_>`
[INFO] [stdout]             which is required by `&Slip10: HdWallet<_>`
[INFO] [stdout]             `&mut Slip10: DeriveShift<_>`
[INFO] [stdout]             which is required by `&mut Slip10: HdWallet<_>`
[INFO] [stdout] 
[INFO] [stdout] error: aborting due to 2 previous errors
[INFO] [stdout] 
[INFO] [stdout] Some errors have detailed explanations: E0412, E0599.
[INFO] [stdout] For more information about an error, try `rustc --explain E0412`.
[INFO] [stdout] Couldn't compile the test.
[INFO] [stdout] ---- src/lib.rs - HdWallet::derive_child_public_key (line 615) stdout ----
[INFO] [stdout] error[E0412]: cannot find type `Secp256k1` in module `hd_wallet::curves`
[INFO] [stdout]    --> src/lib.rs:620:76
[INFO] [stdout]     |
[INFO] [stdout] 8   | let master_key = hd_wallet::slip10::derive_master_key::<hd_wallet::curves::Secp256k1>(seed)?;
[INFO] [stdout]     |                                                                            ^^^^^^^^^ not found in `hd_wallet::curves`
[INFO] [stdout]     |
[INFO] [stdout] note: found an item that was configured out
[INFO] [stdout]    --> /opt/rustwide/cargo-home/registry/src/index.crates.io-6f17d22bba15001f/generic-ec-0.4.3/src/lib.rs:249:32
[INFO] [stdout]     |
[INFO] [stdout] 249 |     pub use generic_ec_curves::Secp256k1;
[INFO] [stdout]     |                                ^^^^^^^^^
[INFO] [stdout] note: the item is gated behind the `curve-secp256k1` feature
[INFO] [stdout]    --> /opt/rustwide/cargo-home/registry/src/index.crates.io-6f17d22bba15001f/generic-ec-0.4.3/src/lib.rs:247:11
[INFO] [stdout]     |
[INFO] [stdout] 247 |     #[cfg(feature = "curve-secp256k1")]
[INFO] [stdout]     |           ^^^^^^^^^^^^^^^^^^^^^^^^^^^
[INFO] [stdout] help: there is an enum variant `hd_wallet::slip10::CurveType::Secp256k1`; try using the variant's enum
[INFO] [stdout]     |
[INFO] [stdout] 8   | let master_key = hd_wallet::slip10::derive_master_key::<hd_wallet::slip10::CurveType>(seed)?;
[INFO] [stdout]     |                                                         ~~~~~~~~~~~~~~~~~~~~~~~~~~~~
[INFO] [stdout] 
[INFO] [stdout] error[E0599]: the function or associated item `derive_child_public_key` exists for struct `Slip10`, but its trait bounds were not satisfied
[INFO] [stdout]    --> src/lib.rs:623:38
[INFO] [stdout]     |
[INFO] [stdout] 11  | let derived_key = hd_wallet::Slip10::derive_child_public_key(
[INFO] [stdout]     |                                      ^^^^^^^^^^^^^^^^^^^^^^^ function or associated item cannot be called on `Slip10` due to unsatisfied trait bounds
[INFO] [stdout]     |
[INFO] [stdout]    ::: /opt/rustwide/workdir/src/lib.rs:964:1
[INFO] [stdout]     |
[INFO] [stdout] 964 | pub struct Slip10;
[INFO] [stdout]     | ----------------- doesn't satisfy `Slip10: DeriveShift<_>` or `Slip10: HdWallet<_>`
[INFO] [stdout]     |
[INFO] [stdout]     = note: the following trait bounds were not satisfied:
[INFO] [stdout]             `Slip10: DeriveShift<_>`
[INFO] [stdout]             which is required by `Slip10: HdWallet<_>`
[INFO] [stdout]             `&Slip10: DeriveShift<_>`
[INFO] [stdout]             which is required by `&Slip10: HdWallet<_>`
[INFO] [stdout]             `&mut Slip10: DeriveShift<_>`
[INFO] [stdout]             which is required by `&mut Slip10: HdWallet<_>`
[INFO] [stdout] 
[INFO] [stdout] error: aborting due to 2 previous errors
[INFO] [stdout] 
[INFO] [stdout] Some errors have detailed explanations: E0412, E0599.
[INFO] [stdout] For more information about an error, try `rustc --explain E0412`.
[INFO] [stdout] Couldn't compile the test.
[INFO] [stdout] ---- src/lib.rs - HdWallet::derive_child_public_key_with_path (line 786) stdout ----
[INFO] [stdout] error[E0412]: cannot find type `Secp256k1` in module `hd_wallet::curves`
[INFO] [stdout]    --> src/lib.rs:790:76
[INFO] [stdout]     |
[INFO] [stdout] 7   | let master_key = hd_wallet::slip10::derive_master_key::<hd_wallet::curves::Secp256k1>(seed)?;
[INFO] [stdout]     |                                                                            ^^^^^^^^^ not found in `hd_wallet::curves`
[INFO] [stdout]     |
[INFO] [stdout] note: found an item that was configured out
[INFO] [stdout]    --> /opt/rustwide/cargo-home/registry/src/index.crates.io-6f17d22bba15001f/generic-ec-0.4.3/src/lib.rs:249:32
[INFO] [stdout]     |
[INFO] [stdout] 249 |     pub use generic_ec_curves::Secp256k1;
[INFO] [stdout]     |                                ^^^^^^^^^
[INFO] [stdout] note: the item is gated behind the `curve-secp256k1` feature
[INFO] [stdout]    --> /opt/rustwide/cargo-home/registry/src/index.crates.io-6f17d22bba15001f/generic-ec-0.4.3/src/lib.rs:247:11
[INFO] [stdout]     |
[INFO] [stdout] 247 |     #[cfg(feature = "curve-secp256k1")]
[INFO] [stdout]     |           ^^^^^^^^^^^^^^^^^^^^^^^^^^^
[INFO] [stdout] help: there is an enum variant `hd_wallet::slip10::CurveType::Secp256k1`; try using the variant's enum
[INFO] [stdout]     |
[INFO] [stdout] 7   | let master_key = hd_wallet::slip10::derive_master_key::<hd_wallet::slip10::CurveType>(seed)?;
[INFO] [stdout]     |                                                         ~~~~~~~~~~~~~~~~~~~~~~~~~~~~
[INFO] [stdout] 
[INFO] [stdout] error[E0599]: the function or associated item `derive_child_public_key_with_path` exists for struct `Slip10`, but its trait bounds were not satisfied
[INFO] [stdout]    --> src/lib.rs:793:36
[INFO] [stdout]     |
[INFO] [stdout] 10  | let child_key = hd_wallet::Slip10::derive_child_public_key_with_path(
[INFO] [stdout]     |                                    ^^^^^^^^^^^^^^^^^^^^^^^^^^^^^^^^^ function or associated item cannot be called on `Slip10` due to unsatisfied trait bounds
[INFO] [stdout]     |
[INFO] [stdout]    ::: /opt/rustwide/workdir/src/lib.rs:964:1
[INFO] [stdout]     |
[INFO] [stdout] 964 | pub struct Slip10;
[INFO] [stdout]     | ----------------- doesn't satisfy `Slip10: DeriveShift<_>` or `Slip10: HdWallet<_>`
[INFO] [stdout]     |
[INFO] [stdout]     = note: the following trait bounds were not satisfied:
[INFO] [stdout]             `Slip10: DeriveShift<_>`
[INFO] [stdout]             which is required by `Slip10: HdWallet<_>`
[INFO] [stdout]             `&Slip10: DeriveShift<_>`
[INFO] [stdout]             which is required by `&Slip10: HdWallet<_>`
[INFO] [stdout]             `&mut Slip10: DeriveShift<_>`
[INFO] [stdout]             which is required by `&mut Slip10: HdWallet<_>`
[INFO] [stdout] 
[INFO] [stdout] error: aborting due to 2 previous errors
[INFO] [stdout] 
[INFO] [stdout] Some errors have detailed explanations: E0412, E0599.
[INFO] [stdout] For more information about an error, try `rustc --explain E0412`.
[INFO] [stdout] Couldn't compile the test.
[INFO] [stdout] ---- src/lib.rs - HdWallet::derive_child_key_pair_with_path (line 716) stdout ----
[INFO] [stdout] error[E0412]: cannot find type `Secp256k1` in module `hd_wallet::curves`
[INFO] [stdout]    --> src/lib.rs:720:76
[INFO] [stdout]     |
[INFO] [stdout] 7   | let master_key = hd_wallet::slip10::derive_master_key::<hd_wallet::curves::Secp256k1>(seed)?;
[INFO] [stdout]     |                                                                            ^^^^^^^^^ not found in `hd_wallet::curves`
[INFO] [stdout]     |
[INFO] [stdout] note: found an item that was configured out
[INFO] [stdout]    --> /opt/rustwide/cargo-home/registry/src/index.crates.io-6f17d22bba15001f/generic-ec-0.4.3/src/lib.rs:249:32
[INFO] [stdout]     |
[INFO] [stdout] 249 |     pub use generic_ec_curves::Secp256k1;
[INFO] [stdout]     |                                ^^^^^^^^^
[INFO] [stdout] note: the item is gated behind the `curve-secp256k1` feature
[INFO] [stdout]    --> /opt/rustwide/cargo-home/registry/src/index.crates.io-6f17d22bba15001f/generic-ec-0.4.3/src/lib.rs:247:11
[INFO] [stdout]     |
[INFO] [stdout] 247 |     #[cfg(feature = "curve-secp256k1")]
[INFO] [stdout]     |           ^^^^^^^^^^^^^^^^^^^^^^^^^^^
[INFO] [stdout] help: there is an enum variant `hd_wallet::slip10::CurveType::Secp256k1`; try using the variant's enum
[INFO] [stdout]     |
[INFO] [stdout] 7   | let master_key = hd_wallet::slip10::derive_master_key::<hd_wallet::slip10::CurveType>(seed)?;
[INFO] [stdout]     |                                                         ~~~~~~~~~~~~~~~~~~~~~~~~~~~~
[INFO] [stdout] 
[INFO] [stdout] error[E0599]: the function or associated item `derive_child_key_pair_with_path` exists for struct `Slip10`, but its trait bounds were not satisfied
[INFO] [stdout]    --> src/lib.rs:723:36
[INFO] [stdout]     |
[INFO] [stdout] 10  | let child_key = hd_wallet::Slip10::derive_child_key_pair_with_path(
[INFO] [stdout]     |                                    ^^^^^^^^^^^^^^^^^^^^^^^^^^^^^^^ function or associated item cannot be called on `Slip10` due to unsatisfied trait bounds
[INFO] [stdout]     |
[INFO] [stdout]    ::: /opt/rustwide/workdir/src/lib.rs:964:1
[INFO] [stdout]     |
[INFO] [stdout] 964 | pub struct Slip10;
[INFO] [stdout]     | ----------------- doesn't satisfy `Slip10: DeriveShift<_>` or `Slip10: HdWallet<_>`
[INFO] [stdout]     |
[INFO] [stdout]     = note: the following trait bounds were not satisfied:
[INFO] [stdout]             `Slip10: DeriveShift<_>`
[INFO] [stdout]             which is required by `Slip10: HdWallet<_>`
[INFO] [stdout]             `&Slip10: DeriveShift<_>`
[INFO] [stdout]             which is required by `&Slip10: HdWallet<_>`
[INFO] [stdout]             `&mut Slip10: DeriveShift<_>`
[INFO] [stdout]             which is required by `&mut Slip10: HdWallet<_>`
[INFO] [stdout] 
[INFO] [stdout] error: aborting due to 2 previous errors
[INFO] [stdout] 
[INFO] [stdout] Some errors have detailed explanations: E0412, E0599.
[INFO] [stdout] For more information about an error, try `rustc --explain E0412`.
[INFO] [stdout] Couldn't compile the test.
[INFO] [stdout] ---- src/lib.rs - H (line 115) stdout ----
[INFO] [stdout] error[E0412]: cannot find type `Secp256k1` in module `hd_wallet::curves`
[INFO] [stdout]    --> src/lib.rs:120:76
[INFO] [stdout]     |
[INFO] [stdout] 8   | let master_key = hd_wallet::slip10::derive_master_key::<hd_wallet::curves::Secp256k1>(seed)?;
[INFO] [stdout]     |                                                                            ^^^^^^^^^ not found in `hd_wallet::curves`
[INFO] [stdout]     |
[INFO] [stdout] note: found an item that was configured out
[INFO] [stdout]    --> /opt/rustwide/cargo-home/registry/src/index.crates.io-6f17d22bba15001f/generic-ec-0.4.3/src/lib.rs:249:32
[INFO] [stdout]     |
[INFO] [stdout] 249 |     pub use generic_ec_curves::Secp256k1;
[INFO] [stdout]     |                                ^^^^^^^^^
[INFO] [stdout] note: the item is gated behind the `curve-secp256k1` feature
[INFO] [stdout]    --> /opt/rustwide/cargo-home/registry/src/index.crates.io-6f17d22bba15001f/generic-ec-0.4.3/src/lib.rs:247:11
[INFO] [stdout]     |
[INFO] [stdout] 247 |     #[cfg(feature = "curve-secp256k1")]
[INFO] [stdout]     |           ^^^^^^^^^^^^^^^^^^^^^^^^^^^
[INFO] [stdout] help: there is an enum variant `hd_wallet::slip10::CurveType::Secp256k1`; try using the variant's enum
[INFO] [stdout]     |
[INFO] [stdout] 8   | let master_key = hd_wallet::slip10::derive_master_key::<hd_wallet::slip10::CurveType>(seed)?;
[INFO] [stdout]     |                                                         ~~~~~~~~~~~~~~~~~~~~~~~~~~~~
[INFO] [stdout] 
[INFO] [stdout] error[E0599]: the function or associated item `derive_child_key_pair` exists for struct `Slip10`, but its trait bounds were not satisfied
[INFO] [stdout]    --> src/lib.rs:123:41
[INFO] [stdout]     |
[INFO] [stdout] 11  | let hardened_child = hd_wallet::Slip10::derive_child_key_pair(
[INFO] [stdout]     |                                         ^^^^^^^^^^^^^^^^^^^^^ function or associated item cannot be called on `Slip10` due to unsatisfied trait bounds
[INFO] [stdout]     |
[INFO] [stdout]    ::: /opt/rustwide/workdir/src/lib.rs:964:1
[INFO] [stdout]     |
[INFO] [stdout] 964 | pub struct Slip10;
[INFO] [stdout]     | ----------------- doesn't satisfy `Slip10: DeriveShift<_>` or `Slip10: HdWallet<_>`
[INFO] [stdout]     |
[INFO] [stdout]     = note: the following trait bounds were not satisfied:
[INFO] [stdout]             `Slip10: DeriveShift<_>`
[INFO] [stdout]             which is required by `Slip10: HdWallet<_>`
[INFO] [stdout]             `&Slip10: DeriveShift<_>`
[INFO] [stdout]             which is required by `&Slip10: HdWallet<_>`
[INFO] [stdout]             `&mut Slip10: DeriveShift<_>`
[INFO] [stdout]             which is required by `&mut Slip10: HdWallet<_>`
[INFO] [stdout] 
[INFO] [stdout] error: aborting due to 2 previous errors
[INFO] [stdout] 
[INFO] [stdout] Some errors have detailed explanations: E0412, E0599.
[INFO] [stdout] For more information about an error, try `rustc --explain E0412`.
[INFO] [stdout] Couldn't compile the test.
[INFO] [stdout] ---- src/lib.rs - Edwards (line 1011) stdout ----
[INFO] [stdout] error[E0432]: unresolved import `hd_wallet::curves::Ed25519`
[INFO] [stdout]    --> src/lib.rs:1013:36
[INFO] [stdout]     |
[INFO] [stdout] 5   | use hd_wallet::{HdWallet, Edwards, curves::Ed25519};
[INFO] [stdout]     |                                    ^^^^^^^^^^^^^^^ no `Ed25519` in `curves`
[INFO] [stdout]     |
[INFO] [stdout] note: found an item that was configured out
[INFO] [stdout]    --> /opt/rustwide/cargo-home/registry/src/index.crates.io-6f17d22bba15001f/generic-ec-0.4.3/src/lib.rs:246:32
[INFO] [stdout]     |
[INFO] [stdout] 246 |     pub use generic_ec_curves::Ed25519;
[INFO] [stdout]     |                                ^^^^^^^
[INFO] [stdout] note: the item is gated behind the `curve-ed25519` feature
[INFO] [stdout]    --> /opt/rustwide/cargo-home/registry/src/index.crates.io-6f17d22bba15001f/generic-ec-0.4.3/src/lib.rs:244:11
[INFO] [stdout]     |
[INFO] [stdout] 244 |     #[cfg(feature = "curve-ed25519")]
[INFO] [stdout]     |           ^^^^^^^^^^^^^^^^^^^^^^^^^
[INFO] [stdout] 
[INFO] [stdout] error[E0599]: the function or associated item `derive_child_key_pair_with_path` exists for struct `Edwards`, but its trait bounds were not satisfied
[INFO] [stdout]     --> src/lib.rs:1024:31
[INFO] [stdout]      |
[INFO] [stdout] 16   | let child_key_pair = Edwards::derive_child_key_pair_with_path(
[INFO] [stdout]      |                               ^^^^^^^^^^^^^^^^^^^^^^^^^^^^^^^ function or associated item cannot be called on `Edwards` due to unsatisfied trait bounds
[INFO] [stdout]      |
[INFO] [stdout]     ::: /opt/rustwide/workdir/src/lib.rs:1029:1
[INFO] [stdout]      |
[INFO] [stdout] 1029 | pub struct Edwards;
[INFO] [stdout]      | ------------------ doesn't satisfy `Edwards: DeriveShift<_>` or `Edwards: HdWallet<_>`
[INFO] [stdout]      |
[INFO] [stdout]      = note: the following trait bounds were not satisfied:
[INFO] [stdout]              `Edwards: DeriveShift<_>`
[INFO] [stdout]              which is required by `Edwards: HdWallet<_>`
[INFO] [stdout]              `&Edwards: DeriveShift<_>`
[INFO] [stdout]              which is required by `&Edwards: HdWallet<_>`
[INFO] [stdout]              `&mut Edwards: DeriveShift<_>`
[INFO] [stdout]              which is required by `&mut Edwards: HdWallet<_>`
[INFO] [stdout] 
[INFO] [stdout] error: aborting due to 2 previous errors
[INFO] [stdout] 
[INFO] [stdout] Some errors have detailed explanations: E0432, E0599.
[INFO] [stdout] For more information about an error, try `rustc --explain E0432`.
[INFO] [stdout] Couldn't compile the test.
[INFO] [stdout] ---- src/lib.rs - edwards::derive_child_key_pair_with_path (line 509) stdout ----
[INFO] [stdout] error[E0412]: cannot find type `Ed25519` in module `hd_wallet::curves`
[INFO] [stdout]    --> src/lib.rs:512:29
[INFO] [stdout]     |
[INFO] [stdout] 6   | type E = hd_wallet::curves::Ed25519;
[INFO] [stdout]     |                             ^^^^^^^ not found in `hd_wallet::curves`
[INFO] [stdout]     |
[INFO] [stdout] note: found an item that was configured out
[INFO] [stdout]    --> /opt/rustwide/cargo-home/registry/src/index.crates.io-6f17d22bba15001f/generic-ec-0.4.3/src/lib.rs:246:32
[INFO] [stdout]     |
[INFO] [stdout] 246 |     pub use generic_ec_curves::Ed25519;
[INFO] [stdout]     |                                ^^^^^^^
[INFO] [stdout] note: the item is gated behind the `curve-ed25519` feature
[INFO] [stdout]    --> /opt/rustwide/cargo-home/registry/src/index.crates.io-6f17d22bba15001f/generic-ec-0.4.3/src/lib.rs:244:11
[INFO] [stdout]     |
[INFO] [stdout] 244 |     #[cfg(feature = "curve-ed25519")]
[INFO] [stdout]     |           ^^^^^^^^^^^^^^^^^^^^^^^^^
[INFO] [stdout] 
[INFO] [stdout] error[E0277]: the trait bound `Edwards: HdWallet<_>` is not satisfied
[INFO] [stdout]    --> src/lib.rs:518:5
[INFO] [stdout]     |
[INFO] [stdout] 11  | let child_key = hd_wallet::edwards::derive_child_key_pair_with_path(
[INFO] [stdout]     |                 --------------------------------------------------- required by a bound introduced by this call
[INFO] [stdout] 12  |     &master_key_pair,
[INFO] [stdout]     |     ^^^^^^^^^^^^^^^^ the trait `DeriveShift<_>` is not implemented for `Edwards`, which is required by `Edwards: HdWallet<_>`
[INFO] [stdout]     |
[INFO] [stdout]     = help: the trait `DeriveShift<E>` is implemented for `Slip10Like`
[INFO] [stdout]     = note: required for `Edwards` to implement `HdWallet<_>`
[INFO] [stdout] note: required by a bound in `hd_wallet::edwards::derive_child_key_pair_with_path`
[INFO] [stdout]    --> /opt/rustwide/workdir/src/lib.rs:104:5
[INFO] [stdout]     |
[INFO] [stdout] 104 |     super::create_aliases!(Edwards, edwards, hd_wallet::curves::Ed25519);
[INFO] [stdout]     |     ^^^^^^^^^^^^^^^^^^^^^^^^^^^^^^^^^^^^^^^^^^^^^^^^^^^^^^^^^^^^^^^^^^^^
[INFO] [stdout]     |     |
[INFO] [stdout]     |     required by a bound in this function
[INFO] [stdout]     |     required by this bound in `derive_child_key_pair_with_path`
[INFO] [stdout]     = note: this error originates in the macro `super::create_aliases` (in Nightly builds, run with -Z macro-backtrace for more info)
[INFO] [stdout] 
[INFO] [stdout] error: aborting due to 2 previous errors
[INFO] [stdout] 
[INFO] [stdout] Some errors have detailed explanations: E0277, E0412.
[INFO] [stdout] For more information about an error, try `rustc --explain E0277`.
[INFO] [stdout] Couldn't compile the test.
[INFO] [stdout] ---- src/lib.rs - edwards::derive_child_key_pair (line 438) stdout ----
[INFO] [stdout] error[E0412]: cannot find type `Ed25519` in module `hd_wallet::curves`
[INFO] [stdout]    --> src/lib.rs:440:29
[INFO] [stdout]     |
[INFO] [stdout] 5   | type E = hd_wallet::curves::Ed25519;
[INFO] [stdout]     |                             ^^^^^^^ not found in `hd_wallet::curves`
[INFO] [stdout]     |
[INFO] [stdout] note: found an item that was configured out
[INFO] [stdout]    --> /opt/rustwide/cargo-home/registry/src/index.crates.io-6f17d22bba15001f/generic-ec-0.4.3/src/lib.rs:246:32
[INFO] [stdout]     |
[INFO] [stdout] 246 |     pub use generic_ec_curves::Ed25519;
[INFO] [stdout]     |                                ^^^^^^^
[INFO] [stdout] note: the item is gated behind the `curve-ed25519` feature
[INFO] [stdout]    --> /opt/rustwide/cargo-home/registry/src/index.crates.io-6f17d22bba15001f/generic-ec-0.4.3/src/lib.rs:244:11
[INFO] [stdout]     |
[INFO] [stdout] 244 |     #[cfg(feature = "curve-ed25519")]
[INFO] [stdout]     |           ^^^^^^^^^^^^^^^^^^^^^^^^^
[INFO] [stdout] 
[INFO] [stdout] error[E0277]: the trait bound `Edwards: HdWallet<_>` is not satisfied
[INFO] [stdout]    --> src/lib.rs:446:5
[INFO] [stdout]     |
[INFO] [stdout] 10  | let derived_key = hd_wallet::edwards::derive_child_key_pair(
[INFO] [stdout]     |                   ----------------------------------------- required by a bound introduced by this call
[INFO] [stdout] 11  |     &master_key_pair,
[INFO] [stdout]     |     ^^^^^^^^^^^^^^^^ the trait `DeriveShift<_>` is not implemented for `Edwards`, which is required by `Edwards: HdWallet<_>`
[INFO] [stdout]     |
[INFO] [stdout]     = help: the trait `DeriveShift<E>` is implemented for `Slip10Like`
[INFO] [stdout]     = note: required for `Edwards` to implement `HdWallet<_>`
[INFO] [stdout] note: required by a bound in `hd_wallet::edwards::derive_child_key_pair`
[INFO] [stdout]    --> /opt/rustwide/workdir/src/lib.rs:104:5
[INFO] [stdout]     |
[INFO] [stdout] 104 |     super::create_aliases!(Edwards, edwards, hd_wallet::curves::Ed25519);
[INFO] [stdout]     |     ^^^^^^^^^^^^^^^^^^^^^^^^^^^^^^^^^^^^^^^^^^^^^^^^^^^^^^^^^^^^^^^^^^^^
[INFO] [stdout]     |     |
[INFO] [stdout]     |     required by a bound in this function
[INFO] [stdout]     |     required by this bound in `derive_child_key_pair`
[INFO] [stdout]     = note: this error originates in the macro `super::create_aliases` (in Nightly builds, run with -Z macro-backtrace for more info)
[INFO] [stdout] 
[INFO] [stdout] error: aborting due to 2 previous errors
[INFO] [stdout] 
[INFO] [stdout] Some errors have detailed explanations: E0277, E0412.
[INFO] [stdout] For more information about an error, try `rustc --explain E0277`.
[INFO] [stdout] Couldn't compile the test.
[INFO] [stdout] ---- src/lib.rs - HdWallet::try_derive_child_public_key_with_path (line 753) stdout ----
[INFO] [stdout] error[E0412]: cannot find type `Secp256k1` in module `hd_wallet::curves`
[INFO] [stdout]    --> src/lib.rs:757:76
[INFO] [stdout]     |
[INFO] [stdout] 7   | let master_key = hd_wallet::slip10::derive_master_key::<hd_wallet::curves::Secp256k1>(seed)?;
[INFO] [stdout]     |                                                                            ^^^^^^^^^ not found in `hd_wallet::curves`
[INFO] [stdout]     |
[INFO] [stdout] note: found an item that was configured out
[INFO] [stdout]    --> /opt/rustwide/cargo-home/registry/src/index.crates.io-6f17d22bba15001f/generic-ec-0.4.3/src/lib.rs:249:32
[INFO] [stdout]     |
[INFO] [stdout] 249 |     pub use generic_ec_curves::Secp256k1;
[INFO] [stdout]     |                                ^^^^^^^^^
[INFO] [stdout] note: the item is gated behind the `curve-secp256k1` feature
[INFO] [stdout]    --> /opt/rustwide/cargo-home/registry/src/index.crates.io-6f17d22bba15001f/generic-ec-0.4.3/src/lib.rs:247:11
[INFO] [stdout]     |
[INFO] [stdout] 247 |     #[cfg(feature = "curve-secp256k1")]
[INFO] [stdout]     |           ^^^^^^^^^^^^^^^^^^^^^^^^^^^
[INFO] [stdout] help: there is an enum variant `hd_wallet::slip10::CurveType::Secp256k1`; try using the variant's enum
[INFO] [stdout]     |
[INFO] [stdout] 7   | let master_key = hd_wallet::slip10::derive_master_key::<hd_wallet::slip10::CurveType>(seed)?;
[INFO] [stdout]     |                                                         ~~~~~~~~~~~~~~~~~~~~~~~~~~~~
[INFO] [stdout] 
[INFO] [stdout] error[E0599]: the function or associated item `try_derive_child_public_key_with_path` exists for struct `Slip10`, but its trait bounds were not satisfied
[INFO] [stdout]    --> src/lib.rs:762:36
[INFO] [stdout]     |
[INFO] [stdout] 12  | let child_key = hd_wallet::Slip10::try_derive_child_public_key_with_path(
[INFO] [stdout]     |                                    ^^^^^^^^^^^^^^^^^^^^^^^^^^^^^^^^^^^^^ function or associated item cannot be called on `Slip10` due to unsatisfied trait bounds
[INFO] [stdout]     |
[INFO] [stdout]    ::: /opt/rustwide/workdir/src/lib.rs:964:1
[INFO] [stdout]     |
[INFO] [stdout] 964 | pub struct Slip10;
[INFO] [stdout]     | ----------------- doesn't satisfy `Slip10: DeriveShift<_>` or `Slip10: HdWallet<_>`
[INFO] [stdout]     |
[INFO] [stdout]     = note: the following trait bounds were not satisfied:
[INFO] [stdout]             `Slip10: DeriveShift<_>`
[INFO] [stdout]             which is required by `Slip10: HdWallet<_>`
[INFO] [stdout]             `&Slip10: DeriveShift<_>`
[INFO] [stdout]             which is required by `&Slip10: HdWallet<_>`
[INFO] [stdout]             `&mut Slip10: DeriveShift<_>`
[INFO] [stdout]             which is required by `&mut Slip10: HdWallet<_>`
[INFO] [stdout] 
[INFO] [stdout] error: aborting due to 2 previous errors
[INFO] [stdout] 
[INFO] [stdout] Some errors have detailed explanations: E0412, E0599.
[INFO] [stdout] For more information about an error, try `rustc --explain E0412`.
[INFO] [stdout] Couldn't compile the test.
[INFO] [stdout] ---- src/lib.rs - HdWallet::try_derive_child_key_pair_with_path (line 683) stdout ----
[INFO] [stdout] error[E0412]: cannot find type `Secp256k1` in module `hd_wallet::curves`
[INFO] [stdout]    --> src/lib.rs:687:76
[INFO] [stdout]     |
[INFO] [stdout] 7   | let master_key = hd_wallet::slip10::derive_master_key::<hd_wallet::curves::Secp256k1>(seed)?;
[INFO] [stdout]     |                                                                            ^^^^^^^^^ not found in `hd_wallet::curves`
[INFO] [stdout]     |
[INFO] [stdout] note: found an item that was configured out
[INFO] [stdout]    --> /opt/rustwide/cargo-home/registry/src/index.crates.io-6f17d22bba15001f/generic-ec-0.4.3/src/lib.rs:249:32
[INFO] [stdout]     |
[INFO] [stdout] 249 |     pub use generic_ec_curves::Secp256k1;
[INFO] [stdout]     |                                ^^^^^^^^^
[INFO] [stdout] note: the item is gated behind the `curve-secp256k1` feature
[INFO] [stdout]    --> /opt/rustwide/cargo-home/registry/src/index.crates.io-6f17d22bba15001f/generic-ec-0.4.3/src/lib.rs:247:11
[INFO] [stdout]     |
[INFO] [stdout] 247 |     #[cfg(feature = "curve-secp256k1")]
[INFO] [stdout]     |           ^^^^^^^^^^^^^^^^^^^^^^^^^^^
[INFO] [stdout] help: there is an enum variant `hd_wallet::slip10::CurveType::Secp256k1`; try using the variant's enum
[INFO] [stdout]     |
[INFO] [stdout] 7   | let master_key = hd_wallet::slip10::derive_master_key::<hd_wallet::slip10::CurveType>(seed)?;
[INFO] [stdout]     |                                                         ~~~~~~~~~~~~~~~~~~~~~~~~~~~~
[INFO] [stdout] 
[INFO] [stdout] error[E0599]: the function or associated item `try_derive_child_key_pair_with_path` exists for struct `Slip10`, but its trait bounds were not satisfied
[INFO] [stdout]    --> src/lib.rs:692:36
[INFO] [stdout]     |
[INFO] [stdout] 12  | let child_key = hd_wallet::Slip10::try_derive_child_key_pair_with_path(
[INFO] [stdout]     |                                    ^^^^^^^^^^^^^^^^^^^^^^^^^^^^^^^^^^^ function or associated item cannot be called on `Slip10` due to unsatisfied trait bounds
[INFO] [stdout]     |
[INFO] [stdout]    ::: /opt/rustwide/workdir/src/lib.rs:964:1
[INFO] [stdout]     |
[INFO] [stdout] 964 | pub struct Slip10;
[INFO] [stdout]     | ----------------- doesn't satisfy `Slip10: DeriveShift<_>` or `Slip10: HdWallet<_>`
[INFO] [stdout]     |
[INFO] [stdout]     = note: the following trait bounds were not satisfied:
[INFO] [stdout]             `Slip10: DeriveShift<_>`
[INFO] [stdout]             which is required by `Slip10: HdWallet<_>`
[INFO] [stdout]             `&Slip10: DeriveShift<_>`
[INFO] [stdout]             which is required by `&Slip10: HdWallet<_>`
[INFO] [stdout]             `&mut Slip10: DeriveShift<_>`
[INFO] [stdout]             which is required by `&mut Slip10: HdWallet<_>`
[INFO] [stdout] 
[INFO] [stdout] error: aborting due to 2 previous errors
[INFO] [stdout] 
[INFO] [stdout] Some errors have detailed explanations: E0412, E0599.
[INFO] [stdout] For more information about an error, try `rustc --explain E0412`.
[INFO] [stdout] Couldn't compile the test.
[INFO] [stdout] ---- src/lib.rs - Slip10 (line 945) stdout ----
[INFO] [stdout] error[E0432]: unresolved import `hd_wallet::curves::Secp256k1`
[INFO] [stdout]    --> src/lib.rs:947:35
[INFO] [stdout]     |
[INFO] [stdout] 5   | use hd_wallet::{HdWallet, Slip10, curves::Secp256k1};
[INFO] [stdout]     |                                   ^^^^^^^^^^^^^^^^^ no `Secp256k1` in `curves`
[INFO] [stdout]     |
[INFO] [stdout]     = help: consider importing this variant instead:
[INFO] [stdout]             hd_wallet::slip10::CurveType::Secp256k1
[INFO] [stdout] note: found an item that was configured out
[INFO] [stdout]    --> /opt/rustwide/cargo-home/registry/src/index.crates.io-6f17d22bba15001f/generic-ec-0.4.3/src/lib.rs:249:32
[INFO] [stdout]     |
[INFO] [stdout] 249 |     pub use generic_ec_curves::Secp256k1;
[INFO] [stdout]     |                                ^^^^^^^^^
[INFO] [stdout] note: the item is gated behind the `curve-secp256k1` feature
[INFO] [stdout]    --> /opt/rustwide/cargo-home/registry/src/index.crates.io-6f17d22bba15001f/generic-ec-0.4.3/src/lib.rs:247:11
[INFO] [stdout]     |
[INFO] [stdout] 247 |     #[cfg(feature = "curve-secp256k1")]
[INFO] [stdout]     |           ^^^^^^^^^^^^^^^^^^^^^^^^^^^
[INFO] [stdout] 
[INFO] [stdout] error[E0599]: the function or associated item `derive_child_key_pair_with_path` exists for struct `Slip10`, but its trait bounds were not satisfied
[INFO] [stdout]    --> src/lib.rs:953:30
[INFO] [stdout]     |
[INFO] [stdout] 11  | let child_key_pair = Slip10::derive_child_key_pair_with_path(
[INFO] [stdout]     |                              ^^^^^^^^^^^^^^^^^^^^^^^^^^^^^^^ function or associated item cannot be called on `Slip10` due to unsatisfied trait bounds
[INFO] [stdout]     |
[INFO] [stdout]    ::: /opt/rustwide/workdir/src/lib.rs:964:1
[INFO] [stdout]     |
[INFO] [stdout] 964 | pub struct Slip10;
[INFO] [stdout]     | ----------------- doesn't satisfy `Slip10: DeriveShift<_>` or `Slip10: HdWallet<_>`
[INFO] [stdout]     |
[INFO] [stdout]     = note: the following trait bounds were not satisfied:
[INFO] [stdout]             `Slip10: DeriveShift<_>`
[INFO] [stdout]             which is required by `Slip10: HdWallet<_>`
[INFO] [stdout]             `&Slip10: DeriveShift<_>`
[INFO] [stdout]             which is required by `&Slip10: HdWallet<_>`
[INFO] [stdout]             `&mut Slip10: DeriveShift<_>`
[INFO] [stdout]             which is required by `&mut Slip10: HdWallet<_>`
[INFO] [stdout] 
[INFO] [stdout] error: aborting due to 2 previous errors
[INFO] [stdout] 
[INFO] [stdout] Some errors have detailed explanations: E0432, E0599.
[INFO] [stdout] For more information about an error, try `rustc --explain E0432`.
[INFO] [stdout] Couldn't compile the test.
[INFO] [stdout] ---- src/lib.rs - edwards::derive_child_public_key (line 409) stdout ----
[INFO] [stdout] error[E0412]: cannot find type `Ed25519` in module `hd_wallet::curves`
[INFO] [stdout]    --> src/lib.rs:411:29
[INFO] [stdout]     |
[INFO] [stdout] 5   | type E = hd_wallet::curves::Ed25519;
[INFO] [stdout]     |                             ^^^^^^^ not found in `hd_wallet::curves`
[INFO] [stdout]     |
[INFO] [stdout] note: found an item that was configured out
[INFO] [stdout]    --> /opt/rustwide/cargo-home/registry/src/index.crates.io-6f17d22bba15001f/generic-ec-0.4.3/src/lib.rs:246:32
[INFO] [stdout]     |
[INFO] [stdout] 246 |     pub use generic_ec_curves::Ed25519;
[INFO] [stdout]     |                                ^^^^^^^
[INFO] [stdout] note: the item is gated behind the `curve-ed25519` feature
[INFO] [stdout]    --> /opt/rustwide/cargo-home/registry/src/index.crates.io-6f17d22bba15001f/generic-ec-0.4.3/src/lib.rs:244:11
[INFO] [stdout]     |
[INFO] [stdout] 244 |     #[cfg(feature = "curve-ed25519")]
[INFO] [stdout]     |           ^^^^^^^^^^^^^^^^^^^^^^^^^
[INFO] [stdout] 
[INFO] [stdout] error[E0277]: the trait bound `Edwards: HdWallet<_>` is not satisfied
[INFO] [stdout]    --> src/lib.rs:417:5
[INFO] [stdout]     |
[INFO] [stdout] 10  | let derived_key = hd_wallet::edwards::derive_child_public_key(
[INFO] [stdout]     |                   ------------------------------------------- required by a bound introduced by this call
[INFO] [stdout] 11  |     &master_public_key,
[INFO] [stdout]     |     ^^^^^^^^^^^^^^^^^^ the trait `DeriveShift<_>` is not implemented for `Edwards`, which is required by `Edwards: HdWallet<_>`
[INFO] [stdout]     |
[INFO] [stdout]     = help: the trait `DeriveShift<E>` is implemented for `Slip10Like`
[INFO] [stdout]     = note: required for `Edwards` to implement `HdWallet<_>`
[INFO] [stdout] note: required by a bound in `hd_wallet::edwards::derive_child_public_key`
[INFO] [stdout]    --> /opt/rustwide/workdir/src/lib.rs:104:5
[INFO] [stdout]     |
[INFO] [stdout] 104 |     super::create_aliases!(Edwards, edwards, hd_wallet::curves::Ed25519);
[INFO] [stdout]     |     ^^^^^^^^^^^^^^^^^^^^^^^^^^^^^^^^^^^^^^^^^^^^^^^^^^^^^^^^^^^^^^^^^^^^
[INFO] [stdout]     |     |
[INFO] [stdout]     |     required by a bound in this function
[INFO] [stdout]     |     required by this bound in `derive_child_public_key`
[INFO] [stdout]     = note: this error originates in the macro `super::create_aliases` (in Nightly builds, run with -Z macro-backtrace for more info)
[INFO] [stdout] 
[INFO] [stdout] error[E0277]: the trait bound `OutOfRange: std::error::Error` is not satisfied
[INFO] [stdout]   --> src/lib.rs:418:17
[INFO] [stdout]    |
[INFO] [stdout] 12 |     1.try_into()?,
[INFO] [stdout]    |                 ^ the trait `std::error::Error` is not implemented for `OutOfRange`, which is required by `Result<(), _>: FromResidual<Result<Infallible, _>>`
[INFO] [stdout]    |
[INFO] [stdout]    = help: the trait `FromResidual<Result<Infallible, E>>` is implemented for `Result<T, F>`
[INFO] [stdout]    = note: required for `Box<dyn std::error::Error>` to implement `From<OutOfRange>`
[INFO] [stdout]    = note: required for `Result<(), Box<dyn std::error::Error>>` to implement `FromResidual<Result<Infallible, OutOfRange>>`
[INFO] [stdout] 
[INFO] [stdout] error: aborting due to 3 previous errors
[INFO] [stdout] 
[INFO] [stdout] Some errors have detailed explanations: E0277, E0412.
[INFO] [stdout] For more information about an error, try `rustc --explain E0277`.
[INFO] [stdout] Couldn't compile the test.
[INFO] [stdout] ---- src/lib.rs - edwards::try_derive_child_key_pair_with_path (line 474) stdout ----
[INFO] [stdout] error[E0412]: cannot find type `Ed25519` in module `hd_wallet::curves`
[INFO] [stdout]    --> src/lib.rs:477:29
[INFO] [stdout]     |
[INFO] [stdout] 6   | type E = hd_wallet::curves::Ed25519;
[INFO] [stdout]     |                             ^^^^^^^ not found in `hd_wallet::curves`
[INFO] [stdout]     |
[INFO] [stdout] note: found an item that was configured out
[INFO] [stdout]    --> /opt/rustwide/cargo-home/registry/src/index.crates.io-6f17d22bba15001f/generic-ec-0.4.3/src/lib.rs:246:32
[INFO] [stdout]     |
[INFO] [stdout] 246 |     pub use generic_ec_curves::Ed25519;
[INFO] [stdout]     |                                ^^^^^^^
[INFO] [stdout] note: the item is gated behind the `curve-ed25519` feature
[INFO] [stdout]    --> /opt/rustwide/cargo-home/registry/src/index.crates.io-6f17d22bba15001f/generic-ec-0.4.3/src/lib.rs:244:11
[INFO] [stdout]     |
[INFO] [stdout] 244 |     #[cfg(feature = "curve-ed25519")]
[INFO] [stdout]     |           ^^^^^^^^^^^^^^^^^^^^^^^^^
[INFO] [stdout] 
[INFO] [stdout] error[E0277]: the trait bound `Edwards: HdWallet<_>` is not satisfied
[INFO] [stdout]    --> src/lib.rs:485:5
[INFO] [stdout]     |
[INFO] [stdout] 13  | let child_key = hd_wallet::edwards::try_derive_child_key_pair_with_path(
[INFO] [stdout]     |                 ------------------------------------------------------- required by a bound introduced by this call
[INFO] [stdout] 14  |     &master_key_pair,
[INFO] [stdout]     |     ^^^^^^^^^^^^^^^^ the trait `DeriveShift<_>` is not implemented for `Edwards`, which is required by `Edwards: HdWallet<_>`
[INFO] [stdout]     |
[INFO] [stdout]     = help: the trait `DeriveShift<E>` is implemented for `Slip10Like`
[INFO] [stdout]     = note: required for `Edwards` to implement `HdWallet<_>`
[INFO] [stdout] note: required by a bound in `hd_wallet::edwards::try_derive_child_key_pair_with_path`
[INFO] [stdout]    --> /opt/rustwide/workdir/src/lib.rs:104:5
[INFO] [stdout]     |
[INFO] [stdout] 104 |     super::create_aliases!(Edwards, edwards, hd_wallet::curves::Ed25519);
[INFO] [stdout]     |     ^^^^^^^^^^^^^^^^^^^^^^^^^^^^^^^^^^^^^^^^^^^^^^^^^^^^^^^^^^^^^^^^^^^^
[INFO] [stdout]     |     |
[INFO] [stdout]     |     required by a bound in this function
[INFO] [stdout]     |     required by this bound in `try_derive_child_key_pair_with_path`
[INFO] [stdout]     = note: this error originates in the macro `super::create_aliases` (in Nightly builds, run with -Z macro-backtrace for more info)
[INFO] [stdout] 
[INFO] [stdout] error: aborting due to 2 previous errors
[INFO] [stdout] 
[INFO] [stdout] Some errors have detailed explanations: E0277, E0412.
[INFO] [stdout] For more information about an error, try `rustc --explain E0277`.
[INFO] [stdout] Couldn't compile the test.
[INFO] [stdout] ---- src/lib.rs - edwards::derive_child_public_key_with_path (line 582) stdout ----
[INFO] [stdout] error[E0412]: cannot find type `Ed25519` in module `hd_wallet::curves`
[INFO] [stdout]    --> src/lib.rs:585:29
[INFO] [stdout]     |
[INFO] [stdout] 6   | type E = hd_wallet::curves::Ed25519;
[INFO] [stdout]     |                             ^^^^^^^ not found in `hd_wallet::curves`
[INFO] [stdout]     |
[INFO] [stdout] note: found an item that was configured out
[INFO] [stdout]    --> /opt/rustwide/cargo-home/registry/src/index.crates.io-6f17d22bba15001f/generic-ec-0.4.3/src/lib.rs:246:32
[INFO] [stdout]     |
[INFO] [stdout] 246 |     pub use generic_ec_curves::Ed25519;
[INFO] [stdout]     |                                ^^^^^^^
[INFO] [stdout] note: the item is gated behind the `curve-ed25519` feature
[INFO] [stdout]    --> /opt/rustwide/cargo-home/registry/src/index.crates.io-6f17d22bba15001f/generic-ec-0.4.3/src/lib.rs:244:11
[INFO] [stdout]     |
[INFO] [stdout] 244 |     #[cfg(feature = "curve-ed25519")]
[INFO] [stdout]     |           ^^^^^^^^^^^^^^^^^^^^^^^^^
[INFO] [stdout] 
[INFO] [stdout] error[E0277]: the trait bound `Edwards: HdWallet<_>` is not satisfied
[INFO] [stdout]    --> src/lib.rs:591:5
[INFO] [stdout]     |
[INFO] [stdout] 11  | let child_key = hd_wallet::edwards::derive_child_public_key_with_path(
[INFO] [stdout]     |                 ----------------------------------------------------- required by a bound introduced by this call
[INFO] [stdout] 12  |     &master_public_key,
[INFO] [stdout]     |     ^^^^^^^^^^^^^^^^^^ the trait `DeriveShift<_>` is not implemented for `Edwards`, which is required by `Edwards: HdWallet<_>`
[INFO] [stdout]     |
[INFO] [stdout]     = help: the trait `DeriveShift<E>` is implemented for `Slip10Like`
[INFO] [stdout]     = note: required for `Edwards` to implement `HdWallet<_>`
[INFO] [stdout] note: required by a bound in `hd_wallet::edwards::derive_child_public_key_with_path`
[INFO] [stdout]    --> /opt/rustwide/workdir/src/lib.rs:104:5
[INFO] [stdout]     |
[INFO] [stdout] 104 |     super::create_aliases!(Edwards, edwards, hd_wallet::curves::Ed25519);
[INFO] [stdout]     |     ^^^^^^^^^^^^^^^^^^^^^^^^^^^^^^^^^^^^^^^^^^^^^^^^^^^^^^^^^^^^^^^^^^^^
[INFO] [stdout]     |     |
[INFO] [stdout]     |     required by a bound in this function
[INFO] [stdout]     |     required by this bound in `derive_child_public_key_with_path`
[INFO] [stdout]     = note: this error originates in the macro `super::create_aliases` (in Nightly builds, run with -Z macro-backtrace for more info)
[INFO] [stdout] 
[INFO] [stdout] error[E0277]: the trait bound `OutOfRange: std::error::Error` is not satisfied
[INFO] [stdout]   --> src/lib.rs:592:18
[INFO] [stdout]    |
[INFO] [stdout] 13 |     [1.try_into()?, 10.try_into()?],
[INFO] [stdout]    |                  ^ the trait `std::error::Error` is not implemented for `OutOfRange`, which is required by `Result<(), _>: FromResidual<Result<Infallible, _>>`
[INFO] [stdout]    |
[INFO] [stdout]    = help: the trait `FromResidual<Result<Infallible, E>>` is implemented for `Result<T, F>`
[INFO] [stdout]    = note: required for `Box<dyn std::error::Error>` to implement `From<OutOfRange>`
[INFO] [stdout]    = note: required for `Result<(), Box<dyn std::error::Error>>` to implement `FromResidual<Result<Infallible, OutOfRange>>`
[INFO] [stdout] 
[INFO] [stdout] error: aborting due to 3 previous errors
[INFO] [stdout] 
[INFO] [stdout] Some errors have detailed explanations: E0277, E0412.
[INFO] [stdout] For more information about an error, try `rustc --explain E0277`.
[INFO] [stdout] Couldn't compile the test.
[INFO] [stdout] ---- src/lib.rs - slip10::derive_child_key_pair (line 438) stdout ----
[INFO] [stdout] error[E0412]: cannot find type `Secp256k1` in module `hd_wallet::curves`
[INFO] [stdout]    --> src/lib.rs:440:33
[INFO] [stdout]     |
[INFO] [stdout] 5   | type E = hd_wallet :: curves :: Secp256k1;
[INFO] [stdout]     |                                 ^^^^^^^^^ not found in `hd_wallet::curves`
[INFO] [stdout]     |
[INFO] [stdout] note: found an item that was configured out
[INFO] [stdout]    --> /opt/rustwide/cargo-home/registry/src/index.crates.io-6f17d22bba15001f/generic-ec-0.4.3/src/lib.rs:249:32
[INFO] [stdout]     |
[INFO] [stdout] 249 |     pub use generic_ec_curves::Secp256k1;
[INFO] [stdout]     |                                ^^^^^^^^^
[INFO] [stdout] note: the item is gated behind the `curve-secp256k1` feature
[INFO] [stdout]    --> /opt/rustwide/cargo-home/registry/src/index.crates.io-6f17d22bba15001f/generic-ec-0.4.3/src/lib.rs:247:11
[INFO] [stdout]     |
[INFO] [stdout] 247 |     #[cfg(feature = "curve-secp256k1")]
[INFO] [stdout]     |           ^^^^^^^^^^^^^^^^^^^^^^^^^^^
[INFO] [stdout] help: there is an enum variant `hd_wallet::slip10::CurveType::Secp256k1`; try using the variant's enum
[INFO] [stdout]     |
[INFO] [stdout] 5   | type E = hd_wallet::slip10::CurveType;
[INFO] [stdout]     |          ~~~~~~~~~~~~~~~~~~~~~~~~~~~~
[INFO] [stdout] 
[INFO] [stdout] error[E0277]: the trait bound `Slip10: HdWallet<_>` is not satisfied
[INFO] [stdout]    --> src/lib.rs:446:5
[INFO] [stdout]     |
[INFO] [stdout] 10  | let derived_key = hd_wallet::slip10::derive_child_key_pair(
[INFO] [stdout]     |                   ---------------------------------------- required by a bound introduced by this call
[INFO] [stdout] 11  |     &master_key_pair,
[INFO] [stdout]     |     ^^^^^^^^^^^^^^^^ the trait `DeriveShift<_>` is not implemented for `Slip10`, which is required by `Slip10: HdWallet<_>`
[INFO] [stdout]     |
[INFO] [stdout]     = help: the trait `DeriveShift<E>` is implemented for `Slip10Like`
[INFO] [stdout]     = note: required for `Slip10` to implement `HdWallet<_>`
[INFO] [stdout] note: required by a bound in `hd_wallet::slip10::derive_child_key_pair`
[INFO] [stdout]    --> /opt/rustwide/workdir/src/slip10.rs:105:1
[INFO] [stdout]     |
[INFO] [stdout] 105 | super::create_aliases!(Slip10, slip10);
[INFO] [stdout]     | ^^^^^^^^^^^^^^^^^^^^^^^^^^^^^^^^^^^^^^
[INFO] [stdout]     | |
[INFO] [stdout]     | required by a bound in this function
[INFO] [stdout]     | required by this bound in `derive_child_key_pair`
[INFO] [stdout]     = note: this error originates in the macro `$crate::create_aliases` which comes from the expansion of the macro `super::create_aliases` (in Nightly builds, run with -Z macro-backtrace for more info)
[INFO] [stdout] 
[INFO] [stdout] error: aborting due to 2 previous errors
[INFO] [stdout] 
[INFO] [stdout] Some errors have detailed explanations: E0277, E0412.
[INFO] [stdout] For more information about an error, try `rustc --explain E0277`.
[INFO] [stdout] Couldn't compile the test.
[INFO] [stdout] ---- src/lib.rs - edwards::try_derive_child_public_key_with_path (line 546) stdout ----
[INFO] [stdout] error[E0412]: cannot find type `Ed25519` in module `hd_wallet::curves`
[INFO] [stdout]    --> src/lib.rs:549:29
[INFO] [stdout]     |
[INFO] [stdout] 6   | type E = hd_wallet::curves::Ed25519;
[INFO] [stdout]     |                             ^^^^^^^ not found in `hd_wallet::curves`
[INFO] [stdout]     |
[INFO] [stdout] note: found an item that was configured out
[INFO] [stdout]    --> /opt/rustwide/cargo-home/registry/src/index.crates.io-6f17d22bba15001f/generic-ec-0.4.3/src/lib.rs:246:32
[INFO] [stdout]     |
[INFO] [stdout] 246 |     pub use generic_ec_curves::Ed25519;
[INFO] [stdout]     |                                ^^^^^^^
[INFO] [stdout] note: the item is gated behind the `curve-ed25519` feature
[INFO] [stdout]    --> /opt/rustwide/cargo-home/registry/src/index.crates.io-6f17d22bba15001f/generic-ec-0.4.3/src/lib.rs:244:11
[INFO] [stdout]     |
[INFO] [stdout] 244 |     #[cfg(feature = "curve-ed25519")]
[INFO] [stdout]     |           ^^^^^^^^^^^^^^^^^^^^^^^^^
[INFO] [stdout] 
[INFO] [stdout] error[E0277]: the trait bound `Edwards: HdWallet<_>` is not satisfied
[INFO] [stdout]    --> src/lib.rs:557:5
[INFO] [stdout]     |
[INFO] [stdout] 13  | let child_key = hd_wallet::edwards::try_derive_child_public_key_with_path(
[INFO] [stdout]     |                 --------------------------------------------------------- required by a bound introduced by this call
[INFO] [stdout] 14  |     &master_public_key,
[INFO] [stdout]     |     ^^^^^^^^^^^^^^^^^^ the trait `DeriveShift<_>` is not implemented for `Edwards`, which is required by `Edwards: HdWallet<_>`
[INFO] [stdout]     |
[INFO] [stdout]     = help: the trait `DeriveShift<E>` is implemented for `Slip10Like`
[INFO] [stdout]     = note: required for `Edwards` to implement `HdWallet<_>`
[INFO] [stdout] note: required by a bound in `hd_wallet::edwards::try_derive_child_public_key_with_path`
[INFO] [stdout]    --> /opt/rustwide/workdir/src/lib.rs:104:5
[INFO] [stdout]     |
[INFO] [stdout] 104 |     super::create_aliases!(Edwards, edwards, hd_wallet::curves::Ed25519);
[INFO] [stdout]     |     ^^^^^^^^^^^^^^^^^^^^^^^^^^^^^^^^^^^^^^^^^^^^^^^^^^^^^^^^^^^^^^^^^^^^
[INFO] [stdout]     |     |
[INFO] [stdout]     |     required by a bound in this function
[INFO] [stdout]     |     required by this bound in `try_derive_child_public_key_with_path`
[INFO] [stdout]     = note: this error originates in the macro `super::create_aliases` (in Nightly builds, run with -Z macro-backtrace for more info)
[INFO] [stdout] 
[INFO] [stdout] error[E0277]: the trait bound `ParseChildIndexError: std::error::Error` is not satisfied
[INFO] [stdout]   --> src/lib.rs:559:2
[INFO] [stdout]    |
[INFO] [stdout] 16 | )?;
[INFO] [stdout]    |  ^ the trait `std::error::Error` is not implemented for `ParseChildIndexError`, which is required by `Result<(), _>: FromResidual<Result<Infallible, ParseChildIndexError>>`
[INFO] [stdout]    |
[INFO] [stdout]    = help: the trait `FromResidual<Result<Infallible, E>>` is implemented for `Result<T, F>`
[INFO] [stdout]    = note: required for `Box<dyn std::error::Error>` to implement `From<ParseChildIndexError>`
[INFO] [stdout]    = note: required for `Result<(), Box<dyn std::error::Error>>` to implement `FromResidual<Result<Infallible, ParseChildIndexError>>`
[INFO] [stdout] 
[INFO] [stdout] error: aborting due to 3 previous errors
[INFO] [stdout] 
[INFO] [stdout] Some errors have detailed explanations: E0277, E0412.
[INFO] [stdout] For more information about an error, try `rustc --explain E0277`.
[INFO] [stdout] Couldn't compile the test.
[INFO] [stdout] ---- src/lib.rs - slip10::derive_child_public_key_with_path (line 582) stdout ----
[INFO] [stdout] error[E0412]: cannot find type `Secp256k1` in module `hd_wallet::curves`
[INFO] [stdout]    --> src/lib.rs:585:33
[INFO] [stdout]     |
[INFO] [stdout] 6   | type E = hd_wallet :: curves :: Secp256k1;
[INFO] [stdout]     |                                 ^^^^^^^^^ not found in `hd_wallet::curves`
[INFO] [stdout]     |
[INFO] [stdout] note: found an item that was configured out
[INFO] [stdout]    --> /opt/rustwide/cargo-home/registry/src/index.crates.io-6f17d22bba15001f/generic-ec-0.4.3/src/lib.rs:249:32
[INFO] [stdout]     |
[INFO] [stdout] 249 |     pub use generic_ec_curves::Secp256k1;
[INFO] [stdout]     |                                ^^^^^^^^^
[INFO] [stdout] note: the item is gated behind the `curve-secp256k1` feature
[INFO] [stdout]    --> /opt/rustwide/cargo-home/registry/src/index.crates.io-6f17d22bba15001f/generic-ec-0.4.3/src/lib.rs:247:11
[INFO] [stdout]     |
[INFO] [stdout] 247 |     #[cfg(feature = "curve-secp256k1")]
[INFO] [stdout]     |           ^^^^^^^^^^^^^^^^^^^^^^^^^^^
[INFO] [stdout] help: there is an enum variant `hd_wallet::slip10::CurveType::Secp256k1`; try using the variant's enum
[INFO] [stdout]     |
[INFO] [stdout] 6   | type E = hd_wallet::slip10::CurveType;
[INFO] [stdout]     |          ~~~~~~~~~~~~~~~~~~~~~~~~~~~~
[INFO] [stdout] 
[INFO] [stdout] error[E0277]: the trait bound `Slip10: HdWallet<_>` is not satisfied
[INFO] [stdout]    --> src/lib.rs:591:5
[INFO] [stdout]     |
[INFO] [stdout] 11  | let child_key = hd_wallet::slip10::derive_child_public_key_with_path(
[INFO] [stdout]     |                 ---------------------------------------------------- required by a bound introduced by this call
[INFO] [stdout] 12  |     &master_public_key,
[INFO] [stdout]     |     ^^^^^^^^^^^^^^^^^^ the trait `DeriveShift<_>` is not implemented for `Slip10`, which is required by `Slip10: HdWallet<_>`
[INFO] [stdout]     |
[INFO] [stdout]     = help: the trait `DeriveShift<E>` is implemented for `Slip10Like`
[INFO] [stdout]     = note: required for `Slip10` to implement `HdWallet<_>`
[INFO] [stdout] note: required by a bound in `hd_wallet::slip10::derive_child_public_key_with_path`
[INFO] [stdout]    --> /opt/rustwide/workdir/src/slip10.rs:105:1
[INFO] [stdout]     |
[INFO] [stdout] 105 | super::create_aliases!(Slip10, slip10);
[INFO] [stdout]     | ^^^^^^^^^^^^^^^^^^^^^^^^^^^^^^^^^^^^^^
[INFO] [stdout]     | |
[INFO] [stdout]     | required by a bound in this function
[INFO] [stdout]     | required by this bound in `derive_child_public_key_with_path`
[INFO] [stdout]     = note: this error originates in the macro `$crate::create_aliases` which comes from the expansion of the macro `super::create_aliases` (in Nightly builds, run with -Z macro-backtrace for more info)
[INFO] [stdout] 
[INFO] [stdout] error[E0277]: the trait bound `OutOfRange: std::error::Error` is not satisfied
[INFO] [stdout]   --> src/lib.rs:592:18
[INFO] [stdout]    |
[INFO] [stdout] 13 |     [1.try_into()?, 10.try_into()?],
[INFO] [stdout]    |                  ^ the trait `std::error::Error` is not implemented for `OutOfRange`, which is required by `Result<(), _>: FromResidual<Result<Infallible, _>>`
[INFO] [stdout]    |
[INFO] [stdout]    = help: the trait `FromResidual<Result<Infallible, E>>` is implemented for `Result<T, F>`
[INFO] [stdout]    = note: required for `Box<dyn std::error::Error>` to implement `From<OutOfRange>`
[INFO] [stdout]    = note: required for `Result<(), Box<dyn std::error::Error>>` to implement `FromResidual<Result<Infallible, OutOfRange>>`
[INFO] [stdout] 
[INFO] [stdout] error: aborting due to 3 previous errors
[INFO] [stdout] 
[INFO] [stdout] Some errors have detailed explanations: E0277, E0412.
[INFO] [stdout] For more information about an error, try `rustc --explain E0277`.
[INFO] [stdout] Couldn't compile the test.
[INFO] [stdout] ---- src/lib.rs - slip10::derive_child_key_pair_with_path (line 509) stdout ----
[INFO] [stdout] error[E0412]: cannot find type `Secp256k1` in module `hd_wallet::curves`
[INFO] [stdout]    --> src/lib.rs:512:33
[INFO] [stdout]     |
[INFO] [stdout] 6   | type E = hd_wallet :: curves :: Secp256k1;
[INFO] [stdout]     |                                 ^^^^^^^^^ not found in `hd_wallet::curves`
[INFO] [stdout]     |
[INFO] [stdout] note: found an item that was configured out
[INFO] [stdout]    --> /opt/rustwide/cargo-home/registry/src/index.crates.io-6f17d22bba15001f/generic-ec-0.4.3/src/lib.rs:249:32
[INFO] [stdout]     |
[INFO] [stdout] 249 |     pub use generic_ec_curves::Secp256k1;
[INFO] [stdout]     |                                ^^^^^^^^^
[INFO] [stdout] note: the item is gated behind the `curve-secp256k1` feature
[INFO] [stdout]    --> /opt/rustwide/cargo-home/registry/src/index.crates.io-6f17d22bba15001f/generic-ec-0.4.3/src/lib.rs:247:11
[INFO] [stdout]     |
[INFO] [stdout] 247 |     #[cfg(feature = "curve-secp256k1")]
[INFO] [stdout]     |           ^^^^^^^^^^^^^^^^^^^^^^^^^^^
[INFO] [stdout] help: there is an enum variant `hd_wallet::slip10::CurveType::Secp256k1`; try using the variant's enum
[INFO] [stdout]     |
[INFO] [stdout] 6   | type E = hd_wallet::slip10::CurveType;
[INFO] [stdout]     |          ~~~~~~~~~~~~~~~~~~~~~~~~~~~~
[INFO] [stdout] 
[INFO] [stdout] error[E0277]: the trait bound `Slip10: HdWallet<_>` is not satisfied
[INFO] [stdout]    --> src/lib.rs:518:5
[INFO] [stdout]     |
[INFO] [stdout] 11  | let child_key = hd_wallet::slip10::derive_child_key_pair_with_path(
[INFO] [stdout]     |                 -------------------------------------------------- required by a bound introduced by this call
[INFO] [stdout] 12  |     &master_key_pair,
[INFO] [stdout]     |     ^^^^^^^^^^^^^^^^ the trait `DeriveShift<_>` is not implemented for `Slip10`, which is required by `Slip10: HdWallet<_>`
[INFO] [stdout]     |
[INFO] [stdout]     = help: the trait `DeriveShift<E>` is implemented for `Slip10Like`
[INFO] [stdout]     = note: required for `Slip10` to implement `HdWallet<_>`
[INFO] [stdout] note: required by a bound in `hd_wallet::slip10::derive_child_key_pair_with_path`
[INFO] [stdout]    --> /opt/rustwide/workdir/src/slip10.rs:105:1
[INFO] [stdout]     |
[INFO] [stdout] 105 | super::create_aliases!(Slip10, slip10);
[INFO] [stdout]     | ^^^^^^^^^^^^^^^^^^^^^^^^^^^^^^^^^^^^^^
[INFO] [stdout]     | |
[INFO] [stdout]     | required by a bound in this function
[INFO] [stdout]     | required by this bound in `derive_child_key_pair_with_path`
[INFO] [stdout]     = note: this error originates in the macro `$crate::create_aliases` which comes from the expansion of the macro `super::create_aliases` (in Nightly builds, run with -Z macro-backtrace for more info)
[INFO] [stdout] 
[INFO] [stdout] error: aborting due to 2 previous errors
[INFO] [stdout] 
[INFO] [stdout] Some errors have detailed explanations: E0277, E0412.
[INFO] [stdout] For more information about an error, try `rustc --explain E0277`.
[INFO] [stdout] Couldn't compile the test.
[INFO] [stdout] ---- src/lib.rs - slip10::derive_child_public_key (line 409) stdout ----
[INFO] [stdout] error[E0412]: cannot find type `Secp256k1` in module `hd_wallet::curves`
[INFO] [stdout]    --> src/lib.rs:411:33
[INFO] [stdout]     |
[INFO] [stdout] 5   | type E = hd_wallet :: curves :: Secp256k1;
[INFO] [stdout]     |                                 ^^^^^^^^^ not found in `hd_wallet::curves`
[INFO] [stdout]     |
[INFO] [stdout] note: found an item that was configured out
[INFO] [stdout]    --> /opt/rustwide/cargo-home/registry/src/index.crates.io-6f17d22bba15001f/generic-ec-0.4.3/src/lib.rs:249:32
[INFO] [stdout]     |
[INFO] [stdout] 249 |     pub use generic_ec_curves::Secp256k1;
[INFO] [stdout]     |                                ^^^^^^^^^
[INFO] [stdout] note: the item is gated behind the `curve-secp256k1` feature
[INFO] [stdout]    --> /opt/rustwide/cargo-home/registry/src/index.crates.io-6f17d22bba15001f/generic-ec-0.4.3/src/lib.rs:247:11
[INFO] [stdout]     |
[INFO] [stdout] 247 |     #[cfg(feature = "curve-secp256k1")]
[INFO] [stdout]     |           ^^^^^^^^^^^^^^^^^^^^^^^^^^^
[INFO] [stdout] help: there is an enum variant `hd_wallet::slip10::CurveType::Secp256k1`; try using the variant's enum
[INFO] [stdout]     |
[INFO] [stdout] 5   | type E = hd_wallet::slip10::CurveType;
[INFO] [stdout]     |          ~~~~~~~~~~~~~~~~~~~~~~~~~~~~
[INFO] [stdout] 
[INFO] [stdout] error[E0277]: the trait bound `Slip10: HdWallet<_>` is not satisfied
[INFO] [stdout]    --> src/lib.rs:417:5
[INFO] [stdout]     |
[INFO] [stdout] 10  | let derived_key = hd_wallet::slip10::derive_child_public_key(
[INFO] [stdout]     |                   ------------------------------------------ required by a bound introduced by this call
[INFO] [stdout] 11  |     &master_public_key,
[INFO] [stdout]     |     ^^^^^^^^^^^^^^^^^^ the trait `DeriveShift<_>` is not implemented for `Slip10`, which is required by `Slip10: HdWallet<_>`
[INFO] [stdout]     |
[INFO] [stdout]     = help: the trait `DeriveShift<E>` is implemented for `Slip10Like`
[INFO] [stdout]     = note: required for `Slip10` to implement `HdWallet<_>`
[INFO] [stdout] note: required by a bound in `hd_wallet::slip10::derive_child_public_key`
[INFO] [stdout]    --> /opt/rustwide/workdir/src/slip10.rs:105:1
[INFO] [stdout]     |
[INFO] [stdout] 105 | super::create_aliases!(Slip10, slip10);
[INFO] [stdout]     | ^^^^^^^^^^^^^^^^^^^^^^^^^^^^^^^^^^^^^^
[INFO] [stdout]     | |
[INFO] [stdout]     | required by a bound in this function
[INFO] [stdout]     | required by this bound in `derive_child_public_key`
[INFO] [stdout]     = note: this error originates in the macro `$crate::create_aliases` which comes from the expansion of the macro `super::create_aliases` (in Nightly builds, run with -Z macro-backtrace for more info)
[INFO] [stdout] 
[INFO] [stdout] error[E0277]: the trait bound `OutOfRange: std::error::Error` is not satisfied
[INFO] [stdout]   --> src/lib.rs:418:17
[INFO] [stdout]    |
[INFO] [stdout] 12 |     1.try_into()?,
[INFO] [stdout]    |                 ^ the trait `std::error::Error` is not implemented for `OutOfRange`, which is required by `Result<(), _>: FromResidual<Result<Infallible, _>>`
[INFO] [stdout]    |
[INFO] [stdout]    = help: the trait `FromResidual<Result<Infallible, E>>` is implemented for `Result<T, F>`
[INFO] [stdout]    = note: required for `Box<dyn std::error::Error>` to implement `From<OutOfRange>`
[INFO] [stdout]    = note: required for `Result<(), Box<dyn std::error::Error>>` to implement `FromResidual<Result<Infallible, OutOfRange>>`
[INFO] [stdout] 
[INFO] [stdout] error: aborting due to 3 previous errors
[INFO] [stdout] 
[INFO] [stdout] Some errors have detailed explanations: E0277, E0412.
[INFO] [stdout] For more information about an error, try `rustc --explain E0277`.
[INFO] [stdout] Couldn't compile the test.
[INFO] [stdout] ---- src/lib.rs - slip10::try_derive_child_key_pair_with_path (line 474) stdout ----
[INFO] [stdout] error[E0412]: cannot find type `Secp256k1` in module `hd_wallet::curves`
[INFO] [stdout]    --> src/lib.rs:477:33
[INFO] [stdout]     |
[INFO] [stdout] 6   | type E = hd_wallet :: curves :: Secp256k1;
[INFO] [stdout]     |                                 ^^^^^^^^^ not found in `hd_wallet::curves`
[INFO] [stdout]     |
[INFO] [stdout] note: found an item that was configured out
[INFO] [stdout]    --> /opt/rustwide/cargo-home/registry/src/index.crates.io-6f17d22bba15001f/generic-ec-0.4.3/src/lib.rs:249:32
[INFO] [stdout]     |
[INFO] [stdout] 249 |     pub use generic_ec_curves::Secp256k1;
[INFO] [stdout]     |                                ^^^^^^^^^
[INFO] [stdout] note: the item is gated behind the `curve-secp256k1` feature
[INFO] [stdout]    --> /opt/rustwide/cargo-home/registry/src/index.crates.io-6f17d22bba15001f/generic-ec-0.4.3/src/lib.rs:247:11
[INFO] [stdout]     |
[INFO] [stdout] 247 |     #[cfg(feature = "curve-secp256k1")]
[INFO] [stdout]     |           ^^^^^^^^^^^^^^^^^^^^^^^^^^^
[INFO] [stdout] help: there is an enum variant `hd_wallet::slip10::CurveType::Secp256k1`; try using the variant's enum
[INFO] [stdout]     |
[INFO] [stdout] 6   | type E = hd_wallet::slip10::CurveType;
[INFO] [stdout]     |          ~~~~~~~~~~~~~~~~~~~~~~~~~~~~
[INFO] [stdout] 
[INFO] [stdout] error[E0277]: the trait bound `Slip10: HdWallet<_>` is not satisfied
[INFO] [stdout]    --> src/lib.rs:485:5
[INFO] [stdout]     |
[INFO] [stdout] 13  | let child_key = hd_wallet::slip10::try_derive_child_key_pair_with_path(
[INFO] [stdout]     |                 ------------------------------------------------------ required by a bound introduced by this call
[INFO] [stdout] 14  |     &master_key_pair,
[INFO] [stdout]     |     ^^^^^^^^^^^^^^^^ the trait `DeriveShift<_>` is not implemented for `Slip10`, which is required by `Slip10: HdWallet<_>`
[INFO] [stdout]     |
[INFO] [stdout]     = help: the trait `DeriveShift<E>` is implemented for `Slip10Like`
[INFO] [stdout]     = note: required for `Slip10` to implement `HdWallet<_>`
[INFO] [stdout] note: required by a bound in `hd_wallet::slip10::try_derive_child_key_pair_with_path`
[INFO] [stdout]    --> /opt/rustwide/workdir/src/slip10.rs:105:1
[INFO] [stdout]     |
[INFO] [stdout] 105 | super::create_aliases!(Slip10, slip10);
[INFO] [stdout]     | ^^^^^^^^^^^^^^^^^^^^^^^^^^^^^^^^^^^^^^
[INFO] [stdout]     | |
[INFO] [stdout]     | required by a bound in this function
[INFO] [stdout]     | required by this bound in `try_derive_child_key_pair_with_path`
[INFO] [stdout]     = note: this error originates in the macro `$crate::create_aliases` which comes from the expansion of the macro `super::create_aliases` (in Nightly builds, run with -Z macro-backtrace for more info)
[INFO] [stdout] 
[INFO] [stdout] error: aborting due to 2 previous errors
[INFO] [stdout] 
[INFO] [stdout] Some errors have detailed explanations: E0277, E0412.
[INFO] [stdout] For more information about an error, try `rustc --explain E0277`.
[INFO] [stdout] Couldn't compile the test.
[INFO] [stdout] ---- src/lib.rs - slip10::try_derive_child_public_key_with_path (line 546) stdout ----
[INFO] [stdout] error[E0412]: cannot find type `Secp256k1` in module `hd_wallet::curves`
[INFO] [stdout]    --> src/lib.rs:549:33
[INFO] [stdout]     |
[INFO] [stdout] 6   | type E = hd_wallet :: curves :: Secp256k1;
[INFO] [stdout]     |                                 ^^^^^^^^^ not found in `hd_wallet::curves`
[INFO] [stdout]     |
[INFO] [stdout] note: found an item that was configured out
[INFO] [stdout]    --> /opt/rustwide/cargo-home/registry/src/index.crates.io-6f17d22bba15001f/generic-ec-0.4.3/src/lib.rs:249:32
[INFO] [stdout]     |
[INFO] [stdout] 249 |     pub use generic_ec_curves::Secp256k1;
[INFO] [stdout]     |                                ^^^^^^^^^
[INFO] [stdout] note: the item is gated behind the `curve-secp256k1` feature
[INFO] [stdout]    --> /opt/rustwide/cargo-home/registry/src/index.crates.io-6f17d22bba15001f/generic-ec-0.4.3/src/lib.rs:247:11
[INFO] [stdout]     |
[INFO] [stdout] 247 |     #[cfg(feature = "curve-secp256k1")]
[INFO] [stdout]     |           ^^^^^^^^^^^^^^^^^^^^^^^^^^^
[INFO] [stdout] help: there is an enum variant `hd_wallet::slip10::CurveType::Secp256k1`; try using the variant's enum
[INFO] [stdout]     |
[INFO] [stdout] 6   | type E = hd_wallet::slip10::CurveType;
[INFO] [stdout]     |          ~~~~~~~~~~~~~~~~~~~~~~~~~~~~
[INFO] [stdout] 
[INFO] [stdout] error[E0277]: the trait bound `Slip10: HdWallet<_>` is not satisfied
[INFO] [stdout]    --> src/lib.rs:557:5
[INFO] [stdout]     |
[INFO] [stdout] 13  | let child_key = hd_wallet::slip10::try_derive_child_public_key_with_path(
[INFO] [stdout]     |                 -------------------------------------------------------- required by a bound introduced by this call
[INFO] [stdout] 14  |     &master_public_key,
[INFO] [stdout]     |     ^^^^^^^^^^^^^^^^^^ the trait `DeriveShift<_>` is not implemented for `Slip10`, which is required by `Slip10: HdWallet<_>`
[INFO] [stdout]     |
[INFO] [stdout]     = help: the trait `DeriveShift<E>` is implemented for `Slip10Like`
[INFO] [stdout]     = note: required for `Slip10` to implement `HdWallet<_>`
[INFO] [stdout] note: required by a bound in `hd_wallet::slip10::try_derive_child_public_key_with_path`
[INFO] [stdout]    --> /opt/rustwide/workdir/src/slip10.rs:105:1
[INFO] [stdout]     |
[INFO] [stdout] 105 | super::create_aliases!(Slip10, slip10);
[INFO] [stdout]     | ^^^^^^^^^^^^^^^^^^^^^^^^^^^^^^^^^^^^^^
[INFO] [stdout]     | |
[INFO] [stdout]     | required by a bound in this function
[INFO] [stdout]     | required by this bound in `try_derive_child_public_key_with_path`
[INFO] [stdout]     = note: this error originates in the macro `$crate::create_aliases` which comes from the expansion of the macro `super::create_aliases` (in Nightly builds, run with -Z macro-backtrace for more info)
[INFO] [stdout] 
[INFO] [stdout] error[E0277]: the trait bound `ParseChildIndexError: std::error::Error` is not satisfied
[INFO] [stdout]   --> src/lib.rs:559:2
[INFO] [stdout]    |
[INFO] [stdout] 16 | )?;
[INFO] [stdout]    |  ^ the trait `std::error::Error` is not implemented for `ParseChildIndexError`, which is required by `Result<(), _>: FromResidual<Result<Infallible, ParseChildIndexError>>`
[INFO] [stdout]    |
[INFO] [stdout]    = help: the trait `FromResidual<Result<Infallible, E>>` is implemented for `Result<T, F>`
[INFO] [stdout]    = note: required for `Box<dyn std::error::Error>` to implement `From<ParseChildIndexError>`
[INFO] [stdout]    = note: required for `Result<(), Box<dyn std::error::Error>>` to implement `FromResidual<Result<Infallible, ParseChildIndexError>>`
[INFO] [stdout] 
[INFO] [stdout] error: aborting due to 3 previous errors
[INFO] [stdout] 
[INFO] [stdout] Some errors have detailed explanations: E0277, E0412.
[INFO] [stdout] For more information about an error, try `rustc --explain E0277`.
[INFO] [stdout] Couldn't compile the test.
[INFO] [stdout] ---- src/lib.rs - slip10_like::derive_child_key_pair (line 438) stdout ----
[INFO] [stdout] error[E0412]: cannot find type `Secp256k1` in module `hd_wallet::curves`
[INFO] [stdout]    --> src/lib.rs:440:33
[INFO] [stdout]     |
[INFO] [stdout] 5   | type E = hd_wallet :: curves :: Secp256k1;
[INFO] [stdout]     |                                 ^^^^^^^^^ not found in `hd_wallet::curves`
[INFO] [stdout]     |
[INFO] [stdout] note: found an item that was configured out
[INFO] [stdout]    --> /opt/rustwide/cargo-home/registry/src/index.crates.io-6f17d22bba15001f/generic-ec-0.4.3/src/lib.rs:249:32
[INFO] [stdout]     |
[INFO] [stdout] 249 |     pub use generic_ec_curves::Secp256k1;
[INFO] [stdout]     |                                ^^^^^^^^^
[INFO] [stdout] note: the item is gated behind the `curve-secp256k1` feature
[INFO] [stdout]    --> /opt/rustwide/cargo-home/registry/src/index.crates.io-6f17d22bba15001f/generic-ec-0.4.3/src/lib.rs:247:11
[INFO] [stdout]     |
[INFO] [stdout] 247 |     #[cfg(feature = "curve-secp256k1")]
[INFO] [stdout]     |           ^^^^^^^^^^^^^^^^^^^^^^^^^^^
[INFO] [stdout] help: there is an enum variant `hd_wallet::slip10::CurveType::Secp256k1`; try using the variant's enum
[INFO] [stdout]     |
[INFO] [stdout] 5   | type E = hd_wallet::slip10::CurveType;
[INFO] [stdout]     |          ~~~~~~~~~~~~~~~~~~~~~~~~~~~~
[INFO] [stdout] 
[INFO] [stdout] error: aborting due to 1 previous error
[INFO] [stdout] 
[INFO] [stdout] For more information about this error, try `rustc --explain E0412`.
[INFO] [stdout] Couldn't compile the test.
[INFO] [stdout] ---- src/lib.rs - slip10_like::derive_child_key_pair_with_path (line 509) stdout ----
[INFO] [stdout] error[E0412]: cannot find type `Secp256k1` in module `hd_wallet::curves`
[INFO] [stdout]    --> src/lib.rs:512:33
[INFO] [stdout]     |
[INFO] [stdout] 6   | type E = hd_wallet :: curves :: Secp256k1;
[INFO] [stdout]     |                                 ^^^^^^^^^ not found in `hd_wallet::curves`
[INFO] [stdout]     |
[INFO] [stdout] note: found an item that was configured out
[INFO] [stdout]    --> /opt/rustwide/cargo-home/registry/src/index.crates.io-6f17d22bba15001f/generic-ec-0.4.3/src/lib.rs:249:32
[INFO] [stdout]     |
[INFO] [stdout] 249 |     pub use generic_ec_curves::Secp256k1;
[INFO] [stdout]     |                                ^^^^^^^^^
[INFO] [stdout] note: the item is gated behind the `curve-secp256k1` feature
[INFO] [stdout]    --> /opt/rustwide/cargo-home/registry/src/index.crates.io-6f17d22bba15001f/generic-ec-0.4.3/src/lib.rs:247:11
[INFO] [stdout]     |
[INFO] [stdout] 247 |     #[cfg(feature = "curve-secp256k1")]
[INFO] [stdout]     |           ^^^^^^^^^^^^^^^^^^^^^^^^^^^
[INFO] [stdout] help: there is an enum variant `hd_wallet::slip10::CurveType::Secp256k1`; try using the variant's enum
[INFO] [stdout]     |
[INFO] [stdout] 6   | type E = hd_wallet::slip10::CurveType;
[INFO] [stdout]     |          ~~~~~~~~~~~~~~~~~~~~~~~~~~~~
[INFO] [stdout] 
[INFO] [stdout] error: aborting due to 1 previous error
[INFO] [stdout] 
[INFO] [stdout] For more information about this error, try `rustc --explain E0412`.
[INFO] [stdout] Couldn't compile the test.
[INFO] [stdout] ---- src/lib.rs - slip10_like::try_derive_child_key_pair_with_path (line 474) stdout ----
[INFO] [stdout] error[E0412]: cannot find type `Secp256k1` in module `hd_wallet::curves`
[INFO] [stdout]    --> src/lib.rs:477:33
[INFO] [stdout]     |
[INFO] [stdout] 6   | type E = hd_wallet :: curves :: Secp256k1;
[INFO] [stdout]     |                                 ^^^^^^^^^ not found in `hd_wallet::curves`
[INFO] [stdout]     |
[INFO] [stdout] note: found an item that was configured out
[INFO] [stdout]    --> /opt/rustwide/cargo-home/registry/src/index.crates.io-6f17d22bba15001f/generic-ec-0.4.3/src/lib.rs:249:32
[INFO] [stdout]     |
[INFO] [stdout] 249 |     pub use generic_ec_curves::Secp256k1;
[INFO] [stdout]     |                                ^^^^^^^^^
[INFO] [stdout] note: the item is gated behind the `curve-secp256k1` feature
[INFO] [stdout]    --> /opt/rustwide/cargo-home/registry/src/index.crates.io-6f17d22bba15001f/generic-ec-0.4.3/src/lib.rs:247:11
[INFO] [stdout]     |
[INFO] [stdout] 247 |     #[cfg(feature = "curve-secp256k1")]
[INFO] [stdout]     |           ^^^^^^^^^^^^^^^^^^^^^^^^^^^
[INFO] [stdout] help: there is an enum variant `hd_wallet::slip10::CurveType::Secp256k1`; try using the variant's enum
[INFO] [stdout]     |
[INFO] [stdout] 6   | type E = hd_wallet::slip10::CurveType;
[INFO] [stdout]     |          ~~~~~~~~~~~~~~~~~~~~~~~~~~~~
[INFO] [stdout] 
[INFO] [stdout] error: aborting due to 1 previous error
[INFO] [stdout] 
[INFO] [stdout] For more information about this error, try `rustc --explain E0412`.
[INFO] [stdout] Couldn't compile the test.
[INFO] [stdout] ---- src/lib.rs - slip10_like::derive_child_public_key (line 409) stdout ----
[INFO] [stdout] error[E0412]: cannot find type `Secp256k1` in module `hd_wallet::curves`
[INFO] [stdout]    --> src/lib.rs:411:33
[INFO] [stdout]     |
[INFO] [stdout] 5   | type E = hd_wallet :: curves :: Secp256k1;
[INFO] [stdout]     |                                 ^^^^^^^^^ not found in `hd_wallet::curves`
[INFO] [stdout]     |
[INFO] [stdout] note: found an item that was configured out
[INFO] [stdout]    --> /opt/rustwide/cargo-home/registry/src/index.crates.io-6f17d22bba15001f/generic-ec-0.4.3/src/lib.rs:249:32
[INFO] [stdout]     |
[INFO] [stdout] 249 |     pub use generic_ec_curves::Secp256k1;
[INFO] [stdout]     |                                ^^^^^^^^^
[INFO] [stdout] note: the item is gated behind the `curve-secp256k1` feature
[INFO] [stdout]    --> /opt/rustwide/cargo-home/registry/src/index.crates.io-6f17d22bba15001f/generic-ec-0.4.3/src/lib.rs:247:11
[INFO] [stdout]     |
[INFO] [stdout] 247 |     #[cfg(feature = "curve-secp256k1")]
[INFO] [stdout]     |           ^^^^^^^^^^^^^^^^^^^^^^^^^^^
[INFO] [stdout] help: there is an enum variant `hd_wallet::slip10::CurveType::Secp256k1`; try using the variant's enum
[INFO] [stdout]     |
[INFO] [stdout] 5   | type E = hd_wallet::slip10::CurveType;
[INFO] [stdout]     |          ~~~~~~~~~~~~~~~~~~~~~~~~~~~~
[INFO] [stdout] 
[INFO] [stdout] error[E0277]: the trait bound `OutOfRange: std::error::Error` is not satisfied
[INFO] [stdout]   --> src/lib.rs:418:17
[INFO] [stdout]    |
[INFO] [stdout] 12 |     1.try_into()?,
[INFO] [stdout]    |                 ^ the trait `std::error::Error` is not implemented for `OutOfRange`, which is required by `Result<(), _>: FromResidual<Result<Infallible, _>>`
[INFO] [stdout]    |
[INFO] [stdout]    = help: the trait `FromResidual<Result<Infallible, E>>` is implemented for `Result<T, F>`
[INFO] [stdout]    = note: required for `Box<dyn std::error::Error>` to implement `From<OutOfRange>`
[INFO] [stdout]    = note: required for `Result<(), Box<dyn std::error::Error>>` to implement `FromResidual<Result<Infallible, OutOfRange>>`
[INFO] [stdout] 
[INFO] [stdout] error: aborting due to 2 previous errors
[INFO] [stdout] 
[INFO] [stdout] Some errors have detailed explanations: E0277, E0412.
[INFO] [stdout] For more information about an error, try `rustc --explain E0277`.
[INFO] [stdout] Couldn't compile the test.
[INFO] [stdout] ---- src/lib.rs - slip10_like::derive_child_public_key_with_path (line 582) stdout ----
[INFO] [stdout] error[E0412]: cannot find type `Secp256k1` in module `hd_wallet::curves`
[INFO] [stdout]    --> src/lib.rs:585:33
[INFO] [stdout]     |
[INFO] [stdout] 6   | type E = hd_wallet :: curves :: Secp256k1;
[INFO] [stdout]     |                                 ^^^^^^^^^ not found in `hd_wallet::curves`
[INFO] [stdout]     |
[INFO] [stdout] note: found an item that was configured out
[INFO] [stdout]    --> /opt/rustwide/cargo-home/registry/src/index.crates.io-6f17d22bba15001f/generic-ec-0.4.3/src/lib.rs:249:32
[INFO] [stdout]     |
[INFO] [stdout] 249 |     pub use generic_ec_curves::Secp256k1;
[INFO] [stdout]     |                                ^^^^^^^^^
[INFO] [stdout] note: the item is gated behind the `curve-secp256k1` feature
[INFO] [stdout]    --> /opt/rustwide/cargo-home/registry/src/index.crates.io-6f17d22bba15001f/generic-ec-0.4.3/src/lib.rs:247:11
[INFO] [stdout]     |
[INFO] [stdout] 247 |     #[cfg(feature = "curve-secp256k1")]
[INFO] [stdout]     |           ^^^^^^^^^^^^^^^^^^^^^^^^^^^
[INFO] [stdout] help: there is an enum variant `hd_wallet::slip10::CurveType::Secp256k1`; try using the variant's enum
[INFO] [stdout]     |
[INFO] [stdout] 6   | type E = hd_wallet::slip10::CurveType;
[INFO] [stdout]     |          ~~~~~~~~~~~~~~~~~~~~~~~~~~~~
[INFO] [stdout] 
[INFO] [stdout] error[E0277]: the trait bound `OutOfRange: std::error::Error` is not satisfied
[INFO] [stdout]   --> src/lib.rs:592:18
[INFO] [stdout]    |
[INFO] [stdout] 13 |     [1.try_into()?, 10.try_into()?],
[INFO] [stdout]    |                  ^ the trait `std::error::Error` is not implemented for `OutOfRange`, which is required by `Result<(), _>: FromResidual<Result<Infallible, _>>`
[INFO] [stdout]    |
[INFO] [stdout]    = help: the trait `FromResidual<Result<Infallible, E>>` is implemented for `Result<T, F>`
[INFO] [stdout]    = note: required for `Box<dyn std::error::Error>` to implement `From<OutOfRange>`
[INFO] [stdout]    = note: required for `Result<(), Box<dyn std::error::Error>>` to implement `FromResidual<Result<Infallible, OutOfRange>>`
[INFO] [stdout] 
[INFO] [stdout] error: aborting due to 2 previous errors
[INFO] [stdout] 
[INFO] [stdout] Some errors have detailed explanations: E0277, E0412.
[INFO] [stdout] For more information about an error, try `rustc --explain E0277`.
[INFO] [stdout] Couldn't compile the test.
[INFO] [stdout] ---- src/lib.rs - slip10_like::try_derive_child_public_key_with_path (line 546) stdout ----
[INFO] [stdout] error[E0412]: cannot find type `Secp256k1` in module `hd_wallet::curves`
[INFO] [stdout]    --> src/lib.rs:549:33
[INFO] [stdout]     |
[INFO] [stdout] 6   | type E = hd_wallet :: curves :: Secp256k1;
[INFO] [stdout]     |                                 ^^^^^^^^^ not found in `hd_wallet::curves`
[INFO] [stdout]     |
[INFO] [stdout] note: found an item that was configured out
[INFO] [stdout]    --> /opt/rustwide/cargo-home/registry/src/index.crates.io-6f17d22bba15001f/generic-ec-0.4.3/src/lib.rs:249:32
[INFO] [stdout]     |
[INFO] [stdout] 249 |     pub use generic_ec_curves::Secp256k1;
[INFO] [stdout]     |                                ^^^^^^^^^
[INFO] [stdout] note: the item is gated behind the `curve-secp256k1` feature
[INFO] [stdout]    --> /opt/rustwide/cargo-home/registry/src/index.crates.io-6f17d22bba15001f/generic-ec-0.4.3/src/lib.rs:247:11
[INFO] [stdout]     |
[INFO] [stdout] 247 |     #[cfg(feature = "curve-secp256k1")]
[INFO] [stdout]     |           ^^^^^^^^^^^^^^^^^^^^^^^^^^^
[INFO] [stdout] help: there is an enum variant `hd_wallet::slip10::CurveType::Secp256k1`; try using the variant's enum
[INFO] [stdout]     |
[INFO] [stdout] 6   | type E = hd_wallet::slip10::CurveType;
[INFO] [stdout]     |          ~~~~~~~~~~~~~~~~~~~~~~~~~~~~
[INFO] [stdout] 
[INFO] [stdout] error[E0277]: the trait bound `ParseChildIndexError: std::error::Error` is not satisfied
[INFO] [stdout]   --> src/lib.rs:559:2
[INFO] [stdout]    |
[INFO] [stdout] 16 | )?;
[INFO] [stdout]    |  ^ the trait `std::error::Error` is not implemented for `ParseChildIndexError`, which is required by `Result<(), _>: FromResidual<Result<Infallible, ParseChildIndexError>>`
[INFO] [stdout]    |
[INFO] [stdout]    = help: the trait `FromResidual<Result<Infallible, E>>` is implemented for `Result<T, F>`
[INFO] [stdout]    = note: required for `Box<dyn std::error::Error>` to implement `From<ParseChildIndexError>`
[INFO] [stdout]    = note: required for `Result<(), Box<dyn std::error::Error>>` to implement `FromResidual<Result<Infallible, ParseChildIndexError>>`
[INFO] [stdout] 
[INFO] [stdout] error: aborting due to 2 previous errors
[INFO] [stdout] 
[INFO] [stdout] Some errors have detailed explanations: E0277, E0412.
[INFO] [stdout] For more information about an error, try `rustc --explain E0277`.
[INFO] [stdout] Couldn't compile the test.
[INFO] [stdout] 
[INFO] [stdout] failures:
[INFO] [stdout]     src/lib.rs - (line 17)
[INFO] [stdout]     src/lib.rs - (line 34)
[INFO] [stdout]     src/lib.rs - Edwards (line 1011)
[INFO] [stdout]     src/lib.rs - H (line 115)
[INFO] [stdout]     src/lib.rs - HdWallet::derive_child_key_pair (line 639)
[INFO] [stdout]     src/lib.rs - HdWallet::derive_child_key_pair_with_path (line 716)
[INFO] [stdout]     src/lib.rs - HdWallet::derive_child_public_key (line 615)
[INFO] [stdout]     src/lib.rs - HdWallet::derive_child_public_key_with_path (line 786)
[INFO] [stdout]     src/lib.rs - HdWallet::try_derive_child_key_pair_with_path (line 683)
[INFO] [stdout]     src/lib.rs - HdWallet::try_derive_child_public_key_with_path (line 753)
[INFO] [stdout]     src/lib.rs - Slip10 (line 945)
[INFO] [stdout]     src/lib.rs - edwards::derive_child_key_pair (line 438)
[INFO] [stdout]     src/lib.rs - edwards::derive_child_key_pair_with_path (line 509)
[INFO] [stdout]     src/lib.rs - edwards::derive_child_public_key (line 409)
[INFO] [stdout]     src/lib.rs - edwards::derive_child_public_key_with_path (line 582)
[INFO] [stdout]     src/lib.rs - edwards::try_derive_child_key_pair_with_path (line 474)
[INFO] [stdout]     src/lib.rs - edwards::try_derive_child_public_key_with_path (line 546)
[INFO] [stdout]     src/lib.rs - slip10::derive_child_key_pair (line 438)
[INFO] [stdout]     src/lib.rs - slip10::derive_child_key_pair_with_path (line 509)
[INFO] [stdout]     src/lib.rs - slip10::derive_child_public_key (line 409)
[INFO] [stdout]     src/lib.rs - slip10::derive_child_public_key_with_path (line 582)
[INFO] [stdout]     src/lib.rs - slip10::try_derive_child_key_pair_with_path (line 474)
[INFO] [stdout]     src/lib.rs - slip10::try_derive_child_public_key_with_path (line 546)
[INFO] [stdout]     src/lib.rs - slip10_like::derive_child_key_pair (line 438)
[INFO] [stdout]     src/lib.rs - slip10_like::derive_child_key_pair_with_path (line 509)
[INFO] [stdout]     src/lib.rs - slip10_like::derive_child_public_key (line 409)
[INFO] [stdout]     src/lib.rs - slip10_like::derive_child_public_key_with_path (line 582)
[INFO] [stdout]     src/lib.rs - slip10_like::try_derive_child_key_pair_with_path (line 474)
[INFO] [stdout]     src/lib.rs - slip10_like::try_derive_child_public_key_with_path (line 546)
[INFO] [stdout] 
[INFO] [stdout] test result: FAILED. 0 passed; 29 failed; 0 ignored; 0 measured; 0 filtered out; finished in 0.26s
[INFO] [stdout] 
[INFO] [stderr] error: doctest failed, to rerun pass `--doc`
[INFO] running `Command { std: "docker" "inspect" "59638a62eafbf52b58f3cb71d402fb24be30ac26eaaa59ca4083664b881e2c02", kill_on_drop: false }`
[INFO] running `Command { std: "docker" "rm" "-f" "59638a62eafbf52b58f3cb71d402fb24be30ac26eaaa59ca4083664b881e2c02", kill_on_drop: false }`
[INFO] [stdout] 59638a62eafbf52b58f3cb71d402fb24be30ac26eaaa59ca4083664b881e2c02
