[INFO] fetching crate hc_coop_content_sdk 0.8.0-dev.0...
[INFO] testing hc_coop_content_sdk-0.8.0-dev.0 against nightly-2024-10-28 for randomize-layout
[INFO] extracting crate hc_coop_content_sdk 0.8.0-dev.0 into /workspace/builds/worker-2-tc1/source
[INFO] validating manifest of crates.io crate hc_coop_content_sdk 0.8.0-dev.0 on toolchain nightly-2024-10-28
[INFO] running `Command { std: CARGO_HOME="/workspace/cargo-home" RUSTUP_HOME="/workspace/rustup-home" "/workspace/cargo-home/bin/cargo" "+nightly-2024-10-28" "metadata" "--manifest-path" "Cargo.toml" "--no-deps", kill_on_drop: false }`
[INFO] started tweaking crates.io crate hc_coop_content_sdk 0.8.0-dev.0
[INFO] finished tweaking crates.io crate hc_coop_content_sdk 0.8.0-dev.0
[INFO] tweaked toml for crates.io crate hc_coop_content_sdk 0.8.0-dev.0 written to /workspace/builds/worker-2-tc1/source/Cargo.toml
[INFO] running `Command { std: CARGO_HOME="/workspace/cargo-home" RUSTUP_HOME="/workspace/rustup-home" "/workspace/cargo-home/bin/cargo" "+nightly-2024-10-28" "generate-lockfile" "--manifest-path" "Cargo.toml", kill_on_drop: false }`
[INFO] [stderr]     Blocking waiting for file lock on package cache
[INFO] [stderr]     Updating crates.io index
[INFO] [stderr]     Blocking waiting for file lock on package cache
[INFO] [stderr]      Locking 163 packages to latest compatible versions
[INFO] [stderr]       Adding hdi v0.5.0-dev.17 (available: v0.5.0-rc.0)
[INFO] [stderr]       Adding hdk v0.4.0-dev.19 (available: v0.4.0-rc.0)
[INFO] [stderr]       Adding hdk_derive v0.4.0-dev.15 (available: v0.4.0-rc.0)
[INFO] [stderr]       Adding holo_hash v0.4.0-dev.13 (available: v0.4.0-rc.0)
[INFO] [stderr]       Adding holochain_integrity_types v0.4.0-dev.15 (available: v0.4.0-rc.0)
[INFO] [stderr]       Adding holochain_zome_types v0.4.0-dev.18 (available: v0.4.0-rc.0)
[INFO] [stderr]       Adding serde v1.0.203 (available: v1.0.214)
[INFO] [stderr]       Adding serde_derive v1.0.203 (available: v1.0.214)
[INFO] running `Command { std: CARGO_HOME="/workspace/cargo-home" RUSTUP_HOME="/workspace/rustup-home" "/workspace/cargo-home/bin/cargo" "+nightly-2024-10-28" "fetch" "--manifest-path" "Cargo.toml", kill_on_drop: false }`
[INFO] [stderr]     Blocking waiting for file lock on package cache
[INFO] [stderr]     Blocking waiting for file lock on package cache
[INFO] [stderr]  Downloading crates ...
[INFO] [stderr]   Downloaded holo_hash v0.4.0-dev.13
[INFO] [stderr]   Downloaded test-fuzz-runtime v6.0.0
[INFO] [stderr]   Downloaded whi_hdk_extensions v0.13.0
[INFO] [stderr]   Downloaded test-fuzz v6.0.0
[INFO] [stderr]   Downloaded test-fuzz-internal v6.0.0
[INFO] [stderr]   Downloaded holochain_wasmer_common v0.0.96
[INFO] [stderr]   Downloaded kitsune_p2p_dht_arc v0.4.0-rc.0
[INFO] [stderr]   Downloaded kitsune_p2p_bin_data v0.4.0-rc.0
[INFO] [stderr]   Downloaded holochain_nonce v0.4.0-rc.0
[INFO] [stderr]   Downloaded hc_coop_content_types v0.7.0-dev.1
[INFO] [stderr]   Downloaded kitsune_p2p_block v0.4.0-rc.0
[INFO] [stderr]   Downloaded hdk_derive v0.4.0-dev.15
[INFO] [stderr]   Downloaded holochain_secure_primitive v0.4.0-rc.0
[INFO] [stderr]   Downloaded holochain_util v0.4.0-rc.0
[INFO] [stderr]   Downloaded holochain_zome_types v0.4.0-dev.18
[INFO] [stderr]   Downloaded hdi v0.5.0-dev.17
[INFO] [stderr]   Downloaded test-fuzz-macro v6.0.0
[INFO] [stderr]   Downloaded kitsune_p2p_timestamp v0.4.0-rc.0
[INFO] [stderr]   Downloaded holochain_serialized_bytes v0.0.55
[INFO] [stderr]   Downloaded holochain_integrity_types v0.4.0-dev.15
[INFO] [stderr]   Downloaded holochain_serialized_bytes_derive v0.0.55
[INFO] [stderr]   Downloaded holochain_wasmer_guest v0.0.96
[INFO] [stderr]   Downloaded whi_hdi_extensions v0.13.0
[INFO] [stderr]   Downloaded hdk v0.4.0-dev.19
[INFO] running `Command { std: "docker" "create" "-v" "/var/lib/crater-agent-workspace/builds/worker-2-tc1/target:/opt/rustwide/target:rw,Z" "-v" "/var/lib/crater-agent-workspace/builds/worker-2-tc1/source:/opt/rustwide/workdir:ro,Z" "-v" "/var/lib/crater-agent-workspace/cargo-home:/opt/rustwide/cargo-home:ro,Z" "-v" "/var/lib/crater-agent-workspace/rustup-home:/opt/rustwide/rustup-home:ro,Z" "-e" "SOURCE_DIR=/opt/rustwide/workdir" "-e" "CARGO_TARGET_DIR=/opt/rustwide/target" "-e" "CARGO_HOME=/opt/rustwide/cargo-home" "-e" "RUSTUP_HOME=/opt/rustwide/rustup-home" "-w" "/opt/rustwide/workdir" "-m" "1610612736" "--user" "0:0" "--network" "none" "ghcr.io/rust-lang/crates-build-env/linux@sha256:4a844ea9eb2546a2d2c7022eacef16ef2e8229c7fbb2c7d4d55a9ceca922f72d" "/opt/rustwide/cargo-home/bin/cargo" "+nightly-2024-10-28" "metadata" "--no-deps" "--format-version=1", kill_on_drop: false }`
[INFO] [stdout] 76633a2184af8172e956235e1f1d0d708f45e4df14e0fef243591367edd8f7a7
[INFO] running `Command { std: "docker" "start" "-a" "76633a2184af8172e956235e1f1d0d708f45e4df14e0fef243591367edd8f7a7", kill_on_drop: false }`
[INFO] running `Command { std: "docker" "inspect" "76633a2184af8172e956235e1f1d0d708f45e4df14e0fef243591367edd8f7a7", kill_on_drop: false }`
[INFO] running `Command { std: "docker" "rm" "-f" "76633a2184af8172e956235e1f1d0d708f45e4df14e0fef243591367edd8f7a7", kill_on_drop: false }`
[INFO] [stdout] 76633a2184af8172e956235e1f1d0d708f45e4df14e0fef243591367edd8f7a7
[INFO] running `Command { std: "docker" "create" "-v" "/var/lib/crater-agent-workspace/builds/worker-2-tc1/target:/opt/rustwide/target:rw,Z" "-v" "/var/lib/crater-agent-workspace/builds/worker-2-tc1/source:/opt/rustwide/workdir:ro,Z" "-v" "/var/lib/crater-agent-workspace/cargo-home:/opt/rustwide/cargo-home:ro,Z" "-v" "/var/lib/crater-agent-workspace/rustup-home:/opt/rustwide/rustup-home:ro,Z" "-e" "SOURCE_DIR=/opt/rustwide/workdir" "-e" "CARGO_TARGET_DIR=/opt/rustwide/target" "-e" "CARGO_INCREMENTAL=0" "-e" "RUST_BACKTRACE=full" "-e" "RUSTFLAGS=--cap-lints=forbid" "-e" "RUSTDOCFLAGS=--cap-lints=forbid" "-e" "CARGO_HOME=/opt/rustwide/cargo-home" "-e" "RUSTUP_HOME=/opt/rustwide/rustup-home" "-w" "/opt/rustwide/workdir" "-m" "1610612736" "--user" "0:0" "--network" "none" "ghcr.io/rust-lang/crates-build-env/linux@sha256:4a844ea9eb2546a2d2c7022eacef16ef2e8229c7fbb2c7d4d55a9ceca922f72d" "/opt/rustwide/cargo-home/bin/cargo" "+nightly-2024-10-28" "build" "--frozen" "--message-format=json", kill_on_drop: false }`
[INFO] [stdout] 740ce5bc85c40981fc7ec1c6209db965636e37b4a4f3f8cffc8d8367e316aec3
[INFO] running `Command { std: "docker" "start" "-a" "740ce5bc85c40981fc7ec1c6209db965636e37b4a4f3f8cffc8d8367e316aec3", kill_on_drop: false }`
[INFO] [stderr]    Compiling serde v1.0.203
[INFO] [stderr]    Compiling syn v1.0.109
[INFO] [stderr]    Compiling fnv v1.0.7
[INFO] [stderr]    Compiling ident_case v1.0.1
[INFO] [stderr]    Compiling either v1.13.0
[INFO] [stderr]    Compiling equivalent v1.0.1
[INFO] [stderr]    Compiling hashbrown v0.15.0
[INFO] [stderr]    Compiling once_cell v1.20.2
[INFO] [stderr]    Compiling num-traits v0.2.19
[INFO] [stderr]    Compiling generic-array v0.14.7
[INFO] [stderr]    Compiling serde_json v1.0.132
[INFO] [stderr]    Compiling pin-project-lite v0.2.15
[INFO] [stderr]    Compiling camino v1.1.9
[INFO] [stderr]    Compiling semver v1.0.23
[INFO] [stderr]    Compiling serde_derive v1.0.203
[INFO] [stderr]    Compiling strsim v0.11.1
[INFO] [stderr]    Compiling futures-core v0.3.31
[INFO] [stderr]    Compiling futures-sink v0.3.31
[INFO] [stderr]    Compiling futures-macro v0.3.31
[INFO] [stderr]    Compiling futures-io v0.3.31
[INFO] [stderr]    Compiling futures-channel v0.3.31
[INFO] [stderr]    Compiling prettyplease v0.2.25
[INFO] [stderr]    Compiling futures-task v0.3.31
[INFO] [stderr]    Compiling test-fuzz-internal v6.0.0
[INFO] [stderr]    Compiling darling_core v0.20.10
[INFO] [stderr]    Compiling bit-vec v0.6.3
[INFO] [stderr]    Compiling trilean v1.1.0
[INFO] [stderr]    Compiling itertools v0.13.0
[INFO] [stderr]    Compiling convert_case v0.4.0
[INFO] [stderr]    Compiling hex v0.4.3
[INFO] [stderr]    Compiling test-fuzz v6.0.0
[INFO] [stderr]    Compiling colored v2.1.0
[INFO] [stderr]    Compiling dunce v1.0.5
[INFO] [stderr]    Compiling bit-set v0.5.3
[INFO] [stderr]    Compiling base64 v0.22.1
[INFO] [stderr]    Compiling arrayvec v0.7.6
[INFO] [stderr]    Compiling arrayref v0.3.9
[INFO] [stderr]    Compiling constant_time_eq v0.3.1
[INFO] [stderr]    Compiling indexmap v2.6.0
[INFO] [stderr]    Compiling subtle v2.6.1
[INFO] [stderr]    Compiling blake2b_simd v1.0.2
[INFO] [stderr]    Compiling tracing-core v0.1.32
[INFO] [stderr]    Compiling tracing-attributes v0.1.27
[INFO] [stderr]    Compiling block-buffer v0.10.4
[INFO] [stderr]    Compiling crypto-common v0.1.6
[INFO] [stderr]    Compiling derive_more v0.99.18
[INFO] [stderr]    Compiling proc-macro-error-attr v1.0.4
[INFO] [stderr]    Compiling parking_lot_core v0.9.10
[INFO] [stderr]    Compiling strsim v0.10.0
[INFO] [stderr]    Compiling digest v0.10.7
[INFO] [stderr]    Compiling proc-macro-error v1.0.4
[INFO] [stderr]    Compiling rmp v0.8.14
[INFO] [stderr]    Compiling num-integer v0.1.46
[INFO] [stderr]    Compiling sha1 v0.10.6
[INFO] [stderr]    Compiling itertools v0.8.2
[INFO] [stderr]    Compiling futures-util v0.3.31
[INFO] [stderr]    Compiling parking_lot v0.12.3
[INFO] [stderr]    Compiling gcollections v1.5.0
[INFO] [stderr]    Compiling bitflags v1.3.2
[INFO] [stderr]    Compiling getrandom v0.2.15
[INFO] [stderr]    Compiling intervallum v1.4.1
[INFO] [stderr]    Compiling tracing v0.1.40
[INFO] [stderr]    Compiling darling_macro v0.20.10
[INFO] [stderr]    Compiling darling v0.20.10
[INFO] [stderr]    Compiling test-fuzz-macro v6.0.0
[INFO] [stderr]    Compiling darling_core v0.14.4
[INFO] [stderr]    Compiling holochain_serialized_bytes_derive v0.0.55
[INFO] [stderr]    Compiling shrinkwraprs v0.3.0
[INFO] [stderr]    Compiling futures-executor v0.3.31
[INFO] [stderr]    Compiling futures v0.3.31
[INFO] [stderr]    Compiling holochain_util v0.4.0-rc.0
[INFO] [stderr]    Compiling darling_macro v0.14.4
[INFO] [stderr]    Compiling darling v0.14.4
[INFO] [stderr]    Compiling cargo-platform v0.1.8
[INFO] [stderr]    Compiling serde_bytes v0.11.15
[INFO] [stderr]    Compiling bincode v1.3.3
[INFO] [stderr]    Compiling rmp-serde v1.3.0
[INFO] [stderr]    Compiling serde-transcode v1.1.1
[INFO] [stderr]    Compiling kitsune_p2p_dht_arc v0.4.0-rc.0
[INFO] [stderr]    Compiling chrono v0.4.38
[INFO] [stderr]    Compiling holochain_secure_primitive v0.4.0-rc.0
[INFO] [stderr]    Compiling kitsune_p2p_timestamp v0.4.0-rc.0
[INFO] [stderr]    Compiling rmpv v1.3.0
[INFO] [stderr]    Compiling kitsune_p2p_bin_data v0.4.0-rc.0
[INFO] [stderr]    Compiling cargo_metadata v0.18.1
[INFO] [stderr]    Compiling holochain_serialized_bytes v0.0.55
[INFO] [stderr]    Compiling holochain_nonce v0.4.0-rc.0
[INFO] [stderr]    Compiling kitsune_p2p_block v0.4.0-rc.0
[INFO] [stderr]    Compiling test-fuzz-runtime v6.0.0
[INFO] [stderr]    Compiling holochain_wasmer_common v0.0.96
[INFO] [stderr]    Compiling holo_hash v0.4.0-dev.13
[INFO] [stderr]    Compiling holochain_wasmer_guest v0.0.96
[INFO] [stderr]    Compiling holochain_integrity_types v0.4.0-dev.15
[INFO] [stderr]    Compiling holochain_zome_types v0.4.0-dev.18
[INFO] [stderr]    Compiling hdk_derive v0.4.0-dev.15
[INFO] [stderr]    Compiling hdi v0.5.0-dev.17
[INFO] [stderr]    Compiling whi_hdi_extensions v0.13.0
[INFO] [stderr]    Compiling hdk v0.4.0-dev.19
[INFO] [stderr]    Compiling hc_coop_content_types v0.7.0-dev.1
[INFO] [stderr]    Compiling whi_hdk_extensions v0.13.0
[INFO] [stderr]    Compiling hc_coop_content_sdk v0.8.0-dev.0 (/opt/rustwide/workdir)
[INFO] [stderr]     Finished `dev` profile [unoptimized + debuginfo] target(s) in 19.61s
[INFO] running `Command { std: "docker" "inspect" "740ce5bc85c40981fc7ec1c6209db965636e37b4a4f3f8cffc8d8367e316aec3", kill_on_drop: false }`
[INFO] running `Command { std: "docker" "rm" "-f" "740ce5bc85c40981fc7ec1c6209db965636e37b4a4f3f8cffc8d8367e316aec3", kill_on_drop: false }`
[INFO] [stdout] 740ce5bc85c40981fc7ec1c6209db965636e37b4a4f3f8cffc8d8367e316aec3
[INFO] running `Command { std: "docker" "create" "-v" "/var/lib/crater-agent-workspace/builds/worker-2-tc1/target:/opt/rustwide/target:rw,Z" "-v" "/var/lib/crater-agent-workspace/builds/worker-2-tc1/source:/opt/rustwide/workdir:ro,Z" "-v" "/var/lib/crater-agent-workspace/cargo-home:/opt/rustwide/cargo-home:ro,Z" "-v" "/var/lib/crater-agent-workspace/rustup-home:/opt/rustwide/rustup-home:ro,Z" "-e" "SOURCE_DIR=/opt/rustwide/workdir" "-e" "CARGO_TARGET_DIR=/opt/rustwide/target" "-e" "CARGO_INCREMENTAL=0" "-e" "RUST_BACKTRACE=full" "-e" "RUSTFLAGS=--cap-lints=forbid" "-e" "RUSTDOCFLAGS=--cap-lints=forbid" "-e" "CARGO_HOME=/opt/rustwide/cargo-home" "-e" "RUSTUP_HOME=/opt/rustwide/rustup-home" "-w" "/opt/rustwide/workdir" "-m" "1610612736" "--user" "0:0" "--network" "none" "ghcr.io/rust-lang/crates-build-env/linux@sha256:4a844ea9eb2546a2d2c7022eacef16ef2e8229c7fbb2c7d4d55a9ceca922f72d" "/opt/rustwide/cargo-home/bin/cargo" "+nightly-2024-10-28" "test" "--frozen" "--no-run" "--message-format=json", kill_on_drop: false }`
[INFO] [stdout] 9b0eb0eded4f6214401815eddc23d32cf154d9ea4e137ea71e7abaf15bd023a5
[INFO] running `Command { std: "docker" "start" "-a" "9b0eb0eded4f6214401815eddc23d32cf154d9ea4e137ea71e7abaf15bd023a5", kill_on_drop: false }`
[INFO] [stderr]    Compiling hc_coop_content_sdk v0.8.0-dev.0 (/opt/rustwide/workdir)
[INFO] [stderr]     Finished `test` profile [unoptimized + debuginfo] target(s) in 0.33s
[INFO] running `Command { std: "docker" "inspect" "9b0eb0eded4f6214401815eddc23d32cf154d9ea4e137ea71e7abaf15bd023a5", kill_on_drop: false }`
[INFO] running `Command { std: "docker" "rm" "-f" "9b0eb0eded4f6214401815eddc23d32cf154d9ea4e137ea71e7abaf15bd023a5", kill_on_drop: false }`
[INFO] [stdout] 9b0eb0eded4f6214401815eddc23d32cf154d9ea4e137ea71e7abaf15bd023a5
[INFO] running `Command { std: "docker" "create" "-v" "/var/lib/crater-agent-workspace/builds/worker-2-tc1/target:/opt/rustwide/target:rw,Z" "-v" "/var/lib/crater-agent-workspace/builds/worker-2-tc1/source:/opt/rustwide/workdir:ro,Z" "-v" "/var/lib/crater-agent-workspace/cargo-home:/opt/rustwide/cargo-home:ro,Z" "-v" "/var/lib/crater-agent-workspace/rustup-home:/opt/rustwide/rustup-home:ro,Z" "-e" "SOURCE_DIR=/opt/rustwide/workdir" "-e" "CARGO_TARGET_DIR=/opt/rustwide/target" "-e" "CARGO_INCREMENTAL=0" "-e" "RUST_BACKTRACE=full" "-e" "RUSTFLAGS=--cap-lints=forbid" "-e" "RUSTDOCFLAGS=--cap-lints=forbid" "-e" "CARGO_HOME=/opt/rustwide/cargo-home" "-e" "RUSTUP_HOME=/opt/rustwide/rustup-home" "-w" "/opt/rustwide/workdir" "-m" "1610612736" "--user" "0:0" "--network" "none" "ghcr.io/rust-lang/crates-build-env/linux@sha256:4a844ea9eb2546a2d2c7022eacef16ef2e8229c7fbb2c7d4d55a9ceca922f72d" "/opt/rustwide/cargo-home/bin/cargo" "+nightly-2024-10-28" "test" "--frozen", kill_on_drop: false }`
[INFO] [stdout] a7d8ee8ed5e5c9d01073361db3588a635b0e5d29e71e86504644c421f61a3b42
[INFO] running `Command { std: "docker" "start" "-a" "a7d8ee8ed5e5c9d01073361db3588a635b0e5d29e71e86504644c421f61a3b42", kill_on_drop: false }`
[INFO] [stderr]     Finished `test` profile [unoptimized + debuginfo] target(s) in 0.09s
[INFO] [stderr]      Running unittests src/lib.rs (/opt/rustwide/target/debug/deps/coop_content_sdk-0ff01f8f63c81ab7)
[INFO] [stdout] 
[INFO] [stdout] running 0 tests
[INFO] [stdout] 
[INFO] [stdout] test result: ok. 0 passed; 0 failed; 0 ignored; 0 measured; 0 filtered out; finished in 0.00s
[INFO] [stdout] 
[INFO] [stderr]    Doc-tests coop_content_sdk
[INFO] [stdout] 
[INFO] [stdout] running 33 tests
[INFO] [stdout] test src/lib.rs - create_group (line 777) ... ignored
[INFO] [stdout] test src/lib.rs - create_group (line 789) ... ignored
[INFO] [stdout] test src/lib.rs - create_group (line 794) ... ignored
[INFO] [stdout] test src/lib.rs - create_group (line 802) ... ignored
[INFO] [stdout] test src/lib.rs - get_all_group_content_latest (line 703) ... ignored
[INFO] [stdout] test src/lib.rs - get_all_group_content_latest (line 708) ... ignored
[INFO] [stdout] test src/lib.rs - get_all_group_content_latest (line 715) ... ignored
[INFO] [stdout] test src/lib.rs - get_all_group_content_latest (line 725) ... ignored
[INFO] [stdout] test src/lib.rs - get_group (line 848) ... ignored
[INFO] [stdout] test src/lib.rs - get_group (line 853) ... ignored
[INFO] [stdout] test src/lib.rs - get_group (line 858) ... ignored
[INFO] [stdout] test src/lib.rs - get_group (line 866) ... ignored
[INFO] [stdout] test src/lib.rs - get_group_content_latest (line 600) ... ignored
[INFO] [stdout] test src/lib.rs - get_group_content_latest (line 606) ... ignored
[INFO] [stdout] test src/lib.rs - get_group_content_latest (line 614) ... ignored
[INFO] [stdout] test src/lib.rs - get_group_content_latest (line 625) ... ignored
[INFO] [stdout] test src/lib.rs - group_ref (line 120) ... ignored
[INFO] [stdout] test src/lib.rs - group_ref (line 129) ... ignored
[INFO] [stdout] test src/lib.rs - group_ref (line 140) ... ignored
[INFO] [stdout] test src/lib.rs - register_content_to_group (line 372) ... ignored
[INFO] [stdout] test src/lib.rs - register_content_to_group (line 392) ... ignored
[INFO] [stdout] test src/lib.rs - register_content_to_group (line 400) ... ignored
[INFO] [stdout] test src/lib.rs - register_content_to_group (line 411) ... ignored
[INFO] [stdout] test src/lib.rs - register_content_update_to_group (line 480) ... ignored
[INFO] [stdout] test src/lib.rs - register_content_update_to_group (line 505) ... ignored
[INFO] [stdout] test src/lib.rs - register_content_update_to_group (line 513) ... ignored
[INFO] [stdout] test src/lib.rs - register_content_update_to_group (line 524) ... ignored
[INFO] [stdout] test src/lib.rs - update_group (line 912) ... ignored
[INFO] [stdout] test src/lib.rs - update_group (line 925) ... ignored
[INFO] [stdout] test src/lib.rs - update_group (line 933) ... ignored
[INFO] [stdout] test src/lib.rs - update_group (line 944) ... ignored
[INFO] [stdout] test src/lib.rs - call_local_zome_decode (line 301) ... FAILED
[INFO] [stdout] test src/lib.rs - call_local_zome (line 255) ... FAILED
[INFO] [stdout] 
[INFO] [stdout] failures:
[INFO] [stdout] 
[INFO] [stdout] ---- src/lib.rs - call_local_zome_decode (line 301) stdout ----
[INFO] [stdout] error[E0063]: missing field `content_base` in initializer of `CreateContributionLinkInput`
[INFO] [stdout]   --> src/lib.rs:313:9
[INFO] [stdout]    |
[INFO] [stdout] 15 |         coop_content_sdk::CreateContributionLinkInput {
[INFO] [stdout]    |         ^^^^^^^^^^^^^^^^^^^^^^^^^^^^^^^^^^^^^^^^^^^^^ missing `content_base`
[INFO] [stdout] 
[INFO] [stdout] error: aborting due to 1 previous error
[INFO] [stdout] 
[INFO] [stdout] For more information about this error, try `rustc --explain E0063`.
[INFO] [stdout] Couldn't compile the test.
[INFO] [stdout] ---- src/lib.rs - call_local_zome (line 255) stdout ----
[INFO] [stdout] error[E0063]: missing field `content_base` in initializer of `CreateContributionLinkInput`
[INFO] [stdout]   --> src/lib.rs:266:9
[INFO] [stdout]    |
[INFO] [stdout] 14 |         coop_content_sdk::CreateContributionLinkInput {
[INFO] [stdout]    |         ^^^^^^^^^^^^^^^^^^^^^^^^^^^^^^^^^^^^^^^^^^^^^ missing `content_base`
[INFO] [stdout] 
[INFO] [stdout] error: aborting due to 1 previous error
[INFO] [stdout] 
[INFO] [stdout] For more information about this error, try `rustc --explain E0063`.
[INFO] [stdout] Couldn't compile the test.
[INFO] [stdout] 
[INFO] [stdout] failures:
[INFO] [stdout]     src/lib.rs - call_local_zome (line 255)
[INFO] [stdout]     src/lib.rs - call_local_zome_decode (line 301)
[INFO] [stdout] 
[INFO] [stdout] test result: FAILED. 0 passed; 2 failed; 31 ignored; 0 measured; 0 filtered out; finished in 0.05s
[INFO] [stdout] 
[INFO] [stderr] error: doctest failed, to rerun pass `--doc`
[INFO] running `Command { std: "docker" "inspect" "a7d8ee8ed5e5c9d01073361db3588a635b0e5d29e71e86504644c421f61a3b42", kill_on_drop: false }`
[INFO] running `Command { std: "docker" "rm" "-f" "a7d8ee8ed5e5c9d01073361db3588a635b0e5d29e71e86504644c421f61a3b42", kill_on_drop: false }`
[INFO] [stdout] a7d8ee8ed5e5c9d01073361db3588a635b0e5d29e71e86504644c421f61a3b42
