[INFO] fetching crate hc-wasmer-types 4.3.6-hc.1...
[INFO] testing hc-wasmer-types-4.3.6-hc.1 against nightly-2024-10-28 for randomize-layout
[INFO] extracting crate hc-wasmer-types 4.3.6-hc.1 into /workspace/builds/worker-1-tc1/source
[INFO] validating manifest of crates.io crate hc-wasmer-types 4.3.6-hc.1 on toolchain nightly-2024-10-28
[INFO] running `Command { std: CARGO_HOME="/workspace/cargo-home" RUSTUP_HOME="/workspace/rustup-home" "/workspace/cargo-home/bin/cargo" "+nightly-2024-10-28" "metadata" "--manifest-path" "Cargo.toml" "--no-deps", kill_on_drop: false }`
[INFO] started tweaking crates.io crate hc-wasmer-types 4.3.6-hc.1
[INFO] finished tweaking crates.io crate hc-wasmer-types 4.3.6-hc.1
[INFO] tweaked toml for crates.io crate hc-wasmer-types 4.3.6-hc.1 written to /workspace/builds/worker-1-tc1/source/Cargo.toml
[INFO] running `Command { std: CARGO_HOME="/workspace/cargo-home" RUSTUP_HOME="/workspace/rustup-home" "/workspace/cargo-home/bin/cargo" "+nightly-2024-10-28" "generate-lockfile" "--manifest-path" "Cargo.toml", kill_on_drop: false }`
[INFO] [stderr]     Blocking waiting for file lock on package cache
[INFO] [stderr]     Updating crates.io index
[INFO] [stderr]     Blocking waiting for file lock on package cache
[INFO] [stderr]      Locking 67 packages to latest compatible versions
[INFO] [stderr]       Adding bytecheck v0.6.12 (available: v0.8.0)
[INFO] [stderr]       Adding enum-iterator v0.7.0 (available: v2.1.0)
[INFO] [stderr]       Adding indexmap v1.9.3 (available: v2.6.0)
[INFO] [stderr]       Adding more-asserts v0.2.2 (available: v0.3.1)
[INFO] [stderr]       Adding rkyv v0.7.45 (available: v0.8.8)
[INFO] running `Command { std: CARGO_HOME="/workspace/cargo-home" RUSTUP_HOME="/workspace/rustup-home" "/workspace/cargo-home/bin/cargo" "+nightly-2024-10-28" "fetch" "--manifest-path" "Cargo.toml", kill_on_drop: false }`
[INFO] [stderr]  Downloading crates ...
[INFO] [stderr]   Downloaded enum-iterator v0.7.0
[INFO] [stderr]   Downloaded enum-iterator-derive v0.7.0
[INFO] [stderr]   Downloaded more-asserts v0.2.2
[INFO] running `Command { std: "docker" "create" "-v" "/var/lib/crater-agent-workspace/builds/worker-1-tc1/target:/opt/rustwide/target:rw,Z" "-v" "/var/lib/crater-agent-workspace/builds/worker-1-tc1/source:/opt/rustwide/workdir:ro,Z" "-v" "/var/lib/crater-agent-workspace/cargo-home:/opt/rustwide/cargo-home:ro,Z" "-v" "/var/lib/crater-agent-workspace/rustup-home:/opt/rustwide/rustup-home:ro,Z" "-e" "SOURCE_DIR=/opt/rustwide/workdir" "-e" "CARGO_TARGET_DIR=/opt/rustwide/target" "-e" "CARGO_HOME=/opt/rustwide/cargo-home" "-e" "RUSTUP_HOME=/opt/rustwide/rustup-home" "-w" "/opt/rustwide/workdir" "-m" "1610612736" "--user" "0:0" "--network" "none" "ghcr.io/rust-lang/crates-build-env/linux@sha256:4a844ea9eb2546a2d2c7022eacef16ef2e8229c7fbb2c7d4d55a9ceca922f72d" "/opt/rustwide/cargo-home/bin/cargo" "+nightly-2024-10-28" "metadata" "--no-deps" "--format-version=1", kill_on_drop: false }`
[INFO] [stdout] 303b177aa9464c8f508b872a28d903cab6f4f58a6616bf523473873d8ea6fc60
[INFO] running `Command { std: "docker" "start" "-a" "303b177aa9464c8f508b872a28d903cab6f4f58a6616bf523473873d8ea6fc60", kill_on_drop: false }`
[INFO] running `Command { std: "docker" "inspect" "303b177aa9464c8f508b872a28d903cab6f4f58a6616bf523473873d8ea6fc60", kill_on_drop: false }`
[INFO] running `Command { std: "docker" "rm" "-f" "303b177aa9464c8f508b872a28d903cab6f4f58a6616bf523473873d8ea6fc60", kill_on_drop: false }`
[INFO] [stdout] 303b177aa9464c8f508b872a28d903cab6f4f58a6616bf523473873d8ea6fc60
[INFO] running `Command { std: "docker" "create" "-v" "/var/lib/crater-agent-workspace/builds/worker-1-tc1/target:/opt/rustwide/target:rw,Z" "-v" "/var/lib/crater-agent-workspace/builds/worker-1-tc1/source:/opt/rustwide/workdir:ro,Z" "-v" "/var/lib/crater-agent-workspace/cargo-home:/opt/rustwide/cargo-home:ro,Z" "-v" "/var/lib/crater-agent-workspace/rustup-home:/opt/rustwide/rustup-home:ro,Z" "-e" "SOURCE_DIR=/opt/rustwide/workdir" "-e" "CARGO_TARGET_DIR=/opt/rustwide/target" "-e" "CARGO_INCREMENTAL=0" "-e" "RUST_BACKTRACE=full" "-e" "RUSTFLAGS=--cap-lints=forbid" "-e" "RUSTDOCFLAGS=--cap-lints=forbid" "-e" "CARGO_HOME=/opt/rustwide/cargo-home" "-e" "RUSTUP_HOME=/opt/rustwide/rustup-home" "-w" "/opt/rustwide/workdir" "-m" "1610612736" "--user" "0:0" "--network" "none" "ghcr.io/rust-lang/crates-build-env/linux@sha256:4a844ea9eb2546a2d2c7022eacef16ef2e8229c7fbb2c7d4d55a9ceca922f72d" "/opt/rustwide/cargo-home/bin/cargo" "+nightly-2024-10-28" "build" "--frozen" "--message-format=json", kill_on_drop: false }`
[INFO] [stdout] 79837fe231f3b437726e751329df629eb128d309ae5bb22d6bcbb60687b782b3
[INFO] running `Command { std: "docker" "start" "-a" "79837fe231f3b437726e751329df629eb128d309ae5bb22d6bcbb60687b782b3", kill_on_drop: false }`
[INFO] [stderr]    Compiling version_check v0.9.5
[INFO] [stderr]    Compiling syn v1.0.109
[INFO] [stderr]    Compiling syn v2.0.86
[INFO] [stderr]    Compiling typenum v1.17.0
[INFO] [stderr]    Compiling libc v0.2.161
[INFO] [stderr]    Compiling ident_case v1.0.1
[INFO] [stderr]    Compiling once_cell v1.20.2
[INFO] [stderr]    Compiling bytecheck v0.6.12
[INFO] [stderr]    Compiling simdutf8 v0.1.5
[INFO] [stderr]    Compiling rend v0.4.2
[INFO] [stderr]    Compiling thiserror v1.0.66
[INFO] [stderr]    Compiling rkyv v0.7.45
[INFO] [stderr]    Compiling target-lexicon v0.12.16
[INFO] [stderr]    Compiling cpufeatures v0.2.14
[INFO] [stderr]    Compiling seahash v4.1.0
[INFO] [stderr]    Compiling indexmap v1.9.3
[INFO] [stderr]    Compiling xxhash-rust v0.8.12
[INFO] [stderr]    Compiling hex v0.4.3
[INFO] [stderr]    Compiling more-asserts v0.2.2
[INFO] [stderr]    Compiling generic-array v0.14.7
[INFO] [stderr]    Compiling ahash v0.7.8
[INFO] [stderr]    Compiling getrandom v0.2.15
[INFO] [stderr]    Compiling hashbrown v0.12.3
[INFO] [stderr]    Compiling crypto-common v0.1.6
[INFO] [stderr]    Compiling block-buffer v0.10.4
[INFO] [stderr]    Compiling digest v0.10.7
[INFO] [stderr]    Compiling sha2 v0.10.8
[INFO] [stderr]    Compiling ptr_meta_derive v0.1.4
[INFO] [stderr]    Compiling bytecheck_derive v0.6.12
[INFO] [stderr]    Compiling rkyv_derive v0.7.45
[INFO] [stderr]    Compiling enum-iterator-derive v0.7.0
[INFO] [stderr]    Compiling darling_core v0.20.10
[INFO] [stderr]    Compiling ptr_meta v0.1.4
[INFO] [stderr]    Compiling enum-iterator v0.7.0
[INFO] [stderr]    Compiling thiserror-impl v1.0.66
[INFO] [stderr]    Compiling darling_macro v0.20.10
[INFO] [stderr]    Compiling darling v0.20.10
[INFO] [stderr]    Compiling enumset_derive v0.10.0
[INFO] [stderr]    Compiling enumset v1.1.5
[INFO] [stderr]    Compiling hc-wasmer-types v4.3.6-hc.1 (/opt/rustwide/workdir)
[INFO] [stdout] warning: elided lifetime has a name
[INFO] [stdout]   --> src/compilation/function.rs:57:40
[INFO] [stdout]    |
[INFO] [stdout] 53 | pub trait FunctionBodyLike<'a> {
[INFO] [stdout]    |                            -- lifetime `'a` declared here
[INFO] [stdout] ...
[INFO] [stdout] 57 |     fn unwind_info(&'a self) -> Option<&Self::UnwindInfo>;
[INFO] [stdout]    |                                        ^ this elided lifetime gets resolved as `'a`
[INFO] [stdout]    |
[INFO] [stdout]    = note: `#[warn(elided_named_lifetimes)]` on by default
[INFO] [stdout] 
[INFO] [stdout] 
[INFO] [stdout] warning: elided lifetime has a name
[INFO] [stdout]   --> src/compilation/function.rs:67:40
[INFO] [stdout]    |
[INFO] [stdout] 60 | impl<'a> FunctionBodyLike<'a> for FunctionBody {
[INFO] [stdout]    |      -- lifetime `'a` declared here
[INFO] [stdout] ...
[INFO] [stdout] 67 |     fn unwind_info(&'a self) -> Option<&Self::UnwindInfo> {
[INFO] [stdout]    |                                        ^ this elided lifetime gets resolved as `'a`
[INFO] [stdout] 
[INFO] [stdout] 
[INFO] [stdout] warning: elided lifetime has a name
[INFO] [stdout]   --> src/compilation/function.rs:79:40
[INFO] [stdout]    |
[INFO] [stdout] 72 | impl<'a> FunctionBodyLike<'a> for ArchivedFunctionBody {
[INFO] [stdout]    |      -- lifetime `'a` declared here
[INFO] [stdout] ...
[INFO] [stdout] 79 |     fn unwind_info(&'a self) -> Option<&Self::UnwindInfo> {
[INFO] [stdout]    |                                        ^ this elided lifetime gets resolved as `'a`
[INFO] [stdout] 
[INFO] [stdout] 
[INFO] [stdout] warning: elided lifetime has a name
[INFO] [stdout]   --> src/compilation/section.rs:84:33
[INFO] [stdout]    |
[INFO] [stdout] 79 | pub trait CustomSectionLike<'a> {
[INFO] [stdout]    |                             -- lifetime `'a` declared here
[INFO] [stdout] ...
[INFO] [stdout] 84 |     fn relocations(&'a self) -> &[Self::Relocations];
[INFO] [stdout]    |                                 ^ this elided lifetime gets resolved as `'a`
[INFO] [stdout] 
[INFO] [stdout] 
[INFO] [stdout] warning: elided lifetime has a name
[INFO] [stdout]   --> src/compilation/section.rs:98:33
[INFO] [stdout]    |
[INFO] [stdout] 87 | impl<'a> CustomSectionLike<'a> for CustomSection {
[INFO] [stdout]    |      -- lifetime `'a` declared here
[INFO] [stdout] ...
[INFO] [stdout] 98 |     fn relocations(&'a self) -> &[Self::Relocations] {
[INFO] [stdout]    |                                 ^ this elided lifetime gets resolved as `'a`
[INFO] [stdout] 
[INFO] [stdout] 
[INFO] [stdout] warning: elided lifetime has a name
[INFO] [stdout]    --> src/compilation/section.rs:114:33
[INFO] [stdout]     |
[INFO] [stdout] 103 | impl<'a> CustomSectionLike<'a> for ArchivedCustomSection {
[INFO] [stdout]     |      -- lifetime `'a` declared here
[INFO] [stdout] ...
[INFO] [stdout] 114 |     fn relocations(&'a self) -> &[Self::Relocations] {
[INFO] [stdout]     |                                 ^ this elided lifetime gets resolved as `'a`
[INFO] [stdout] 
[INFO] [stdout] 
[INFO] [stderr]     Finished `dev` profile [unoptimized + debuginfo] target(s) in 11.89s
[INFO] running `Command { std: "docker" "inspect" "79837fe231f3b437726e751329df629eb128d309ae5bb22d6bcbb60687b782b3", kill_on_drop: false }`
[INFO] running `Command { std: "docker" "rm" "-f" "79837fe231f3b437726e751329df629eb128d309ae5bb22d6bcbb60687b782b3", kill_on_drop: false }`
[INFO] [stdout] 79837fe231f3b437726e751329df629eb128d309ae5bb22d6bcbb60687b782b3
[INFO] running `Command { std: "docker" "create" "-v" "/var/lib/crater-agent-workspace/builds/worker-1-tc1/target:/opt/rustwide/target:rw,Z" "-v" "/var/lib/crater-agent-workspace/builds/worker-1-tc1/source:/opt/rustwide/workdir:ro,Z" "-v" "/var/lib/crater-agent-workspace/cargo-home:/opt/rustwide/cargo-home:ro,Z" "-v" "/var/lib/crater-agent-workspace/rustup-home:/opt/rustwide/rustup-home:ro,Z" "-e" "SOURCE_DIR=/opt/rustwide/workdir" "-e" "CARGO_TARGET_DIR=/opt/rustwide/target" "-e" "CARGO_INCREMENTAL=0" "-e" "RUST_BACKTRACE=full" "-e" "RUSTFLAGS=--cap-lints=forbid" "-e" "RUSTDOCFLAGS=--cap-lints=forbid" "-e" "CARGO_HOME=/opt/rustwide/cargo-home" "-e" "RUSTUP_HOME=/opt/rustwide/rustup-home" "-w" "/opt/rustwide/workdir" "-m" "1610612736" "--user" "0:0" "--network" "none" "ghcr.io/rust-lang/crates-build-env/linux@sha256:4a844ea9eb2546a2d2c7022eacef16ef2e8229c7fbb2c7d4d55a9ceca922f72d" "/opt/rustwide/cargo-home/bin/cargo" "+nightly-2024-10-28" "test" "--frozen" "--no-run" "--message-format=json", kill_on_drop: false }`
[INFO] [stdout] 7ed11b1154145315af04792e781989aff08bab82fc03bc4b1f0e26597fe9c0ff
[INFO] running `Command { std: "docker" "start" "-a" "7ed11b1154145315af04792e781989aff08bab82fc03bc4b1f0e26597fe9c0ff", kill_on_drop: false }`
[INFO] [stderr]    Compiling memoffset v0.9.1
[INFO] [stdout] warning: elided lifetime has a name
[INFO] [stdout]   --> src/compilation/function.rs:57:40
[INFO] [stdout]    |
[INFO] [stdout] 53 | pub trait FunctionBodyLike<'a> {
[INFO] [stdout]    |                            -- lifetime `'a` declared here
[INFO] [stdout] ...
[INFO] [stdout] 57 |     fn unwind_info(&'a self) -> Option<&Self::UnwindInfo>;
[INFO] [stdout]    |                                        ^ this elided lifetime gets resolved as `'a`
[INFO] [stdout]    |
[INFO] [stdout]    = note: `#[warn(elided_named_lifetimes)]` on by default
[INFO] [stdout] 
[INFO] [stdout] 
[INFO] [stdout] warning: elided lifetime has a name
[INFO] [stdout]   --> src/compilation/function.rs:67:40
[INFO] [stdout]    |
[INFO] [stdout] 60 | impl<'a> FunctionBodyLike<'a> for FunctionBody {
[INFO] [stdout]    |      -- lifetime `'a` declared here
[INFO] [stdout] ...
[INFO] [stdout] 67 |     fn unwind_info(&'a self) -> Option<&Self::UnwindInfo> {
[INFO] [stdout]    |                                        ^ this elided lifetime gets resolved as `'a`
[INFO] [stdout] 
[INFO] [stdout] 
[INFO] [stdout] warning: elided lifetime has a name
[INFO] [stdout]   --> src/compilation/function.rs:79:40
[INFO] [stdout]    |
[INFO] [stdout] 72 | impl<'a> FunctionBodyLike<'a> for ArchivedFunctionBody {
[INFO] [stdout]    |      -- lifetime `'a` declared here
[INFO] [stdout] ...
[INFO] [stdout] 79 |     fn unwind_info(&'a self) -> Option<&Self::UnwindInfo> {
[INFO] [stdout]    |                                        ^ this elided lifetime gets resolved as `'a`
[INFO] [stdout] 
[INFO] [stdout] 
[INFO] [stdout] warning: elided lifetime has a name
[INFO] [stdout]   --> src/compilation/section.rs:84:33
[INFO] [stdout]    |
[INFO] [stdout] 79 | pub trait CustomSectionLike<'a> {
[INFO] [stdout]    |                             -- lifetime `'a` declared here
[INFO] [stdout] ...
[INFO] [stdout] 84 |     fn relocations(&'a self) -> &[Self::Relocations];
[INFO] [stdout]    |                                 ^ this elided lifetime gets resolved as `'a`
[INFO] [stdout] 
[INFO] [stdout] 
[INFO] [stdout] warning: elided lifetime has a name
[INFO] [stdout]   --> src/compilation/section.rs:98:33
[INFO] [stdout]    |
[INFO] [stdout] 87 | impl<'a> CustomSectionLike<'a> for CustomSection {
[INFO] [stdout]    |      -- lifetime `'a` declared here
[INFO] [stdout] ...
[INFO] [stdout] 98 |     fn relocations(&'a self) -> &[Self::Relocations] {
[INFO] [stdout]    |                                 ^ this elided lifetime gets resolved as `'a`
[INFO] [stdout] 
[INFO] [stdout] 
[INFO] [stdout] warning: elided lifetime has a name
[INFO] [stdout]    --> src/compilation/section.rs:114:33
[INFO] [stdout]     |
[INFO] [stdout] 103 | impl<'a> CustomSectionLike<'a> for ArchivedCustomSection {
[INFO] [stdout]     |      -- lifetime `'a` declared here
[INFO] [stdout] ...
[INFO] [stdout] 114 |     fn relocations(&'a self) -> &[Self::Relocations] {
[INFO] [stdout]     |                                 ^ this elided lifetime gets resolved as `'a`
[INFO] [stdout] 
[INFO] [stdout] 
[INFO] [stderr]    Compiling hc-wasmer-types v4.3.6-hc.1 (/opt/rustwide/workdir)
[INFO] [stdout] warning: elided lifetime has a name
[INFO] [stdout]   --> src/compilation/function.rs:57:40
[INFO] [stdout]    |
[INFO] [stdout] 53 | pub trait FunctionBodyLike<'a> {
[INFO] [stdout]    |                            -- lifetime `'a` declared here
[INFO] [stdout] ...
[INFO] [stdout] 57 |     fn unwind_info(&'a self) -> Option<&Self::UnwindInfo>;
[INFO] [stdout]    |                                        ^ this elided lifetime gets resolved as `'a`
[INFO] [stdout]    |
[INFO] [stdout]    = note: `#[warn(elided_named_lifetimes)]` on by default
[INFO] [stdout] 
[INFO] [stdout] 
[INFO] [stdout] warning: elided lifetime has a name
[INFO] [stdout]   --> src/compilation/function.rs:67:40
[INFO] [stdout]    |
[INFO] [stdout] 60 | impl<'a> FunctionBodyLike<'a> for FunctionBody {
[INFO] [stdout]    |      -- lifetime `'a` declared here
[INFO] [stdout] ...
[INFO] [stdout] 67 |     fn unwind_info(&'a self) -> Option<&Self::UnwindInfo> {
[INFO] [stdout]    |                                        ^ this elided lifetime gets resolved as `'a`
[INFO] [stdout] 
[INFO] [stdout] 
[INFO] [stdout] warning: elided lifetime has a name
[INFO] [stdout]   --> src/compilation/function.rs:79:40
[INFO] [stdout]    |
[INFO] [stdout] 72 | impl<'a> FunctionBodyLike<'a> for ArchivedFunctionBody {
[INFO] [stdout]    |      -- lifetime `'a` declared here
[INFO] [stdout] ...
[INFO] [stdout] 79 |     fn unwind_info(&'a self) -> Option<&Self::UnwindInfo> {
[INFO] [stdout]    |                                        ^ this elided lifetime gets resolved as `'a`
[INFO] [stdout] 
[INFO] [stdout] 
[INFO] [stdout] warning: elided lifetime has a name
[INFO] [stdout]   --> src/compilation/section.rs:84:33
[INFO] [stdout]    |
[INFO] [stdout] 79 | pub trait CustomSectionLike<'a> {
[INFO] [stdout]    |                             -- lifetime `'a` declared here
[INFO] [stdout] ...
[INFO] [stdout] 84 |     fn relocations(&'a self) -> &[Self::Relocations];
[INFO] [stdout]    |                                 ^ this elided lifetime gets resolved as `'a`
[INFO] [stdout] 
[INFO] [stdout] 
[INFO] [stdout] warning: elided lifetime has a name
[INFO] [stdout]   --> src/compilation/section.rs:98:33
[INFO] [stdout]    |
[INFO] [stdout] 87 | impl<'a> CustomSectionLike<'a> for CustomSection {
[INFO] [stdout]    |      -- lifetime `'a` declared here
[INFO] [stdout] ...
[INFO] [stdout] 98 |     fn relocations(&'a self) -> &[Self::Relocations] {
[INFO] [stdout]    |                                 ^ this elided lifetime gets resolved as `'a`
[INFO] [stdout] 
[INFO] [stdout] 
[INFO] [stdout] warning: elided lifetime has a name
[INFO] [stdout]    --> src/compilation/section.rs:114:33
[INFO] [stdout]     |
[INFO] [stdout] 103 | impl<'a> CustomSectionLike<'a> for ArchivedCustomSection {
[INFO] [stdout]     |      -- lifetime `'a` declared here
[INFO] [stdout] ...
[INFO] [stdout] 114 |     fn relocations(&'a self) -> &[Self::Relocations] {
[INFO] [stdout]     |                                 ^ this elided lifetime gets resolved as `'a`
[INFO] [stdout] 
[INFO] [stdout] 
[INFO] [stderr]     Finished `test` profile [unoptimized + debuginfo] target(s) in 2.40s
[INFO] running `Command { std: "docker" "inspect" "7ed11b1154145315af04792e781989aff08bab82fc03bc4b1f0e26597fe9c0ff", kill_on_drop: false }`
[INFO] running `Command { std: "docker" "rm" "-f" "7ed11b1154145315af04792e781989aff08bab82fc03bc4b1f0e26597fe9c0ff", kill_on_drop: false }`
[INFO] [stdout] 7ed11b1154145315af04792e781989aff08bab82fc03bc4b1f0e26597fe9c0ff
[INFO] running `Command { std: "docker" "create" "-v" "/var/lib/crater-agent-workspace/builds/worker-1-tc1/target:/opt/rustwide/target:rw,Z" "-v" "/var/lib/crater-agent-workspace/builds/worker-1-tc1/source:/opt/rustwide/workdir:ro,Z" "-v" "/var/lib/crater-agent-workspace/cargo-home:/opt/rustwide/cargo-home:ro,Z" "-v" "/var/lib/crater-agent-workspace/rustup-home:/opt/rustwide/rustup-home:ro,Z" "-e" "SOURCE_DIR=/opt/rustwide/workdir" "-e" "CARGO_TARGET_DIR=/opt/rustwide/target" "-e" "CARGO_INCREMENTAL=0" "-e" "RUST_BACKTRACE=full" "-e" "RUSTFLAGS=--cap-lints=forbid" "-e" "RUSTDOCFLAGS=--cap-lints=forbid" "-e" "CARGO_HOME=/opt/rustwide/cargo-home" "-e" "RUSTUP_HOME=/opt/rustwide/rustup-home" "-w" "/opt/rustwide/workdir" "-m" "1610612736" "--user" "0:0" "--network" "none" "ghcr.io/rust-lang/crates-build-env/linux@sha256:4a844ea9eb2546a2d2c7022eacef16ef2e8229c7fbb2c7d4d55a9ceca922f72d" "/opt/rustwide/cargo-home/bin/cargo" "+nightly-2024-10-28" "test" "--frozen", kill_on_drop: false }`
[INFO] [stdout] 0b973d81552c336a55f7620da2da978f1f8bd1a4c4f11f5dcf5ee9af560b0ec6
[INFO] running `Command { std: "docker" "start" "-a" "0b973d81552c336a55f7620da2da978f1f8bd1a4c4f11f5dcf5ee9af560b0ec6", kill_on_drop: false }`
[INFO] [stderr] warning: elided lifetime has a name
[INFO] [stderr]   --> src/compilation/function.rs:57:40
[INFO] [stderr]    |
[INFO] [stderr] 53 | pub trait FunctionBodyLike<'a> {
[INFO] [stderr]    |                            -- lifetime `'a` declared here
[INFO] [stderr] ...
[INFO] [stderr] 57 |     fn unwind_info(&'a self) -> Option<&Self::UnwindInfo>;
[INFO] [stderr]    |                                        ^ this elided lifetime gets resolved as `'a`
[INFO] [stderr]    |
[INFO] [stderr]    = note: `#[warn(elided_named_lifetimes)]` on by default
[INFO] [stderr] 
[INFO] [stderr] warning: elided lifetime has a name
[INFO] [stderr]   --> src/compilation/function.rs:67:40
[INFO] [stderr]    |
[INFO] [stderr] 60 | impl<'a> FunctionBodyLike<'a> for FunctionBody {
[INFO] [stderr]    |      -- lifetime `'a` declared here
[INFO] [stderr] ...
[INFO] [stderr] 67 |     fn unwind_info(&'a self) -> Option<&Self::UnwindInfo> {
[INFO] [stderr]    |                                        ^ this elided lifetime gets resolved as `'a`
[INFO] [stderr] 
[INFO] [stderr] warning: elided lifetime has a name
[INFO] [stderr]   --> src/compilation/function.rs:79:40
[INFO] [stderr]    |
[INFO] [stderr] 72 | impl<'a> FunctionBodyLike<'a> for ArchivedFunctionBody {
[INFO] [stderr]    |      -- lifetime `'a` declared here
[INFO] [stderr] ...
[INFO] [stderr] 79 |     fn unwind_info(&'a self) -> Option<&Self::UnwindInfo> {
[INFO] [stderr]    |                                        ^ this elided lifetime gets resolved as `'a`
[INFO] [stderr] 
[INFO] [stderr] warning: elided lifetime has a name
[INFO] [stderr]   --> src/compilation/section.rs:84:33
[INFO] [stderr]    |
[INFO] [stderr] 79 | pub trait CustomSectionLike<'a> {
[INFO] [stderr]    |                             -- lifetime `'a` declared here
[INFO] [stderr] ...
[INFO] [stderr] 84 |     fn relocations(&'a self) -> &[Self::Relocations];
[INFO] [stderr]    |                                 ^ this elided lifetime gets resolved as `'a`
[INFO] [stderr] 
[INFO] [stderr] warning: elided lifetime has a name
[INFO] [stderr]   --> src/compilation/section.rs:98:33
[INFO] [stderr]    |
[INFO] [stderr] 87 | impl<'a> CustomSectionLike<'a> for CustomSection {
[INFO] [stderr]    |      -- lifetime `'a` declared here
[INFO] [stderr] ...
[INFO] [stderr] 98 |     fn relocations(&'a self) -> &[Self::Relocations] {
[INFO] [stderr]    |                                 ^ this elided lifetime gets resolved as `'a`
[INFO] [stderr] 
[INFO] [stderr] warning: elided lifetime has a name
[INFO] [stderr]    --> src/compilation/section.rs:114:33
[INFO] [stderr]     |
[INFO] [stderr] 103 | impl<'a> CustomSectionLike<'a> for ArchivedCustomSection {
[INFO] [stderr]     |      -- lifetime `'a` declared here
[INFO] [stderr] ...
[INFO] [stderr] 114 |     fn relocations(&'a self) -> &[Self::Relocations] {
[INFO] [stderr]     |                                 ^ this elided lifetime gets resolved as `'a`
[INFO] [stderr] 
[INFO] [stderr] warning: `hc-wasmer-types` (lib) generated 6 warnings
[INFO] [stderr] warning: `hc-wasmer-types` (lib test) generated 6 warnings (6 duplicates)
[INFO] [stderr]     Finished `test` profile [unoptimized + debuginfo] target(s) in 0.11s
[INFO] [stderr]      Running unittests src/lib.rs (/opt/rustwide/target/debug/deps/hc_wasmer_types-ce26b2e3982aa000)
[INFO] [stdout] 
[INFO] [stdout] running 37 tests
[INFO] [stdout] test entity::boxed_slice::tests::basic ... ok
[INFO] [stdout] test entity::boxed_slice::tests::keys ... ok
[INFO] [stdout] test entity::boxed_slice::tests::keys_rev ... ok
[INFO] [stdout] test entity::boxed_slice::tests::values ... ok
[INFO] [stdout] test entity::boxed_slice::tests::iter_rev ... ok
[INFO] [stdout] test entity::boxed_slice::tests::iter ... ok
[INFO] [stdout] test entity::boxed_slice::tests::values_rev ... ok
[INFO] [stdout] test entity::packed_option::tests::copies ... ok
[INFO] [stdout] test entity::packed_option::tests::moves ... ok
[INFO] [stdout] test entity::primary_map::tests::basic ... ok
[INFO] [stdout] test entity::primary_map::tests::from_iter ... ok
[INFO] [stdout] test entity::primary_map::tests::iter ... ok
[INFO] [stdout] test entity::primary_map::tests::iter_rev ... ok
[INFO] [stdout] test entity::primary_map::tests::keys ... ok
[INFO] [stdout] test entity::primary_map::tests::keys_rev ... ok
[INFO] [stdout] test entity::primary_map::tests::push ... ok
[INFO] [stdout] test entity::primary_map::tests::values ... ok
[INFO] [stdout] test entity::primary_map::tests::values_rev ... ok
[INFO] [stdout] test entity::secondary_map::tests::basic ... ok
[INFO] [stdout] test error::tests::middleware_error_be_converted_to_wasm_error ... ok
[INFO] [stdout] test error::tests::middleware_error_can_be_created ... ok
[INFO] [stdout] test features::test_features::default_features ... ok
[INFO] [stdout] test features::test_features::disable_bulk_memory ... ok
[INFO] [stdout] test features::test_features::enable_memory64 ... ok
[INFO] [stdout] test features::test_features::enable_module_linking ... ok
[INFO] [stdout] test features::test_features::enable_reference_types ... ok
[INFO] [stdout] test features::test_features::enable_simd ... ok
[INFO] [stdout] test features::test_features::enable_tail_call ... ok
[INFO] [stdout] test features::test_features::enable_threads ... ok
[INFO] [stdout] test stack::sourceloc::tests::display ... ok
[INFO] [stdout] test trapcode::tests::display ... ok
[INFO] [stdout] test types::tests::convert_tuple_to_functiontype ... ok
[INFO] [stdout] test vmoffsets::tests::alignment ... ok
[INFO] [stdout] test units::tests::convert_bytes_to_pages ... ok
[INFO] [stdout] test features::test_features::enable_bulk_memory ... ok
[INFO] [stdout] test features::test_features::enable_multi_memory ... ok
[INFO] [stdout] test features::test_features::enable_multi_value ... ok
[INFO] [stdout] 
[INFO] [stdout] test result: ok. 37 passed; 0 failed; 0 ignored; 0 measured; 0 filtered out; finished in 0.00s
[INFO] [stdout] 
[INFO] [stderr]    Doc-tests hc_wasmer_types
[INFO] [stdout] 
[INFO] [stdout] running 4 tests
[INFO] [stdout] test src/compilation/function.rs - compilation::function::Compilation::dynamic_function_trampolines (line 165) ... ignored
[INFO] [stdout] test src/compilation/function.rs - compilation::function::Compilation::function_call_trampolines (line 154) ... ignored
[INFO] [stdout] test src/types.rs - types::GlobalType::new (line 389) ... FAILED
[INFO] [stdout] test src/lib.rs - native::NativeWasmType (line 163) ... FAILED
[INFO] [stdout] 
[INFO] [stdout] failures:
[INFO] [stdout] 
[INFO] [stdout] ---- src/types.rs - types::GlobalType::new (line 389) stdout ----
[INFO] [stdout] error[E0432]: unresolved import `wasmer_types`
[INFO] [stdout]  --> src/types.rs:390:5
[INFO] [stdout]   |
[INFO] [stdout] 3 | use wasmer_types::{GlobalType, Type, Mutability};
[INFO] [stdout]   |     ^^^^^^^^^^^^ use of undeclared crate or module `wasmer_types`
[INFO] [stdout]   |
[INFO] [stdout] help: there is a crate or module with a similar name
[INFO] [stdout]   |
[INFO] [stdout] 3 | use hc_wasmer_types::{GlobalType, Type, Mutability};
[INFO] [stdout]   |     ~~~~~~~~~~~~~~~
[INFO] [stdout] 
[INFO] [stdout] error: aborting due to 1 previous error
[INFO] [stdout] 
[INFO] [stdout] For more information about this error, try `rustc --explain E0432`.
[INFO] [stdout] Couldn't compile the test.
[INFO] [stdout] ---- src/lib.rs - native::NativeWasmType (line 163) stdout ----
[INFO] [stdout] error[E0432]: unresolved import `wasmer_types`
[INFO] [stdout]  --> src/lib.rs:164:5
[INFO] [stdout]   |
[INFO] [stdout] 3 | use wasmer_types::{NativeWasmType, Type};
[INFO] [stdout]   |     ^^^^^^^^^^^^ use of undeclared crate or module `wasmer_types`
[INFO] [stdout]   |
[INFO] [stdout] help: there is a crate or module with a similar name
[INFO] [stdout]   |
[INFO] [stdout] 3 | use hc_wasmer_types::{NativeWasmType, Type};
[INFO] [stdout]   |     ~~~~~~~~~~~~~~~
[INFO] [stdout] 
[INFO] [stdout] error[E0599]: no associated item named `WASM_TYPE` found for type `i32` in the current scope
[INFO] [stdout]  --> src/lib.rs:166:22
[INFO] [stdout]   |
[INFO] [stdout] 5 | let wasm_type = i32::WASM_TYPE;
[INFO] [stdout]   |                      ^^^^^^^^^ associated item not found in `i32`
[INFO] [stdout]   |
[INFO] [stdout]   = help: items from traits can only be used if the trait is in scope
[INFO] [stdout] help: trait `NativeWasmType` which provides `WASM_TYPE` is implemented but not in scope; perhaps you want to import it
[INFO] [stdout]   |
[INFO] [stdout] 2 + use hc_wasmer_types::NativeWasmType;
[INFO] [stdout]   |
[INFO] [stdout] 
[INFO] [stdout] error: aborting due to 2 previous errors
[INFO] [stdout] 
[INFO] [stdout] Some errors have detailed explanations: E0432, E0599.
[INFO] [stdout] For more information about an error, try `rustc --explain E0432`.
[INFO] [stdout] Couldn't compile the test.
[INFO] [stdout] 
[INFO] [stdout] failures:
[INFO] [stdout]     src/lib.rs - native::NativeWasmType (line 163)
[INFO] [stdout]     src/types.rs - types::GlobalType::new (line 389)
[INFO] [stdout] 
[INFO] [stdout] test result: FAILED. 0 passed; 2 failed; 2 ignored; 0 measured; 0 filtered out; finished in 0.21s
[INFO] [stdout] 
[INFO] [stderr] error: doctest failed, to rerun pass `--doc`
[INFO] running `Command { std: "docker" "inspect" "0b973d81552c336a55f7620da2da978f1f8bd1a4c4f11f5dcf5ee9af560b0ec6", kill_on_drop: false }`
[INFO] running `Command { std: "docker" "rm" "-f" "0b973d81552c336a55f7620da2da978f1f8bd1a4c4f11f5dcf5ee9af560b0ec6", kill_on_drop: false }`
[INFO] [stdout] 0b973d81552c336a55f7620da2da978f1f8bd1a4c4f11f5dcf5ee9af560b0ec6
