[INFO] fetching crate hayagriva 0.8.0...
[INFO] testing hayagriva-0.8.0 against nightly-2024-10-28+rustflags=-Zrandomize-layout for randomize-layout
[INFO] extracting crate hayagriva 0.8.0 into /workspace/builds/worker-2-tc2/source
[INFO] validating manifest of crates.io crate hayagriva 0.8.0 on toolchain nightly-2024-10-28
[INFO] running `Command { std: CARGO_HOME="/workspace/cargo-home" RUSTUP_HOME="/workspace/rustup-home" "/workspace/cargo-home/bin/cargo" "+nightly-2024-10-28" "metadata" "--manifest-path" "Cargo.toml" "--no-deps", kill_on_drop: false }`
[INFO] started tweaking crates.io crate hayagriva 0.8.0
[INFO] removed 0 missing tests
[INFO] finished tweaking crates.io crate hayagriva 0.8.0
[INFO] tweaked toml for crates.io crate hayagriva 0.8.0 written to /workspace/builds/worker-2-tc2/source/Cargo.toml
[INFO] crate crates.io crate hayagriva 0.8.0 already has a lockfile, it will not be regenerated
[INFO] running `Command { std: CARGO_HOME="/workspace/cargo-home" RUSTUP_HOME="/workspace/rustup-home" "/workspace/cargo-home/bin/cargo" "+nightly-2024-10-28" "fetch" "--manifest-path" "Cargo.toml", kill_on_drop: false }`
[INFO] running `Command { std: "docker" "create" "-v" "/var/lib/crater-agent-workspace/builds/worker-2-tc2/target:/opt/rustwide/target:rw,Z" "-v" "/var/lib/crater-agent-workspace/builds/worker-2-tc2/source:/opt/rustwide/workdir:ro,Z" "-v" "/var/lib/crater-agent-workspace/cargo-home:/opt/rustwide/cargo-home:ro,Z" "-v" "/var/lib/crater-agent-workspace/rustup-home:/opt/rustwide/rustup-home:ro,Z" "-e" "SOURCE_DIR=/opt/rustwide/workdir" "-e" "CARGO_TARGET_DIR=/opt/rustwide/target" "-e" "CARGO_HOME=/opt/rustwide/cargo-home" "-e" "RUSTUP_HOME=/opt/rustwide/rustup-home" "-w" "/opt/rustwide/workdir" "-m" "1610612736" "--user" "0:0" "--network" "none" "ghcr.io/rust-lang/crates-build-env/linux@sha256:4a844ea9eb2546a2d2c7022eacef16ef2e8229c7fbb2c7d4d55a9ceca922f72d" "/opt/rustwide/cargo-home/bin/cargo" "+nightly-2024-10-28" "metadata" "--no-deps" "--format-version=1", kill_on_drop: false }`
[INFO] [stdout] 248870e69f257964665fd182d9bd925edb383ef2c27e747992554d401c146cc7
[INFO] running `Command { std: "docker" "start" "-a" "248870e69f257964665fd182d9bd925edb383ef2c27e747992554d401c146cc7", kill_on_drop: false }`
[INFO] running `Command { std: "docker" "inspect" "248870e69f257964665fd182d9bd925edb383ef2c27e747992554d401c146cc7", kill_on_drop: false }`
[INFO] running `Command { std: "docker" "rm" "-f" "248870e69f257964665fd182d9bd925edb383ef2c27e747992554d401c146cc7", kill_on_drop: false }`
[INFO] [stdout] 248870e69f257964665fd182d9bd925edb383ef2c27e747992554d401c146cc7
[INFO] running `Command { std: "docker" "create" "-v" "/var/lib/crater-agent-workspace/builds/worker-2-tc2/target:/opt/rustwide/target:rw,Z" "-v" "/var/lib/crater-agent-workspace/builds/worker-2-tc2/source:/opt/rustwide/workdir:ro,Z" "-v" "/var/lib/crater-agent-workspace/cargo-home:/opt/rustwide/cargo-home:ro,Z" "-v" "/var/lib/crater-agent-workspace/rustup-home:/opt/rustwide/rustup-home:ro,Z" "-e" "SOURCE_DIR=/opt/rustwide/workdir" "-e" "CARGO_TARGET_DIR=/opt/rustwide/target" "-e" "CARGO_INCREMENTAL=0" "-e" "RUST_BACKTRACE=full" "-e" "RUSTFLAGS=--cap-lints=forbid -Zrandomize-layout" "-e" "RUSTDOCFLAGS=--cap-lints=forbid" "-e" "CARGO_HOME=/opt/rustwide/cargo-home" "-e" "RUSTUP_HOME=/opt/rustwide/rustup-home" "-w" "/opt/rustwide/workdir" "-m" "1610612736" "--user" "0:0" "--network" "none" "ghcr.io/rust-lang/crates-build-env/linux@sha256:4a844ea9eb2546a2d2c7022eacef16ef2e8229c7fbb2c7d4d55a9ceca922f72d" "/opt/rustwide/cargo-home/bin/cargo" "+nightly-2024-10-28" "build" "--frozen" "--message-format=json", kill_on_drop: false }`
[INFO] [stdout] fe8e263488cd9954a75cb7cef99398e9febf9fbbd70d8ffb3c331a2b4476d6da
[INFO] running `Command { std: "docker" "start" "-a" "fe8e263488cd9954a75cb7cef99398e9febf9fbbd70d8ffb3c331a2b4476d6da", kill_on_drop: false }`
[INFO] [stderr]    Compiling proc-macro2 v1.0.69
[INFO] [stderr]    Compiling serde v1.0.190
[INFO] [stderr]    Compiling rustversion v1.0.14
[INFO] [stderr]    Compiling paste v1.0.14
[INFO] [stderr]    Compiling hashbrown v0.14.2
[INFO] [stderr]    Compiling memchr v2.6.4
[INFO] [stderr]    Compiling unicode-normalization v0.1.22
[INFO] [stderr]    Compiling percent-encoding v2.3.0
[INFO] [stderr]    Compiling unicode-bidi v0.3.13
[INFO] [stderr]    Compiling thiserror v1.0.50
[INFO] [stderr]    Compiling idna v0.4.0
[INFO] [stderr]    Compiling form_urlencoded v1.2.0
[INFO] [stderr]    Compiling unscanny v0.1.0
[INFO] [stderr]    Compiling unsafe-libyaml v0.2.9
[INFO] [stderr]    Compiling quote v1.0.33
[INFO] [stderr]    Compiling numerals v0.1.4
[INFO] [stderr]    Compiling unicode-segmentation v1.10.1
[INFO] [stderr]    Compiling syn v2.0.38
[INFO] [stderr]    Compiling serde_derive v1.0.190
[INFO] [stderr]    Compiling displaydoc v0.2.4
[INFO] [stderr]    Compiling strum_macros v0.26.2
[INFO] [stderr]    Compiling thiserror-impl v1.0.50
[INFO] [stderr]    Compiling tinystr v0.7.4
[INFO] [stderr]    Compiling strum v0.26.2
[INFO] [stderr]    Compiling biblatex v0.10.0
[INFO] [stderr]    Compiling indexmap v2.0.2
[INFO] [stderr]    Compiling quick-xml v0.36.2
[INFO] [stderr]    Compiling unic-langid-impl v0.9.1
[INFO] [stderr]    Compiling url v2.4.1
[INFO] [stderr]    Compiling ciborium v0.2.1
[INFO] [stderr]    Compiling unic-langid v0.9.1
[INFO] [stderr]    Compiling serde_yaml v0.9.27
[INFO] [stderr]    Compiling citationberg v0.4.0
[INFO] [stderr]    Compiling hayagriva v0.8.0 (/opt/rustwide/workdir)
[INFO] [stderr]     Finished `dev` profile [unoptimized + debuginfo] target(s) in 21.98s
[INFO] running `Command { std: "docker" "inspect" "fe8e263488cd9954a75cb7cef99398e9febf9fbbd70d8ffb3c331a2b4476d6da", kill_on_drop: false }`
[INFO] running `Command { std: "docker" "rm" "-f" "fe8e263488cd9954a75cb7cef99398e9febf9fbbd70d8ffb3c331a2b4476d6da", kill_on_drop: false }`
[INFO] [stdout] fe8e263488cd9954a75cb7cef99398e9febf9fbbd70d8ffb3c331a2b4476d6da
[INFO] running `Command { std: "docker" "create" "-v" "/var/lib/crater-agent-workspace/builds/worker-2-tc2/target:/opt/rustwide/target:rw,Z" "-v" "/var/lib/crater-agent-workspace/builds/worker-2-tc2/source:/opt/rustwide/workdir:ro,Z" "-v" "/var/lib/crater-agent-workspace/cargo-home:/opt/rustwide/cargo-home:ro,Z" "-v" "/var/lib/crater-agent-workspace/rustup-home:/opt/rustwide/rustup-home:ro,Z" "-e" "SOURCE_DIR=/opt/rustwide/workdir" "-e" "CARGO_TARGET_DIR=/opt/rustwide/target" "-e" "CARGO_INCREMENTAL=0" "-e" "RUST_BACKTRACE=full" "-e" "RUSTFLAGS=--cap-lints=forbid -Zrandomize-layout" "-e" "RUSTDOCFLAGS=--cap-lints=forbid" "-e" "CARGO_HOME=/opt/rustwide/cargo-home" "-e" "RUSTUP_HOME=/opt/rustwide/rustup-home" "-w" "/opt/rustwide/workdir" "-m" "1610612736" "--user" "0:0" "--network" "none" "ghcr.io/rust-lang/crates-build-env/linux@sha256:4a844ea9eb2546a2d2c7022eacef16ef2e8229c7fbb2c7d4d55a9ceca922f72d" "/opt/rustwide/cargo-home/bin/cargo" "+nightly-2024-10-28" "test" "--frozen" "--no-run" "--message-format=json", kill_on_drop: false }`
[INFO] [stdout] 7ae25d262caf0b87897cc3e113936bd9e620026141d052ac6cb1720505c29716
[INFO] running `Command { std: "docker" "start" "-a" "7ae25d262caf0b87897cc3e113936bd9e620026141d052ac6cb1720505c29716", kill_on_drop: false }`
[INFO] [stderr]    Compiling serde_json v1.0.108
[INFO] [stderr]    Compiling heck v0.5.0
[INFO] [stderr]    Compiling hayagriva v0.8.0 (/opt/rustwide/workdir)
[INFO] [stderr]     Finished `test` profile [unoptimized + debuginfo] target(s) in 8.05s
[INFO] running `Command { std: "docker" "inspect" "7ae25d262caf0b87897cc3e113936bd9e620026141d052ac6cb1720505c29716", kill_on_drop: false }`
[INFO] running `Command { std: "docker" "rm" "-f" "7ae25d262caf0b87897cc3e113936bd9e620026141d052ac6cb1720505c29716", kill_on_drop: false }`
[INFO] [stdout] 7ae25d262caf0b87897cc3e113936bd9e620026141d052ac6cb1720505c29716
[INFO] running `Command { std: "docker" "create" "-v" "/var/lib/crater-agent-workspace/builds/worker-2-tc2/target:/opt/rustwide/target:rw,Z" "-v" "/var/lib/crater-agent-workspace/builds/worker-2-tc2/source:/opt/rustwide/workdir:ro,Z" "-v" "/var/lib/crater-agent-workspace/cargo-home:/opt/rustwide/cargo-home:ro,Z" "-v" "/var/lib/crater-agent-workspace/rustup-home:/opt/rustwide/rustup-home:ro,Z" "-e" "SOURCE_DIR=/opt/rustwide/workdir" "-e" "CARGO_TARGET_DIR=/opt/rustwide/target" "-e" "CARGO_INCREMENTAL=0" "-e" "RUST_BACKTRACE=full" "-e" "RUSTFLAGS=--cap-lints=forbid -Zrandomize-layout" "-e" "RUSTDOCFLAGS=--cap-lints=forbid" "-e" "CARGO_HOME=/opt/rustwide/cargo-home" "-e" "RUSTUP_HOME=/opt/rustwide/rustup-home" "-w" "/opt/rustwide/workdir" "-m" "1610612736" "--user" "0:0" "--network" "none" "ghcr.io/rust-lang/crates-build-env/linux@sha256:4a844ea9eb2546a2d2c7022eacef16ef2e8229c7fbb2c7d4d55a9ceca922f72d" "/opt/rustwide/cargo-home/bin/cargo" "+nightly-2024-10-28" "test" "--frozen", kill_on_drop: false }`
[INFO] [stdout] be12b37cf1f5c600bf530818a13f40a9a13d0c8e0acec17708b0d0210bd3f172
[INFO] running `Command { std: "docker" "start" "-a" "be12b37cf1f5c600bf530818a13f40a9a13d0c8e0acec17708b0d0210bd3f172", kill_on_drop: false }`
[INFO] [stderr]     Finished `test` profile [unoptimized + debuginfo] target(s) in 0.06s
[INFO] [stderr]      Running unittests src/lib.rs (/opt/rustwide/target/debug/deps/hayagriva-5be0fa1bf4aaaee0)
[INFO] [stdout] 
[INFO] [stdout] running 40 tests
[INFO] [stdout] test csl::tests::low_year_test ... ok
[INFO] [stdout] test lang::tests::fold_char_class ... ok
[INFO] [stdout] test lang::tests::online ... ok
[INFO] [stdout] test lang::tests::sentence_case ... ok
[INFO] [stdout] test lang::tests::fold_words ... ok
[INFO] [stdout] test lang::tests::sentence_case_name_detection ... ok
[INFO] [stdout] test lang::tests::sentence_case_dictionary ... ok
[INFO] [stdout] test lang::tests::title_case_char_segmentation ... ok
[INFO] [stdout] test lang::tests::sentence_case_no_transform ... ok
[INFO] [stdout] test lang::tests::title_case_edge_cases ... ok
[INFO] [stdout] test lang::tests::title_case_full_stop_handling ... ok
[INFO] [stdout] test lang::tests::title_case_name_detecion ... ok
[INFO] [stdout] test lang::tests::title_case_punctuation ... ok
[INFO] [stdout] test lang::tests::title_case_verbatim ... ok
[INFO] [stdout] test lang::tests::title_case_hyphens ... ok
[INFO] [stdout] test lang::tests::title_case_word_length ... ok
[INFO] [stdout] test lang::tests::sentence_case_char_segmentation ... ok
[INFO] [stdout] test lang::tests::sentence_case_edge_cases ... ok
[INFO] [stdout] test csl::tests::test_alphanumeric_disambiguation ... ok
[INFO] [stdout] test lang::tests::title_case_last_word ... ok
[INFO] [stdout] test selectors::parser::tests::test_parse_errors ... ok
[INFO] [stdout] test selectors::parser::tests::test_tokenize ... ok
[INFO] [stdout] test types::persons::tests::person_initials ... ok
[INFO] [stdout] test types::persons::tests::person_middle_initial ... ok
[INFO] [stdout] test types::persons::tests::person_non_dropping_initials ... ok
[INFO] [stdout] test types::strings::tests::escaped_backslash ... ok
[INFO] [stdout] test types::strings::tests::escaped_brace ... ok
[INFO] [stdout] test tests::test_troublesome_page_ranges ... ok
[INFO] [stdout] test types::numeric::test::test_mixed_range ... ok
[INFO] [stdout] test selectors::parser::tests::test_parse ... ok
[INFO] [stdout] test types::strings::tests::escaped_dollar ... ok
[INFO] [stdout] test types::strings::tests::normal_backslash ... ok
[INFO] [stdout] test types::tests::parse_num ... ok
[INFO] [stdout] test types::time::tests::test_duration_parse ... ok
[INFO] [stdout] test types::time::tests::test_duration_range_parse ... ok
[INFO] [stdout] test types::tests::test_issue_227 ... ok
[INFO] [stdout] test tests::selectors ... ok
[INFO] [stdout] test tests::selector_bindings ... ok
[INFO] [stdout] test csl::tests::test_csl ... ok
[INFO] [stdout] test io::tests::roundtrip ... ok
[INFO] [stdout] 
[INFO] [stdout] test result: ok. 40 passed; 0 failed; 0 ignored; 0 measured; 0 filtered out; finished in 0.06s
[INFO] [stdout] 
[INFO] [stderr]      Running tests/archiver.rs (/opt/rustwide/target/debug/deps/archiver-d1d7531426f3b31f)
[INFO] [stdout] 
[INFO] [stdout] running 2 tests
[INFO] [stdout] test no_dupe_id ... ok
[INFO] [stdout] test always_archive ... FAILED
[INFO] [stdout] 
[INFO] [stdout] failures:
[INFO] [stdout] 
[INFO] [stdout] ---- always_archive stdout ----
[INFO] [stdout] thread 'always_archive' panicked at tests/archiver.rs:40:41:
[INFO] [stdout] Downloading repos failed: io error: Read-only file system (os error 30)
[INFO] [stdout] stack backtrace:
[INFO] [stdout]    0:     0x650530639f8a - std::backtrace_rs::backtrace::libunwind::trace::h207520d6e9873551
[INFO] [stdout]                                at /rustc/df4ca44d3fbc9301ee17f30f4d474e6ae4b05252/library/std/src/../../backtrace/src/backtrace/libunwind.rs:116:5
[INFO] [stdout]    1:     0x650530639f8a - std::backtrace_rs::backtrace::trace_unsynchronized::h2ed7433f370e3eca
[INFO] [stdout]                                at /rustc/df4ca44d3fbc9301ee17f30f4d474e6ae4b05252/library/std/src/../../backtrace/src/backtrace/mod.rs:66:5
[INFO] [stdout]    2:     0x650530639f8a - std::sys::backtrace::_print_fmt::h916fac51166b18d7
[INFO] [stdout]                                at /rustc/df4ca44d3fbc9301ee17f30f4d474e6ae4b05252/library/std/src/sys/backtrace.rs:66:9
[INFO] [stdout]    3:     0x650530639f8a - <std::sys::backtrace::BacktraceLock::print::DisplayBacktrace as core::fmt::Display>::fmt::ha0a4c9b8ce3802e6
[INFO] [stdout]                                at /rustc/df4ca44d3fbc9301ee17f30f4d474e6ae4b05252/library/std/src/sys/backtrace.rs:39:26
[INFO] [stdout]    4:     0x650530661b93 - core::fmt::rt::Argument::fmt::h4cfc8587d52b3eb5
[INFO] [stdout]                                at /rustc/df4ca44d3fbc9301ee17f30f4d474e6ae4b05252/library/core/src/fmt/rt.rs:177:76
[INFO] [stdout]    5:     0x650530661b93 - core::fmt::write::h522cc39e5b36ae9f
[INFO] [stdout]                                at /rustc/df4ca44d3fbc9301ee17f30f4d474e6ae4b05252/library/core/src/fmt/mod.rs:1190:21
[INFO] [stdout]    6:     0x650530636683 - std::io::Write::write_fmt::h7d3c26752da97734
[INFO] [stdout]                                at /rustc/df4ca44d3fbc9301ee17f30f4d474e6ae4b05252/library/std/src/io/mod.rs:1839:15
[INFO] [stdout]    7:     0x650530639dd2 - std::sys::backtrace::BacktraceLock::print::h4b9e00b29e9c0942
[INFO] [stdout]                                at /rustc/df4ca44d3fbc9301ee17f30f4d474e6ae4b05252/library/std/src/sys/backtrace.rs:42:9
[INFO] [stdout]    8:     0x65053063b41a - std::panicking::default_hook::{{closure}}::hb59b88280d0324d9
[INFO] [stdout]                                at /rustc/df4ca44d3fbc9301ee17f30f4d474e6ae4b05252/library/std/src/panicking.rs:268:22
[INFO] [stdout]    9:     0x65053063b224 - std::panicking::default_hook::he1dd496665be4a29
[INFO] [stdout]                                at /rustc/df4ca44d3fbc9301ee17f30f4d474e6ae4b05252/library/std/src/panicking.rs:292:9
[INFO] [stdout]   10:     0x6505303eca69 - <alloc::boxed::Box<F,A> as core::ops::function::Fn<Args>>::call::h4ff71de18744e1dc
[INFO] [stdout]                                at /rustc/df4ca44d3fbc9301ee17f30f4d474e6ae4b05252/library/alloc/src/boxed.rs:2468:9
[INFO] [stdout]   11:     0x6505303eca69 - test::test_main::{{closure}}::hcf7c055ce117aa81
[INFO] [stdout]                                at /rustc/df4ca44d3fbc9301ee17f30f4d474e6ae4b05252/library/test/src/lib.rs:133:21
[INFO] [stdout]   12:     0x65053063bb18 - <alloc::boxed::Box<F,A> as core::ops::function::Fn<Args>>::call::h1d66c6bbd60c9692
[INFO] [stdout]                                at /rustc/df4ca44d3fbc9301ee17f30f4d474e6ae4b05252/library/alloc/src/boxed.rs:2468:9
[INFO] [stdout]   13:     0x65053063bb18 - std::panicking::rust_panic_with_hook::h2ff17fe8f26dfcf8
[INFO] [stdout]                                at /rustc/df4ca44d3fbc9301ee17f30f4d474e6ae4b05252/library/std/src/panicking.rs:809:13
[INFO] [stdout]   14:     0x65053063b8da - std::panicking::begin_panic_handler::{{closure}}::h4fad77951c07e101
[INFO] [stdout]                                at /rustc/df4ca44d3fbc9301ee17f30f4d474e6ae4b05252/library/std/src/panicking.rs:674:13
[INFO] [stdout]   15:     0x65053063a469 - std::sys::backtrace::__rust_end_short_backtrace::hb1a25b3da5d0ea08
[INFO] [stdout]                                at /rustc/df4ca44d3fbc9301ee17f30f4d474e6ae4b05252/library/std/src/sys/backtrace.rs:170:18
[INFO] [stdout]   16:     0x65053063b56c - rust_begin_unwind
[INFO] [stdout]                                at /rustc/df4ca44d3fbc9301ee17f30f4d474e6ae4b05252/library/std/src/panicking.rs:665:5
[INFO] [stdout]   17:     0x650530660590 - core::panicking::panic_fmt::ha9db07b529f9b256
[INFO] [stdout]                                at /rustc/df4ca44d3fbc9301ee17f30f4d474e6ae4b05252/library/core/src/panicking.rs:75:14
[INFO] [stdout]   18:     0x650530384735 - archiver::always_archive::{{closure}}::h093e7b82f0e45b57
[INFO] [stdout]                                at /opt/rustwide/workdir/tests/archiver.rs:40:41
[INFO] [stdout]   19:     0x65053039fe64 - core::result::Result<T,E>::unwrap_or_else::h85a9085fd3c6ecaf
[INFO] [stdout]                                at /rustc/df4ca44d3fbc9301ee17f30f4d474e6ae4b05252/library/core/src/result.rs:1457:23
[INFO] [stdout]   20:     0x65053038465f - archiver::always_archive::ha788a63fdd33a56f
[INFO] [stdout]                                at /opt/rustwide/workdir/tests/archiver.rs:40:5
[INFO] [stdout]   21:     0x650530384627 - archiver::always_archive::{{closure}}::h3c53797dd9569155
[INFO] [stdout]                                at /opt/rustwide/workdir/tests/archiver.rs:39:20
[INFO] [stdout]   22:     0x650530397e16 - core::ops::function::FnOnce::call_once::hab73734947fa5453
[INFO] [stdout]                                at /rustc/df4ca44d3fbc9301ee17f30f4d474e6ae4b05252/library/core/src/ops/function.rs:250:5
[INFO] [stdout]   23:     0x6505303f133b - core::ops::function::FnOnce::call_once::h22c3ba5715e93f05
[INFO] [stdout]                                at /rustc/df4ca44d3fbc9301ee17f30f4d474e6ae4b05252/library/core/src/ops/function.rs:250:5
[INFO] [stdout]   24:     0x6505303f133b - test::__rust_begin_short_backtrace::h8e82d8113d0da17f
[INFO] [stdout]                                at /rustc/df4ca44d3fbc9301ee17f30f4d474e6ae4b05252/library/test/src/lib.rs:621:18
[INFO] [stdout]   25:     0x6505303f0cb7 - test::run_test_in_process::{{closure}}::h33235f4f20b7b7c7
[INFO] [stdout]                                at /rustc/df4ca44d3fbc9301ee17f30f4d474e6ae4b05252/library/test/src/lib.rs:644:60
[INFO] [stdout]   26:     0x6505303f0cb7 - <core::panic::unwind_safe::AssertUnwindSafe<F> as core::ops::function::FnOnce<()>>::call_once::hb5043206310c586f
[INFO] [stdout]                                at /rustc/df4ca44d3fbc9301ee17f30f4d474e6ae4b05252/library/core/src/panic/unwind_safe.rs:272:9
[INFO] [stdout]   27:     0x6505303f0cb7 - std::panicking::try::do_call::h9ad4731a60ab23e2
[INFO] [stdout]                                at /rustc/df4ca44d3fbc9301ee17f30f4d474e6ae4b05252/library/std/src/panicking.rs:557:40
[INFO] [stdout]   28:     0x6505303f0cb7 - std::panicking::try::h3824d23db772a716
[INFO] [stdout]                                at /rustc/df4ca44d3fbc9301ee17f30f4d474e6ae4b05252/library/std/src/panicking.rs:520:19
[INFO] [stdout]   29:     0x6505303f0cb7 - std::panic::catch_unwind::h5afd514605fde46b
[INFO] [stdout]                                at /rustc/df4ca44d3fbc9301ee17f30f4d474e6ae4b05252/library/std/src/panic.rs:358:14
[INFO] [stdout]   30:     0x6505303f0cb7 - test::run_test_in_process::h0d5cbfa7067d1720
[INFO] [stdout]                                at /rustc/df4ca44d3fbc9301ee17f30f4d474e6ae4b05252/library/test/src/lib.rs:644:27
[INFO] [stdout]   31:     0x6505303f0cb7 - test::run_test::{{closure}}::h708eb8872708115d
[INFO] [stdout]                                at /rustc/df4ca44d3fbc9301ee17f30f4d474e6ae4b05252/library/test/src/lib.rs:565:43
[INFO] [stdout]   32:     0x6505303b43d4 - test::run_test::{{closure}}::h392c51cee94713ab
[INFO] [stdout]                                at /rustc/df4ca44d3fbc9301ee17f30f4d474e6ae4b05252/library/test/src/lib.rs:595:41
[INFO] [stdout]   33:     0x6505303b43d4 - std::sys::backtrace::__rust_begin_short_backtrace::h2f40290710935a8b
[INFO] [stdout]                                at /rustc/df4ca44d3fbc9301ee17f30f4d474e6ae4b05252/library/std/src/sys/backtrace.rs:154:18
[INFO] [stdout]   34:     0x6505303b7b7e - std::thread::Builder::spawn_unchecked_::{{closure}}::{{closure}}::h3fd968d89053a903
[INFO] [stdout]                                at /rustc/df4ca44d3fbc9301ee17f30f4d474e6ae4b05252/library/std/src/thread/mod.rs:541:17
[INFO] [stdout]   35:     0x6505303b7b7e - <core::panic::unwind_safe::AssertUnwindSafe<F> as core::ops::function::FnOnce<()>>::call_once::h743f637ba4229880
[INFO] [stdout]                                at /rustc/df4ca44d3fbc9301ee17f30f4d474e6ae4b05252/library/core/src/panic/unwind_safe.rs:272:9
[INFO] [stdout]   36:     0x6505303b7b7e - std::panicking::try::do_call::h07440897322525a6
[INFO] [stdout]                                at /rustc/df4ca44d3fbc9301ee17f30f4d474e6ae4b05252/library/std/src/panicking.rs:557:40
[INFO] [stdout]   37:     0x6505303b7b7e - std::panicking::try::he5a2e00188156637
[INFO] [stdout]                                at /rustc/df4ca44d3fbc9301ee17f30f4d474e6ae4b05252/library/std/src/panicking.rs:520:19
[INFO] [stdout]   38:     0x6505303b7b7e - std::panic::catch_unwind::hbaf3cae49b3c6433
[INFO] [stdout]                                at /rustc/df4ca44d3fbc9301ee17f30f4d474e6ae4b05252/library/std/src/panic.rs:358:14
[INFO] [stdout]   39:     0x6505303b7b7e - std::thread::Builder::spawn_unchecked_::{{closure}}::h8e141ea224820bce
[INFO] [stdout]                                at /rustc/df4ca44d3fbc9301ee17f30f4d474e6ae4b05252/library/std/src/thread/mod.rs:540:30
[INFO] [stdout]   40:     0x6505303b7b7e - core::ops::function::FnOnce::call_once{{vtable.shim}}::h90d312fedd7b8ea8
[INFO] [stdout]                                at /rustc/df4ca44d3fbc9301ee17f30f4d474e6ae4b05252/library/core/src/ops/function.rs:250:5
[INFO] [stdout]   41:     0x65053064078b - <alloc::boxed::Box<F,A> as core::ops::function::FnOnce<Args>>::call_once::h69aa08ddb6adb8b6
[INFO] [stdout]                                at /rustc/df4ca44d3fbc9301ee17f30f4d474e6ae4b05252/library/alloc/src/boxed.rs:2454:9
[INFO] [stdout]   42:     0x65053064078b - <alloc::boxed::Box<F,A> as core::ops::function::FnOnce<Args>>::call_once::h5aa36efdb79c806f
[INFO] [stdout]                                at /rustc/df4ca44d3fbc9301ee17f30f4d474e6ae4b05252/library/alloc/src/boxed.rs:2454:9
[INFO] [stdout]   43:     0x65053064078b - std::sys::pal::unix::thread::Thread::new::thread_start::h6cd80a1b4be5158d
[INFO] [stdout]                                at /rustc/df4ca44d3fbc9301ee17f30f4d474e6ae4b05252/library/std/src/sys/pal/unix/thread.rs:105:17
[INFO] [stdout]   44:     0x710e5eb08ac3 - <unknown>
[INFO] [stdout]   45:     0x710e5eb99a04 - clone
[INFO] [stdout]   46:                0x0 - <unknown>
[INFO] [stdout] 
[INFO] [stdout] 
[INFO] [stdout] failures:
[INFO] [stdout]     always_archive
[INFO] [stdout] 
[INFO] [stdout] test result: FAILED. 1 passed; 1 failed; 0 ignored; 0 measured; 0 filtered out; finished in 0.02s
[INFO] [stdout] 
[INFO] [stderr] error: test failed, to rerun pass `--test archiver`
[INFO] running `Command { std: "docker" "inspect" "be12b37cf1f5c600bf530818a13f40a9a13d0c8e0acec17708b0d0210bd3f172", kill_on_drop: false }`
[INFO] running `Command { std: "docker" "rm" "-f" "be12b37cf1f5c600bf530818a13f40a9a13d0c8e0acec17708b0d0210bd3f172", kill_on_drop: false }`
[INFO] [stdout] be12b37cf1f5c600bf530818a13f40a9a13d0c8e0acec17708b0d0210bd3f172
