[INFO] fetching crate hax-lib-macros 0.1.0-alpha.1...
[INFO] testing hax-lib-macros-0.1.0-alpha.1 against nightly-2024-10-28+rustflags=-Zrandomize-layout for randomize-layout
[INFO] extracting crate hax-lib-macros 0.1.0-alpha.1 into /workspace/builds/worker-3-tc2/source
[INFO] validating manifest of crates.io crate hax-lib-macros 0.1.0-alpha.1 on toolchain nightly-2024-10-28
[INFO] running `Command { std: CARGO_HOME="/workspace/cargo-home" RUSTUP_HOME="/workspace/rustup-home" "/workspace/cargo-home/bin/cargo" "+nightly-2024-10-28" "metadata" "--manifest-path" "Cargo.toml" "--no-deps", kill_on_drop: false }`
[INFO] started tweaking crates.io crate hax-lib-macros 0.1.0-alpha.1
[INFO] finished tweaking crates.io crate hax-lib-macros 0.1.0-alpha.1
[INFO] tweaked toml for crates.io crate hax-lib-macros 0.1.0-alpha.1 written to /workspace/builds/worker-3-tc2/source/Cargo.toml
[INFO] running `Command { std: CARGO_HOME="/workspace/cargo-home" RUSTUP_HOME="/workspace/rustup-home" "/workspace/cargo-home/bin/cargo" "+nightly-2024-10-28" "generate-lockfile" "--manifest-path" "Cargo.toml", kill_on_drop: false }`
[INFO] [stderr]     Updating crates.io index
[INFO] [stderr]      Locking 21 packages to latest compatible versions
[INFO] running `Command { std: CARGO_HOME="/workspace/cargo-home" RUSTUP_HOME="/workspace/rustup-home" "/workspace/cargo-home/bin/cargo" "+nightly-2024-10-28" "fetch" "--manifest-path" "Cargo.toml", kill_on_drop: false }`
[INFO] running `Command { std: "docker" "create" "-v" "/var/lib/crater-agent-workspace/builds/worker-3-tc2/target:/opt/rustwide/target:rw,Z" "-v" "/var/lib/crater-agent-workspace/builds/worker-3-tc2/source:/opt/rustwide/workdir:ro,Z" "-v" "/var/lib/crater-agent-workspace/cargo-home:/opt/rustwide/cargo-home:ro,Z" "-v" "/var/lib/crater-agent-workspace/rustup-home:/opt/rustwide/rustup-home:ro,Z" "-e" "SOURCE_DIR=/opt/rustwide/workdir" "-e" "CARGO_TARGET_DIR=/opt/rustwide/target" "-e" "CARGO_HOME=/opt/rustwide/cargo-home" "-e" "RUSTUP_HOME=/opt/rustwide/rustup-home" "-w" "/opt/rustwide/workdir" "-m" "1610612736" "--user" "0:0" "--network" "none" "ghcr.io/rust-lang/crates-build-env/linux@sha256:4a844ea9eb2546a2d2c7022eacef16ef2e8229c7fbb2c7d4d55a9ceca922f72d" "/opt/rustwide/cargo-home/bin/cargo" "+nightly-2024-10-28" "metadata" "--no-deps" "--format-version=1", kill_on_drop: false }`
[INFO] [stdout] ebe5051c6e622be61a95e7276eb161fedd6660f306fd7ac93a535d23090982a5
[INFO] running `Command { std: "docker" "start" "-a" "ebe5051c6e622be61a95e7276eb161fedd6660f306fd7ac93a535d23090982a5", kill_on_drop: false }`
[INFO] running `Command { std: "docker" "inspect" "ebe5051c6e622be61a95e7276eb161fedd6660f306fd7ac93a535d23090982a5", kill_on_drop: false }`
[INFO] running `Command { std: "docker" "rm" "-f" "ebe5051c6e622be61a95e7276eb161fedd6660f306fd7ac93a535d23090982a5", kill_on_drop: false }`
[INFO] [stdout] ebe5051c6e622be61a95e7276eb161fedd6660f306fd7ac93a535d23090982a5
[INFO] running `Command { std: "docker" "create" "-v" "/var/lib/crater-agent-workspace/builds/worker-3-tc2/target:/opt/rustwide/target:rw,Z" "-v" "/var/lib/crater-agent-workspace/builds/worker-3-tc2/source:/opt/rustwide/workdir:ro,Z" "-v" "/var/lib/crater-agent-workspace/cargo-home:/opt/rustwide/cargo-home:ro,Z" "-v" "/var/lib/crater-agent-workspace/rustup-home:/opt/rustwide/rustup-home:ro,Z" "-e" "SOURCE_DIR=/opt/rustwide/workdir" "-e" "CARGO_TARGET_DIR=/opt/rustwide/target" "-e" "CARGO_INCREMENTAL=0" "-e" "RUST_BACKTRACE=full" "-e" "RUSTFLAGS=--cap-lints=forbid -Zrandomize-layout" "-e" "RUSTDOCFLAGS=--cap-lints=forbid" "-e" "CARGO_HOME=/opt/rustwide/cargo-home" "-e" "RUSTUP_HOME=/opt/rustwide/rustup-home" "-w" "/opt/rustwide/workdir" "-m" "1610612736" "--user" "0:0" "--network" "none" "ghcr.io/rust-lang/crates-build-env/linux@sha256:4a844ea9eb2546a2d2c7022eacef16ef2e8229c7fbb2c7d4d55a9ceca922f72d" "/opt/rustwide/cargo-home/bin/cargo" "+nightly-2024-10-28" "build" "--frozen" "--message-format=json", kill_on_drop: false }`
[INFO] [stdout] b2d83a93b816570219779ac1fbc3d223e97f585a01e11b2c6bcaa10102773457
[INFO] running `Command { std: "docker" "start" "-a" "b2d83a93b816570219779ac1fbc3d223e97f585a01e11b2c6bcaa10102773457", kill_on_drop: false }`
[INFO] [stderr]    Compiling cfg-if v1.0.0
[INFO] [stderr]    Compiling syn v1.0.109
[INFO] [stderr]    Compiling proc-macro-error-attr v1.0.4
[INFO] [stderr]    Compiling proc-macro-error v1.0.4
[INFO] [stderr]    Compiling syn v2.0.86
[INFO] [stderr]    Compiling getrandom v0.2.15
[INFO] [stderr]    Compiling uuid v1.11.0
[INFO] [stderr]    Compiling serde_derive v1.0.214
[INFO] [stderr]    Compiling serde v1.0.214
[INFO] [stderr]    Compiling serde_json v1.0.132
[INFO] [stderr]    Compiling hax-lib-macros-types v0.1.0-alpha.1
[INFO] [stderr]    Compiling hax-lib-macros v0.1.0-alpha.1 (/opt/rustwide/workdir)
[INFO] [stderr]     Finished `dev` profile [unoptimized + debuginfo] target(s) in 7.05s
[INFO] running `Command { std: "docker" "inspect" "b2d83a93b816570219779ac1fbc3d223e97f585a01e11b2c6bcaa10102773457", kill_on_drop: false }`
[INFO] running `Command { std: "docker" "rm" "-f" "b2d83a93b816570219779ac1fbc3d223e97f585a01e11b2c6bcaa10102773457", kill_on_drop: false }`
[INFO] [stdout] b2d83a93b816570219779ac1fbc3d223e97f585a01e11b2c6bcaa10102773457
[INFO] running `Command { std: "docker" "create" "-v" "/var/lib/crater-agent-workspace/builds/worker-3-tc2/target:/opt/rustwide/target:rw,Z" "-v" "/var/lib/crater-agent-workspace/builds/worker-3-tc2/source:/opt/rustwide/workdir:ro,Z" "-v" "/var/lib/crater-agent-workspace/cargo-home:/opt/rustwide/cargo-home:ro,Z" "-v" "/var/lib/crater-agent-workspace/rustup-home:/opt/rustwide/rustup-home:ro,Z" "-e" "SOURCE_DIR=/opt/rustwide/workdir" "-e" "CARGO_TARGET_DIR=/opt/rustwide/target" "-e" "CARGO_INCREMENTAL=0" "-e" "RUST_BACKTRACE=full" "-e" "RUSTFLAGS=--cap-lints=forbid -Zrandomize-layout" "-e" "RUSTDOCFLAGS=--cap-lints=forbid" "-e" "CARGO_HOME=/opt/rustwide/cargo-home" "-e" "RUSTUP_HOME=/opt/rustwide/rustup-home" "-w" "/opt/rustwide/workdir" "-m" "1610612736" "--user" "0:0" "--network" "none" "ghcr.io/rust-lang/crates-build-env/linux@sha256:4a844ea9eb2546a2d2c7022eacef16ef2e8229c7fbb2c7d4d55a9ceca922f72d" "/opt/rustwide/cargo-home/bin/cargo" "+nightly-2024-10-28" "test" "--frozen" "--no-run" "--message-format=json", kill_on_drop: false }`
[INFO] [stdout] 550a33f504b33c1206d7def11baf3ac5af08357a1d70e320bce6aba788d3c566
[INFO] running `Command { std: "docker" "start" "-a" "550a33f504b33c1206d7def11baf3ac5af08357a1d70e320bce6aba788d3c566", kill_on_drop: false }`
[INFO] [stderr]    Compiling hax-lib-macros v0.1.0-alpha.1 (/opt/rustwide/workdir)
[INFO] [stderr]     Finished `test` profile [unoptimized + debuginfo] target(s) in 0.64s
[INFO] running `Command { std: "docker" "inspect" "550a33f504b33c1206d7def11baf3ac5af08357a1d70e320bce6aba788d3c566", kill_on_drop: false }`
[INFO] running `Command { std: "docker" "rm" "-f" "550a33f504b33c1206d7def11baf3ac5af08357a1d70e320bce6aba788d3c566", kill_on_drop: false }`
[INFO] [stdout] 550a33f504b33c1206d7def11baf3ac5af08357a1d70e320bce6aba788d3c566
[INFO] running `Command { std: "docker" "create" "-v" "/var/lib/crater-agent-workspace/builds/worker-3-tc2/target:/opt/rustwide/target:rw,Z" "-v" "/var/lib/crater-agent-workspace/builds/worker-3-tc2/source:/opt/rustwide/workdir:ro,Z" "-v" "/var/lib/crater-agent-workspace/cargo-home:/opt/rustwide/cargo-home:ro,Z" "-v" "/var/lib/crater-agent-workspace/rustup-home:/opt/rustwide/rustup-home:ro,Z" "-e" "SOURCE_DIR=/opt/rustwide/workdir" "-e" "CARGO_TARGET_DIR=/opt/rustwide/target" "-e" "CARGO_INCREMENTAL=0" "-e" "RUST_BACKTRACE=full" "-e" "RUSTFLAGS=--cap-lints=forbid -Zrandomize-layout" "-e" "RUSTDOCFLAGS=--cap-lints=forbid" "-e" "CARGO_HOME=/opt/rustwide/cargo-home" "-e" "RUSTUP_HOME=/opt/rustwide/rustup-home" "-w" "/opt/rustwide/workdir" "-m" "1610612736" "--user" "0:0" "--network" "none" "ghcr.io/rust-lang/crates-build-env/linux@sha256:4a844ea9eb2546a2d2c7022eacef16ef2e8229c7fbb2c7d4d55a9ceca922f72d" "/opt/rustwide/cargo-home/bin/cargo" "+nightly-2024-10-28" "test" "--frozen", kill_on_drop: false }`
[INFO] [stdout] 1892ae276031ea6cc5d03eb0219e4f307bc1ff9d03eb0ed9879f83b797d411f3
[INFO] running `Command { std: "docker" "start" "-a" "1892ae276031ea6cc5d03eb0219e4f307bc1ff9d03eb0ed9879f83b797d411f3", kill_on_drop: false }`
[INFO] [stderr]     Finished `test` profile [unoptimized + debuginfo] target(s) in 0.02s
[INFO] [stderr]      Running unittests src/lib.rs (/opt/rustwide/target/debug/deps/hax_lib_macros-74bb49583e21b1c2)
[INFO] [stdout] 
[INFO] [stdout] running 0 tests
[INFO] [stdout] 
[INFO] [stdout] test result: ok. 0 passed; 0 failed; 0 ignored; 0 measured; 0 filtered out; finished in 0.00s
[INFO] [stdout] 
[INFO] [stderr]    Doc-tests hax_lib_macros
[INFO] [stdout] 
[INFO] [stdout] running 5 tests
[INFO] [stdout] test src/lib.rs - refinement_type (line 852) ... FAILED
[INFO] [stdout] test src/lib.rs - attributes (line 445) ... FAILED
[INFO] [stdout] test src/lib.rs - ensures (line 351) ... ok
[INFO] [stdout] test src/lib.rs - lemma (line 182) ... ok
[INFO] [stdout] test src/lib.rs - requires (line 302) ... ok
[INFO] [stdout] 
[INFO] [stdout] failures:
[INFO] [stdout] 
[INFO] [stdout] ---- src/lib.rs - refinement_type (line 852) stdout ----
[INFO] [stdout] error[E0433]: failed to resolve: use of undeclared crate or module `hax_lib`
[INFO] [stdout]  --> src/lib.rs:853:3
[INFO] [stdout]   |
[INFO] [stdout] 3 | #[hax_lib::refinement_type(|x| x >= MIN && x <= MAX)]
[INFO] [stdout]   |   ^^^^^^^ use of undeclared crate or module `hax_lib`
[INFO] [stdout] 
[INFO] [stdout] error: aborting due to 1 previous error
[INFO] [stdout] 
[INFO] [stdout] For more information about this error, try `rustc --explain E0433`.
[INFO] [stdout] Couldn't compile the test.
[INFO] [stdout] ---- src/lib.rs - attributes (line 445) stdout ----
[INFO] [stdout] error[E0433]: failed to resolve: could not find `hax_lib` in the list of imported crates
[INFO] [stdout]  --> src/lib.rs:447:1
[INFO] [stdout]   |
[INFO] [stdout] 5 | #[hax_lib_macros::attributes]
[INFO] [stdout]   | ^^^^^^^^^^^^^^^^^^^^^^^^^^^^^ could not find `hax_lib` in the list of imported crates
[INFO] [stdout]   |
[INFO] [stdout]   = note: this error originates in the attribute macro `hax_lib_macros::attributes` (in Nightly builds, run with -Z macro-backtrace for more info)
[INFO] [stdout] 
[INFO] [stdout] error: aborting due to 1 previous error
[INFO] [stdout] 
[INFO] [stdout] For more information about this error, try `rustc --explain E0433`.
[INFO] [stdout] Couldn't compile the test.
[INFO] [stdout] 
[INFO] [stdout] failures:
[INFO] [stdout]     src/lib.rs - attributes (line 445)
[INFO] [stdout]     src/lib.rs - refinement_type (line 852)
[INFO] [stdout] 
[INFO] [stdout] test result: FAILED. 3 passed; 2 failed; 0 ignored; 0 measured; 0 filtered out; finished in 0.07s
[INFO] [stdout] 
[INFO] [stderr] error: doctest failed, to rerun pass `--doc`
[INFO] running `Command { std: "docker" "inspect" "1892ae276031ea6cc5d03eb0219e4f307bc1ff9d03eb0ed9879f83b797d411f3", kill_on_drop: false }`
[INFO] running `Command { std: "docker" "rm" "-f" "1892ae276031ea6cc5d03eb0219e4f307bc1ff9d03eb0ed9879f83b797d411f3", kill_on_drop: false }`
[INFO] [stdout] 1892ae276031ea6cc5d03eb0219e4f307bc1ff9d03eb0ed9879f83b797d411f3
