[INFO] fetching crate hauchiwa 0.1.0...
[INFO] testing hauchiwa-0.1.0 against nightly-2024-10-28+rustflags=-Zrandomize-layout for randomize-layout
[INFO] extracting crate hauchiwa 0.1.0 into /workspace/builds/worker-1-tc2/source
[INFO] validating manifest of crates.io crate hauchiwa 0.1.0 on toolchain nightly-2024-10-28
[INFO] running `Command { std: CARGO_HOME="/workspace/cargo-home" RUSTUP_HOME="/workspace/rustup-home" "/workspace/cargo-home/bin/cargo" "+nightly-2024-10-28" "metadata" "--manifest-path" "Cargo.toml" "--no-deps", kill_on_drop: false }`
[INFO] started tweaking crates.io crate hauchiwa 0.1.0
[INFO] finished tweaking crates.io crate hauchiwa 0.1.0
[INFO] tweaked toml for crates.io crate hauchiwa 0.1.0 written to /workspace/builds/worker-1-tc2/source/Cargo.toml
[INFO] running `Command { std: CARGO_HOME="/workspace/cargo-home" RUSTUP_HOME="/workspace/rustup-home" "/workspace/cargo-home/bin/cargo" "+nightly-2024-10-28" "generate-lockfile" "--manifest-path" "Cargo.toml", kill_on_drop: false }`
[INFO] [stderr]     Updating crates.io index
[INFO] [stderr]      Locking 182 packages to latest compatible versions
[INFO] [stderr]       Adding hayagriva v0.5.3 (available: v0.8.0)
[INFO] [stderr]       Adding image v0.24.9 (available: v0.25.4)
[INFO] [stderr]       Adding notify v6.1.1 (available: v7.0.0)
[INFO] [stderr]       Adding notify-debouncer-full v0.3.2 (available: v0.4.0)
[INFO] [stderr]       Adding tungstenite v0.23.0 (available: v0.24.0)
[INFO] running `Command { std: CARGO_HOME="/workspace/cargo-home" RUSTUP_HOME="/workspace/rustup-home" "/workspace/cargo-home/bin/cargo" "+nightly-2024-10-28" "fetch" "--manifest-path" "Cargo.toml", kill_on_drop: false }`
[INFO] running `Command { std: "docker" "create" "-v" "/var/lib/crater-agent-workspace/builds/worker-1-tc2/target:/opt/rustwide/target:rw,Z" "-v" "/var/lib/crater-agent-workspace/builds/worker-1-tc2/source:/opt/rustwide/workdir:ro,Z" "-v" "/var/lib/crater-agent-workspace/cargo-home:/opt/rustwide/cargo-home:ro,Z" "-v" "/var/lib/crater-agent-workspace/rustup-home:/opt/rustwide/rustup-home:ro,Z" "-e" "SOURCE_DIR=/opt/rustwide/workdir" "-e" "CARGO_TARGET_DIR=/opt/rustwide/target" "-e" "CARGO_HOME=/opt/rustwide/cargo-home" "-e" "RUSTUP_HOME=/opt/rustwide/rustup-home" "-w" "/opt/rustwide/workdir" "-m" "1610612736" "--user" "0:0" "--network" "none" "ghcr.io/rust-lang/crates-build-env/linux@sha256:4a844ea9eb2546a2d2c7022eacef16ef2e8229c7fbb2c7d4d55a9ceca922f72d" "/opt/rustwide/cargo-home/bin/cargo" "+nightly-2024-10-28" "metadata" "--no-deps" "--format-version=1", kill_on_drop: false }`
[INFO] [stdout] c920083cda0ca66099028642e608c664377f66a371a248cea15c9caae2c871d0
[INFO] running `Command { std: "docker" "start" "-a" "c920083cda0ca66099028642e608c664377f66a371a248cea15c9caae2c871d0", kill_on_drop: false }`
[INFO] running `Command { std: "docker" "inspect" "c920083cda0ca66099028642e608c664377f66a371a248cea15c9caae2c871d0", kill_on_drop: false }`
[INFO] running `Command { std: "docker" "rm" "-f" "c920083cda0ca66099028642e608c664377f66a371a248cea15c9caae2c871d0", kill_on_drop: false }`
[INFO] [stdout] c920083cda0ca66099028642e608c664377f66a371a248cea15c9caae2c871d0
[INFO] running `Command { std: "docker" "create" "-v" "/var/lib/crater-agent-workspace/builds/worker-1-tc2/target:/opt/rustwide/target:rw,Z" "-v" "/var/lib/crater-agent-workspace/builds/worker-1-tc2/source:/opt/rustwide/workdir:ro,Z" "-v" "/var/lib/crater-agent-workspace/cargo-home:/opt/rustwide/cargo-home:ro,Z" "-v" "/var/lib/crater-agent-workspace/rustup-home:/opt/rustwide/rustup-home:ro,Z" "-e" "SOURCE_DIR=/opt/rustwide/workdir" "-e" "CARGO_TARGET_DIR=/opt/rustwide/target" "-e" "CARGO_INCREMENTAL=0" "-e" "RUST_BACKTRACE=full" "-e" "RUSTFLAGS=--cap-lints=forbid -Zrandomize-layout" "-e" "RUSTDOCFLAGS=--cap-lints=forbid" "-e" "CARGO_HOME=/opt/rustwide/cargo-home" "-e" "RUSTUP_HOME=/opt/rustwide/rustup-home" "-w" "/opt/rustwide/workdir" "-m" "1610612736" "--user" "0:0" "--network" "none" "ghcr.io/rust-lang/crates-build-env/linux@sha256:4a844ea9eb2546a2d2c7022eacef16ef2e8229c7fbb2c7d4d55a9ceca922f72d" "/opt/rustwide/cargo-home/bin/cargo" "+nightly-2024-10-28" "build" "--frozen" "--message-format=json", kill_on_drop: false }`
[INFO] [stdout] 0853c9b1b7d8a1e072e8e517f9499da36894a5582e447fd84d85c97a34e5ae56
[INFO] running `Command { std: "docker" "start" "-a" "0853c9b1b7d8a1e072e8e517f9499da36894a5582e447fd84d85c97a34e5ae56", kill_on_drop: false }`
[INFO] [stderr]    Compiling proc-macro2 v1.0.89
[INFO] [stderr]    Compiling unicode-ident v1.0.13
[INFO] [stderr]    Compiling cfg-if v1.0.0
[INFO] [stderr]    Compiling version_check v0.9.5
[INFO] [stderr]    Compiling libc v0.2.161
[INFO] [stderr]    Compiling serde v1.0.214
[INFO] [stderr]    Compiling byteorder v1.5.0
[INFO] [stderr]    Compiling crossbeam-utils v0.8.20
[INFO] [stderr]    Compiling autocfg v1.4.0
[INFO] [stderr]    Compiling typenum v1.17.0
[INFO] [stderr]    Compiling simd-adler32 v0.3.7
[INFO] [stderr]    Compiling once_cell v1.20.2
[INFO] [stderr]    Compiling rayon-core v1.12.1
[INFO] [stderr]    Compiling siphasher v0.3.11
[INFO] [stderr]    Compiling allocator-api2 v0.2.18
[INFO] [stderr]    Compiling rustversion v1.0.18
[INFO] [stderr]    Compiling tinyvec_macros v0.1.1
[INFO] [stderr]    Compiling rand_core v0.6.4
[INFO] [stderr]    Compiling itoa v1.0.11
[INFO] [stderr]    Compiling adler2 v2.0.0
[INFO] [stderr]    Compiling rand v0.8.5
[INFO] [stderr]    Compiling phf_shared v0.11.2
[INFO] [stderr]    Compiling tinyvec v1.8.0
[INFO] [stderr]    Compiling half v2.4.1
[INFO] [stderr]    Compiling bitflags v1.3.2
[INFO] [stderr]    Compiling hashbrown v0.15.0
[INFO] [stderr]    Compiling miniz_oxide v0.8.0
[INFO] [stderr]    Compiling equivalent v1.0.1
[INFO] [stderr]    Compiling ahash v0.8.11
[INFO] [stderr]    Compiling generic-array v0.14.7
[INFO] [stderr]    Compiling smallvec v1.13.2
[INFO] [stderr]    Compiling memchr v2.7.4
[INFO] [stderr]    Compiling crc32fast v1.4.2
[INFO] [stderr]    Compiling ryu v1.0.18
[INFO] [stderr]    Compiling paste v1.0.15
[INFO] [stderr]    Compiling num-traits v0.2.19
[INFO] [stderr]    Compiling lock_api v0.4.12
[INFO] [stderr]    Compiling parking_lot_core v0.9.10
[INFO] [stderr]    Compiling crossbeam-epoch v0.9.18
[INFO] [stderr]    Compiling quote v1.0.37
[INFO] [stderr]    Compiling phf_generator v0.11.2
[INFO] [stderr]    Compiling thiserror v1.0.66
[INFO] [stderr]    Compiling heck v0.5.0
[INFO] [stderr]    Compiling getrandom v0.2.15
[INFO] [stderr]    Compiling either v1.13.0
[INFO] [stderr]    Compiling syn v2.0.86
[INFO] [stderr]    Compiling crossbeam-deque v0.8.5
[INFO] [stderr]    Compiling log v0.4.22
[INFO] [stderr]    Compiling unicode-normalization v0.1.24
[INFO] [stderr]    Compiling inotify-sys v0.1.5
[INFO] [stderr]    Compiling flate2 v1.0.34
[INFO] [stderr]    Compiling unicode-bidi v0.3.17
[INFO] [stderr]    Compiling weezl v0.1.8
[INFO] [stderr]    Compiling scopeguard v1.2.0
[INFO] [stderr]    Compiling serde_json v1.0.132
[INFO] [stderr]    Compiling ciborium-io v0.2.2
[INFO] [stderr]    Compiling percent-encoding v2.3.1
[INFO] [stderr]    Compiling same-file v1.0.6
[INFO] [stderr]    Compiling cpufeatures v0.2.14
[INFO] [stderr]    Compiling httparse v1.9.5
[INFO] [stderr]    Compiling form_urlencoded v1.2.1
[INFO] [stderr]    Compiling walkdir v2.5.0
[INFO] [stderr]    Compiling ciborium-ll v0.2.2
[INFO] [stderr]    Compiling inotify v0.9.6
[INFO] [stderr]    Compiling mio v0.8.11
[INFO] [stderr]    Compiling filetime v0.2.25
[INFO] [stderr]    Compiling crossbeam-channel v0.5.13
[INFO] [stderr]    Compiling idna v0.5.0
[INFO] [stderr]    Compiling rayon v1.10.0
[INFO] [stderr]    Compiling zune-inflate v0.2.54
[INFO] [stderr]    Compiling fdeflate v0.3.6
[INFO] [stderr]    Compiling encoding_rs v0.8.35
[INFO] [stderr]    Compiling numerals v0.1.4
[INFO] [stderr]    Compiling unscanny v0.1.0
[INFO] [stderr]    Compiling block-buffer v0.10.4
[INFO] [stderr]    Compiling crypto-common v0.1.6
[INFO] [stderr]    Compiling unsafe-libyaml v0.2.11
[INFO] [stderr]    Compiling codemap v0.1.3
[INFO] [stderr]    Compiling iana-time-zone v0.1.61
[INFO] [stderr]    Compiling digest v0.10.7
[INFO] [stderr]    Compiling bytes v1.8.0
[INFO] [stderr]    Compiling lebe v0.5.2
[INFO] [stderr]    Compiling bytemuck v1.19.0
[INFO] [stderr]    Compiling arraydeque v0.5.1
[INFO] [stderr]    Compiling fnv v1.0.7
[INFO] [stderr]    Compiling color_quant v1.1.0
[INFO] [stderr]    Compiling bit_field v0.10.2
[INFO] [stderr]    Compiling camino v1.1.9
[INFO] [stderr]    Compiling sha1 v0.10.6
[INFO] [stderr]    Compiling notify v6.1.1
[INFO] [stderr]    Compiling chrono v0.4.38
[INFO] [stderr]    Compiling qoi v0.4.1
[INFO] [stderr]    Compiling gif v0.13.1
[INFO] [stderr]    Compiling exr v1.73.0
[INFO] [stderr]    Compiling png v0.17.14
[INFO] [stderr]    Compiling parking_lot v0.12.3
[INFO] [stderr]    Compiling http v1.1.0
[INFO] [stderr]    Compiling file-id v0.2.2
[INFO] [stderr]    Compiling unicode-segmentation v1.12.0
[INFO] [stderr]    Compiling xml-builder v0.5.3
[INFO] [stderr]    Compiling data-encoding v2.6.0
[INFO] [stderr]    Compiling utf-8 v0.7.6
[INFO] [stderr]    Compiling notify-debouncer-full v0.3.2
[INFO] [stderr]    Compiling sha2 v0.10.8
[INFO] [stderr]    Compiling glob v0.3.1
[INFO] [stderr]    Compiling sitemap-rs v0.2.2
[INFO] [stderr]    Compiling jpeg-decoder v0.3.1
[INFO] [stderr]    Compiling tiff v0.9.1
[INFO] [stderr]    Compiling serde_derive v1.0.214
[INFO] [stderr]    Compiling zerocopy-derive v0.7.35
[INFO] [stderr]    Compiling displaydoc v0.2.5
[INFO] [stderr]    Compiling thiserror-impl v1.0.66
[INFO] [stderr]    Compiling phf_macros v0.11.2
[INFO] [stderr]    Compiling strum_macros v0.26.4
[INFO] [stderr]    Compiling image v0.24.9
[INFO] [stderr]    Compiling tinystr v0.7.6
[INFO] [stderr]    Compiling phf v0.11.2
[INFO] [stderr]    Compiling zerocopy v0.7.35
[INFO] [stderr]    Compiling ppv-lite86 v0.2.20
[INFO] [stderr]    Compiling strum v0.26.3
[INFO] [stderr]    Compiling biblatex v0.9.3
[INFO] [stderr]    Compiling hashbrown v0.14.5
[INFO] [stderr]    Compiling rand_chacha v0.3.1
[INFO] [stderr]    Compiling hashlink v0.8.4
[INFO] [stderr]    Compiling lasso v0.7.3
[INFO] [stderr]    Compiling yaml-rust2 v0.8.1
[INFO] [stderr]    Compiling tungstenite v0.23.0
[INFO] [stderr]    Compiling indexmap v2.6.0
[INFO] [stderr]    Compiling quick-xml v0.31.0
[INFO] [stderr]    Compiling unic-langid-impl v0.9.5
[INFO] [stderr]    Compiling ciborium v0.2.2
[INFO] [stderr]    Compiling url v2.5.2
[INFO] [stderr]    Compiling unic-langid v0.9.5
[INFO] [stderr]    Compiling serde_yaml v0.9.34+deprecated
[INFO] [stderr]    Compiling grass_compiler v0.13.4
[INFO] [stderr]    Compiling gray_matter v0.2.8
[INFO] [stderr]    Compiling citationberg v0.3.1
[INFO] [stderr]    Compiling hayagriva v0.5.3
[INFO] [stderr]    Compiling grass v0.13.4
[INFO] [stderr]    Compiling hauchiwa v0.1.0 (/opt/rustwide/workdir)
[INFO] [stderr]     Finished `dev` profile [unoptimized + debuginfo] target(s) in 20.83s
[INFO] running `Command { std: "docker" "inspect" "0853c9b1b7d8a1e072e8e517f9499da36894a5582e447fd84d85c97a34e5ae56", kill_on_drop: false }`
[INFO] running `Command { std: "docker" "rm" "-f" "0853c9b1b7d8a1e072e8e517f9499da36894a5582e447fd84d85c97a34e5ae56", kill_on_drop: false }`
[INFO] [stdout] 0853c9b1b7d8a1e072e8e517f9499da36894a5582e447fd84d85c97a34e5ae56
[INFO] running `Command { std: "docker" "create" "-v" "/var/lib/crater-agent-workspace/builds/worker-1-tc2/target:/opt/rustwide/target:rw,Z" "-v" "/var/lib/crater-agent-workspace/builds/worker-1-tc2/source:/opt/rustwide/workdir:ro,Z" "-v" "/var/lib/crater-agent-workspace/cargo-home:/opt/rustwide/cargo-home:ro,Z" "-v" "/var/lib/crater-agent-workspace/rustup-home:/opt/rustwide/rustup-home:ro,Z" "-e" "SOURCE_DIR=/opt/rustwide/workdir" "-e" "CARGO_TARGET_DIR=/opt/rustwide/target" "-e" "CARGO_INCREMENTAL=0" "-e" "RUST_BACKTRACE=full" "-e" "RUSTFLAGS=--cap-lints=forbid -Zrandomize-layout" "-e" "RUSTDOCFLAGS=--cap-lints=forbid" "-e" "CARGO_HOME=/opt/rustwide/cargo-home" "-e" "RUSTUP_HOME=/opt/rustwide/rustup-home" "-w" "/opt/rustwide/workdir" "-m" "1610612736" "--user" "0:0" "--network" "none" "ghcr.io/rust-lang/crates-build-env/linux@sha256:4a844ea9eb2546a2d2c7022eacef16ef2e8229c7fbb2c7d4d55a9ceca922f72d" "/opt/rustwide/cargo-home/bin/cargo" "+nightly-2024-10-28" "test" "--frozen" "--no-run" "--message-format=json", kill_on_drop: false }`
[INFO] [stdout] 4114ace0936ab3d04c2d42e01ff28ae67bb43b4649632435456d7e9d834907ca
[INFO] running `Command { std: "docker" "start" "-a" "4114ace0936ab3d04c2d42e01ff28ae67bb43b4649632435456d7e9d834907ca", kill_on_drop: false }`
[INFO] [stderr]    Compiling hauchiwa v0.1.0 (/opt/rustwide/workdir)
[INFO] [stderr]     Finished `test` profile [unoptimized + debuginfo] target(s) in 0.51s
[INFO] running `Command { std: "docker" "inspect" "4114ace0936ab3d04c2d42e01ff28ae67bb43b4649632435456d7e9d834907ca", kill_on_drop: false }`
[INFO] running `Command { std: "docker" "rm" "-f" "4114ace0936ab3d04c2d42e01ff28ae67bb43b4649632435456d7e9d834907ca", kill_on_drop: false }`
[INFO] [stdout] 4114ace0936ab3d04c2d42e01ff28ae67bb43b4649632435456d7e9d834907ca
[INFO] running `Command { std: "docker" "create" "-v" "/var/lib/crater-agent-workspace/builds/worker-1-tc2/target:/opt/rustwide/target:rw,Z" "-v" "/var/lib/crater-agent-workspace/builds/worker-1-tc2/source:/opt/rustwide/workdir:ro,Z" "-v" "/var/lib/crater-agent-workspace/cargo-home:/opt/rustwide/cargo-home:ro,Z" "-v" "/var/lib/crater-agent-workspace/rustup-home:/opt/rustwide/rustup-home:ro,Z" "-e" "SOURCE_DIR=/opt/rustwide/workdir" "-e" "CARGO_TARGET_DIR=/opt/rustwide/target" "-e" "CARGO_INCREMENTAL=0" "-e" "RUST_BACKTRACE=full" "-e" "RUSTFLAGS=--cap-lints=forbid -Zrandomize-layout" "-e" "RUSTDOCFLAGS=--cap-lints=forbid" "-e" "CARGO_HOME=/opt/rustwide/cargo-home" "-e" "RUSTUP_HOME=/opt/rustwide/rustup-home" "-w" "/opt/rustwide/workdir" "-m" "1610612736" "--user" "0:0" "--network" "none" "ghcr.io/rust-lang/crates-build-env/linux@sha256:4a844ea9eb2546a2d2c7022eacef16ef2e8229c7fbb2c7d4d55a9ceca922f72d" "/opt/rustwide/cargo-home/bin/cargo" "+nightly-2024-10-28" "test" "--frozen", kill_on_drop: false }`
[INFO] [stdout] 4472120f701fd33becbf306b204c3408c89c674bb56f4c7b1cd68c349a827e15
[INFO] running `Command { std: "docker" "start" "-a" "4472120f701fd33becbf306b204c3408c89c674bb56f4c7b1cd68c349a827e15", kill_on_drop: false }`
[INFO] [stderr]     Finished `test` profile [unoptimized + debuginfo] target(s) in 0.09s
[INFO] [stderr]      Running unittests src/lib.rs (/opt/rustwide/target/debug/deps/hauchiwa-6d48ad3d0d2cf52e)
[INFO] [stdout] 
[INFO] [stdout] running 0 tests
[INFO] [stdout] 
[INFO] [stdout] test result: ok. 0 passed; 0 failed; 0 ignored; 0 measured; 0 filtered out; finished in 0.00s
[INFO] [stdout] 
[INFO] [stderr]    Doc-tests hauchiwa
[INFO] [stdout] 
[INFO] [stdout] running 3 tests
[INFO] [stdout] test src/../README.md - (line 35) ... FAILED
[INFO] [stdout] test src/../README.md - (line 22) ... FAILED
[INFO] [stdout] test src/../README.md - (line 53) ... FAILED
[INFO] [stdout] 
[INFO] [stdout] failures:
[INFO] [stdout] 
[INFO] [stdout] ---- src/../README.md - (line 35) stdout ----
[INFO] [stdout] error[E0432]: unresolved import `clap`
[INFO] [stdout]  --> src/../README.md:36:5
[INFO] [stdout]   |
[INFO] [stdout] 3 | use clap::{Parser, ValueEnum};
[INFO] [stdout]   |     ^^^^ use of undeclared crate or module `clap`
[INFO] [stdout] 
[INFO] [stdout] error: cannot find attribute `clap` in this scope
[INFO] [stdout]  --> src/../README.md:40:5
[INFO] [stdout]   |
[INFO] [stdout] 7 |   #[clap(value_enum, index = 1, default_value = "build")]
[INFO] [stdout]   |     ^^^^
[INFO] [stdout] 
[INFO] [stdout] error: aborting due to 2 previous errors
[INFO] [stdout] 
[INFO] [stdout] For more information about this error, try `rustc --explain E0432`.
[INFO] [stdout] Couldn't compile the test.
[INFO] [stdout] ---- src/../README.md - (line 22) stdout ----
[INFO] [stdout] error: cannot find derive macro `Deserialize` in this scope
[INFO] [stdout]  --> src/../README.md:24:10
[INFO] [stdout]   |
[INFO] [stdout] 4 | #[derive(Deserialize, Debug, Clone)]
[INFO] [stdout]   |          ^^^^^^^^^^^
[INFO] [stdout]   |
[INFO] [stdout] help: consider importing this derive macro
[INFO] [stdout]   |
[INFO] [stdout] 2 + use serde::Deserialize;
[INFO] [stdout]   |
[INFO] [stdout] 
[INFO] [stdout] error: cannot find attribute `serde` in this scope
[INFO] [stdout]  --> src/../README.md:27:5
[INFO] [stdout]   |
[INFO] [stdout] 7 |   #[serde(with = "isodate")]
[INFO] [stdout]   |     ^^^^^
[INFO] [stdout]   |
[INFO] [stdout]   = note: `serde` is in scope, but it is a crate, not an attribute
[INFO] [stdout] 
[INFO] [stdout] error[E0412]: cannot find type `DateTime` in this scope
[INFO] [stdout]  --> src/../README.md:28:13
[INFO] [stdout]   |
[INFO] [stdout] 8 |   pub date: DateTime<Utc>,
[INFO] [stdout]   |             ^^^^^^^^ not found in this scope
[INFO] [stdout] 
[INFO] [stdout] error[E0412]: cannot find type `Utc` in this scope
[INFO] [stdout]  --> src/../README.md:28:22
[INFO] [stdout]   |
[INFO] [stdout] 8 |   pub date: DateTime<Utc>,
[INFO] [stdout]   |                      ^^^ not found in this scope
[INFO] [stdout]   |
[INFO] [stdout] help: you might be missing a type parameter
[INFO] [stdout]   |
[INFO] [stdout] 5 | pub struct Post<Utc> {
[INFO] [stdout]   |                +++++
[INFO] [stdout] 
[INFO] [stdout] error: aborting due to 4 previous errors
[INFO] [stdout] 
[INFO] [stdout] For more information about this error, try `rustc --explain E0412`.
[INFO] [stdout] Couldn't compile the test.
[INFO] [stdout] ---- src/../README.md - (line 53) stdout ----
[INFO] [stdout] error[E0433]: failed to resolve: use of undeclared crate or module `html`
[INFO] [stdout]   --> src/../README.md:88:40
[INFO] [stdout]    |
[INFO] [stdout] 36 |           let (parsed, outline, bib) = html::post::parse_content(query.content, &sack, query.area, library);
[INFO] [stdout]    |                                        ^^^^ use of undeclared crate or module `html`
[INFO] [stdout] 
[INFO] [stdout] error[E0433]: failed to resolve: use of undeclared crate or module `html`
[INFO] [stdout]   --> src/../README.md:90:26
[INFO] [stdout]    |
[INFO] [stdout] 38 |           let out_buff = html::post::as_html(query.meta, &parsed, &sack, outline, bib);
[INFO] [stdout]    |                          ^^^^ use of undeclared crate or module `html`
[INFO] [stdout] 
[INFO] [stdout] error[E0433]: failed to resolve: use of undeclared type `Args`
[INFO] [stdout]  --> src/../README.md:55:14
[INFO] [stdout]   |
[INFO] [stdout] 3 |   let args = Args::parse();
[INFO] [stdout]   |              ^^^^ use of undeclared type `Args`
[INFO] [stdout]   |
[INFO] [stdout] help: consider importing this struct
[INFO] [stdout]   |
[INFO] [stdout] 2 + use std::env::Args;
[INFO] [stdout]   |
[INFO] [stdout] 
[INFO] [stdout] error[E0433]: failed to resolve: use of undeclared type `Website`
[INFO] [stdout]  --> src/../README.md:58:17
[INFO] [stdout]   |
[INFO] [stdout] 6 |   let website = Website::setup()
[INFO] [stdout]   |                 ^^^^^^^ use of undeclared type `Website`
[INFO] [stdout]   |
[INFO] [stdout] help: consider importing this struct
[INFO] [stdout]   |
[INFO] [stdout] 2 + use hauchiwa::Website;
[INFO] [stdout]   |
[INFO] [stdout] 
[INFO] [stdout] error[E0433]: failed to resolve: use of undeclared type `Collection`
[INFO] [stdout]  --> src/../README.md:61:7
[INFO] [stdout]   |
[INFO] [stdout] 9 |       Collection::glob_with::<Post>("content", "posts/**/*", ["md"].into()),
[INFO] [stdout]   |       ^^^^^^^^^^ use of undeclared type `Collection`
[INFO] [stdout]   |
[INFO] [stdout] help: consider importing this struct
[INFO] [stdout]   |
[INFO] [stdout] 2 + use hauchiwa::Collection;
[INFO] [stdout]   |
[INFO] [stdout] 
[INFO] [stdout] error[E0412]: cannot find type `Post` in this scope
[INFO] [stdout]  --> src/../README.md:61:31
[INFO] [stdout]   |
[INFO] [stdout] 9 |       Collection::glob_with::<Post>("content", "posts/**/*", ["md"].into()),
[INFO] [stdout]   |                               ^^^^ not found in this scope
[INFO] [stdout]   |
[INFO] [stdout] help: there is an enum variant `hayagriva::types::EntryType::Post`; try using the variant's enum
[INFO] [stdout]   |
[INFO] [stdout] 9 |       Collection::glob_with::<hayagriva::types::EntryType>("content", "posts/**/*", ["md"].into()),
[INFO] [stdout]   |                               ~~~~~~~~~~~~~~~~~~~~~~~~~~~
[INFO] [stdout] 
[INFO] [stdout] error[E0412]: cannot find type `Post` in this scope
[INFO] [stdout]   --> src/../README.md:81:31
[INFO] [stdout]    |
[INFO] [stdout] 29 |       sack.get_content_list::<Post>("posts/**/*")
[INFO] [stdout]    |                               ^^^^ not found in this scope
[INFO] [stdout]    |
[INFO] [stdout] help: there is an enum variant `hayagriva::types::EntryType::Post`; try using the variant's enum
[INFO] [stdout]    |
[INFO] [stdout] 29 |       sack.get_content_list::<hayagriva::types::EntryType>("posts/**/*")
[INFO] [stdout]    |                               ~~~~~~~~~~~~~~~~~~~~~~~~~~~
[INFO] [stdout] 
[INFO] [stdout] error[E0433]: failed to resolve: use of undeclared type `Mode`
[INFO] [stdout]   --> src/../README.md:101:5
[INFO] [stdout]    |
[INFO] [stdout] 49 |     Mode::Build => website.build(MyData::new()),
[INFO] [stdout]    |     ^^^^ use of undeclared type `Mode`
[INFO] [stdout]    |
[INFO] [stdout] help: consider importing one of these enums
[INFO] [stdout]    |
[INFO] [stdout] 2  + use hauchiwa::Mode;
[INFO] [stdout]    |
[INFO] [stdout] 2  + use tungstenite::stream::Mode;
[INFO] [stdout]    |
[INFO] [stdout] 
[INFO] [stdout] error[E0433]: failed to resolve: use of undeclared type `Mode`
[INFO] [stdout]   --> src/../README.md:102:5
[INFO] [stdout]    |
[INFO] [stdout] 50 |     Mode::Watch => website.watch(MyData::new()),
[INFO] [stdout]    |     ^^^^ use of undeclared type `Mode`
[INFO] [stdout]    |
[INFO] [stdout] help: consider importing one of these enums
[INFO] [stdout]    |
[INFO] [stdout] 2  + use hauchiwa::Mode;
[INFO] [stdout]    |
[INFO] [stdout] 2  + use tungstenite::stream::Mode;
[INFO] [stdout]    |
[INFO] [stdout] 
[INFO] [stdout] error[E0433]: failed to resolve: use of undeclared type `MyData`
[INFO] [stdout]   --> src/../README.md:101:34
[INFO] [stdout]    |
[INFO] [stdout] 49 |     Mode::Build => website.build(MyData::new()),
[INFO] [stdout]    |                                  ^^^^^^ use of undeclared type `MyData`
[INFO] [stdout] 
[INFO] [stdout] error[E0433]: failed to resolve: use of undeclared type `MyData`
[INFO] [stdout]   --> src/../README.md:102:34
[INFO] [stdout]    |
[INFO] [stdout] 50 |     Mode::Watch => website.watch(MyData::new()),
[INFO] [stdout]    |                                  ^^^^^^ use of undeclared type `MyData`
[INFO] [stdout] 
[INFO] [stdout] error: aborting due to 11 previous errors
[INFO] [stdout] 
[INFO] [stdout] Some errors have detailed explanations: E0412, E0433.
[INFO] [stdout] For more information about an error, try `rustc --explain E0412`.
[INFO] [stdout] Couldn't compile the test.
[INFO] [stdout] 
[INFO] [stdout] failures:
[INFO] [stdout]     src/../README.md - (line 22)
[INFO] [stdout]     src/../README.md - (line 35)
[INFO] [stdout]     src/../README.md - (line 53)
[INFO] [stdout] 
[INFO] [stdout] test result: FAILED. 0 passed; 3 failed; 0 ignored; 0 measured; 0 filtered out; finished in 0.11s
[INFO] [stdout] 
[INFO] [stderr] error: doctest failed, to rerun pass `--doc`
[INFO] running `Command { std: "docker" "inspect" "4472120f701fd33becbf306b204c3408c89c674bb56f4c7b1cd68c349a827e15", kill_on_drop: false }`
[INFO] running `Command { std: "docker" "rm" "-f" "4472120f701fd33becbf306b204c3408c89c674bb56f4c7b1cd68c349a827e15", kill_on_drop: false }`
[INFO] [stdout] 4472120f701fd33becbf306b204c3408c89c674bb56f4c7b1cd68c349a827e15
