[INFO] fetching crate hafas-rest 0.1.3...
[INFO] testing hafas-rest-0.1.3 against nightly-2024-10-28 for randomize-layout
[INFO] extracting crate hafas-rest 0.1.3 into /workspace/builds/worker-5-tc1/source
[INFO] validating manifest of crates.io crate hafas-rest 0.1.3 on toolchain nightly-2024-10-28
[INFO] running `Command { std: CARGO_HOME="/workspace/cargo-home" RUSTUP_HOME="/workspace/rustup-home" "/workspace/cargo-home/bin/cargo" "+nightly-2024-10-28" "metadata" "--manifest-path" "Cargo.toml" "--no-deps", kill_on_drop: false }`
[INFO] started tweaking crates.io crate hafas-rest 0.1.3
[INFO] finished tweaking crates.io crate hafas-rest 0.1.3
[INFO] tweaked toml for crates.io crate hafas-rest 0.1.3 written to /workspace/builds/worker-5-tc1/source/Cargo.toml
[INFO] crate crates.io crate hafas-rest 0.1.3 already has a lockfile, it will not be regenerated
[INFO] running `Command { std: CARGO_HOME="/workspace/cargo-home" RUSTUP_HOME="/workspace/rustup-home" "/workspace/cargo-home/bin/cargo" "+nightly-2024-10-28" "fetch" "--manifest-path" "Cargo.toml", kill_on_drop: false }`
[INFO] [stderr]     Updating crates.io index
[INFO] [stderr]  Downloading crates ...
[INFO] [stderr]   Downloaded ipnet v2.4.0
[INFO] [stderr]   Downloaded parking_lot_core v0.9.1
[INFO] [stderr]   Downloaded redox_syscall v0.2.11
[INFO] [stderr]   Downloaded httparse v1.6.0
[INFO] [stderr]   Downloaded tracing-core v0.1.23
[INFO] [stderr]   Downloaded tracing v0.1.32
[INFO] [stderr]   Downloaded reqwest v0.11.9
[INFO] [stderr]   Downloaded h2 v0.3.12
[INFO] [stderr]   Downloaded hyper v0.14.17
[INFO] [stderr]   Downloaded encoding_rs v0.8.30
[INFO] [stderr]   Downloaded rrw_macro v0.1.1
[INFO] [stderr]   Downloaded rrw v0.1.1
[INFO] running `Command { std: "docker" "create" "-v" "/var/lib/crater-agent-workspace/builds/worker-5-tc1/target:/opt/rustwide/target:rw,Z" "-v" "/var/lib/crater-agent-workspace/builds/worker-5-tc1/source:/opt/rustwide/workdir:ro,Z" "-v" "/var/lib/crater-agent-workspace/cargo-home:/opt/rustwide/cargo-home:ro,Z" "-v" "/var/lib/crater-agent-workspace/rustup-home:/opt/rustwide/rustup-home:ro,Z" "-e" "SOURCE_DIR=/opt/rustwide/workdir" "-e" "CARGO_TARGET_DIR=/opt/rustwide/target" "-e" "CARGO_HOME=/opt/rustwide/cargo-home" "-e" "RUSTUP_HOME=/opt/rustwide/rustup-home" "-w" "/opt/rustwide/workdir" "-m" "1610612736" "--user" "0:0" "--network" "none" "ghcr.io/rust-lang/crates-build-env/linux@sha256:4a844ea9eb2546a2d2c7022eacef16ef2e8229c7fbb2c7d4d55a9ceca922f72d" "/opt/rustwide/cargo-home/bin/cargo" "+nightly-2024-10-28" "metadata" "--no-deps" "--format-version=1", kill_on_drop: false }`
[INFO] [stdout] 536d2dc118f6c5ddb02e8e4e130c7cacfa3208340fab3790bd21e620c9432377
[INFO] running `Command { std: "docker" "start" "-a" "536d2dc118f6c5ddb02e8e4e130c7cacfa3208340fab3790bd21e620c9432377", kill_on_drop: false }`
[INFO] running `Command { std: "docker" "inspect" "536d2dc118f6c5ddb02e8e4e130c7cacfa3208340fab3790bd21e620c9432377", kill_on_drop: false }`
[INFO] running `Command { std: "docker" "rm" "-f" "536d2dc118f6c5ddb02e8e4e130c7cacfa3208340fab3790bd21e620c9432377", kill_on_drop: false }`
[INFO] [stdout] 536d2dc118f6c5ddb02e8e4e130c7cacfa3208340fab3790bd21e620c9432377
[INFO] running `Command { std: "docker" "create" "-v" "/var/lib/crater-agent-workspace/builds/worker-5-tc1/target:/opt/rustwide/target:rw,Z" "-v" "/var/lib/crater-agent-workspace/builds/worker-5-tc1/source:/opt/rustwide/workdir:ro,Z" "-v" "/var/lib/crater-agent-workspace/cargo-home:/opt/rustwide/cargo-home:ro,Z" "-v" "/var/lib/crater-agent-workspace/rustup-home:/opt/rustwide/rustup-home:ro,Z" "-e" "SOURCE_DIR=/opt/rustwide/workdir" "-e" "CARGO_TARGET_DIR=/opt/rustwide/target" "-e" "CARGO_INCREMENTAL=0" "-e" "RUST_BACKTRACE=full" "-e" "RUSTFLAGS=--cap-lints=forbid" "-e" "RUSTDOCFLAGS=--cap-lints=forbid" "-e" "CARGO_HOME=/opt/rustwide/cargo-home" "-e" "RUSTUP_HOME=/opt/rustwide/rustup-home" "-w" "/opt/rustwide/workdir" "-m" "1610612736" "--user" "0:0" "--network" "none" "ghcr.io/rust-lang/crates-build-env/linux@sha256:4a844ea9eb2546a2d2c7022eacef16ef2e8229c7fbb2c7d4d55a9ceca922f72d" "/opt/rustwide/cargo-home/bin/cargo" "+nightly-2024-10-28" "build" "--frozen" "--message-format=json", kill_on_drop: false }`
[INFO] [stdout] 55a66cde0c399e9f5d900bfd1d2b7502dbe69f8094773e63e126976cb99600be
[INFO] running `Command { std: "docker" "start" "-a" "55a66cde0c399e9f5d900bfd1d2b7502dbe69f8094773e63e126976cb99600be", kill_on_drop: false }`
[INFO] [stderr]    Compiling libc v0.2.119
[INFO] [stderr]    Compiling log v0.4.14
[INFO] [stderr]    Compiling proc-macro2 v1.0.36
[INFO] [stderr]    Compiling pkg-config v0.3.24
[INFO] [stderr]    Compiling syn v1.0.86
[INFO] [stderr]    Compiling futures-task v0.3.21
[INFO] [stderr]    Compiling indexmap v1.8.0
[INFO] [stderr]    Compiling openssl v0.10.38
[INFO] [stderr]    Compiling futures-util v0.3.21
[INFO] [stderr]    Compiling tracing-core v0.1.23
[INFO] [stderr]    Compiling httparse v1.6.0
[INFO] [stderr]    Compiling native-tls v0.2.8
[INFO] [stderr]    Compiling futures-channel v0.3.21
[INFO] [stderr]    Compiling tinyvec v1.5.1
[INFO] [stderr]    Compiling slab v0.4.5
[INFO] [stderr]    Compiling num-traits v0.2.14
[INFO] [stderr]    Compiling encoding_rs v0.8.30
[INFO] [stderr]    Compiling num-integer v0.1.44
[INFO] [stderr]    Compiling mime v0.3.16
[INFO] [stderr]    Compiling ipnet v2.4.0
[INFO] [stderr]    Compiling want v0.3.0
[INFO] [stderr]    Compiling tracing v0.1.32
[INFO] [stderr]    Compiling openssl-sys v0.9.72
[INFO] [stderr]    Compiling quote v1.0.15
[INFO] [stderr]    Compiling unicode-normalization v0.1.19
[INFO] [stderr]    Compiling mio v0.8.0
[INFO] [stderr]    Compiling socket2 v0.4.4
[INFO] [stderr]    Compiling time v0.1.44
[INFO] [stderr]    Compiling tokio v1.17.0
[INFO] [stderr]    Compiling idna v0.2.3
[INFO] [stderr]    Compiling url v2.2.2
[INFO] [stderr]    Compiling serde_derive v1.0.136
[INFO] [stderr]    Compiling rrw_macro v0.1.1
[INFO] [stderr]    Compiling tokio-util v0.6.9
[INFO] [stderr]    Compiling tokio-native-tls v0.3.0
[INFO] [stderr]    Compiling h2 v0.3.12
[INFO] [stderr]    Compiling serde v1.0.136
[INFO] [stderr]    Compiling hyper v0.14.17
[INFO] [stderr]    Compiling serde_json v1.0.79
[INFO] [stderr]    Compiling serde_urlencoded v0.7.1
[INFO] [stderr]    Compiling chrono v0.4.19
[INFO] [stderr]    Compiling hyper-tls v0.5.0
[INFO] [stderr]    Compiling reqwest v0.11.9
[INFO] [stderr]    Compiling rrw v0.1.1
[INFO] [stderr]    Compiling hafas-rest v0.1.3 (/opt/rustwide/workdir)
[INFO] [stderr]     Finished `dev` profile [unoptimized + debuginfo] target(s) in 12.18s
[INFO] running `Command { std: "docker" "inspect" "55a66cde0c399e9f5d900bfd1d2b7502dbe69f8094773e63e126976cb99600be", kill_on_drop: false }`
[INFO] running `Command { std: "docker" "rm" "-f" "55a66cde0c399e9f5d900bfd1d2b7502dbe69f8094773e63e126976cb99600be", kill_on_drop: false }`
[INFO] [stdout] 55a66cde0c399e9f5d900bfd1d2b7502dbe69f8094773e63e126976cb99600be
[INFO] running `Command { std: "docker" "create" "-v" "/var/lib/crater-agent-workspace/builds/worker-5-tc1/target:/opt/rustwide/target:rw,Z" "-v" "/var/lib/crater-agent-workspace/builds/worker-5-tc1/source:/opt/rustwide/workdir:ro,Z" "-v" "/var/lib/crater-agent-workspace/cargo-home:/opt/rustwide/cargo-home:ro,Z" "-v" "/var/lib/crater-agent-workspace/rustup-home:/opt/rustwide/rustup-home:ro,Z" "-e" "SOURCE_DIR=/opt/rustwide/workdir" "-e" "CARGO_TARGET_DIR=/opt/rustwide/target" "-e" "CARGO_INCREMENTAL=0" "-e" "RUST_BACKTRACE=full" "-e" "RUSTFLAGS=--cap-lints=forbid" "-e" "RUSTDOCFLAGS=--cap-lints=forbid" "-e" "CARGO_HOME=/opt/rustwide/cargo-home" "-e" "RUSTUP_HOME=/opt/rustwide/rustup-home" "-w" "/opt/rustwide/workdir" "-m" "1610612736" "--user" "0:0" "--network" "none" "ghcr.io/rust-lang/crates-build-env/linux@sha256:4a844ea9eb2546a2d2c7022eacef16ef2e8229c7fbb2c7d4d55a9ceca922f72d" "/opt/rustwide/cargo-home/bin/cargo" "+nightly-2024-10-28" "test" "--frozen" "--no-run" "--message-format=json", kill_on_drop: false }`
[INFO] [stdout] c05971810fe9d764786bba1e2acab63b2532dbdb5b9ec597efa6145bb13dde7f
[INFO] running `Command { std: "docker" "start" "-a" "c05971810fe9d764786bba1e2acab63b2532dbdb5b9ec597efa6145bb13dde7f", kill_on_drop: false }`
[INFO] [stderr]    Compiling log v0.4.14
[INFO] [stderr]    Compiling parking_lot_core v0.9.1
[INFO] [stderr]    Compiling lock_api v0.4.6
[INFO] [stderr]    Compiling num_cpus v1.13.1
[INFO] [stderr]    Compiling signal-hook-registry v1.4.0
[INFO] [stderr]    Compiling tokio-macros v1.7.0
[INFO] [stderr]    Compiling aho-corasick v0.7.18
[INFO] [stderr]    Compiling regex-syntax v0.6.25
[INFO] [stderr]    Compiling atty v0.2.14
[INFO] [stderr]    Compiling termcolor v1.1.3
[INFO] [stderr]    Compiling mio v0.8.0
[INFO] [stderr]    Compiling native-tls v0.2.8
[INFO] [stderr]    Compiling want v0.3.0
[INFO] [stderr]    Compiling parking_lot v0.12.0
[INFO] [stderr]    Compiling tokio v1.17.0
[INFO] [stderr]    Compiling regex v1.5.5
[INFO] [stderr]    Compiling env_logger v0.9.0
[INFO] [stderr]    Compiling tokio-util v0.6.9
[INFO] [stderr]    Compiling tokio-native-tls v0.3.0
[INFO] [stderr]    Compiling h2 v0.3.12
[INFO] [stderr]    Compiling hyper v0.14.17
[INFO] [stderr]    Compiling hyper-tls v0.5.0
[INFO] [stderr]    Compiling reqwest v0.11.9
[INFO] [stderr]    Compiling rrw v0.1.1
[INFO] [stderr]    Compiling hafas-rest v0.1.3 (/opt/rustwide/workdir)
[INFO] [stderr]     Finished `test` profile [unoptimized + debuginfo] target(s) in 13.72s
[INFO] running `Command { std: "docker" "inspect" "c05971810fe9d764786bba1e2acab63b2532dbdb5b9ec597efa6145bb13dde7f", kill_on_drop: false }`
[INFO] running `Command { std: "docker" "rm" "-f" "c05971810fe9d764786bba1e2acab63b2532dbdb5b9ec597efa6145bb13dde7f", kill_on_drop: false }`
[INFO] [stdout] c05971810fe9d764786bba1e2acab63b2532dbdb5b9ec597efa6145bb13dde7f
[INFO] running `Command { std: "docker" "create" "-v" "/var/lib/crater-agent-workspace/builds/worker-5-tc1/target:/opt/rustwide/target:rw,Z" "-v" "/var/lib/crater-agent-workspace/builds/worker-5-tc1/source:/opt/rustwide/workdir:ro,Z" "-v" "/var/lib/crater-agent-workspace/cargo-home:/opt/rustwide/cargo-home:ro,Z" "-v" "/var/lib/crater-agent-workspace/rustup-home:/opt/rustwide/rustup-home:ro,Z" "-e" "SOURCE_DIR=/opt/rustwide/workdir" "-e" "CARGO_TARGET_DIR=/opt/rustwide/target" "-e" "CARGO_INCREMENTAL=0" "-e" "RUST_BACKTRACE=full" "-e" "RUSTFLAGS=--cap-lints=forbid" "-e" "RUSTDOCFLAGS=--cap-lints=forbid" "-e" "CARGO_HOME=/opt/rustwide/cargo-home" "-e" "RUSTUP_HOME=/opt/rustwide/rustup-home" "-w" "/opt/rustwide/workdir" "-m" "1610612736" "--user" "0:0" "--network" "none" "ghcr.io/rust-lang/crates-build-env/linux@sha256:4a844ea9eb2546a2d2c7022eacef16ef2e8229c7fbb2c7d4d55a9ceca922f72d" "/opt/rustwide/cargo-home/bin/cargo" "+nightly-2024-10-28" "test" "--frozen", kill_on_drop: false }`
[INFO] [stdout] 547394e8f1ed55400b551885307c63c7804cd48d84d2d171b985438b79a44a61
[INFO] running `Command { std: "docker" "start" "-a" "547394e8f1ed55400b551885307c63c7804cd48d84d2d171b985438b79a44a61", kill_on_drop: false }`
[INFO] [stderr]     Finished `test` profile [unoptimized + debuginfo] target(s) in 0.11s
[INFO] [stderr]      Running unittests src/lib.rs (/opt/rustwide/target/debug/deps/hafas_rest-8e7bfa20d54354ed)
[INFO] [stdout] 
[INFO] [stdout] running 5 tests
[INFO] [stdout] test hafas::test::trips ... FAILED
[INFO] [stdout] test hafas::test::journey ... FAILED
[INFO] [stdout] test hafas::test::stations ... FAILED
[INFO] [stdout] test hafas::test::journey_refresh ... FAILED
[INFO] [stdout] test hafas::test::station ... FAILED
[INFO] [stdout] 
[INFO] [stdout] failures:
[INFO] [stdout] 
[INFO] [stdout] ---- hafas::test::trips stdout ----
[INFO] [stdout] Error: Request(reqwest::Error { kind: Request, url: Url { scheme: "https", cannot_be_a_base: false, username: "", password: None, host: Some(Domain("v5.db.transport.rest")), port: None, path: "/journeys", query: Some("departure=2024-11-01T09%3A57%3A20.305336422%2B00%3A00&from=8010159&to=8098205"), fragment: None }, source: hyper::Error(Connect, ConnectError("dns error", Custom { kind: Uncategorized, error: "failed to lookup address information: Temporary failure in name resolution" })) })
[INFO] [stdout] 
[INFO] [stdout] ---- hafas::test::journey stdout ----
[INFO] [stdout] Error: Request(reqwest::Error { kind: Request, url: Url { scheme: "https", cannot_be_a_base: false, username: "", password: None, host: Some(Domain("v5.db.transport.rest")), port: None, path: "/journeys", query: Some("departure=2024-11-01T09%3A57%3A20.303916242%2B00%3A00&from=8010159&to=8098205"), fragment: None }, source: hyper::Error(Connect, ConnectError("dns error", Custom { kind: Uncategorized, error: "failed to lookup address information: Temporary failure in name resolution" })) })
[INFO] [stdout] 
[INFO] [stdout] ---- hafas::test::stations stdout ----
[INFO] [stdout] Error: Request(reqwest::Error { kind: Request, url: Url { scheme: "https", cannot_be_a_base: false, username: "", password: None, host: Some(Domain("v5.db.transport.rest")), port: None, path: "/stations", query: Some("query=dammt"), fragment: None }, source: hyper::Error(Connect, ConnectError("dns error", Custom { kind: Uncategorized, error: "failed to lookup address information: Temporary failure in name resolution" })) })
[INFO] [stdout] 
[INFO] [stdout] ---- hafas::test::journey_refresh stdout ----
[INFO] [stdout] Error: Request(reqwest::Error { kind: Request, url: Url { scheme: "https", cannot_be_a_base: false, username: "", password: None, host: Some(Domain("v5.db.transport.rest")), port: None, path: "/journeys", query: Some("departure=2024-11-01T09%3A57%3A20.313021691%2B00%3A00&from=8010159&to=8098205"), fragment: None }, source: hyper::Error(Connect, ConnectError("dns error", Custom { kind: Uncategorized, error: "failed to lookup address information: Temporary failure in name resolution" })) })
[INFO] [stdout] 
[INFO] [stdout] ---- hafas::test::station stdout ----
[INFO] [stdout] Error: Request(reqwest::Error { kind: Request, url: Url { scheme: "https", cannot_be_a_base: false, username: "", password: None, host: Some(Domain("v5.db.transport.rest")), port: None, path: "/stations/8010159", query: None, fragment: None }, source: hyper::Error(Connect, ConnectError("dns error", Custom { kind: Uncategorized, error: "failed to lookup address information: Temporary failure in name resolution" })) })
[INFO] [stdout] 
[INFO] [stdout] 
[INFO] [stdout] failures:
[INFO] [stdout]     hafas::test::journey
[INFO] [stdout]     hafas::test::journey_refresh
[INFO] [stdout]     hafas::test::station
[INFO] [stdout]     hafas::test::stations
[INFO] [stdout]     hafas::test::trips
[INFO] [stdout] 
[INFO] [stdout] test result: FAILED. 0 passed; 5 failed; 0 ignored; 0 measured; 0 filtered out; finished in 0.12s
[INFO] [stdout] 
[INFO] [stderr] error: test failed, to rerun pass `--lib`
[INFO] running `Command { std: "docker" "inspect" "547394e8f1ed55400b551885307c63c7804cd48d84d2d171b985438b79a44a61", kill_on_drop: false }`
[INFO] running `Command { std: "docker" "rm" "-f" "547394e8f1ed55400b551885307c63c7804cd48d84d2d171b985438b79a44a61", kill_on_drop: false }`
[INFO] [stdout] 547394e8f1ed55400b551885307c63c7804cd48d84d2d171b985438b79a44a61
