[INFO] fetching crate gwasmi 0.30.0...
[INFO] testing gwasmi-0.30.0 against nightly-2024-10-28 for randomize-layout
[INFO] extracting crate gwasmi 0.30.0 into /workspace/builds/worker-6-tc1/source
[INFO] validating manifest of crates.io crate gwasmi 0.30.0 on toolchain nightly-2024-10-28
[INFO] running `Command { std: CARGO_HOME="/workspace/cargo-home" RUSTUP_HOME="/workspace/rustup-home" "/workspace/cargo-home/bin/cargo" "+nightly-2024-10-28" "metadata" "--manifest-path" "Cargo.toml" "--no-deps", kill_on_drop: false }`
[INFO] started tweaking crates.io crate gwasmi 0.30.0
[INFO] finished tweaking crates.io crate gwasmi 0.30.0
[INFO] tweaked toml for crates.io crate gwasmi 0.30.0 written to /workspace/builds/worker-6-tc1/source/Cargo.toml
[INFO] running `Command { std: CARGO_HOME="/workspace/cargo-home" RUSTUP_HOME="/workspace/rustup-home" "/workspace/cargo-home/bin/cargo" "+nightly-2024-10-28" "generate-lockfile" "--manifest-path" "Cargo.toml", kill_on_drop: false }`
[INFO] [stderr]     Updating crates.io index
[INFO] [stderr]      Locking 85 packages to latest compatible versions
[INFO] [stderr]       Adding criterion v0.4.0 (available: v0.5.1)
[INFO] [stderr]       Adding wasmi_arena v0.4.1 (available: v0.5.0)
[INFO] [stderr]       Adding wast v52.0.3 (available: v219.0.1)
[INFO] running `Command { std: CARGO_HOME="/workspace/cargo-home" RUSTUP_HOME="/workspace/rustup-home" "/workspace/cargo-home/bin/cargo" "+nightly-2024-10-28" "fetch" "--manifest-path" "Cargo.toml", kill_on_drop: false }`
[INFO] [stderr]  Downloading crates ...
[INFO] [stderr]   Downloaded gwasmi_core v0.12.0
[INFO] [stderr]   Downloaded intx v0.1.0
[INFO] [stderr]   Downloaded region v3.0.2
[INFO] [stderr]   Downloaded wasmi_arena v0.4.1
[INFO] [stderr]   Downloaded wasm-encoder v0.22.1
[INFO] [stderr]   Downloaded wast v52.0.3
[INFO] running `Command { std: "docker" "create" "-v" "/var/lib/crater-agent-workspace/builds/worker-6-tc1/target:/opt/rustwide/target:rw,Z" "-v" "/var/lib/crater-agent-workspace/builds/worker-6-tc1/source:/opt/rustwide/workdir:ro,Z" "-v" "/var/lib/crater-agent-workspace/cargo-home:/opt/rustwide/cargo-home:ro,Z" "-v" "/var/lib/crater-agent-workspace/rustup-home:/opt/rustwide/rustup-home:ro,Z" "-e" "SOURCE_DIR=/opt/rustwide/workdir" "-e" "CARGO_TARGET_DIR=/opt/rustwide/target" "-e" "CARGO_HOME=/opt/rustwide/cargo-home" "-e" "RUSTUP_HOME=/opt/rustwide/rustup-home" "-w" "/opt/rustwide/workdir" "-m" "1610612736" "--user" "0:0" "--network" "none" "ghcr.io/rust-lang/crates-build-env/linux@sha256:4a844ea9eb2546a2d2c7022eacef16ef2e8229c7fbb2c7d4d55a9ceca922f72d" "/opt/rustwide/cargo-home/bin/cargo" "+nightly-2024-10-28" "metadata" "--no-deps" "--format-version=1", kill_on_drop: false }`
[INFO] [stdout] e685b9a5017b2b9e1cfa3ebeb5e7700ac6f4e3f5a4e8c4f3a17aa9b1c62de425
[INFO] running `Command { std: "docker" "start" "-a" "e685b9a5017b2b9e1cfa3ebeb5e7700ac6f4e3f5a4e8c4f3a17aa9b1c62de425", kill_on_drop: false }`
[INFO] running `Command { std: "docker" "inspect" "e685b9a5017b2b9e1cfa3ebeb5e7700ac6f4e3f5a4e8c4f3a17aa9b1c62de425", kill_on_drop: false }`
[INFO] running `Command { std: "docker" "rm" "-f" "e685b9a5017b2b9e1cfa3ebeb5e7700ac6f4e3f5a4e8c4f3a17aa9b1c62de425", kill_on_drop: false }`
[INFO] [stdout] e685b9a5017b2b9e1cfa3ebeb5e7700ac6f4e3f5a4e8c4f3a17aa9b1c62de425
[INFO] running `Command { std: "docker" "create" "-v" "/var/lib/crater-agent-workspace/builds/worker-6-tc1/target:/opt/rustwide/target:rw,Z" "-v" "/var/lib/crater-agent-workspace/builds/worker-6-tc1/source:/opt/rustwide/workdir:ro,Z" "-v" "/var/lib/crater-agent-workspace/cargo-home:/opt/rustwide/cargo-home:ro,Z" "-v" "/var/lib/crater-agent-workspace/rustup-home:/opt/rustwide/rustup-home:ro,Z" "-e" "SOURCE_DIR=/opt/rustwide/workdir" "-e" "CARGO_TARGET_DIR=/opt/rustwide/target" "-e" "CARGO_INCREMENTAL=0" "-e" "RUST_BACKTRACE=full" "-e" "RUSTFLAGS=--cap-lints=forbid" "-e" "RUSTDOCFLAGS=--cap-lints=forbid" "-e" "CARGO_HOME=/opt/rustwide/cargo-home" "-e" "RUSTUP_HOME=/opt/rustwide/rustup-home" "-w" "/opt/rustwide/workdir" "-m" "1610612736" "--user" "0:0" "--network" "none" "ghcr.io/rust-lang/crates-build-env/linux@sha256:4a844ea9eb2546a2d2c7022eacef16ef2e8229c7fbb2c7d4d55a9ceca922f72d" "/opt/rustwide/cargo-home/bin/cargo" "+nightly-2024-10-28" "build" "--frozen" "--message-format=json", kill_on_drop: false }`
[INFO] [stdout] 04401a7da1f0898c6cd1059aa3d4510f4d2f015fbd0954fea2e42917fa4bed27
[INFO] running `Command { std: "docker" "start" "-a" "04401a7da1f0898c6cd1059aa3d4510f4d2f015fbd0954fea2e42917fa4bed27", kill_on_drop: false }`
[INFO] [stderr]    Compiling num-traits v0.2.19
[INFO] [stderr]    Compiling libm v0.2.11
[INFO] [stderr]    Compiling downcast-rs v1.2.1
[INFO] [stderr]    Compiling indexmap-nostd v0.4.0
[INFO] [stderr]    Compiling wasmi_arena v0.4.1
[INFO] [stderr]    Compiling intx v0.1.0
[INFO] [stderr]    Compiling smallvec v1.13.2
[INFO] [stderr]    Compiling spin v0.9.8
[INFO] [stderr]    Compiling wasmparser-nostd v0.100.2
[INFO] [stderr]    Compiling gwasmi_core v0.12.0
[INFO] [stderr]    Compiling gwasmi v0.30.0 (/opt/rustwide/workdir)
[INFO] [stdout] warning: elided lifetime has a name
[INFO] [stdout]    --> src/instance/exports.rs:248:82
[INFO] [stdout]     |
[INFO] [stdout] 240 | impl<'instance> ExportsIter<'instance> {
[INFO] [stdout]     |      --------- lifetime `'instance` declared here
[INFO] [stdout] ...
[INFO] [stdout] 248 |     fn convert_item((name, export): (&'instance Box<str>, &'instance Extern)) -> Export {
[INFO] [stdout]     |                                                                                  ^^^^^^ this elided lifetime gets resolved as `'instance`
[INFO] [stdout]     |
[INFO] [stdout]     = note: `#[warn(elided_named_lifetimes)]` on by default
[INFO] [stdout] 
[INFO] [stdout] 
[INFO] [stderr]     Finished `dev` profile [unoptimized + debuginfo] target(s) in 4.37s
[INFO] running `Command { std: "docker" "inspect" "04401a7da1f0898c6cd1059aa3d4510f4d2f015fbd0954fea2e42917fa4bed27", kill_on_drop: false }`
[INFO] running `Command { std: "docker" "rm" "-f" "04401a7da1f0898c6cd1059aa3d4510f4d2f015fbd0954fea2e42917fa4bed27", kill_on_drop: false }`
[INFO] [stdout] 04401a7da1f0898c6cd1059aa3d4510f4d2f015fbd0954fea2e42917fa4bed27
[INFO] running `Command { std: "docker" "create" "-v" "/var/lib/crater-agent-workspace/builds/worker-6-tc1/target:/opt/rustwide/target:rw,Z" "-v" "/var/lib/crater-agent-workspace/builds/worker-6-tc1/source:/opt/rustwide/workdir:ro,Z" "-v" "/var/lib/crater-agent-workspace/cargo-home:/opt/rustwide/cargo-home:ro,Z" "-v" "/var/lib/crater-agent-workspace/rustup-home:/opt/rustwide/rustup-home:ro,Z" "-e" "SOURCE_DIR=/opt/rustwide/workdir" "-e" "CARGO_TARGET_DIR=/opt/rustwide/target" "-e" "CARGO_INCREMENTAL=0" "-e" "RUST_BACKTRACE=full" "-e" "RUSTFLAGS=--cap-lints=forbid" "-e" "RUSTDOCFLAGS=--cap-lints=forbid" "-e" "CARGO_HOME=/opt/rustwide/cargo-home" "-e" "RUSTUP_HOME=/opt/rustwide/rustup-home" "-w" "/opt/rustwide/workdir" "-m" "1610612736" "--user" "0:0" "--network" "none" "ghcr.io/rust-lang/crates-build-env/linux@sha256:4a844ea9eb2546a2d2c7022eacef16ef2e8229c7fbb2c7d4d55a9ceca922f72d" "/opt/rustwide/cargo-home/bin/cargo" "+nightly-2024-10-28" "test" "--frozen" "--no-run" "--message-format=json", kill_on_drop: false }`
[INFO] [stdout] 4b8d177769abd908291851aaee0787f8e9fc687a97845842bcec46a2c9d89a9d
[INFO] running `Command { std: "docker" "start" "-a" "4b8d177769abd908291851aaee0787f8e9fc687a97845842bcec46a2c9d89a9d", kill_on_drop: false }`
[INFO] [stderr]    Compiling proc-macro2 v1.0.89
[INFO] [stderr]    Compiling serde v1.0.214
[INFO] [stderr]    Compiling indexmap v1.9.3
[INFO] [stderr]    Compiling libc v0.2.161
[INFO] [stderr]    Compiling half v2.4.1
[INFO] [stderr]    Compiling either v1.13.0
[INFO] [stderr]    Compiling ciborium-io v0.2.2
[INFO] [stderr]    Compiling os_str_bytes v6.6.1
[INFO] [stderr]    Compiling wasm-encoder v0.219.1
[INFO] [stderr]    Compiling clap_lex v0.2.4
[INFO] [stderr]    Compiling itertools v0.10.5
[INFO] [stderr]    Compiling ciborium-ll v0.2.2
[INFO] [stderr]    Compiling textwrap v0.16.1
[INFO] [stderr]    Compiling cast v0.3.0
[INFO] [stderr]    Compiling wasm-encoder v0.22.1
[INFO] [stderr]    Compiling clap v3.2.25
[INFO] [stderr]    Compiling oorandom v11.1.4
[INFO] [stderr]    Compiling anes v0.1.6
[INFO] [stderr]    Compiling quote v1.0.37
[INFO] [stderr]    Compiling assert_matches v1.5.0
[INFO] [stderr]    Compiling wast v219.0.1
[INFO] [stderr]    Compiling syn v2.0.86
[INFO] [stderr]    Compiling atty v0.2.14
[INFO] [stderr]    Compiling wast v52.0.3
[INFO] [stdout] warning: elided lifetime has a name
[INFO] [stdout]    --> src/instance/exports.rs:248:82
[INFO] [stdout]     |
[INFO] [stdout] 240 | impl<'instance> ExportsIter<'instance> {
[INFO] [stdout]     |      --------- lifetime `'instance` declared here
[INFO] [stdout] ...
[INFO] [stdout] 248 |     fn convert_item((name, export): (&'instance Box<str>, &'instance Extern)) -> Export {
[INFO] [stdout]     |                                                                                  ^^^^^^ this elided lifetime gets resolved as `'instance`
[INFO] [stdout]     |
[INFO] [stdout]     = note: `#[warn(elided_named_lifetimes)]` on by default
[INFO] [stdout] 
[INFO] [stdout] 
[INFO] [stderr]    Compiling criterion-plot v0.5.0
[INFO] [stderr]    Compiling serde_derive v1.0.214
[INFO] [stderr]    Compiling wat v1.219.1
[INFO] [stderr]    Compiling serde_json v1.0.132
[INFO] [stderr]    Compiling ciborium v0.2.2
[INFO] [stderr]    Compiling tinytemplate v1.2.1
[INFO] [stderr]    Compiling criterion v0.4.0
[INFO] [stderr]    Compiling gwasmi v0.30.0 (/opt/rustwide/workdir)
[INFO] [stdout] warning: elided lifetime has a name
[INFO] [stdout]    --> src/instance/exports.rs:248:82
[INFO] [stdout]     |
[INFO] [stdout] 240 | impl<'instance> ExportsIter<'instance> {
[INFO] [stdout]     |      --------- lifetime `'instance` declared here
[INFO] [stdout] ...
[INFO] [stdout] 248 |     fn convert_item((name, export): (&'instance Box<str>, &'instance Extern)) -> Export {
[INFO] [stdout]     |                                                                                  ^^^^^^ this elided lifetime gets resolved as `'instance`
[INFO] [stdout]     |
[INFO] [stdout]     = note: `#[warn(elided_named_lifetimes)]` on by default
[INFO] [stdout] 
[INFO] [stdout] 
[INFO] [stdout] warning: trait `ImplementsWasmRetFallback` is never used
[INFO] [stdout]    --> src/func/into_func.rs:330:15
[INFO] [stdout]     |
[INFO] [stdout] 330 |     pub trait ImplementsWasmRetFallback {
[INFO] [stdout]     |               ^^^^^^^^^^^^^^^^^^^^^^^^^
[INFO] [stdout]     |
[INFO] [stdout]     = note: `#[warn(dead_code)]` on by default
[INFO] [stdout] 
[INFO] [stdout] 
[INFO] [stderr]     Finished `test` profile [unoptimized + debuginfo] target(s) in 12.13s
[INFO] running `Command { std: "docker" "inspect" "4b8d177769abd908291851aaee0787f8e9fc687a97845842bcec46a2c9d89a9d", kill_on_drop: false }`
[INFO] running `Command { std: "docker" "rm" "-f" "4b8d177769abd908291851aaee0787f8e9fc687a97845842bcec46a2c9d89a9d", kill_on_drop: false }`
[INFO] [stdout] 4b8d177769abd908291851aaee0787f8e9fc687a97845842bcec46a2c9d89a9d
[INFO] running `Command { std: "docker" "create" "-v" "/var/lib/crater-agent-workspace/builds/worker-6-tc1/target:/opt/rustwide/target:rw,Z" "-v" "/var/lib/crater-agent-workspace/builds/worker-6-tc1/source:/opt/rustwide/workdir:ro,Z" "-v" "/var/lib/crater-agent-workspace/cargo-home:/opt/rustwide/cargo-home:ro,Z" "-v" "/var/lib/crater-agent-workspace/rustup-home:/opt/rustwide/rustup-home:ro,Z" "-e" "SOURCE_DIR=/opt/rustwide/workdir" "-e" "CARGO_TARGET_DIR=/opt/rustwide/target" "-e" "CARGO_INCREMENTAL=0" "-e" "RUST_BACKTRACE=full" "-e" "RUSTFLAGS=--cap-lints=forbid" "-e" "RUSTDOCFLAGS=--cap-lints=forbid" "-e" "CARGO_HOME=/opt/rustwide/cargo-home" "-e" "RUSTUP_HOME=/opt/rustwide/rustup-home" "-w" "/opt/rustwide/workdir" "-m" "1610612736" "--user" "0:0" "--network" "none" "ghcr.io/rust-lang/crates-build-env/linux@sha256:4a844ea9eb2546a2d2c7022eacef16ef2e8229c7fbb2c7d4d55a9ceca922f72d" "/opt/rustwide/cargo-home/bin/cargo" "+nightly-2024-10-28" "test" "--frozen", kill_on_drop: false }`
[INFO] [stdout] d713fe85526ffc4c39639231ea3b36802012115621cfaa2a3d972de39cf21ba7
[INFO] running `Command { std: "docker" "start" "-a" "d713fe85526ffc4c39639231ea3b36802012115621cfaa2a3d972de39cf21ba7", kill_on_drop: false }`
[INFO] [stderr] warning: elided lifetime has a name
[INFO] [stderr]    --> src/instance/exports.rs:248:82
[INFO] [stderr]     |
[INFO] [stderr] 240 | impl<'instance> ExportsIter<'instance> {
[INFO] [stderr]     |      --------- lifetime `'instance` declared here
[INFO] [stderr] ...
[INFO] [stderr] 248 |     fn convert_item((name, export): (&'instance Box<str>, &'instance Extern)) -> Export {
[INFO] [stderr]     |                                                                                  ^^^^^^ this elided lifetime gets resolved as `'instance`
[INFO] [stderr]     |
[INFO] [stderr]     = note: `#[warn(elided_named_lifetimes)]` on by default
[INFO] [stderr] 
[INFO] [stderr] warning: `gwasmi` (lib) generated 1 warning
[INFO] [stderr] warning: trait `ImplementsWasmRetFallback` is never used
[INFO] [stderr]    --> src/func/into_func.rs:330:15
[INFO] [stderr]     |
[INFO] [stderr] 330 |     pub trait ImplementsWasmRetFallback {
[INFO] [stderr]     |               ^^^^^^^^^^^^^^^^^^^^^^^^^
[INFO] [stderr]     |
[INFO] [stderr]     = note: `#[warn(dead_code)]` on by default
[INFO] [stderr] 
[INFO] [stderr] warning: `gwasmi` (lib test) generated 2 warnings (1 duplicate)
[INFO] [stderr]     Finished `test` profile [unoptimized + debuginfo] target(s) in 0.04s
[INFO] [stderr]      Running unittests src/lib.rs (/opt/rustwide/target/debug/deps/gwasmi-b3d1a2cde4dd9a46)
[INFO] [stdout] 
[INFO] [stdout] running 60 tests
[INFO] [stdout] test engine::bytecode::tests::size_of_instruction ... ok
[INFO] [stdout] test engine::stack::values::tests::drop_keep_works ... ok
[INFO] [stdout] test engine::tests::br_if_return ... ok
[INFO] [stdout] test engine::tests::br_table ... ok
[INFO] [stdout] test engine::tests::br_return ... ok
[INFO] [stdout] test engine::tests::explicit_return ... ok
[INFO] [stdout] test engine::tests::br_table_returns_result ... ok
[INFO] [stdout] test engine::tests::drop_locals ... ok
[INFO] [stdout] test engine::tests::get_local ... ok
[INFO] [stdout] test engine::tests::br_table_return ... ok
[INFO] [stdout] test engine::tests::get_local_2 ... ok
[INFO] [stdout] test engine::tests::get_local_3 ... ok
[INFO] [stdout] test engine::tests::if_else ... ok
[INFO] [stdout] test engine::tests::if_else_returns_result ... ok
[INFO] [stdout] test engine::tests::if_else_branch_from_false_branch ... ok
[INFO] [stdout] test engine::tests::if_else_branch_from_true_branch ... ok
[INFO] [stdout] test engine::tests::if_else_both_unreachable_before_end ... ok
[INFO] [stdout] test engine::tests::implicit_return_no_value ... ok
[INFO] [stdout] test engine::tests::implicit_return_param ... ok
[INFO] [stdout] test engine::tests::implicit_return_with_value ... ok
[INFO] [stdout] test engine::tests::if_without_else ... ok
[INFO] [stdout] test engine::tests::loop_empty ... ok
[INFO] [stdout] test engine::tests::loop_ ... ok
[INFO] [stdout] test engine::tests::metered_calls_01 ... ok
[INFO] [stdout] test engine::tests::metered_global_bump ... ok
[INFO] [stdout] test engine::tests::metered_block_in_if_01 ... ok
[INFO] [stdout] test engine::tests::metered_calls_02 ... ok
[INFO] [stdout] test engine::tests::metered_if_01 ... ok
[INFO] [stdout] test engine::tests::metered_block_in_if_02 ... ok
[INFO] [stdout] test engine::tests::metered_load_01 ... ok
[INFO] [stdout] test engine::tests::metered_nested_blocks ... ok
[INFO] [stdout] test engine::tests::metered_loop_in_if ... ok
[INFO] [stdout] test engine::tests::metered_calls_03 ... ok
[INFO] [stdout] test engine::tests::metered_nested_loops ... ok
[INFO] [stdout] test engine::tests::metered_simple_01 ... ok
[INFO] [stdout] test engine::tests::metered_simple_03 ... ok
[INFO] [stdout] test engine::tests::metered_simple_02 ... ok
[INFO] [stdout] test engine::tests::metered_store_01 ... ok
[INFO] [stdout] test engine::tests::simple_add ... ok
[INFO] [stdout] test externref::externref_sizeof ... ok
[INFO] [stdout] test externref::externref_null_to_zero ... ok
[INFO] [stdout] test engine::tests::simple_mul_add ... ok
[INFO] [stdout] test externref::tests::it_works ... ok
[INFO] [stdout] test func::func_type::tests::new_empty_works ... ok
[INFO] [stdout] test func::funcref::funcref_sizeof ... ok
[INFO] [stdout] test func::func_type::tests::new_works ... ok
[INFO] [stdout] test memory::tests::subtyping_works ... ok
[INFO] [stdout] test func::into_func::tests::into_func_trait_impls ... ok
[INFO] [stdout] test func::funcref::funcref_null_to_zero ... ok
[INFO] [stdout] test engine::tests::spec_as_br_if_value_cond ... ok
[INFO] [stdout] test module::instantiate::tests::test_internal_memory ... ok
[INFO] [stdout] test store::test_store_is_send_sync ... ok
[INFO] [stdout] test module::instantiate::tests::test_import_memory_and_table ... ok
[INFO] [stdout] test module::instantiate::tests::test_internal_table ... ok
[INFO] [stdout] test module::instantiate::tests::test_import_table ... ok
[INFO] [stdout] test linker::tests::linker_funcs_work ... ok
[INFO] [stdout] test table::tests::subtyping_works ... ok
[INFO] [stdout] test module::instantiate::tests::test_no_memory_no_table ... ok
[INFO] [stdout] test module::instantiate::tests::test_import_memory ... ok
[INFO] [stdout] test engine::tests::wabt_example ... FAILED
[INFO] [stdout] 
[INFO] [stdout] failures:
[INFO] [stdout] 
[INFO] [stdout] ---- engine::tests::wabt_example stdout ----
[INFO] [stdout] thread 'engine::tests::wabt_example' panicked at src/engine/tests.rs:17:25:
[INFO] [stdout] called `Result::unwrap()` on an `Err` value: Error { kind: Wast(Error { inner: ErrorInner { text: Some(Text { line: 4, col: 20, snippet: "                    get_local 0" }), file: None, span: Span { offset: 124 }, kind: Custom("unknown operator or unexpected token") } }) }
[INFO] [stdout] stack backtrace:
[INFO] [stdout]    0:     0x646c792f1b6a - std::backtrace_rs::backtrace::libunwind::trace::h207520d6e9873551
[INFO] [stdout]                                at /rustc/df4ca44d3fbc9301ee17f30f4d474e6ae4b05252/library/std/src/../../backtrace/src/backtrace/libunwind.rs:116:5
[INFO] [stdout]    1:     0x646c792f1b6a - std::backtrace_rs::backtrace::trace_unsynchronized::h2ed7433f370e3eca
[INFO] [stdout]                                at /rustc/df4ca44d3fbc9301ee17f30f4d474e6ae4b05252/library/std/src/../../backtrace/src/backtrace/mod.rs:66:5
[INFO] [stdout]    2:     0x646c792f1b6a - std::sys::backtrace::_print_fmt::h916fac51166b18d7
[INFO] [stdout]                                at /rustc/df4ca44d3fbc9301ee17f30f4d474e6ae4b05252/library/std/src/sys/backtrace.rs:66:9
[INFO] [stdout]    3:     0x646c792f1b6a - <std::sys::backtrace::BacktraceLock::print::DisplayBacktrace as core::fmt::Display>::fmt::ha0a4c9b8ce3802e6
[INFO] [stdout]                                at /rustc/df4ca44d3fbc9301ee17f30f4d474e6ae4b05252/library/std/src/sys/backtrace.rs:39:26
[INFO] [stdout]    4:     0x646c79319e43 - core::fmt::rt::Argument::fmt::h4cfc8587d52b3eb5
[INFO] [stdout]                                at /rustc/df4ca44d3fbc9301ee17f30f4d474e6ae4b05252/library/core/src/fmt/rt.rs:177:76
[INFO] [stdout]    5:     0x646c79319e43 - core::fmt::write::h522cc39e5b36ae9f
[INFO] [stdout]                                at /rustc/df4ca44d3fbc9301ee17f30f4d474e6ae4b05252/library/core/src/fmt/mod.rs:1190:21
[INFO] [stdout]    6:     0x646c792ee7d3 - std::io::Write::write_fmt::h7d3c26752da97734
[INFO] [stdout]                                at /rustc/df4ca44d3fbc9301ee17f30f4d474e6ae4b05252/library/std/src/io/mod.rs:1839:15
[INFO] [stdout]    7:     0x646c792f19b2 - std::sys::backtrace::BacktraceLock::print::h4b9e00b29e9c0942
[INFO] [stdout]                                at /rustc/df4ca44d3fbc9301ee17f30f4d474e6ae4b05252/library/std/src/sys/backtrace.rs:42:9
[INFO] [stdout]    8:     0x646c792f2ffa - std::panicking::default_hook::{{closure}}::hb59b88280d0324d9
[INFO] [stdout]                                at /rustc/df4ca44d3fbc9301ee17f30f4d474e6ae4b05252/library/std/src/panicking.rs:268:22
[INFO] [stdout]    9:     0x646c792f2e04 - std::panicking::default_hook::he1dd496665be4a29
[INFO] [stdout]                                at /rustc/df4ca44d3fbc9301ee17f30f4d474e6ae4b05252/library/std/src/panicking.rs:292:9
[INFO] [stdout]   10:     0x646c791efa69 - <alloc::boxed::Box<F,A> as core::ops::function::Fn<Args>>::call::h4ff71de18744e1dc
[INFO] [stdout]                                at /rustc/df4ca44d3fbc9301ee17f30f4d474e6ae4b05252/library/alloc/src/boxed.rs:2468:9
[INFO] [stdout]   11:     0x646c791efa69 - test::test_main::{{closure}}::hcf7c055ce117aa81
[INFO] [stdout]                                at /rustc/df4ca44d3fbc9301ee17f30f4d474e6ae4b05252/library/test/src/lib.rs:133:21
[INFO] [stdout]   12:     0x646c792f36f8 - <alloc::boxed::Box<F,A> as core::ops::function::Fn<Args>>::call::h1d66c6bbd60c9692
[INFO] [stdout]                                at /rustc/df4ca44d3fbc9301ee17f30f4d474e6ae4b05252/library/alloc/src/boxed.rs:2468:9
[INFO] [stdout]   13:     0x646c792f36f8 - std::panicking::rust_panic_with_hook::h2ff17fe8f26dfcf8
[INFO] [stdout]                                at /rustc/df4ca44d3fbc9301ee17f30f4d474e6ae4b05252/library/std/src/panicking.rs:809:13
[INFO] [stdout]   14:     0x646c792f34ba - std::panicking::begin_panic_handler::{{closure}}::h4fad77951c07e101
[INFO] [stdout]                                at /rustc/df4ca44d3fbc9301ee17f30f4d474e6ae4b05252/library/std/src/panicking.rs:674:13
[INFO] [stdout]   15:     0x646c792f2049 - std::sys::backtrace::__rust_end_short_backtrace::hb1a25b3da5d0ea08
[INFO] [stdout]                                at /rustc/df4ca44d3fbc9301ee17f30f4d474e6ae4b05252/library/std/src/sys/backtrace.rs:170:18
[INFO] [stdout]   16:     0x646c792f314c - rust_begin_unwind
[INFO] [stdout]                                at /rustc/df4ca44d3fbc9301ee17f30f4d474e6ae4b05252/library/std/src/panicking.rs:665:5
[INFO] [stdout]   17:     0x646c793184b0 - core::panicking::panic_fmt::ha9db07b529f9b256
[INFO] [stdout]                                at /rustc/df4ca44d3fbc9301ee17f30f4d474e6ae4b05252/library/core/src/panicking.rs:75:14
[INFO] [stdout]   18:     0x646c79318936 - core::result::unwrap_failed::h5e8218e4d4338b8a
[INFO] [stdout]                                at /rustc/df4ca44d3fbc9301ee17f30f4d474e6ae4b05252/library/core/src/result.rs:1698:5
[INFO] [stdout]   19:     0x646c78f9e194 - core::result::Result<T,E>::unwrap::h214b9be7d9389767
[INFO] [stdout]                                at /rustc/df4ca44d3fbc9301ee17f30f4d474e6ae4b05252/library/core/src/result.rs:1103:23
[INFO] [stdout]   20:     0x646c78f9e194 - gwasmi::engine::tests::wat2wasm::he9b79de91848ee83
[INFO] [stdout]                                at /opt/rustwide/workdir/src/engine/tests.rs:17:5
[INFO] [stdout]   21:     0x646c78fb405d - gwasmi::engine::tests::wabt_example::h519c8d2c03b4d47a
[INFO] [stdout]                                at /opt/rustwide/workdir/src/engine/tests.rs:741:16
[INFO] [stdout]   22:     0x646c78fb4017 - gwasmi::engine::tests::wabt_example::{{closure}}::h6de6dc90dd6e3c96
[INFO] [stdout]                                at /opt/rustwide/workdir/src/engine/tests.rs:740:18
[INFO] [stdout]   23:     0x646c78ee6e16 - core::ops::function::FnOnce::call_once::hfa180b2a332e5c3f
[INFO] [stdout]                                at /rustc/df4ca44d3fbc9301ee17f30f4d474e6ae4b05252/library/core/src/ops/function.rs:250:5
[INFO] [stdout]   24:     0x646c791f433b - core::ops::function::FnOnce::call_once::h22c3ba5715e93f05
[INFO] [stdout]                                at /rustc/df4ca44d3fbc9301ee17f30f4d474e6ae4b05252/library/core/src/ops/function.rs:250:5
[INFO] [stdout]   25:     0x646c791f433b - test::__rust_begin_short_backtrace::h8e82d8113d0da17f
[INFO] [stdout]                                at /rustc/df4ca44d3fbc9301ee17f30f4d474e6ae4b05252/library/test/src/lib.rs:621:18
[INFO] [stdout]   26:     0x646c791f3cb7 - test::run_test_in_process::{{closure}}::h33235f4f20b7b7c7
[INFO] [stdout]                                at /rustc/df4ca44d3fbc9301ee17f30f4d474e6ae4b05252/library/test/src/lib.rs:644:60
[INFO] [stdout]   27:     0x646c791f3cb7 - <core::panic::unwind_safe::AssertUnwindSafe<F> as core::ops::function::FnOnce<()>>::call_once::hb5043206310c586f
[INFO] [stdout]                                at /rustc/df4ca44d3fbc9301ee17f30f4d474e6ae4b05252/library/core/src/panic/unwind_safe.rs:272:9
[INFO] [stdout]   28:     0x646c791f3cb7 - std::panicking::try::do_call::h9ad4731a60ab23e2
[INFO] [stdout]                                at /rustc/df4ca44d3fbc9301ee17f30f4d474e6ae4b05252/library/std/src/panicking.rs:557:40
[INFO] [stdout]   29:     0x646c791f3cb7 - std::panicking::try::h3824d23db772a716
[INFO] [stdout]                                at /rustc/df4ca44d3fbc9301ee17f30f4d474e6ae4b05252/library/std/src/panicking.rs:520:19
[INFO] [stdout]   30:     0x646c791f3cb7 - std::panic::catch_unwind::h5afd514605fde46b
[INFO] [stdout]                                at /rustc/df4ca44d3fbc9301ee17f30f4d474e6ae4b05252/library/std/src/panic.rs:358:14
[INFO] [stdout]   31:     0x646c791f3cb7 - test::run_test_in_process::h0d5cbfa7067d1720
[INFO] [stdout]                                at /rustc/df4ca44d3fbc9301ee17f30f4d474e6ae4b05252/library/test/src/lib.rs:644:27
[INFO] [stdout]   32:     0x646c791f3cb7 - test::run_test::{{closure}}::h708eb8872708115d
[INFO] [stdout]                                at /rustc/df4ca44d3fbc9301ee17f30f4d474e6ae4b05252/library/test/src/lib.rs:565:43
[INFO] [stdout]   33:     0x646c791b73d4 - test::run_test::{{closure}}::h392c51cee94713ab
[INFO] [stdout]                                at /rustc/df4ca44d3fbc9301ee17f30f4d474e6ae4b05252/library/test/src/lib.rs:595:41
[INFO] [stdout]   34:     0x646c791b73d4 - std::sys::backtrace::__rust_begin_short_backtrace::h2f40290710935a8b
[INFO] [stdout]                                at /rustc/df4ca44d3fbc9301ee17f30f4d474e6ae4b05252/library/std/src/sys/backtrace.rs:154:18
[INFO] [stdout]   35:     0x646c791bab7e - std::thread::Builder::spawn_unchecked_::{{closure}}::{{closure}}::h3fd968d89053a903
[INFO] [stdout]                                at /rustc/df4ca44d3fbc9301ee17f30f4d474e6ae4b05252/library/std/src/thread/mod.rs:541:17
[INFO] [stdout]   36:     0x646c791bab7e - <core::panic::unwind_safe::AssertUnwindSafe<F> as core::ops::function::FnOnce<()>>::call_once::h743f637ba4229880
[INFO] [stdout]                                at /rustc/df4ca44d3fbc9301ee17f30f4d474e6ae4b05252/library/core/src/panic/unwind_safe.rs:272:9
[INFO] [stdout]   37:     0x646c791bab7e - std::panicking::try::do_call::h07440897322525a6
[INFO] [stdout]                                at /rustc/df4ca44d3fbc9301ee17f30f4d474e6ae4b05252/library/std/src/panicking.rs:557:40
[INFO] [stdout]   38:     0x646c791bab7e - std::panicking::try::he5a2e00188156637
[INFO] [stdout]                                at /rustc/df4ca44d3fbc9301ee17f30f4d474e6ae4b05252/library/std/src/panicking.rs:520:19
[INFO] [stdout]   39:     0x646c791bab7e - std::panic::catch_unwind::hbaf3cae49b3c6433
[INFO] [stdout]                                at /rustc/df4ca44d3fbc9301ee17f30f4d474e6ae4b05252/library/std/src/panic.rs:358:14
[INFO] [stdout]   40:     0x646c791bab7e - std::thread::Builder::spawn_unchecked_::{{closure}}::h8e141ea224820bce
[INFO] [stdout]                                at /rustc/df4ca44d3fbc9301ee17f30f4d474e6ae4b05252/library/std/src/thread/mod.rs:540:30
[INFO] [stdout]   41:     0x646c791bab7e - core::ops::function::FnOnce::call_once{{vtable.shim}}::h90d312fedd7b8ea8
[INFO] [stdout]                                at /rustc/df4ca44d3fbc9301ee17f30f4d474e6ae4b05252/library/core/src/ops/function.rs:250:5
[INFO] [stdout]   42:     0x646c792f757b - <alloc::boxed::Box<F,A> as core::ops::function::FnOnce<Args>>::call_once::h69aa08ddb6adb8b6
[INFO] [stdout]                                at /rustc/df4ca44d3fbc9301ee17f30f4d474e6ae4b05252/library/alloc/src/boxed.rs:2454:9
[INFO] [stdout]   43:     0x646c792f757b - <alloc::boxed::Box<F,A> as core::ops::function::FnOnce<Args>>::call_once::h5aa36efdb79c806f
[INFO] [stdout]                                at /rustc/df4ca44d3fbc9301ee17f30f4d474e6ae4b05252/library/alloc/src/boxed.rs:2454:9
[INFO] [stdout]   44:     0x646c792f757b - std::sys::pal::unix::thread::Thread::new::thread_start::h6cd80a1b4be5158d
[INFO] [stdout]                                at /rustc/df4ca44d3fbc9301ee17f30f4d474e6ae4b05252/library/std/src/sys/pal/unix/thread.rs:105:17
[INFO] [stdout]   45:     0x729d6809fac3 - <unknown>
[INFO] [stdout]   46:     0x729d68130a04 - clone
[INFO] [stdout]   47:                0x0 - <unknown>
[INFO] [stdout] 
[INFO] [stdout] 
[INFO] [stdout] failures:
[INFO] [stdout]     engine::tests::wabt_example
[INFO] [stdout] 
[INFO] [stdout] test result: FAILED. 59 passed; 1 failed; 0 ignored; 0 measured; 0 filtered out; finished in 0.02s
[INFO] [stdout] 
[INFO] [stderr] error: test failed, to rerun pass `--lib`
[INFO] running `Command { std: "docker" "inspect" "d713fe85526ffc4c39639231ea3b36802012115621cfaa2a3d972de39cf21ba7", kill_on_drop: false }`
[INFO] running `Command { std: "docker" "rm" "-f" "d713fe85526ffc4c39639231ea3b36802012115621cfaa2a3d972de39cf21ba7", kill_on_drop: false }`
[INFO] [stdout] d713fe85526ffc4c39639231ea3b36802012115621cfaa2a3d972de39cf21ba7
