[INFO] fetching crate gw-bin 0.4.0...
[INFO] testing gw-bin-0.4.0 against nightly-2024-10-28 for randomize-layout
[INFO] extracting crate gw-bin 0.4.0 into /workspace/builds/worker-2-tc1/source
[INFO] validating manifest of crates.io crate gw-bin 0.4.0 on toolchain nightly-2024-10-28
[INFO] running `Command { std: CARGO_HOME="/workspace/cargo-home" RUSTUP_HOME="/workspace/rustup-home" "/workspace/cargo-home/bin/cargo" "+nightly-2024-10-28" "metadata" "--manifest-path" "Cargo.toml" "--no-deps", kill_on_drop: false }`
[INFO] started tweaking crates.io crate gw-bin 0.4.0
[INFO] finished tweaking crates.io crate gw-bin 0.4.0
[INFO] tweaked toml for crates.io crate gw-bin 0.4.0 written to /workspace/builds/worker-2-tc1/source/Cargo.toml
[INFO] crate crates.io crate gw-bin 0.4.0 already has a lockfile, it will not be regenerated
[INFO] running `Command { std: CARGO_HOME="/workspace/cargo-home" RUSTUP_HOME="/workspace/rustup-home" "/workspace/cargo-home/bin/cargo" "+nightly-2024-10-28" "fetch" "--manifest-path" "Cargo.toml", kill_on_drop: false }`
[INFO] [stderr]     Updating crates.io index
[INFO] [stderr]  Downloading crates ...
[INFO] [stderr]   Downloaded predicates-tree v1.0.11
[INFO] [stderr]   Downloaded predicates v3.1.2
[INFO] [stderr]   Downloaded predicates-core v1.0.8
[INFO] [stderr]   Downloaded downcast v0.11.0
[INFO] [stderr]   Downloaded testing_logger v0.1.1
[INFO] [stderr]   Downloaded fragile v2.0.0
[INFO] [stderr]   Downloaded shared_child v1.0.1
[INFO] [stderr]   Downloaded duct_sh v0.13.7
[INFO] [stderr]   Downloaded mockall_derive v0.13.0
[INFO] [stderr]   Downloaded duration-string v0.4.0
[INFO] [stderr]   Downloaded cc v1.1.22
[INFO] [stderr]   Downloaded duct v0.13.7
[INFO] [stderr]   Downloaded gumdrop_derive v0.8.1
[INFO] [stderr]   Downloaded gumdrop v0.8.1
[INFO] [stderr]   Downloaded mockall v0.13.0
[INFO] running `Command { std: "docker" "create" "-v" "/var/lib/crater-agent-workspace/builds/worker-2-tc1/target:/opt/rustwide/target:rw,Z" "-v" "/var/lib/crater-agent-workspace/builds/worker-2-tc1/source:/opt/rustwide/workdir:ro,Z" "-v" "/var/lib/crater-agent-workspace/cargo-home:/opt/rustwide/cargo-home:ro,Z" "-v" "/var/lib/crater-agent-workspace/rustup-home:/opt/rustwide/rustup-home:ro,Z" "-e" "SOURCE_DIR=/opt/rustwide/workdir" "-e" "CARGO_TARGET_DIR=/opt/rustwide/target" "-e" "CARGO_HOME=/opt/rustwide/cargo-home" "-e" "RUSTUP_HOME=/opt/rustwide/rustup-home" "-w" "/opt/rustwide/workdir" "-m" "1610612736" "--user" "0:0" "--network" "none" "ghcr.io/rust-lang/crates-build-env/linux@sha256:4a844ea9eb2546a2d2c7022eacef16ef2e8229c7fbb2c7d4d55a9ceca922f72d" "/opt/rustwide/cargo-home/bin/cargo" "+nightly-2024-10-28" "metadata" "--no-deps" "--format-version=1", kill_on_drop: false }`
[INFO] [stdout] 1e51204e60a6e565cb91aa760a2fcf3d29a939a401cec8d93481fc292701d27b
[INFO] running `Command { std: "docker" "start" "-a" "1e51204e60a6e565cb91aa760a2fcf3d29a939a401cec8d93481fc292701d27b", kill_on_drop: false }`
[INFO] running `Command { std: "docker" "inspect" "1e51204e60a6e565cb91aa760a2fcf3d29a939a401cec8d93481fc292701d27b", kill_on_drop: false }`
[INFO] running `Command { std: "docker" "rm" "-f" "1e51204e60a6e565cb91aa760a2fcf3d29a939a401cec8d93481fc292701d27b", kill_on_drop: false }`
[INFO] [stdout] 1e51204e60a6e565cb91aa760a2fcf3d29a939a401cec8d93481fc292701d27b
[INFO] running `Command { std: "docker" "create" "-v" "/var/lib/crater-agent-workspace/builds/worker-2-tc1/target:/opt/rustwide/target:rw,Z" "-v" "/var/lib/crater-agent-workspace/builds/worker-2-tc1/source:/opt/rustwide/workdir:ro,Z" "-v" "/var/lib/crater-agent-workspace/cargo-home:/opt/rustwide/cargo-home:ro,Z" "-v" "/var/lib/crater-agent-workspace/rustup-home:/opt/rustwide/rustup-home:ro,Z" "-e" "SOURCE_DIR=/opt/rustwide/workdir" "-e" "CARGO_TARGET_DIR=/opt/rustwide/target" "-e" "CARGO_INCREMENTAL=0" "-e" "RUST_BACKTRACE=full" "-e" "RUSTFLAGS=--cap-lints=forbid" "-e" "RUSTDOCFLAGS=--cap-lints=forbid" "-e" "CARGO_HOME=/opt/rustwide/cargo-home" "-e" "RUSTUP_HOME=/opt/rustwide/rustup-home" "-w" "/opt/rustwide/workdir" "-m" "1610612736" "--user" "0:0" "--network" "none" "ghcr.io/rust-lang/crates-build-env/linux@sha256:4a844ea9eb2546a2d2c7022eacef16ef2e8229c7fbb2c7d4d55a9ceca922f72d" "/opt/rustwide/cargo-home/bin/cargo" "+nightly-2024-10-28" "build" "--frozen" "--message-format=json", kill_on_drop: false }`
[INFO] [stdout] cd7c7e8b1d67159ddd02ce10df14f58e27469167632ba8952ed6c1bcbe4b5b91
[INFO] running `Command { std: "docker" "start" "-a" "cd7c7e8b1d67159ddd02ce10df14f58e27469167632ba8952ed6c1bcbe4b5b91", kill_on_drop: false }`
[INFO] [stderr]    Compiling libc v0.2.159
[INFO] [stderr]    Compiling shlex v1.3.0
[INFO] [stderr]    Compiling proc-macro2 v1.0.86
[INFO] [stderr]    Compiling syn v1.0.109
[INFO] [stderr]    Compiling mockall_derive v0.13.0
[INFO] [stderr]    Compiling unicode-bidi v0.3.15
[INFO] [stderr]    Compiling cfg_aliases v0.2.1
[INFO] [stderr]    Compiling predicates-core v1.0.8
[INFO] [stderr]    Compiling time-macros v0.2.18
[INFO] [stderr]    Compiling nix v0.29.0
[INFO] [stderr]    Compiling signal-hook v0.3.17
[INFO] [stderr]    Compiling termtree v0.4.1
[INFO] [stderr]    Compiling thiserror v1.0.64
[INFO] [stderr]    Compiling idna v0.5.0
[INFO] [stderr]    Compiling predicates-tree v1.0.11
[INFO] [stderr]    Compiling predicates v3.1.2
[INFO] [stderr]    Compiling quote v1.0.37
[INFO] [stderr]    Compiling downcast v0.11.0
[INFO] [stderr]    Compiling syn v2.0.77
[INFO] [stderr]    Compiling jobserver v0.1.32
[INFO] [stderr]    Compiling url v2.5.2
[INFO] [stderr]    Compiling cc v1.1.22
[INFO] [stderr]    Compiling fragile v2.0.0
[INFO] [stderr]    Compiling ascii v1.1.0
[INFO] [stderr]    Compiling chunked_transfer v1.5.0
[INFO] [stderr]    Compiling duration-string v0.4.0
[INFO] [stderr]    Compiling tiny_http v0.12.0
[INFO] [stderr]    Compiling os_pipe v1.2.1
[INFO] [stderr]    Compiling shared_child v1.0.1
[INFO] [stderr]    Compiling dirs-sys v0.4.1
[INFO] [stderr]    Compiling signal-hook-registry v1.4.2
[INFO] [stderr]    Compiling duct v0.13.7
[INFO] [stderr]    Compiling time v0.3.36
[INFO] [stderr]    Compiling duct_sh v0.13.7
[INFO] [stderr]    Compiling dirs v5.0.1
[INFO] [stderr]    Compiling libz-sys v1.1.20
[INFO] [stderr]    Compiling openssl-sys v0.9.103
[INFO] [stderr]    Compiling libssh2-sys v0.3.0
[INFO] [stderr]    Compiling libgit2-sys v0.17.0+1.8.1
[INFO] [stderr]    Compiling gumdrop_derive v0.8.1
[INFO] [stderr]    Compiling simplelog v0.12.2
[INFO] [stderr]    Compiling gumdrop v0.8.1
[INFO] [stderr]    Compiling thiserror-impl v1.0.64
[INFO] [stderr]    Compiling mockall v0.13.0
[INFO] [stderr]    Compiling git2 v0.19.0
[INFO] [stderr]    Compiling gw-bin v0.4.0 (/opt/rustwide/workdir)
[INFO] [stderr]     Finished `dev` profile [unoptimized + debuginfo] target(s) in 23.01s
[INFO] running `Command { std: "docker" "inspect" "cd7c7e8b1d67159ddd02ce10df14f58e27469167632ba8952ed6c1bcbe4b5b91", kill_on_drop: false }`
[INFO] running `Command { std: "docker" "rm" "-f" "cd7c7e8b1d67159ddd02ce10df14f58e27469167632ba8952ed6c1bcbe4b5b91", kill_on_drop: false }`
[INFO] [stdout] cd7c7e8b1d67159ddd02ce10df14f58e27469167632ba8952ed6c1bcbe4b5b91
[INFO] running `Command { std: "docker" "create" "-v" "/var/lib/crater-agent-workspace/builds/worker-2-tc1/target:/opt/rustwide/target:rw,Z" "-v" "/var/lib/crater-agent-workspace/builds/worker-2-tc1/source:/opt/rustwide/workdir:ro,Z" "-v" "/var/lib/crater-agent-workspace/cargo-home:/opt/rustwide/cargo-home:ro,Z" "-v" "/var/lib/crater-agent-workspace/rustup-home:/opt/rustwide/rustup-home:ro,Z" "-e" "SOURCE_DIR=/opt/rustwide/workdir" "-e" "CARGO_TARGET_DIR=/opt/rustwide/target" "-e" "CARGO_INCREMENTAL=0" "-e" "RUST_BACKTRACE=full" "-e" "RUSTFLAGS=--cap-lints=forbid" "-e" "RUSTDOCFLAGS=--cap-lints=forbid" "-e" "CARGO_HOME=/opt/rustwide/cargo-home" "-e" "RUSTUP_HOME=/opt/rustwide/rustup-home" "-w" "/opt/rustwide/workdir" "-m" "1610612736" "--user" "0:0" "--network" "none" "ghcr.io/rust-lang/crates-build-env/linux@sha256:4a844ea9eb2546a2d2c7022eacef16ef2e8229c7fbb2c7d4d55a9ceca922f72d" "/opt/rustwide/cargo-home/bin/cargo" "+nightly-2024-10-28" "test" "--frozen" "--no-run" "--message-format=json", kill_on_drop: false }`
[INFO] [stdout] af7f9b471df6df1177acc72f244de9c38c55b5158c6e85e17c2de8e8b9a0598d
[INFO] running `Command { std: "docker" "start" "-a" "af7f9b471df6df1177acc72f244de9c38c55b5158c6e85e17c2de8e8b9a0598d", kill_on_drop: false }`
[INFO] [stderr]    Compiling zerocopy-derive v0.7.35
[INFO] [stderr]    Compiling getrandom v0.2.15
[INFO] [stderr]    Compiling ureq v2.10.1
[INFO] [stderr]    Compiling testing_logger v0.1.1
[INFO] [stderr]    Compiling rand_core v0.6.4
[INFO] [stderr]    Compiling zerocopy v0.7.35
[INFO] [stderr]    Compiling ppv-lite86 v0.2.20
[INFO] [stderr]    Compiling rand_chacha v0.3.1
[INFO] [stderr]    Compiling rand v0.8.5
[INFO] [stderr]    Compiling gw-bin v0.4.0 (/opt/rustwide/workdir)
[INFO] [stderr]     Finished `test` profile [unoptimized + debuginfo] target(s) in 2.80s
[INFO] running `Command { std: "docker" "inspect" "af7f9b471df6df1177acc72f244de9c38c55b5158c6e85e17c2de8e8b9a0598d", kill_on_drop: false }`
[INFO] running `Command { std: "docker" "rm" "-f" "af7f9b471df6df1177acc72f244de9c38c55b5158c6e85e17c2de8e8b9a0598d", kill_on_drop: false }`
[INFO] [stdout] af7f9b471df6df1177acc72f244de9c38c55b5158c6e85e17c2de8e8b9a0598d
[INFO] running `Command { std: "docker" "create" "-v" "/var/lib/crater-agent-workspace/builds/worker-2-tc1/target:/opt/rustwide/target:rw,Z" "-v" "/var/lib/crater-agent-workspace/builds/worker-2-tc1/source:/opt/rustwide/workdir:ro,Z" "-v" "/var/lib/crater-agent-workspace/cargo-home:/opt/rustwide/cargo-home:ro,Z" "-v" "/var/lib/crater-agent-workspace/rustup-home:/opt/rustwide/rustup-home:ro,Z" "-e" "SOURCE_DIR=/opt/rustwide/workdir" "-e" "CARGO_TARGET_DIR=/opt/rustwide/target" "-e" "CARGO_INCREMENTAL=0" "-e" "RUST_BACKTRACE=full" "-e" "RUSTFLAGS=--cap-lints=forbid" "-e" "RUSTDOCFLAGS=--cap-lints=forbid" "-e" "CARGO_HOME=/opt/rustwide/cargo-home" "-e" "RUSTUP_HOME=/opt/rustwide/rustup-home" "-w" "/opt/rustwide/workdir" "-m" "1610612736" "--user" "0:0" "--network" "none" "ghcr.io/rust-lang/crates-build-env/linux@sha256:4a844ea9eb2546a2d2c7022eacef16ef2e8229c7fbb2c7d4d55a9ceca922f72d" "/opt/rustwide/cargo-home/bin/cargo" "+nightly-2024-10-28" "test" "--frozen", kill_on_drop: false }`
[INFO] [stdout] c10b0c6d34e188dbd8614ac78bc3b68e03458417a633aca498c21bd4332d2334
[INFO] running `Command { std: "docker" "start" "-a" "c10b0c6d34e188dbd8614ac78bc3b68e03458417a633aca498c21bd4332d2334", kill_on_drop: false }`
[INFO] [stderr]     Finished `test` profile [unoptimized + debuginfo] target(s) in 0.05s
[INFO] [stderr]      Running unittests src/lib.rs (/opt/rustwide/target/debug/deps/gw_bin-318d36b92662b6c0)
[INFO] [stdout] 
[INFO] [stdout] running 39 tests
[INFO] [stdout] test actions::process::tests::it_should_fail_if_command_is_invalid ... ok
[INFO] [stdout] test actions::process::tests::it_should_fail_if_signal_is_invalid ... ok
[INFO] [stdout] test actions::script::tests::it_should_create_new_script ... ok
[INFO] [stdout] test actions::script::tests::it_should_fail_if_command_is_invalid ... ok
[INFO] [stdout] test actions::script::tests::it_should_catch_error_output ... ok
[INFO] [stdout] test actions::script::tests::it_should_record_if_the_script_returns_non_utf8 ... FAILED
[INFO] [stdout] test actions::script::tests::it_should_fail_if_the_script_fails ... ok
[INFO] [stdout] test actions::script::tests::it_should_run_the_script ... ok
[INFO] [stdout] test checks::git::tests::it_should_fail_if_repository_is_not_accessible ... FAILED
[INFO] [stdout] test checks::git::tests::it_should_fail_if_the_working_tree_is_dirty ... FAILED
[INFO] [stdout] test checks::git::tests::it_should_fail_if_there_is_a_merge_conflict ... FAILED
[INFO] [stdout] test checks::git::tests::it_should_fail_if_there_is_no_remote ... FAILED
[INFO] [stdout] test checks::git::tests::it_should_fail_if_we_are_not_on_a_branch ... FAILED
[INFO] [stdout] test checks::git::tests::it_should_open_a_repository ... FAILED
[INFO] [stdout] test checks::git::tests::it_should_return_false_if_the_remote_didnt_change ... FAILED
[INFO] [stdout] test checks::git::tests::it_should_return_true_if_the_remote_changes ... FAILED
[INFO] [stdout] test checks::git::tests::it_should_return_true_if_the_remote_changes_even_with_tags ... FAILED
[INFO] [stdout] test start::tests::it_should_call_once ... ok
[INFO] [stdout] test start::tests::it_should_fail_without_triggers ... ok
[INFO] [stdout] test actions::script::tests::it_should_keep_the_already_set_env_vars ... ok
[INFO] [stdout] test start::tests::it_should_not_run_on_a_failed_check ... ok
[INFO] [stdout] test actions::script::tests::it_should_set_the_env_vars ... ok
[INFO] [stdout] test triggers::http::tests::it_should_be_created_from_http_url ... ok
[INFO] [stdout] test triggers::http::tests::it_should_fail_if_http_url_invalid ... ok
[INFO] [stdout] test start::tests::it_should_not_run_on_a_false_check ... ok
[INFO] [stdout] test triggers::once::tests::it_should_trigger_once_and_stop ... ok
[INFO] [stdout] test triggers::schedule::tests::it_should_be_created_from_duration ... ok
[INFO] [stdout] test triggers::schedule::tests::it_should_be_created_from_duration_and_timeout ... ok
[INFO] [stdout] test actions::process::tests::it_should_reset_the_retries ... FAILED
[INFO] [stdout] test triggers::schedule::tests::it_should_not_trigger_on_a_send_error ... ok
[INFO] [stdout] test checks::git::tests::it_should_fail_if_path_is_invalid ... ok
[INFO] [stdout] test triggers::signal::tests::it_should_trigger_on_the_first_signal ... ok
[INFO] [stdout] test triggers::http::tests::it_should_return_ok_on_every_request ... ok
[INFO] [stdout] test triggers::http::tests::it_should_fail_if_sending_fails ... ok
[INFO] [stdout] test triggers::schedule::tests::it_should_not_continue_after_the_timeout ... ok
[INFO] [stdout] test triggers::schedule::tests::it_should_trigger_every_100_ms ... ok
[INFO] [stdout] test actions::process::tests::it_should_retry_the_process_if_it_exits_until_the_retry_count ... ok
[INFO] [stdout] test actions::process::tests::it_should_start_a_new_process ... ok
[INFO] [stdout] test actions::process::tests::it_should_restart_the_process_gracefully ... ok
[INFO] [stdout] 
[INFO] [stdout] failures:
[INFO] [stdout] 
[INFO] [stdout] ---- actions::script::tests::it_should_record_if_the_script_returns_non_utf8 stdout ----
[INFO] [stdout] Error: ScriptFailure(Os { code: 2, kind: NotFound, message: "No such file or directory" })
[INFO] [stdout] 
[INFO] [stdout] ---- checks::git::tests::it_should_fail_if_repository_is_not_accessible stdout ----
[INFO] [stdout] Error: Os { code: 30, kind: ReadOnlyFilesystem, message: "Read-only file system" }
[INFO] [stdout] 
[INFO] [stdout] ---- checks::git::tests::it_should_fail_if_the_working_tree_is_dirty stdout ----
[INFO] [stdout] Error: Os { code: 30, kind: ReadOnlyFilesystem, message: "Read-only file system" }
[INFO] [stdout] 
[INFO] [stdout] ---- checks::git::tests::it_should_fail_if_there_is_a_merge_conflict stdout ----
[INFO] [stdout] Error: Os { code: 30, kind: ReadOnlyFilesystem, message: "Read-only file system" }
[INFO] [stdout] 
[INFO] [stdout] ---- checks::git::tests::it_should_fail_if_there_is_no_remote stdout ----
[INFO] [stdout] Error: Os { code: 30, kind: ReadOnlyFilesystem, message: "Read-only file system" }
[INFO] [stdout] 
[INFO] [stdout] ---- checks::git::tests::it_should_fail_if_we_are_not_on_a_branch stdout ----
[INFO] [stdout] Error: Os { code: 30, kind: ReadOnlyFilesystem, message: "Read-only file system" }
[INFO] [stdout] 
[INFO] [stdout] ---- checks::git::tests::it_should_open_a_repository stdout ----
[INFO] [stdout] Error: Os { code: 30, kind: ReadOnlyFilesystem, message: "Read-only file system" }
[INFO] [stdout] 
[INFO] [stdout] ---- checks::git::tests::it_should_return_false_if_the_remote_didnt_change stdout ----
[INFO] [stdout] Error: Os { code: 30, kind: ReadOnlyFilesystem, message: "Read-only file system" }
[INFO] [stdout] 
[INFO] [stdout] ---- checks::git::tests::it_should_return_true_if_the_remote_changes stdout ----
[INFO] [stdout] Error: Os { code: 30, kind: ReadOnlyFilesystem, message: "Read-only file system" }
[INFO] [stdout] 
[INFO] [stdout] ---- checks::git::tests::it_should_return_true_if_the_remote_changes_even_with_tags stdout ----
[INFO] [stdout] Error: Os { code: 30, kind: ReadOnlyFilesystem, message: "Read-only file system" }
[INFO] [stdout] 
[INFO] [stdout] ---- actions::process::tests::it_should_reset_the_retries stdout ----
[INFO] [stdout] thread 'actions::process::tests::it_should_reset_the_retries' panicked at src/actions/process.rs:476:36:
[INFO] [stdout] called `Result::unwrap()` on an `Err` value: Os { code: 30, kind: ReadOnlyFilesystem, message: "Read-only file system" }
[INFO] [stdout] stack backtrace:
[INFO] [stdout]    0:     0x5f12fb19de0a - std::backtrace_rs::backtrace::libunwind::trace::h207520d6e9873551
[INFO] [stdout]                                at /rustc/df4ca44d3fbc9301ee17f30f4d474e6ae4b05252/library/std/src/../../backtrace/src/backtrace/libunwind.rs:116:5
[INFO] [stdout]    1:     0x5f12fb19de0a - std::backtrace_rs::backtrace::trace_unsynchronized::h2ed7433f370e3eca
[INFO] [stdout]                                at /rustc/df4ca44d3fbc9301ee17f30f4d474e6ae4b05252/library/std/src/../../backtrace/src/backtrace/mod.rs:66:5
[INFO] [stdout]    2:     0x5f12fb19de0a - std::sys::backtrace::_print_fmt::h916fac51166b18d7
[INFO] [stdout]                                at /rustc/df4ca44d3fbc9301ee17f30f4d474e6ae4b05252/library/std/src/sys/backtrace.rs:66:9
[INFO] [stdout]    3:     0x5f12fb19de0a - <std::sys::backtrace::BacktraceLock::print::DisplayBacktrace as core::fmt::Display>::fmt::ha0a4c9b8ce3802e6
[INFO] [stdout]                                at /rustc/df4ca44d3fbc9301ee17f30f4d474e6ae4b05252/library/std/src/sys/backtrace.rs:39:26
[INFO] [stdout]    4:     0x5f12fb1cba73 - core::fmt::rt::Argument::fmt::h4cfc8587d52b3eb5
[INFO] [stdout]                                at /rustc/df4ca44d3fbc9301ee17f30f4d474e6ae4b05252/library/core/src/fmt/rt.rs:177:76
[INFO] [stdout]    5:     0x5f12fb1cba73 - core::fmt::write::h522cc39e5b36ae9f
[INFO] [stdout]                                at /rustc/df4ca44d3fbc9301ee17f30f4d474e6ae4b05252/library/core/src/fmt/mod.rs:1190:21
[INFO] [stdout]    6:     0x5f12fb198a93 - std::io::Write::write_fmt::h7d3c26752da97734
[INFO] [stdout]                                at /rustc/df4ca44d3fbc9301ee17f30f4d474e6ae4b05252/library/std/src/io/mod.rs:1839:15
[INFO] [stdout]    7:     0x5f12fb19dc52 - std::sys::backtrace::BacktraceLock::print::h4b9e00b29e9c0942
[INFO] [stdout]                                at /rustc/df4ca44d3fbc9301ee17f30f4d474e6ae4b05252/library/std/src/sys/backtrace.rs:42:9
[INFO] [stdout]    8:     0x5f12fb19f31a - std::panicking::default_hook::{{closure}}::hb59b88280d0324d9
[INFO] [stdout]                                at /rustc/df4ca44d3fbc9301ee17f30f4d474e6ae4b05252/library/std/src/panicking.rs:268:22
[INFO] [stdout]    9:     0x5f12fb19f124 - std::panicking::default_hook::he1dd496665be4a29
[INFO] [stdout]                                at /rustc/df4ca44d3fbc9301ee17f30f4d474e6ae4b05252/library/std/src/panicking.rs:292:9
[INFO] [stdout]   10:     0x5f12faee0259 - <alloc::boxed::Box<F,A> as core::ops::function::Fn<Args>>::call::h4ff71de18744e1dc
[INFO] [stdout]                                at /rustc/df4ca44d3fbc9301ee17f30f4d474e6ae4b05252/library/alloc/src/boxed.rs:2468:9
[INFO] [stdout]   11:     0x5f12faee0259 - test::test_main::{{closure}}::hcf7c055ce117aa81
[INFO] [stdout]                                at /rustc/df4ca44d3fbc9301ee17f30f4d474e6ae4b05252/library/test/src/lib.rs:133:21
[INFO] [stdout]   12:     0x5f12fb19fa18 - <alloc::boxed::Box<F,A> as core::ops::function::Fn<Args>>::call::h1d66c6bbd60c9692
[INFO] [stdout]                                at /rustc/df4ca44d3fbc9301ee17f30f4d474e6ae4b05252/library/alloc/src/boxed.rs:2468:9
[INFO] [stdout]   13:     0x5f12fb19fa18 - std::panicking::rust_panic_with_hook::h2ff17fe8f26dfcf8
[INFO] [stdout]                                at /rustc/df4ca44d3fbc9301ee17f30f4d474e6ae4b05252/library/std/src/panicking.rs:809:13
[INFO] [stdout]   14:     0x5f12fb19f7da - std::panicking::begin_panic_handler::{{closure}}::h4fad77951c07e101
[INFO] [stdout]                                at /rustc/df4ca44d3fbc9301ee17f30f4d474e6ae4b05252/library/std/src/panicking.rs:674:13
[INFO] [stdout]   15:     0x5f12fb19e2e9 - std::sys::backtrace::__rust_end_short_backtrace::hb1a25b3da5d0ea08
[INFO] [stdout]                                at /rustc/df4ca44d3fbc9301ee17f30f4d474e6ae4b05252/library/std/src/sys/backtrace.rs:170:18
[INFO] [stdout]   16:     0x5f12fb19f46c - rust_begin_unwind
[INFO] [stdout]                                at /rustc/df4ca44d3fbc9301ee17f30f4d474e6ae4b05252/library/std/src/panicking.rs:665:5
[INFO] [stdout]   17:     0x5f12fb1c9760 - core::panicking::panic_fmt::ha9db07b529f9b256
[INFO] [stdout]                                at /rustc/df4ca44d3fbc9301ee17f30f4d474e6ae4b05252/library/core/src/panicking.rs:75:14
[INFO] [stdout]   18:     0x5f12fb1c9be6 - core::result::unwrap_failed::h5e8218e4d4338b8a
[INFO] [stdout]                                at /rustc/df4ca44d3fbc9301ee17f30f4d474e6ae4b05252/library/core/src/result.rs:1698:5
[INFO] [stdout]   19:     0x5f12fadd6d04 - core::result::Result<T,E>::unwrap::hcc3bbdb17b291019
[INFO] [stdout]                                at /rustc/df4ca44d3fbc9301ee17f30f4d474e6ae4b05252/library/core/src/result.rs:1103:23
[INFO] [stdout]   20:     0x5f12fadd6d04 - gw_bin::actions::process::tests::it_should_reset_the_retries::ha3de9593fb5d618f
[INFO] [stdout]                                at /opt/rustwide/workdir/src/actions/process.rs:476:9
[INFO] [stdout]   21:     0x5f12fadd66fc - gw_bin::actions::process::tests::it_should_reset_the_retries::{{closure}}::h80ae51eb5526fcc3
[INFO] [stdout]                                at /opt/rustwide/workdir/src/actions/process.rs:467:41
[INFO] [stdout]   22:     0x5f12fadfd6b6 - core::ops::function::FnOnce::call_once::h287206d640e2a1d9
[INFO] [stdout]                                at /rustc/df4ca44d3fbc9301ee17f30f4d474e6ae4b05252/library/core/src/ops/function.rs:250:5
[INFO] [stdout]   23:     0x5f12faee4b2b - core::ops::function::FnOnce::call_once::h22c3ba5715e93f05
[INFO] [stdout]                                at /rustc/df4ca44d3fbc9301ee17f30f4d474e6ae4b05252/library/core/src/ops/function.rs:250:5
[INFO] [stdout]   24:     0x5f12faee4b2b - test::__rust_begin_short_backtrace::h8e82d8113d0da17f
[INFO] [stdout]                                at /rustc/df4ca44d3fbc9301ee17f30f4d474e6ae4b05252/library/test/src/lib.rs:621:18
[INFO] [stdout]   25:     0x5f12faee44a7 - test::run_test_in_process::{{closure}}::h33235f4f20b7b7c7
[INFO] [stdout]                                at /rustc/df4ca44d3fbc9301ee17f30f4d474e6ae4b05252/library/test/src/lib.rs:644:60
[INFO] [stdout]   26:     0x5f12faee44a7 - <core::panic::unwind_safe::AssertUnwindSafe<F> as core::ops::function::FnOnce<()>>::call_once::hb5043206310c586f
[INFO] [stdout]                                at /rustc/df4ca44d3fbc9301ee17f30f4d474e6ae4b05252/library/core/src/panic/unwind_safe.rs:272:9
[INFO] [stdout]   27:     0x5f12faee44a7 - std::panicking::try::do_call::h9ad4731a60ab23e2
[INFO] [stdout]                                at /rustc/df4ca44d3fbc9301ee17f30f4d474e6ae4b05252/library/std/src/panicking.rs:557:40
[INFO] [stdout]   28:     0x5f12faee44a7 - std::panicking::try::h3824d23db772a716
[INFO] [stdout]                                at /rustc/df4ca44d3fbc9301ee17f30f4d474e6ae4b05252/library/std/src/panicking.rs:520:19
[INFO] [stdout]   29:     0x5f12faee44a7 - std::panic::catch_unwind::h5afd514605fde46b
[INFO] [stdout]                                at /rustc/df4ca44d3fbc9301ee17f30f4d474e6ae4b05252/library/std/src/panic.rs:358:14
[INFO] [stdout]   30:     0x5f12faee44a7 - test::run_test_in_process::h0d5cbfa7067d1720
[INFO] [stdout]                                at /rustc/df4ca44d3fbc9301ee17f30f4d474e6ae4b05252/library/test/src/lib.rs:644:27
[INFO] [stdout]   31:     0x5f12faee44a7 - test::run_test::{{closure}}::h708eb8872708115d
[INFO] [stdout]                                at /rustc/df4ca44d3fbc9301ee17f30f4d474e6ae4b05252/library/test/src/lib.rs:565:43
[INFO] [stdout]   32:     0x5f12faea7bc4 - test::run_test::{{closure}}::h392c51cee94713ab
[INFO] [stdout]                                at /rustc/df4ca44d3fbc9301ee17f30f4d474e6ae4b05252/library/test/src/lib.rs:595:41
[INFO] [stdout]   33:     0x5f12faea7bc4 - std::sys::backtrace::__rust_begin_short_backtrace::h2f40290710935a8b
[INFO] [stdout]                                at /rustc/df4ca44d3fbc9301ee17f30f4d474e6ae4b05252/library/std/src/sys/backtrace.rs:154:18
[INFO] [stdout]   34:     0x5f12faeab36e - std::thread::Builder::spawn_unchecked_::{{closure}}::{{closure}}::h3fd968d89053a903
[INFO] [stdout]                                at /rustc/df4ca44d3fbc9301ee17f30f4d474e6ae4b05252/library/std/src/thread/mod.rs:541:17
[INFO] [stdout]   35:     0x5f12faeab36e - <core::panic::unwind_safe::AssertUnwindSafe<F> as core::ops::function::FnOnce<()>>::call_once::h743f637ba4229880
[INFO] [stdout]                                at /rustc/df4ca44d3fbc9301ee17f30f4d474e6ae4b05252/library/core/src/panic/unwind_safe.rs:272:9
[INFO] [stdout]   36:     0x5f12faeab36e - std::panicking::try::do_call::h07440897322525a6
[INFO] [stdout]                                at /rustc/df4ca44d3fbc9301ee17f30f4d474e6ae4b05252/library/std/src/panicking.rs:557:40
[INFO] [stdout]   37:     0x5f12faeab36e - std::panicking::try::he5a2e00188156637
[INFO] [stdout]                                at /rustc/df4ca44d3fbc9301ee17f30f4d474e6ae4b05252/library/std/src/panicking.rs:520:19
[INFO] [stdout]   38:     0x5f12faeab36e - std::panic::catch_unwind::hbaf3cae49b3c6433
[INFO] [stdout]                                at /rustc/df4ca44d3fbc9301ee17f30f4d474e6ae4b05252/library/std/src/panic.rs:358:14
[INFO] [stdout]   39:     0x5f12faeab36e - std::thread::Builder::spawn_unchecked_::{{closure}}::h8e141ea224820bce
[INFO] [stdout]                                at /rustc/df4ca44d3fbc9301ee17f30f4d474e6ae4b05252/library/std/src/thread/mod.rs:540:30
[INFO] [stdout]   40:     0x5f12faeab36e - core::ops::function::FnOnce::call_once{{vtable.shim}}::h90d312fedd7b8ea8
[INFO] [stdout]                                at /rustc/df4ca44d3fbc9301ee17f30f4d474e6ae4b05252/library/core/src/ops/function.rs:250:5
[INFO] [stdout]   41:     0x5f12fb1a589b - <alloc::boxed::Box<F,A> as core::ops::function::FnOnce<Args>>::call_once::h69aa08ddb6adb8b6
[INFO] [stdout]                                at /rustc/df4ca44d3fbc9301ee17f30f4d474e6ae4b05252/library/alloc/src/boxed.rs:2454:9
[INFO] [stdout]   42:     0x5f12fb1a589b - <alloc::boxed::Box<F,A> as core::ops::function::FnOnce<Args>>::call_once::h5aa36efdb79c806f
[INFO] [stdout]                                at /rustc/df4ca44d3fbc9301ee17f30f4d474e6ae4b05252/library/alloc/src/boxed.rs:2454:9
[INFO] [stdout]   43:     0x5f12fb1a589b - std::sys::pal::unix::thread::Thread::new::thread_start::h6cd80a1b4be5158d
[INFO] [stdout]                                at /rustc/df4ca44d3fbc9301ee17f30f4d474e6ae4b05252/library/std/src/sys/pal/unix/thread.rs:105:17
[INFO] [stdout]   44:     0x7e5bbef80ac3 - <unknown>
[INFO] [stdout]   45:     0x7e5bbf011a04 - clone
[INFO] [stdout]   46:                0x0 - <unknown>
[INFO] [stdout] 
[INFO] [stdout] 
[INFO] [stdout] failures:
[INFO] [stdout]     actions::process::tests::it_should_reset_the_retries
[INFO] [stdout]     actions::script::tests::it_should_record_if_the_script_returns_non_utf8
[INFO] [stdout]     checks::git::tests::it_should_fail_if_repository_is_not_accessible
[INFO] [stdout]     checks::git::tests::it_should_fail_if_the_working_tree_is_dirty
[INFO] [stdout]     checks::git::tests::it_should_fail_if_there_is_a_merge_conflict
[INFO] [stdout]     checks::git::tests::it_should_fail_if_there_is_no_remote
[INFO] [stdout]     checks::git::tests::it_should_fail_if_we_are_not_on_a_branch
[INFO] [stdout]     checks::git::tests::it_should_open_a_repository
[INFO] [stdout]     checks::git::tests::it_should_return_false_if_the_remote_didnt_change
[INFO] [stdout]     checks::git::tests::it_should_return_true_if_the_remote_changes
[INFO] [stdout]     checks::git::tests::it_should_return_true_if_the_remote_changes_even_with_tags
[INFO] [stdout] 
[INFO] [stdout] test result: FAILED. 28 passed; 11 failed; 0 ignored; 0 measured; 0 filtered out; finished in 2.00s
[INFO] [stdout] 
[INFO] [stderr] error: test failed, to rerun pass `--lib`
[INFO] running `Command { std: "docker" "inspect" "c10b0c6d34e188dbd8614ac78bc3b68e03458417a633aca498c21bd4332d2334", kill_on_drop: false }`
[INFO] running `Command { std: "docker" "rm" "-f" "c10b0c6d34e188dbd8614ac78bc3b68e03458417a633aca498c21bd4332d2334", kill_on_drop: false }`
[INFO] [stdout] c10b0c6d34e188dbd8614ac78bc3b68e03458417a633aca498c21bd4332d2334
