[INFO] fetching crate gurkle_codegen 0.3.0...
[INFO] testing gurkle_codegen-0.3.0 against nightly-2024-10-28+rustflags=-Zrandomize-layout for randomize-layout
[INFO] extracting crate gurkle_codegen 0.3.0 into /workspace/builds/worker-4-tc2/source
[INFO] validating manifest of crates.io crate gurkle_codegen 0.3.0 on toolchain nightly-2024-10-28
[INFO] running `Command { std: CARGO_HOME="/workspace/cargo-home" RUSTUP_HOME="/workspace/rustup-home" "/workspace/cargo-home/bin/cargo" "+nightly-2024-10-28" "metadata" "--manifest-path" "Cargo.toml" "--no-deps", kill_on_drop: false }`
[INFO] started tweaking crates.io crate gurkle_codegen 0.3.0
[INFO] finished tweaking crates.io crate gurkle_codegen 0.3.0
[INFO] tweaked toml for crates.io crate gurkle_codegen 0.3.0 written to /workspace/builds/worker-4-tc2/source/Cargo.toml
[INFO] running `Command { std: CARGO_HOME="/workspace/cargo-home" RUSTUP_HOME="/workspace/rustup-home" "/workspace/cargo-home/bin/cargo" "+nightly-2024-10-28" "generate-lockfile" "--manifest-path" "Cargo.toml", kill_on_drop: false }`
[INFO] [stderr]     Updating crates.io index
[INFO] [stderr]      Locking 22 packages to latest compatible versions
[INFO] [stderr]       Adding heck v0.3.3 (available: v0.5.0)
[INFO] [stderr]       Adding syn v1.0.109 (available: v2.0.86)
[INFO] running `Command { std: CARGO_HOME="/workspace/cargo-home" RUSTUP_HOME="/workspace/rustup-home" "/workspace/cargo-home/bin/cargo" "+nightly-2024-10-28" "fetch" "--manifest-path" "Cargo.toml", kill_on_drop: false }`
[INFO] running `Command { std: "docker" "create" "-v" "/var/lib/crater-agent-workspace/builds/worker-4-tc2/target:/opt/rustwide/target:rw,Z" "-v" "/var/lib/crater-agent-workspace/builds/worker-4-tc2/source:/opt/rustwide/workdir:ro,Z" "-v" "/var/lib/crater-agent-workspace/cargo-home:/opt/rustwide/cargo-home:ro,Z" "-v" "/var/lib/crater-agent-workspace/rustup-home:/opt/rustwide/rustup-home:ro,Z" "-e" "SOURCE_DIR=/opt/rustwide/workdir" "-e" "CARGO_TARGET_DIR=/opt/rustwide/target" "-e" "CARGO_HOME=/opt/rustwide/cargo-home" "-e" "RUSTUP_HOME=/opt/rustwide/rustup-home" "-w" "/opt/rustwide/workdir" "-m" "1610612736" "--user" "0:0" "--network" "none" "ghcr.io/rust-lang/crates-build-env/linux@sha256:4a844ea9eb2546a2d2c7022eacef16ef2e8229c7fbb2c7d4d55a9ceca922f72d" "/opt/rustwide/cargo-home/bin/cargo" "+nightly-2024-10-28" "metadata" "--no-deps" "--format-version=1", kill_on_drop: false }`
[INFO] [stdout] 31b4227a353b0a8d2c1ab0f7bc8e82cbae7e75fb54896857d8bf9a12a8c1da07
[INFO] running `Command { std: "docker" "start" "-a" "31b4227a353b0a8d2c1ab0f7bc8e82cbae7e75fb54896857d8bf9a12a8c1da07", kill_on_drop: false }`
[INFO] running `Command { std: "docker" "inspect" "31b4227a353b0a8d2c1ab0f7bc8e82cbae7e75fb54896857d8bf9a12a8c1da07", kill_on_drop: false }`
[INFO] running `Command { std: "docker" "rm" "-f" "31b4227a353b0a8d2c1ab0f7bc8e82cbae7e75fb54896857d8bf9a12a8c1da07", kill_on_drop: false }`
[INFO] [stdout] 31b4227a353b0a8d2c1ab0f7bc8e82cbae7e75fb54896857d8bf9a12a8c1da07
[INFO] running `Command { std: "docker" "create" "-v" "/var/lib/crater-agent-workspace/builds/worker-4-tc2/target:/opt/rustwide/target:rw,Z" "-v" "/var/lib/crater-agent-workspace/builds/worker-4-tc2/source:/opt/rustwide/workdir:ro,Z" "-v" "/var/lib/crater-agent-workspace/cargo-home:/opt/rustwide/cargo-home:ro,Z" "-v" "/var/lib/crater-agent-workspace/rustup-home:/opt/rustwide/rustup-home:ro,Z" "-e" "SOURCE_DIR=/opt/rustwide/workdir" "-e" "CARGO_TARGET_DIR=/opt/rustwide/target" "-e" "CARGO_INCREMENTAL=0" "-e" "RUST_BACKTRACE=full" "-e" "RUSTFLAGS=--cap-lints=forbid -Zrandomize-layout" "-e" "RUSTDOCFLAGS=--cap-lints=forbid" "-e" "CARGO_HOME=/opt/rustwide/cargo-home" "-e" "RUSTUP_HOME=/opt/rustwide/rustup-home" "-w" "/opt/rustwide/workdir" "-m" "1610612736" "--user" "0:0" "--network" "none" "ghcr.io/rust-lang/crates-build-env/linux@sha256:4a844ea9eb2546a2d2c7022eacef16ef2e8229c7fbb2c7d4d55a9ceca922f72d" "/opt/rustwide/cargo-home/bin/cargo" "+nightly-2024-10-28" "build" "--frozen" "--message-format=json", kill_on_drop: false }`
[INFO] [stdout] 8cced1b1fb1da4f2f1675ccf3de583da37a2bcad5883e56c86cc955d23b50bcd
[INFO] running `Command { std: "docker" "start" "-a" "8cced1b1fb1da4f2f1675ccf3de583da37a2bcad5883e56c86cc955d23b50bcd", kill_on_drop: false }`
[INFO] [stderr]    Compiling proc-macro2 v1.0.89
[INFO] [stderr]    Compiling unicode-ident v1.0.13
[INFO] [stderr]    Compiling void v1.0.2
[INFO] [stderr]    Compiling memchr v2.7.4
[INFO] [stderr]    Compiling syn v1.0.109
[INFO] [stderr]    Compiling ascii v0.9.3
[INFO] [stderr]    Compiling byteorder v1.5.0
[INFO] [stderr]    Compiling unicode-segmentation v1.12.0
[INFO] [stderr]    Compiling unreachable v1.0.0
[INFO] [stderr]    Compiling heck v0.3.3
[INFO] [stderr]    Compiling quote v1.0.37
[INFO] [stderr]    Compiling combine v3.8.1
[INFO] [stderr]    Compiling syn v2.0.86
[INFO] [stderr]    Compiling thiserror-impl v1.0.66
[INFO] [stderr]    Compiling serde_derive v1.0.214
[INFO] [stderr]    Compiling thiserror v1.0.66
[INFO] [stderr]    Compiling gurkle-parser v0.3.0
[INFO] [stderr]    Compiling serde v1.0.214
[INFO] [stderr]    Compiling serde_json v1.0.132
[INFO] [stderr]    Compiling gurkle_codegen v0.3.0 (/opt/rustwide/workdir)
[INFO] [stdout] warning: struct `StoredObjectField` is never constructed
[INFO] [stdout]   --> src/schema.rs:14:8
[INFO] [stdout]    |
[INFO] [stdout] 14 | struct StoredObjectField {
[INFO] [stdout]    |        ^^^^^^^^^^^^^^^^^
[INFO] [stdout]    |
[INFO] [stdout]    = note: `#[warn(dead_code)]` on by default
[INFO] [stdout] 
[INFO] [stdout] 
[INFO] [stdout] warning: struct `ObjectFieldId` is never constructed
[INFO] [stdout]   --> src/schema.rs:51:19
[INFO] [stdout]    |
[INFO] [stdout] 51 | pub(crate) struct ObjectFieldId(usize);
[INFO] [stdout]    |                   ^^^^^^^^^^^^^
[INFO] [stdout] 
[INFO] [stdout] 
[INFO] [stdout] warning: struct `InputFieldId` is never constructed
[INFO] [stdout]   --> src/schema.rs:72:8
[INFO] [stdout]    |
[INFO] [stdout] 72 | struct InputFieldId(usize);
[INFO] [stdout]    |        ^^^^^^^^^^^^
[INFO] [stdout] 
[INFO] [stdout] 
[INFO] [stdout] warning: field `description` is never read
[INFO] [stdout]    --> src/introspection_response.rs:132:9
[INFO] [stdout]     |
[INFO] [stdout] 129 | pub struct FullType {
[INFO] [stdout]     |            -------- field in this struct
[INFO] [stdout] ...
[INFO] [stdout] 132 |     pub description: Option<String>,
[INFO] [stdout]     |         ^^^^^^^^^^^
[INFO] [stdout]     |
[INFO] [stdout]     = note: `FullType` has derived impls for the traits `Debug` and `Clone`, but these are intentionally ignored during dead code analysis
[INFO] [stdout] 
[INFO] [stdout] 
[INFO] [stdout] warning: field `input_value` is never read
[INFO] [stdout]    --> src/introspection_response.rs:144:5
[INFO] [stdout]     |
[INFO] [stdout] 142 | pub struct FullTypeFieldsArgs {
[INFO] [stdout]     |            ------------------ field in this struct
[INFO] [stdout] 143 |     #[serde(flatten)]
[INFO] [stdout] 144 |     input_value: InputValue,
[INFO] [stdout]     |     ^^^^^^^^^^^
[INFO] [stdout]     |
[INFO] [stdout]     = note: `FullTypeFieldsArgs` has derived impls for the traits `Debug` and `Clone`, but these are intentionally ignored during dead code analysis
[INFO] [stdout] 
[INFO] [stdout] 
[INFO] [stdout] warning: fields `description` and `args` are never read
[INFO] [stdout]    --> src/introspection_response.rs:158:9
[INFO] [stdout]     |
[INFO] [stdout] 156 | pub struct FullTypeFields {
[INFO] [stdout]     |            -------------- fields in this struct
[INFO] [stdout] 157 |     pub name: Option<String>,
[INFO] [stdout] 158 |     pub description: Option<String>,
[INFO] [stdout]     |         ^^^^^^^^^^^
[INFO] [stdout] 159 |     pub args: Option<Vec<Option<FullTypeFieldsArgs>>>,
[INFO] [stdout]     |         ^^^^
[INFO] [stdout]     |
[INFO] [stdout]     = note: `FullTypeFields` has derived impls for the traits `Debug` and `Clone`, but these are intentionally ignored during dead code analysis
[INFO] [stdout] 
[INFO] [stdout] 
[INFO] [stdout] warning: fields `description`, `is_deprecated`, and `deprecation_reason` are never read
[INFO] [stdout]    --> src/introspection_response.rs:184:9
[INFO] [stdout]     |
[INFO] [stdout] 182 | pub struct FullTypeEnumValues {
[INFO] [stdout]     |            ------------------ fields in this struct
[INFO] [stdout] 183 |     pub name: Option<String>,
[INFO] [stdout] 184 |     pub description: Option<String>,
[INFO] [stdout]     |         ^^^^^^^^^^^
[INFO] [stdout] 185 |     pub is_deprecated: Option<bool>,
[INFO] [stdout]     |         ^^^^^^^^^^^^^
[INFO] [stdout] 186 |     pub deprecation_reason: Option<String>,
[INFO] [stdout]     |         ^^^^^^^^^^^^^^^^^^
[INFO] [stdout]     |
[INFO] [stdout]     = note: `FullTypeEnumValues` has derived impls for the traits `Debug` and `Clone`, but these are intentionally ignored during dead code analysis
[INFO] [stdout] 
[INFO] [stdout] 
[INFO] [stdout] warning: fields `description` and `default_value` are never read
[INFO] [stdout]    --> src/introspection_response.rs:200:9
[INFO] [stdout]     |
[INFO] [stdout] 198 | pub struct InputValue {
[INFO] [stdout]     |            ---------- fields in this struct
[INFO] [stdout] 199 |     pub name: String,
[INFO] [stdout] 200 |     pub description: Option<String>,
[INFO] [stdout]     |         ^^^^^^^^^^^
[INFO] [stdout] ...
[INFO] [stdout] 203 |     pub default_value: Option<String>,
[INFO] [stdout]     |         ^^^^^^^^^^^^^
[INFO] [stdout]     |
[INFO] [stdout]     = note: `InputValue` has derived impls for the traits `Debug` and `Clone`, but these are intentionally ignored during dead code analysis
[INFO] [stdout] 
[INFO] [stdout] 
[INFO] [stdout] warning: field `input_value` is never read
[INFO] [stdout]    --> src/introspection_response.rs:245:5
[INFO] [stdout]     |
[INFO] [stdout] 243 | pub struct SchemaDirectivesArgs {
[INFO] [stdout]     |            -------------------- field in this struct
[INFO] [stdout] 244 |     #[serde(flatten)]
[INFO] [stdout] 245 |     input_value: InputValue,
[INFO] [stdout]     |     ^^^^^^^^^^^
[INFO] [stdout]     |
[INFO] [stdout]     = note: `SchemaDirectivesArgs` has derived impls for the traits `Debug` and `Clone`, but these are intentionally ignored during dead code analysis
[INFO] [stdout] 
[INFO] [stdout] 
[INFO] [stdout] warning: fields `name`, `description`, `locations`, and `args` are never read
[INFO] [stdout]    --> src/introspection_response.rs:251:9
[INFO] [stdout]     |
[INFO] [stdout] 250 | pub struct SchemaDirectives {
[INFO] [stdout]     |            ---------------- fields in this struct
[INFO] [stdout] 251 |     pub name: Option<String>,
[INFO] [stdout]     |         ^^^^
[INFO] [stdout] 252 |     pub description: Option<String>,
[INFO] [stdout]     |         ^^^^^^^^^^^
[INFO] [stdout] 253 |     pub locations: Option<Vec<Option<__DirectiveLocation>>>,
[INFO] [stdout]     |         ^^^^^^^^^
[INFO] [stdout] 254 |     pub args: Option<Vec<Option<SchemaDirectivesArgs>>>,
[INFO] [stdout]     |         ^^^^
[INFO] [stdout]     |
[INFO] [stdout]     = note: `SchemaDirectives` has derived impls for the traits `Debug` and `Clone`, but these are intentionally ignored during dead code analysis
[INFO] [stdout] 
[INFO] [stdout] 
[INFO] [stdout] warning: field `directives` is never read
[INFO] [stdout]    --> src/introspection_response.rs:264:5
[INFO] [stdout]     |
[INFO] [stdout] 259 | pub struct Schema {
[INFO] [stdout]     |            ------ field in this struct
[INFO] [stdout] ...
[INFO] [stdout] 264 |     directives: Option<Vec<Option<SchemaDirectives>>>,
[INFO] [stdout]     |     ^^^^^^^^^^
[INFO] [stdout]     |
[INFO] [stdout]     = note: `Schema` has derived impls for the traits `Debug` and `Clone`, but these are intentionally ignored during dead code analysis
[INFO] [stdout] 
[INFO] [stdout] 
[INFO] [stdout] warning: field `0` is never read
[INFO] [stdout]   --> src/query.rs:51:30
[INFO] [stdout]    |
[INFO] [stdout] 51 | pub(crate) struct VariableId(u32);
[INFO] [stdout]    |                   ---------- ^^^
[INFO] [stdout]    |                   |
[INFO] [stdout]    |                   field in this struct
[INFO] [stdout]    |
[INFO] [stdout]    = help: consider removing this field
[INFO] [stdout]    = note: `VariableId` has derived impls for the traits `Clone` and `Debug`, but these are intentionally ignored during dead code analysis
[INFO] [stdout] 
[INFO] [stdout] 
[INFO] [stderr]     Finished `dev` profile [unoptimized + debuginfo] target(s) in 7.34s
[INFO] running `Command { std: "docker" "inspect" "8cced1b1fb1da4f2f1675ccf3de583da37a2bcad5883e56c86cc955d23b50bcd", kill_on_drop: false }`
[INFO] running `Command { std: "docker" "rm" "-f" "8cced1b1fb1da4f2f1675ccf3de583da37a2bcad5883e56c86cc955d23b50bcd", kill_on_drop: false }`
[INFO] [stdout] 8cced1b1fb1da4f2f1675ccf3de583da37a2bcad5883e56c86cc955d23b50bcd
[INFO] running `Command { std: "docker" "create" "-v" "/var/lib/crater-agent-workspace/builds/worker-4-tc2/target:/opt/rustwide/target:rw,Z" "-v" "/var/lib/crater-agent-workspace/builds/worker-4-tc2/source:/opt/rustwide/workdir:ro,Z" "-v" "/var/lib/crater-agent-workspace/cargo-home:/opt/rustwide/cargo-home:ro,Z" "-v" "/var/lib/crater-agent-workspace/rustup-home:/opt/rustwide/rustup-home:ro,Z" "-e" "SOURCE_DIR=/opt/rustwide/workdir" "-e" "CARGO_TARGET_DIR=/opt/rustwide/target" "-e" "CARGO_INCREMENTAL=0" "-e" "RUST_BACKTRACE=full" "-e" "RUSTFLAGS=--cap-lints=forbid -Zrandomize-layout" "-e" "RUSTDOCFLAGS=--cap-lints=forbid" "-e" "CARGO_HOME=/opt/rustwide/cargo-home" "-e" "RUSTUP_HOME=/opt/rustwide/rustup-home" "-w" "/opt/rustwide/workdir" "-m" "1610612736" "--user" "0:0" "--network" "none" "ghcr.io/rust-lang/crates-build-env/linux@sha256:4a844ea9eb2546a2d2c7022eacef16ef2e8229c7fbb2c7d4d55a9ceca922f72d" "/opt/rustwide/cargo-home/bin/cargo" "+nightly-2024-10-28" "test" "--frozen" "--no-run" "--message-format=json", kill_on_drop: false }`
[INFO] [stdout] 3b755061a75705155903c8e3ed531067e86805c3bc6194cb085a12da50a5be94
[INFO] running `Command { std: "docker" "start" "-a" "3b755061a75705155903c8e3ed531067e86805c3bc6194cb085a12da50a5be94", kill_on_drop: false }`
[INFO] [stdout] warning: struct `StoredObjectField` is never constructed
[INFO] [stdout]   --> src/schema.rs:14:8
[INFO] [stdout]    |
[INFO] [stdout] 14 | struct StoredObjectField {
[INFO] [stdout]    |        ^^^^^^^^^^^^^^^^^
[INFO] [stdout]    |
[INFO] [stdout]    = note: `#[warn(dead_code)]` on by default
[INFO] [stdout] 
[INFO] [stdout] 
[INFO] [stdout] warning: struct `ObjectFieldId` is never constructed
[INFO] [stdout]   --> src/schema.rs:51:19
[INFO] [stdout]    |
[INFO] [stdout] 51 | pub(crate) struct ObjectFieldId(usize);
[INFO] [stdout]    |                   ^^^^^^^^^^^^^
[INFO] [stdout] 
[INFO] [stdout] 
[INFO] [stdout] warning: struct `InputFieldId` is never constructed
[INFO] [stdout]   --> src/schema.rs:72:8
[INFO] [stdout]    |
[INFO] [stdout] 72 | struct InputFieldId(usize);
[INFO] [stdout]    |        ^^^^^^^^^^^^
[INFO] [stdout] 
[INFO] [stdout] 
[INFO] [stdout] warning: field `description` is never read
[INFO] [stdout]    --> src/introspection_response.rs:132:9
[INFO] [stdout]     |
[INFO] [stdout] 129 | pub struct FullType {
[INFO] [stdout]     |            -------- field in this struct
[INFO] [stdout] ...
[INFO] [stdout] 132 |     pub description: Option<String>,
[INFO] [stdout]     |         ^^^^^^^^^^^
[INFO] [stdout]     |
[INFO] [stdout]     = note: `FullType` has derived impls for the traits `Debug` and `Clone`, but these are intentionally ignored during dead code analysis
[INFO] [stdout] 
[INFO] [stdout] 
[INFO] [stdout] warning: field `input_value` is never read
[INFO] [stdout]    --> src/introspection_response.rs:144:5
[INFO] [stdout]     |
[INFO] [stdout] 142 | pub struct FullTypeFieldsArgs {
[INFO] [stdout]     |            ------------------ field in this struct
[INFO] [stdout] 143 |     #[serde(flatten)]
[INFO] [stdout] 144 |     input_value: InputValue,
[INFO] [stdout]     |     ^^^^^^^^^^^
[INFO] [stdout]     |
[INFO] [stdout]     = note: `FullTypeFieldsArgs` has derived impls for the traits `Debug` and `Clone`, but these are intentionally ignored during dead code analysis
[INFO] [stdout] 
[INFO] [stdout] 
[INFO] [stdout] warning: fields `description` and `args` are never read
[INFO] [stdout]    --> src/introspection_response.rs:158:9
[INFO] [stdout]     |
[INFO] [stdout] 156 | pub struct FullTypeFields {
[INFO] [stdout]     |            -------------- fields in this struct
[INFO] [stdout] 157 |     pub name: Option<String>,
[INFO] [stdout] 158 |     pub description: Option<String>,
[INFO] [stdout]     |         ^^^^^^^^^^^
[INFO] [stdout] 159 |     pub args: Option<Vec<Option<FullTypeFieldsArgs>>>,
[INFO] [stdout]     |         ^^^^
[INFO] [stdout]     |
[INFO] [stdout]     = note: `FullTypeFields` has derived impls for the traits `Debug` and `Clone`, but these are intentionally ignored during dead code analysis
[INFO] [stdout] 
[INFO] [stdout] 
[INFO] [stdout] warning: fields `description`, `is_deprecated`, and `deprecation_reason` are never read
[INFO] [stdout]    --> src/introspection_response.rs:184:9
[INFO] [stdout]     |
[INFO] [stdout] 182 | pub struct FullTypeEnumValues {
[INFO] [stdout]     |            ------------------ fields in this struct
[INFO] [stdout] 183 |     pub name: Option<String>,
[INFO] [stdout] 184 |     pub description: Option<String>,
[INFO] [stdout]     |         ^^^^^^^^^^^
[INFO] [stdout] 185 |     pub is_deprecated: Option<bool>,
[INFO] [stdout]     |         ^^^^^^^^^^^^^
[INFO] [stdout] 186 |     pub deprecation_reason: Option<String>,
[INFO] [stdout]     |         ^^^^^^^^^^^^^^^^^^
[INFO] [stdout]     |
[INFO] [stdout]     = note: `FullTypeEnumValues` has derived impls for the traits `Debug` and `Clone`, but these are intentionally ignored during dead code analysis
[INFO] [stdout] 
[INFO] [stdout] 
[INFO] [stdout] warning: fields `description` and `default_value` are never read
[INFO] [stdout]    --> src/introspection_response.rs:200:9
[INFO] [stdout]     |
[INFO] [stdout] 198 | pub struct InputValue {
[INFO] [stdout]     |            ---------- fields in this struct
[INFO] [stdout] 199 |     pub name: String,
[INFO] [stdout] 200 |     pub description: Option<String>,
[INFO] [stdout]     |         ^^^^^^^^^^^
[INFO] [stdout] ...
[INFO] [stdout] 203 |     pub default_value: Option<String>,
[INFO] [stdout]     |         ^^^^^^^^^^^^^
[INFO] [stdout]     |
[INFO] [stdout]     = note: `InputValue` has derived impls for the traits `Debug` and `Clone`, but these are intentionally ignored during dead code analysis
[INFO] [stdout] 
[INFO] [stdout] 
[INFO] [stdout] warning: field `input_value` is never read
[INFO] [stdout]    --> src/introspection_response.rs:245:5
[INFO] [stdout]     |
[INFO] [stdout] 243 | pub struct SchemaDirectivesArgs {
[INFO] [stdout]     |            -------------------- field in this struct
[INFO] [stdout] 244 |     #[serde(flatten)]
[INFO] [stdout] 245 |     input_value: InputValue,
[INFO] [stdout]     |     ^^^^^^^^^^^
[INFO] [stdout]     |
[INFO] [stdout]     = note: `SchemaDirectivesArgs` has derived impls for the traits `Debug` and `Clone`, but these are intentionally ignored during dead code analysis
[INFO] [stdout] 
[INFO] [stdout] 
[INFO] [stdout] warning: fields `name`, `description`, `locations`, and `args` are never read
[INFO] [stdout]    --> src/introspection_response.rs:251:9
[INFO] [stdout]     |
[INFO] [stdout] 250 | pub struct SchemaDirectives {
[INFO] [stdout]     |            ---------------- fields in this struct
[INFO] [stdout] 251 |     pub name: Option<String>,
[INFO] [stdout]     |         ^^^^
[INFO] [stdout] 252 |     pub description: Option<String>,
[INFO] [stdout]     |         ^^^^^^^^^^^
[INFO] [stdout] 253 |     pub locations: Option<Vec<Option<__DirectiveLocation>>>,
[INFO] [stdout]     |         ^^^^^^^^^
[INFO] [stdout] 254 |     pub args: Option<Vec<Option<SchemaDirectivesArgs>>>,
[INFO] [stdout]     |         ^^^^
[INFO] [stdout]     |
[INFO] [stdout]     = note: `SchemaDirectives` has derived impls for the traits `Debug` and `Clone`, but these are intentionally ignored during dead code analysis
[INFO] [stdout] 
[INFO] [stdout] 
[INFO] [stdout] warning: field `directives` is never read
[INFO] [stdout]    --> src/introspection_response.rs:264:5
[INFO] [stdout]     |
[INFO] [stdout] 259 | pub struct Schema {
[INFO] [stdout]     |            ------ field in this struct
[INFO] [stdout] ...
[INFO] [stdout] 264 |     directives: Option<Vec<Option<SchemaDirectives>>>,
[INFO] [stdout]     |     ^^^^^^^^^^
[INFO] [stdout]     |
[INFO] [stdout]     = note: `Schema` has derived impls for the traits `Debug` and `Clone`, but these are intentionally ignored during dead code analysis
[INFO] [stdout] 
[INFO] [stdout] 
[INFO] [stdout] warning: field `0` is never read
[INFO] [stdout]   --> src/query.rs:51:30
[INFO] [stdout]    |
[INFO] [stdout] 51 | pub(crate) struct VariableId(u32);
[INFO] [stdout]    |                   ---------- ^^^
[INFO] [stdout]    |                   |
[INFO] [stdout]    |                   field in this struct
[INFO] [stdout]    |
[INFO] [stdout]    = help: consider removing this field
[INFO] [stdout]    = note: `VariableId` has derived impls for the traits `Clone` and `Debug`, but these are intentionally ignored during dead code analysis
[INFO] [stdout] 
[INFO] [stdout] 
[INFO] [stderr]    Compiling gurkle_codegen v0.3.0 (/opt/rustwide/workdir)
[INFO] [stdout] warning: struct `StoredObjectField` is never constructed
[INFO] [stdout]   --> src/schema.rs:14:8
[INFO] [stdout]    |
[INFO] [stdout] 14 | struct StoredObjectField {
[INFO] [stdout]    |        ^^^^^^^^^^^^^^^^^
[INFO] [stdout]    |
[INFO] [stdout]    = note: `#[warn(dead_code)]` on by default
[INFO] [stdout] 
[INFO] [stdout] 
[INFO] [stdout] warning: struct `ObjectFieldId` is never constructed
[INFO] [stdout]   --> src/schema.rs:51:19
[INFO] [stdout]    |
[INFO] [stdout] 51 | pub(crate) struct ObjectFieldId(usize);
[INFO] [stdout]    |                   ^^^^^^^^^^^^^
[INFO] [stdout] 
[INFO] [stdout] 
[INFO] [stdout] warning: struct `InputFieldId` is never constructed
[INFO] [stdout]   --> src/schema.rs:72:8
[INFO] [stdout]    |
[INFO] [stdout] 72 | struct InputFieldId(usize);
[INFO] [stdout]    |        ^^^^^^^^^^^^
[INFO] [stdout] 
[INFO] [stdout] 
[INFO] [stdout] warning: field `description` is never read
[INFO] [stdout]    --> src/introspection_response.rs:132:9
[INFO] [stdout]     |
[INFO] [stdout] 129 | pub struct FullType {
[INFO] [stdout]     |            -------- field in this struct
[INFO] [stdout] ...
[INFO] [stdout] 132 |     pub description: Option<String>,
[INFO] [stdout]     |         ^^^^^^^^^^^
[INFO] [stdout]     |
[INFO] [stdout]     = note: `FullType` has derived impls for the traits `Debug` and `Clone`, but these are intentionally ignored during dead code analysis
[INFO] [stdout] 
[INFO] [stdout] 
[INFO] [stdout] warning: field `input_value` is never read
[INFO] [stdout]    --> src/introspection_response.rs:144:5
[INFO] [stdout]     |
[INFO] [stdout] 142 | pub struct FullTypeFieldsArgs {
[INFO] [stdout]     |            ------------------ field in this struct
[INFO] [stdout] 143 |     #[serde(flatten)]
[INFO] [stdout] 144 |     input_value: InputValue,
[INFO] [stdout]     |     ^^^^^^^^^^^
[INFO] [stdout]     |
[INFO] [stdout]     = note: `FullTypeFieldsArgs` has derived impls for the traits `Debug` and `Clone`, but these are intentionally ignored during dead code analysis
[INFO] [stdout] 
[INFO] [stdout] 
[INFO] [stdout] warning: fields `description` and `args` are never read
[INFO] [stdout]    --> src/introspection_response.rs:158:9
[INFO] [stdout]     |
[INFO] [stdout] 156 | pub struct FullTypeFields {
[INFO] [stdout]     |            -------------- fields in this struct
[INFO] [stdout] 157 |     pub name: Option<String>,
[INFO] [stdout] 158 |     pub description: Option<String>,
[INFO] [stdout]     |         ^^^^^^^^^^^
[INFO] [stdout] 159 |     pub args: Option<Vec<Option<FullTypeFieldsArgs>>>,
[INFO] [stdout]     |         ^^^^
[INFO] [stdout]     |
[INFO] [stdout]     = note: `FullTypeFields` has derived impls for the traits `Debug` and `Clone`, but these are intentionally ignored during dead code analysis
[INFO] [stdout] 
[INFO] [stdout] 
[INFO] [stdout] warning: fields `description`, `is_deprecated`, and `deprecation_reason` are never read
[INFO] [stdout]    --> src/introspection_response.rs:184:9
[INFO] [stdout]     |
[INFO] [stdout] 182 | pub struct FullTypeEnumValues {
[INFO] [stdout]     |            ------------------ fields in this struct
[INFO] [stdout] 183 |     pub name: Option<String>,
[INFO] [stdout] 184 |     pub description: Option<String>,
[INFO] [stdout]     |         ^^^^^^^^^^^
[INFO] [stdout] 185 |     pub is_deprecated: Option<bool>,
[INFO] [stdout]     |         ^^^^^^^^^^^^^
[INFO] [stdout] 186 |     pub deprecation_reason: Option<String>,
[INFO] [stdout]     |         ^^^^^^^^^^^^^^^^^^
[INFO] [stdout]     |
[INFO] [stdout]     = note: `FullTypeEnumValues` has derived impls for the traits `Debug` and `Clone`, but these are intentionally ignored during dead code analysis
[INFO] [stdout] 
[INFO] [stdout] 
[INFO] [stdout] warning: fields `description` and `default_value` are never read
[INFO] [stdout]    --> src/introspection_response.rs:200:9
[INFO] [stdout]     |
[INFO] [stdout] 198 | pub struct InputValue {
[INFO] [stdout]     |            ---------- fields in this struct
[INFO] [stdout] 199 |     pub name: String,
[INFO] [stdout] 200 |     pub description: Option<String>,
[INFO] [stdout]     |         ^^^^^^^^^^^
[INFO] [stdout] ...
[INFO] [stdout] 203 |     pub default_value: Option<String>,
[INFO] [stdout]     |         ^^^^^^^^^^^^^
[INFO] [stdout]     |
[INFO] [stdout]     = note: `InputValue` has derived impls for the traits `Debug` and `Clone`, but these are intentionally ignored during dead code analysis
[INFO] [stdout] 
[INFO] [stdout] 
[INFO] [stdout] warning: field `input_value` is never read
[INFO] [stdout]    --> src/introspection_response.rs:245:5
[INFO] [stdout]     |
[INFO] [stdout] 243 | pub struct SchemaDirectivesArgs {
[INFO] [stdout]     |            -------------------- field in this struct
[INFO] [stdout] 244 |     #[serde(flatten)]
[INFO] [stdout] 245 |     input_value: InputValue,
[INFO] [stdout]     |     ^^^^^^^^^^^
[INFO] [stdout]     |
[INFO] [stdout]     = note: `SchemaDirectivesArgs` has derived impls for the traits `Debug` and `Clone`, but these are intentionally ignored during dead code analysis
[INFO] [stdout] 
[INFO] [stdout] 
[INFO] [stdout] warning: fields `name`, `description`, `locations`, and `args` are never read
[INFO] [stdout]    --> src/introspection_response.rs:251:9
[INFO] [stdout]     |
[INFO] [stdout] 250 | pub struct SchemaDirectives {
[INFO] [stdout]     |            ---------------- fields in this struct
[INFO] [stdout] 251 |     pub name: Option<String>,
[INFO] [stdout]     |         ^^^^
[INFO] [stdout] 252 |     pub description: Option<String>,
[INFO] [stdout]     |         ^^^^^^^^^^^
[INFO] [stdout] 253 |     pub locations: Option<Vec<Option<__DirectiveLocation>>>,
[INFO] [stdout]     |         ^^^^^^^^^
[INFO] [stdout] 254 |     pub args: Option<Vec<Option<SchemaDirectivesArgs>>>,
[INFO] [stdout]     |         ^^^^
[INFO] [stdout]     |
[INFO] [stdout]     = note: `SchemaDirectives` has derived impls for the traits `Debug` and `Clone`, but these are intentionally ignored during dead code analysis
[INFO] [stdout] 
[INFO] [stdout] 
[INFO] [stdout] warning: field `directives` is never read
[INFO] [stdout]    --> src/introspection_response.rs:264:5
[INFO] [stdout]     |
[INFO] [stdout] 259 | pub struct Schema {
[INFO] [stdout]     |            ------ field in this struct
[INFO] [stdout] ...
[INFO] [stdout] 264 |     directives: Option<Vec<Option<SchemaDirectives>>>,
[INFO] [stdout]     |     ^^^^^^^^^^
[INFO] [stdout]     |
[INFO] [stdout]     = note: `Schema` has derived impls for the traits `Debug` and `Clone`, but these are intentionally ignored during dead code analysis
[INFO] [stdout] 
[INFO] [stdout] 
[INFO] [stdout] warning: field `0` is never read
[INFO] [stdout]   --> src/query.rs:51:30
[INFO] [stdout]    |
[INFO] [stdout] 51 | pub(crate) struct VariableId(u32);
[INFO] [stdout]    |                   ---------- ^^^
[INFO] [stdout]    |                   |
[INFO] [stdout]    |                   field in this struct
[INFO] [stdout]    |
[INFO] [stdout]    = help: consider removing this field
[INFO] [stdout]    = note: `VariableId` has derived impls for the traits `Clone` and `Debug`, but these are intentionally ignored during dead code analysis
[INFO] [stdout] 
[INFO] [stdout] 
[INFO] [stderr]     Finished `test` profile [unoptimized + debuginfo] target(s) in 1.60s
[INFO] running `Command { std: "docker" "inspect" "3b755061a75705155903c8e3ed531067e86805c3bc6194cb085a12da50a5be94", kill_on_drop: false }`
[INFO] running `Command { std: "docker" "rm" "-f" "3b755061a75705155903c8e3ed531067e86805c3bc6194cb085a12da50a5be94", kill_on_drop: false }`
[INFO] [stdout] 3b755061a75705155903c8e3ed531067e86805c3bc6194cb085a12da50a5be94
[INFO] running `Command { std: "docker" "create" "-v" "/var/lib/crater-agent-workspace/builds/worker-4-tc2/target:/opt/rustwide/target:rw,Z" "-v" "/var/lib/crater-agent-workspace/builds/worker-4-tc2/source:/opt/rustwide/workdir:ro,Z" "-v" "/var/lib/crater-agent-workspace/cargo-home:/opt/rustwide/cargo-home:ro,Z" "-v" "/var/lib/crater-agent-workspace/rustup-home:/opt/rustwide/rustup-home:ro,Z" "-e" "SOURCE_DIR=/opt/rustwide/workdir" "-e" "CARGO_TARGET_DIR=/opt/rustwide/target" "-e" "CARGO_INCREMENTAL=0" "-e" "RUST_BACKTRACE=full" "-e" "RUSTFLAGS=--cap-lints=forbid -Zrandomize-layout" "-e" "RUSTDOCFLAGS=--cap-lints=forbid" "-e" "CARGO_HOME=/opt/rustwide/cargo-home" "-e" "RUSTUP_HOME=/opt/rustwide/rustup-home" "-w" "/opt/rustwide/workdir" "-m" "1610612736" "--user" "0:0" "--network" "none" "ghcr.io/rust-lang/crates-build-env/linux@sha256:4a844ea9eb2546a2d2c7022eacef16ef2e8229c7fbb2c7d4d55a9ceca922f72d" "/opt/rustwide/cargo-home/bin/cargo" "+nightly-2024-10-28" "test" "--frozen", kill_on_drop: false }`
[INFO] [stdout] 6e4b6db9acbc654b759efed4a8997db9c71defcebb8260777dbbfef220765a13
[INFO] running `Command { std: "docker" "start" "-a" "6e4b6db9acbc654b759efed4a8997db9c71defcebb8260777dbbfef220765a13", kill_on_drop: false }`
[INFO] [stderr] warning: struct `StoredObjectField` is never constructed
[INFO] [stderr]   --> src/schema.rs:14:8
[INFO] [stderr]    |
[INFO] [stderr] 14 | struct StoredObjectField {
[INFO] [stderr]    |        ^^^^^^^^^^^^^^^^^
[INFO] [stderr]    |
[INFO] [stderr]    = note: `#[warn(dead_code)]` on by default
[INFO] [stderr] 
[INFO] [stderr] warning: struct `ObjectFieldId` is never constructed
[INFO] [stderr]   --> src/schema.rs:51:19
[INFO] [stderr]    |
[INFO] [stderr] 51 | pub(crate) struct ObjectFieldId(usize);
[INFO] [stderr]    |                   ^^^^^^^^^^^^^
[INFO] [stderr] 
[INFO] [stderr] warning: struct `InputFieldId` is never constructed
[INFO] [stderr]   --> src/schema.rs:72:8
[INFO] [stderr]    |
[INFO] [stderr] 72 | struct InputFieldId(usize);
[INFO] [stderr]    |        ^^^^^^^^^^^^
[INFO] [stderr] 
[INFO] [stderr] warning: field `description` is never read
[INFO] [stderr]    --> src/introspection_response.rs:132:9
[INFO] [stderr]     |
[INFO] [stderr] 129 | pub struct FullType {
[INFO] [stderr]     |            -------- field in this struct
[INFO] [stderr] ...
[INFO] [stderr] 132 |     pub description: Option<String>,
[INFO] [stderr]     |         ^^^^^^^^^^^
[INFO] [stderr]     |
[INFO] [stderr]     = note: `FullType` has derived impls for the traits `Debug` and `Clone`, but these are intentionally ignored during dead code analysis
[INFO] [stderr] 
[INFO] [stderr] warning: field `input_value` is never read
[INFO] [stderr]    --> src/introspection_response.rs:144:5
[INFO] [stderr]     |
[INFO] [stderr] 142 | pub struct FullTypeFieldsArgs {
[INFO] [stderr]     |            ------------------ field in this struct
[INFO] [stderr] 143 |     #[serde(flatten)]
[INFO] [stderr] 144 |     input_value: InputValue,
[INFO] [stderr]     |     ^^^^^^^^^^^
[INFO] [stderr]     |
[INFO] [stderr]     = note: `FullTypeFieldsArgs` has derived impls for the traits `Debug` and `Clone`, but these are intentionally ignored during dead code analysis
[INFO] [stderr] 
[INFO] [stderr] warning: fields `description` and `args` are never read
[INFO] [stderr]    --> src/introspection_response.rs:158:9
[INFO] [stderr]     |
[INFO] [stderr] 156 | pub struct FullTypeFields {
[INFO] [stderr]     |            -------------- fields in this struct
[INFO] [stderr] 157 |     pub name: Option<String>,
[INFO] [stderr] 158 |     pub description: Option<String>,
[INFO] [stderr]     |         ^^^^^^^^^^^
[INFO] [stderr] 159 |     pub args: Option<Vec<Option<FullTypeFieldsArgs>>>,
[INFO] [stderr]     |         ^^^^
[INFO] [stderr]     |
[INFO] [stderr]     = note: `FullTypeFields` has derived impls for the traits `Debug` and `Clone`, but these are intentionally ignored during dead code analysis
[INFO] [stderr] 
[INFO] [stderr] warning: fields `description`, `is_deprecated`, and `deprecation_reason` are never read
[INFO] [stderr]    --> src/introspection_response.rs:184:9
[INFO] [stderr]     |
[INFO] [stderr] 182 | pub struct FullTypeEnumValues {
[INFO] [stderr]     |            ------------------ fields in this struct
[INFO] [stderr] 183 |     pub name: Option<String>,
[INFO] [stderr] 184 |     pub description: Option<String>,
[INFO] [stderr]     |         ^^^^^^^^^^^
[INFO] [stderr] 185 |     pub is_deprecated: Option<bool>,
[INFO] [stderr]     |         ^^^^^^^^^^^^^
[INFO] [stderr] 186 |     pub deprecation_reason: Option<String>,
[INFO] [stderr]     |         ^^^^^^^^^^^^^^^^^^
[INFO] [stderr]     |
[INFO] [stderr]     = note: `FullTypeEnumValues` has derived impls for the traits `Debug` and `Clone`, but these are intentionally ignored during dead code analysis
[INFO] [stderr] 
[INFO] [stderr] warning: fields `description` and `default_value` are never read
[INFO] [stderr]    --> src/introspection_response.rs:200:9
[INFO] [stderr]     |
[INFO] [stderr] 198 | pub struct InputValue {
[INFO] [stderr]     |            ---------- fields in this struct
[INFO] [stderr] 199 |     pub name: String,
[INFO] [stderr] 200 |     pub description: Option<String>,
[INFO] [stderr]     |         ^^^^^^^^^^^
[INFO] [stderr] ...
[INFO] [stderr] 203 |     pub default_value: Option<String>,
[INFO] [stderr]     |         ^^^^^^^^^^^^^
[INFO] [stderr]     |
[INFO] [stderr]     = note: `InputValue` has derived impls for the traits `Debug` and `Clone`, but these are intentionally ignored during dead code analysis
[INFO] [stderr] 
[INFO] [stderr] warning: field `input_value` is never read
[INFO] [stderr]    --> src/introspection_response.rs:245:5
[INFO] [stderr]     |
[INFO] [stderr] 243 | pub struct SchemaDirectivesArgs {
[INFO] [stderr]     |            -------------------- field in this struct
[INFO] [stderr] 244 |     #[serde(flatten)]
[INFO] [stderr] 245 |     input_value: InputValue,
[INFO] [stderr]     |     ^^^^^^^^^^^
[INFO] [stderr]     |
[INFO] [stderr]     = note: `SchemaDirectivesArgs` has derived impls for the traits `Debug` and `Clone`, but these are intentionally ignored during dead code analysis
[INFO] [stderr] 
[INFO] [stderr] warning: fields `name`, `description`, `locations`, and `args` are never read
[INFO] [stderr]    --> src/introspection_response.rs:251:9
[INFO] [stderr]     |
[INFO] [stderr] 250 | pub struct SchemaDirectives {
[INFO] [stderr]     |            ---------------- fields in this struct
[INFO] [stderr] 251 |     pub name: Option<String>,
[INFO] [stderr]     |         ^^^^
[INFO] [stderr] 252 |     pub description: Option<String>,
[INFO] [stderr]     |         ^^^^^^^^^^^
[INFO] [stderr] 253 |     pub locations: Option<Vec<Option<__DirectiveLocation>>>,
[INFO] [stderr]     |         ^^^^^^^^^
[INFO] [stderr] 254 |     pub args: Option<Vec<Option<SchemaDirectivesArgs>>>,
[INFO] [stderr]     |         ^^^^
[INFO] [stderr]     |
[INFO] [stderr]     = note: `SchemaDirectives` has derived impls for the traits `Debug` and `Clone`, but these are intentionally ignored during dead code analysis
[INFO] [stderr] 
[INFO] [stderr] warning: field `directives` is never read
[INFO] [stderr]    --> src/introspection_response.rs:264:5
[INFO] [stderr]     |
[INFO] [stderr] 259 | pub struct Schema {
[INFO] [stderr]     |            ------ field in this struct
[INFO] [stderr] ...
[INFO] [stderr] 264 |     directives: Option<Vec<Option<SchemaDirectives>>>,
[INFO] [stderr]     |     ^^^^^^^^^^
[INFO] [stderr]     |
[INFO] [stderr]     = note: `Schema` has derived impls for the traits `Debug` and `Clone`, but these are intentionally ignored during dead code analysis
[INFO] [stderr] 
[INFO] [stderr] warning: field `0` is never read
[INFO] [stderr]   --> src/query.rs:51:30
[INFO] [stderr]    |
[INFO] [stderr] 51 | pub(crate) struct VariableId(u32);
[INFO] [stderr]    |                   ---------- ^^^
[INFO] [stderr]    |                   |
[INFO] [stderr]    |                   field in this struct
[INFO] [stderr]    |
[INFO] [stderr]    = help: consider removing this field
[INFO] [stderr]    = note: `VariableId` has derived impls for the traits `Clone` and `Debug`, but these are intentionally ignored during dead code analysis
[INFO] [stderr] 
[INFO] [stderr] warning: `gurkle_codegen` (lib) generated 12 warnings
[INFO] [stderr] warning: `gurkle_codegen` (lib test) generated 12 warnings (12 duplicates)
[INFO] [stderr]     Finished `test` profile [unoptimized + debuginfo] target(s) in 0.02s
[INFO] [stderr]      Running unittests src/lib.rs (/opt/rustwide/target/debug/deps/gurkle_codegen-62937187eda3c47e)
[INFO] [stdout] 
[INFO] [stdout] running 3 tests
[INFO] [stdout] test codegen::shared::tests::keyword_replace_works ... ok
[INFO] [stdout] test tests::schema_with_keywords_works ... FAILED
[INFO] [stdout] test schema::tests::github::ast_from_graphql_and_json_produce_the_same_schema ... ok
[INFO] [stdout] 
[INFO] [stdout] failures:
[INFO] [stdout] 
[INFO] [stdout] ---- tests::schema_with_keywords_works stdout ----
[INFO] [stdout] thread 'tests::schema_with_keywords_works' panicked at src/tests/mod.rs:31:17:
[INFO] [stdout] assertion failed: generated_code.contains("extern_")
[INFO] [stdout] stack backtrace:
[INFO] [stdout]    0:     0x65426ee043da - std::backtrace_rs::backtrace::libunwind::trace::h207520d6e9873551
[INFO] [stdout]                                at /rustc/df4ca44d3fbc9301ee17f30f4d474e6ae4b05252/library/std/src/../../backtrace/src/backtrace/libunwind.rs:116:5
[INFO] [stdout]    1:     0x65426ee043da - std::backtrace_rs::backtrace::trace_unsynchronized::h2ed7433f370e3eca
[INFO] [stdout]                                at /rustc/df4ca44d3fbc9301ee17f30f4d474e6ae4b05252/library/std/src/../../backtrace/src/backtrace/mod.rs:66:5
[INFO] [stdout]    2:     0x65426ee043da - std::sys::backtrace::_print_fmt::h916fac51166b18d7
[INFO] [stdout]                                at /rustc/df4ca44d3fbc9301ee17f30f4d474e6ae4b05252/library/std/src/sys/backtrace.rs:66:9
[INFO] [stdout]    3:     0x65426ee043da - <std::sys::backtrace::BacktraceLock::print::DisplayBacktrace as core::fmt::Display>::fmt::ha0a4c9b8ce3802e6
[INFO] [stdout]                                at /rustc/df4ca44d3fbc9301ee17f30f4d474e6ae4b05252/library/std/src/sys/backtrace.rs:39:26
[INFO] [stdout]    4:     0x65426ee2c203 - core::fmt::rt::Argument::fmt::h4cfc8587d52b3eb5
[INFO] [stdout]                                at /rustc/df4ca44d3fbc9301ee17f30f4d474e6ae4b05252/library/core/src/fmt/rt.rs:177:76
[INFO] [stdout]    5:     0x65426ee2c203 - core::fmt::write::h522cc39e5b36ae9f
[INFO] [stdout]                                at /rustc/df4ca44d3fbc9301ee17f30f4d474e6ae4b05252/library/core/src/fmt/mod.rs:1190:21
[INFO] [stdout]    6:     0x65426ee01033 - std::io::Write::write_fmt::h7d3c26752da97734
[INFO] [stdout]                                at /rustc/df4ca44d3fbc9301ee17f30f4d474e6ae4b05252/library/std/src/io/mod.rs:1839:15
[INFO] [stdout]    7:     0x65426ee04222 - std::sys::backtrace::BacktraceLock::print::h4b9e00b29e9c0942
[INFO] [stdout]                                at /rustc/df4ca44d3fbc9301ee17f30f4d474e6ae4b05252/library/std/src/sys/backtrace.rs:42:9
[INFO] [stdout]    8:     0x65426ee0586a - std::panicking::default_hook::{{closure}}::hb59b88280d0324d9
[INFO] [stdout]                                at /rustc/df4ca44d3fbc9301ee17f30f4d474e6ae4b05252/library/std/src/panicking.rs:268:22
[INFO] [stdout]    9:     0x65426ee05674 - std::panicking::default_hook::he1dd496665be4a29
[INFO] [stdout]                                at /rustc/df4ca44d3fbc9301ee17f30f4d474e6ae4b05252/library/std/src/panicking.rs:292:9
[INFO] [stdout]   10:     0x65426ec548c9 - <alloc::boxed::Box<F,A> as core::ops::function::Fn<Args>>::call::h4ff71de18744e1dc
[INFO] [stdout]                                at /rustc/df4ca44d3fbc9301ee17f30f4d474e6ae4b05252/library/alloc/src/boxed.rs:2468:9
[INFO] [stdout]   11:     0x65426ec548c9 - test::test_main::{{closure}}::hcf7c055ce117aa81
[INFO] [stdout]                                at /rustc/df4ca44d3fbc9301ee17f30f4d474e6ae4b05252/library/test/src/lib.rs:133:21
[INFO] [stdout]   12:     0x65426ee05f68 - <alloc::boxed::Box<F,A> as core::ops::function::Fn<Args>>::call::h1d66c6bbd60c9692
[INFO] [stdout]                                at /rustc/df4ca44d3fbc9301ee17f30f4d474e6ae4b05252/library/alloc/src/boxed.rs:2468:9
[INFO] [stdout]   13:     0x65426ee05f68 - std::panicking::rust_panic_with_hook::h2ff17fe8f26dfcf8
[INFO] [stdout]                                at /rustc/df4ca44d3fbc9301ee17f30f4d474e6ae4b05252/library/std/src/panicking.rs:809:13
[INFO] [stdout]   14:     0x65426ee05cf6 - std::panicking::begin_panic_handler::{{closure}}::h4fad77951c07e101
[INFO] [stdout]                                at /rustc/df4ca44d3fbc9301ee17f30f4d474e6ae4b05252/library/std/src/panicking.rs:667:13
[INFO] [stdout]   15:     0x65426ee048b9 - std::sys::backtrace::__rust_end_short_backtrace::hb1a25b3da5d0ea08
[INFO] [stdout]                                at /rustc/df4ca44d3fbc9301ee17f30f4d474e6ae4b05252/library/std/src/sys/backtrace.rs:170:18
[INFO] [stdout]   16:     0x65426ee059bc - rust_begin_unwind
[INFO] [stdout]                                at /rustc/df4ca44d3fbc9301ee17f30f4d474e6ae4b05252/library/std/src/panicking.rs:665:5
[INFO] [stdout]   17:     0x65426ee2ac00 - core::panicking::panic_fmt::ha9db07b529f9b256
[INFO] [stdout]                                at /rustc/df4ca44d3fbc9301ee17f30f4d474e6ae4b05252/library/core/src/panicking.rs:75:14
[INFO] [stdout]   18:     0x65426ee2ac8c - core::panicking::panic::h993086813d94accc
[INFO] [stdout]                                at /rustc/df4ca44d3fbc9301ee17f30f4d474e6ae4b05252/library/core/src/panicking.rs:152:5
[INFO] [stdout]   19:     0x65426ec08705 - gurkle_codegen::tests::schema_with_keywords_works::h36f08e41c677add5
[INFO] [stdout]                                at /opt/rustwide/workdir/src/tests/mod.rs:31:17
[INFO] [stdout]   20:     0x65426ec08077 - gurkle_codegen::tests::schema_with_keywords_works::{{closure}}::hfd5830c884971684
[INFO] [stdout]                                at /opt/rustwide/workdir/src/tests/mod.rs:2:32
[INFO] [stdout]   21:     0x65426ebaac46 - core::ops::function::FnOnce::call_once::h9a46e23de9ba4374
[INFO] [stdout]                                at /rustc/df4ca44d3fbc9301ee17f30f4d474e6ae4b05252/library/core/src/ops/function.rs:250:5
[INFO] [stdout]   22:     0x65426ec5919b - core::ops::function::FnOnce::call_once::h22c3ba5715e93f05
[INFO] [stdout]                                at /rustc/df4ca44d3fbc9301ee17f30f4d474e6ae4b05252/library/core/src/ops/function.rs:250:5
[INFO] [stdout]   23:     0x65426ec5919b - test::__rust_begin_short_backtrace::h8e82d8113d0da17f
[INFO] [stdout]                                at /rustc/df4ca44d3fbc9301ee17f30f4d474e6ae4b05252/library/test/src/lib.rs:621:18
[INFO] [stdout]   24:     0x65426ec58b17 - test::run_test_in_process::{{closure}}::h33235f4f20b7b7c7
[INFO] [stdout]                                at /rustc/df4ca44d3fbc9301ee17f30f4d474e6ae4b05252/library/test/src/lib.rs:644:60
[INFO] [stdout]   25:     0x65426ec58b17 - <core::panic::unwind_safe::AssertUnwindSafe<F> as core::ops::function::FnOnce<()>>::call_once::hb5043206310c586f
[INFO] [stdout]                                at /rustc/df4ca44d3fbc9301ee17f30f4d474e6ae4b05252/library/core/src/panic/unwind_safe.rs:272:9
[INFO] [stdout]   26:     0x65426ec58b17 - std::panicking::try::do_call::h9ad4731a60ab23e2
[INFO] [stdout]                                at /rustc/df4ca44d3fbc9301ee17f30f4d474e6ae4b05252/library/std/src/panicking.rs:557:40
[INFO] [stdout]   27:     0x65426ec58b17 - std::panicking::try::h3824d23db772a716
[INFO] [stdout]                                at /rustc/df4ca44d3fbc9301ee17f30f4d474e6ae4b05252/library/std/src/panicking.rs:520:19
[INFO] [stdout]   28:     0x65426ec58b17 - std::panic::catch_unwind::h5afd514605fde46b
[INFO] [stdout]                                at /rustc/df4ca44d3fbc9301ee17f30f4d474e6ae4b05252/library/std/src/panic.rs:358:14
[INFO] [stdout]   29:     0x65426ec58b17 - test::run_test_in_process::h0d5cbfa7067d1720
[INFO] [stdout]                                at /rustc/df4ca44d3fbc9301ee17f30f4d474e6ae4b05252/library/test/src/lib.rs:644:27
[INFO] [stdout]   30:     0x65426ec58b17 - test::run_test::{{closure}}::h708eb8872708115d
[INFO] [stdout]                                at /rustc/df4ca44d3fbc9301ee17f30f4d474e6ae4b05252/library/test/src/lib.rs:565:43
[INFO] [stdout]   31:     0x65426ec1c234 - test::run_test::{{closure}}::h392c51cee94713ab
[INFO] [stdout]                                at /rustc/df4ca44d3fbc9301ee17f30f4d474e6ae4b05252/library/test/src/lib.rs:595:41
[INFO] [stdout]   32:     0x65426ec1c234 - std::sys::backtrace::__rust_begin_short_backtrace::h2f40290710935a8b
[INFO] [stdout]                                at /rustc/df4ca44d3fbc9301ee17f30f4d474e6ae4b05252/library/std/src/sys/backtrace.rs:154:18
[INFO] [stdout]   33:     0x65426ec1f9de - std::thread::Builder::spawn_unchecked_::{{closure}}::{{closure}}::h3fd968d89053a903
[INFO] [stdout]                                at /rustc/df4ca44d3fbc9301ee17f30f4d474e6ae4b05252/library/std/src/thread/mod.rs:541:17
[INFO] [stdout]   34:     0x65426ec1f9de - <core::panic::unwind_safe::AssertUnwindSafe<F> as core::ops::function::FnOnce<()>>::call_once::h743f637ba4229880
[INFO] [stdout]                                at /rustc/df4ca44d3fbc9301ee17f30f4d474e6ae4b05252/library/core/src/panic/unwind_safe.rs:272:9
[INFO] [stdout]   35:     0x65426ec1f9de - std::panicking::try::do_call::h07440897322525a6
[INFO] [stdout]                                at /rustc/df4ca44d3fbc9301ee17f30f4d474e6ae4b05252/library/std/src/panicking.rs:557:40
[INFO] [stdout]   36:     0x65426ec1f9de - std::panicking::try::he5a2e00188156637
[INFO] [stdout]                                at /rustc/df4ca44d3fbc9301ee17f30f4d474e6ae4b05252/library/std/src/panicking.rs:520:19
[INFO] [stdout]   37:     0x65426ec1f9de - std::panic::catch_unwind::hbaf3cae49b3c6433
[INFO] [stdout]                                at /rustc/df4ca44d3fbc9301ee17f30f4d474e6ae4b05252/library/std/src/panic.rs:358:14
[INFO] [stdout]   38:     0x65426ec1f9de - std::thread::Builder::spawn_unchecked_::{{closure}}::h8e141ea224820bce
[INFO] [stdout]                                at /rustc/df4ca44d3fbc9301ee17f30f4d474e6ae4b05252/library/std/src/thread/mod.rs:540:30
[INFO] [stdout]   39:     0x65426ec1f9de - core::ops::function::FnOnce::call_once{{vtable.shim}}::h90d312fedd7b8ea8
[INFO] [stdout]                                at /rustc/df4ca44d3fbc9301ee17f30f4d474e6ae4b05252/library/core/src/ops/function.rs:250:5
[INFO] [stdout]   40:     0x65426ee09e5b - <alloc::boxed::Box<F,A> as core::ops::function::FnOnce<Args>>::call_once::h69aa08ddb6adb8b6
[INFO] [stdout]                                at /rustc/df4ca44d3fbc9301ee17f30f4d474e6ae4b05252/library/alloc/src/boxed.rs:2454:9
[INFO] [stdout]   41:     0x65426ee09e5b - <alloc::boxed::Box<F,A> as core::ops::function::FnOnce<Args>>::call_once::h5aa36efdb79c806f
[INFO] [stdout]                                at /rustc/df4ca44d3fbc9301ee17f30f4d474e6ae4b05252/library/alloc/src/boxed.rs:2454:9
[INFO] [stdout]   42:     0x65426ee09e5b - std::sys::pal::unix::thread::Thread::new::thread_start::h6cd80a1b4be5158d
[INFO] [stdout]                                at /rustc/df4ca44d3fbc9301ee17f30f4d474e6ae4b05252/library/std/src/sys/pal/unix/thread.rs:105:17
[INFO] [stdout]   43:     0x7c855d29aac3 - <unknown>
[INFO] [stdout]   44:     0x7c855d32ba04 - clone
[INFO] [stdout]   45:                0x0 - <unknown>
[INFO] [stdout] 
[INFO] [stdout] 
[INFO] [stdout] failures:
[INFO] [stdout]     tests::schema_with_keywords_works
[INFO] [stdout] 
[INFO] [stdout] test result: FAILED. 2 passed; 1 failed; 0 ignored; 0 measured; 0 filtered out; finished in 0.07s
[INFO] [stdout] 
[INFO] [stderr] error: test failed, to rerun pass `--lib`
[INFO] running `Command { std: "docker" "inspect" "6e4b6db9acbc654b759efed4a8997db9c71defcebb8260777dbbfef220765a13", kill_on_drop: false }`
[INFO] running `Command { std: "docker" "rm" "-f" "6e4b6db9acbc654b759efed4a8997db9c71defcebb8260777dbbfef220765a13", kill_on_drop: false }`
[INFO] [stdout] 6e4b6db9acbc654b759efed4a8997db9c71defcebb8260777dbbfef220765a13
