[INFO] fetching crate guitar-riff 0.1.1...
[INFO] testing guitar-riff-0.1.1 against nightly-2024-10-28+rustflags=-Zrandomize-layout for randomize-layout
[INFO] extracting crate guitar-riff 0.1.1 into /workspace/builds/worker-6-tc2/source
[INFO] validating manifest of crates.io crate guitar-riff 0.1.1 on toolchain nightly-2024-10-28
[INFO] running `Command { std: CARGO_HOME="/workspace/cargo-home" RUSTUP_HOME="/workspace/rustup-home" "/workspace/cargo-home/bin/cargo" "+nightly-2024-10-28" "metadata" "--manifest-path" "Cargo.toml" "--no-deps", kill_on_drop: false }`
[INFO] started tweaking crates.io crate guitar-riff 0.1.1
[INFO] finished tweaking crates.io crate guitar-riff 0.1.1
[INFO] tweaked toml for crates.io crate guitar-riff 0.1.1 written to /workspace/builds/worker-6-tc2/source/Cargo.toml
[INFO] running `Command { std: CARGO_HOME="/workspace/cargo-home" RUSTUP_HOME="/workspace/rustup-home" "/workspace/cargo-home/bin/cargo" "+nightly-2024-10-28" "generate-lockfile" "--manifest-path" "Cargo.toml", kill_on_drop: false }`
[INFO] [stderr]     Updating crates.io index
[INFO] [stderr]      Locking 1 package to latest compatible version
[INFO] running `Command { std: CARGO_HOME="/workspace/cargo-home" RUSTUP_HOME="/workspace/rustup-home" "/workspace/cargo-home/bin/cargo" "+nightly-2024-10-28" "fetch" "--manifest-path" "Cargo.toml", kill_on_drop: false }`
[INFO] running `Command { std: "docker" "create" "-v" "/var/lib/crater-agent-workspace/builds/worker-6-tc2/target:/opt/rustwide/target:rw,Z" "-v" "/var/lib/crater-agent-workspace/builds/worker-6-tc2/source:/opt/rustwide/workdir:ro,Z" "-v" "/var/lib/crater-agent-workspace/cargo-home:/opt/rustwide/cargo-home:ro,Z" "-v" "/var/lib/crater-agent-workspace/rustup-home:/opt/rustwide/rustup-home:ro,Z" "-e" "SOURCE_DIR=/opt/rustwide/workdir" "-e" "CARGO_TARGET_DIR=/opt/rustwide/target" "-e" "CARGO_HOME=/opt/rustwide/cargo-home" "-e" "RUSTUP_HOME=/opt/rustwide/rustup-home" "-w" "/opt/rustwide/workdir" "-m" "1610612736" "--user" "0:0" "--network" "none" "ghcr.io/rust-lang/crates-build-env/linux@sha256:4a844ea9eb2546a2d2c7022eacef16ef2e8229c7fbb2c7d4d55a9ceca922f72d" "/opt/rustwide/cargo-home/bin/cargo" "+nightly-2024-10-28" "metadata" "--no-deps" "--format-version=1", kill_on_drop: false }`
[INFO] [stdout] 8234bdefad6dc47755a51b74affc4feb02f328d97047ee7940bea2197a4f0119
[INFO] running `Command { std: "docker" "start" "-a" "8234bdefad6dc47755a51b74affc4feb02f328d97047ee7940bea2197a4f0119", kill_on_drop: false }`
[INFO] running `Command { std: "docker" "inspect" "8234bdefad6dc47755a51b74affc4feb02f328d97047ee7940bea2197a4f0119", kill_on_drop: false }`
[INFO] running `Command { std: "docker" "rm" "-f" "8234bdefad6dc47755a51b74affc4feb02f328d97047ee7940bea2197a4f0119", kill_on_drop: false }`
[INFO] [stdout] 8234bdefad6dc47755a51b74affc4feb02f328d97047ee7940bea2197a4f0119
[INFO] running `Command { std: "docker" "create" "-v" "/var/lib/crater-agent-workspace/builds/worker-6-tc2/target:/opt/rustwide/target:rw,Z" "-v" "/var/lib/crater-agent-workspace/builds/worker-6-tc2/source:/opt/rustwide/workdir:ro,Z" "-v" "/var/lib/crater-agent-workspace/cargo-home:/opt/rustwide/cargo-home:ro,Z" "-v" "/var/lib/crater-agent-workspace/rustup-home:/opt/rustwide/rustup-home:ro,Z" "-e" "SOURCE_DIR=/opt/rustwide/workdir" "-e" "CARGO_TARGET_DIR=/opt/rustwide/target" "-e" "CARGO_INCREMENTAL=0" "-e" "RUST_BACKTRACE=full" "-e" "RUSTFLAGS=--cap-lints=forbid -Zrandomize-layout" "-e" "RUSTDOCFLAGS=--cap-lints=forbid" "-e" "CARGO_HOME=/opt/rustwide/cargo-home" "-e" "RUSTUP_HOME=/opt/rustwide/rustup-home" "-w" "/opt/rustwide/workdir" "-m" "1610612736" "--user" "0:0" "--network" "none" "ghcr.io/rust-lang/crates-build-env/linux@sha256:4a844ea9eb2546a2d2c7022eacef16ef2e8229c7fbb2c7d4d55a9ceca922f72d" "/opt/rustwide/cargo-home/bin/cargo" "+nightly-2024-10-28" "build" "--frozen" "--message-format=json", kill_on_drop: false }`
[INFO] [stdout] 70efda10a61610c8d08b0140e4972bf1a86270574877a1890b2028964d72971c
[INFO] running `Command { std: "docker" "start" "-a" "70efda10a61610c8d08b0140e4972bf1a86270574877a1890b2028964d72971c", kill_on_drop: false }`
[INFO] [stderr]    Compiling byteorder v1.5.0
[INFO] [stderr]    Compiling guitar-riff v0.1.1 (/opt/rustwide/workdir)
[INFO] [stderr]     Finished `dev` profile [unoptimized + debuginfo] target(s) in 0.42s
[INFO] running `Command { std: "docker" "inspect" "70efda10a61610c8d08b0140e4972bf1a86270574877a1890b2028964d72971c", kill_on_drop: false }`
[INFO] running `Command { std: "docker" "rm" "-f" "70efda10a61610c8d08b0140e4972bf1a86270574877a1890b2028964d72971c", kill_on_drop: false }`
[INFO] [stdout] 70efda10a61610c8d08b0140e4972bf1a86270574877a1890b2028964d72971c
[INFO] running `Command { std: "docker" "create" "-v" "/var/lib/crater-agent-workspace/builds/worker-6-tc2/target:/opt/rustwide/target:rw,Z" "-v" "/var/lib/crater-agent-workspace/builds/worker-6-tc2/source:/opt/rustwide/workdir:ro,Z" "-v" "/var/lib/crater-agent-workspace/cargo-home:/opt/rustwide/cargo-home:ro,Z" "-v" "/var/lib/crater-agent-workspace/rustup-home:/opt/rustwide/rustup-home:ro,Z" "-e" "SOURCE_DIR=/opt/rustwide/workdir" "-e" "CARGO_TARGET_DIR=/opt/rustwide/target" "-e" "CARGO_INCREMENTAL=0" "-e" "RUST_BACKTRACE=full" "-e" "RUSTFLAGS=--cap-lints=forbid -Zrandomize-layout" "-e" "RUSTDOCFLAGS=--cap-lints=forbid" "-e" "CARGO_HOME=/opt/rustwide/cargo-home" "-e" "RUSTUP_HOME=/opt/rustwide/rustup-home" "-w" "/opt/rustwide/workdir" "-m" "1610612736" "--user" "0:0" "--network" "none" "ghcr.io/rust-lang/crates-build-env/linux@sha256:4a844ea9eb2546a2d2c7022eacef16ef2e8229c7fbb2c7d4d55a9ceca922f72d" "/opt/rustwide/cargo-home/bin/cargo" "+nightly-2024-10-28" "test" "--frozen" "--no-run" "--message-format=json", kill_on_drop: false }`
[INFO] [stdout] b1bd64a9501dd14d3cd3537d7a2dfa71b46295eeb04a9e290db9c581e2d6eea4
[INFO] running `Command { std: "docker" "start" "-a" "b1bd64a9501dd14d3cd3537d7a2dfa71b46295eeb04a9e290db9c581e2d6eea4", kill_on_drop: false }`
[INFO] [stderr]    Compiling guitar-riff v0.1.1 (/opt/rustwide/workdir)
[INFO] [stderr]     Finished `test` profile [unoptimized + debuginfo] target(s) in 0.38s
[INFO] running `Command { std: "docker" "inspect" "b1bd64a9501dd14d3cd3537d7a2dfa71b46295eeb04a9e290db9c581e2d6eea4", kill_on_drop: false }`
[INFO] running `Command { std: "docker" "rm" "-f" "b1bd64a9501dd14d3cd3537d7a2dfa71b46295eeb04a9e290db9c581e2d6eea4", kill_on_drop: false }`
[INFO] [stdout] b1bd64a9501dd14d3cd3537d7a2dfa71b46295eeb04a9e290db9c581e2d6eea4
[INFO] running `Command { std: "docker" "create" "-v" "/var/lib/crater-agent-workspace/builds/worker-6-tc2/target:/opt/rustwide/target:rw,Z" "-v" "/var/lib/crater-agent-workspace/builds/worker-6-tc2/source:/opt/rustwide/workdir:ro,Z" "-v" "/var/lib/crater-agent-workspace/cargo-home:/opt/rustwide/cargo-home:ro,Z" "-v" "/var/lib/crater-agent-workspace/rustup-home:/opt/rustwide/rustup-home:ro,Z" "-e" "SOURCE_DIR=/opt/rustwide/workdir" "-e" "CARGO_TARGET_DIR=/opt/rustwide/target" "-e" "CARGO_INCREMENTAL=0" "-e" "RUST_BACKTRACE=full" "-e" "RUSTFLAGS=--cap-lints=forbid -Zrandomize-layout" "-e" "RUSTDOCFLAGS=--cap-lints=forbid" "-e" "CARGO_HOME=/opt/rustwide/cargo-home" "-e" "RUSTUP_HOME=/opt/rustwide/rustup-home" "-w" "/opt/rustwide/workdir" "-m" "1610612736" "--user" "0:0" "--network" "none" "ghcr.io/rust-lang/crates-build-env/linux@sha256:4a844ea9eb2546a2d2c7022eacef16ef2e8229c7fbb2c7d4d55a9ceca922f72d" "/opt/rustwide/cargo-home/bin/cargo" "+nightly-2024-10-28" "test" "--frozen", kill_on_drop: false }`
[INFO] [stdout] 1c31c3d6985e1836e9086e2ddc8361511f1f8e18f9f5bc3d466bb086d0de5a2b
[INFO] running `Command { std: "docker" "start" "-a" "1c31c3d6985e1836e9086e2ddc8361511f1f8e18f9f5bc3d466bb086d0de5a2b", kill_on_drop: false }`
[INFO] [stderr]     Finished `test` profile [unoptimized + debuginfo] target(s) in 0.01s
[INFO] [stderr]      Running unittests src/lib.rs (/opt/rustwide/target/debug/deps/guitar_riff-22e514705b693398)
[INFO] [stdout] 
[INFO] [stdout] running 2 tests
[INFO] [stdout] test riff::test::should_correctly_read_riff_header ... ok
[INFO] [stdout] test riff::test::should_error_if_identifier_is_not_riff ... ok
[INFO] [stdout] 
[INFO] [stdout] test result: ok. 2 passed; 0 failed; 0 ignored; 0 measured; 0 filtered out; finished in 0.00s
[INFO] [stdout] 
[INFO] [stderr]    Doc-tests guitar_riff
[INFO] [stdout] 
[INFO] [stdout] running 6 tests
[INFO] [stdout] test src/riff.rs - riff::RiffFile::chunks (line 86) - compile ... FAILED
[INFO] [stdout] test src/riff.rs - riff::RiffStream<R>::chunks (line 121) - compile ... FAILED
[INFO] [stdout] test src/chunk.rs - chunk::Chunk::outer_size (line 41) ... ok
[INFO] [stdout] test src/chunk.rs - chunk::Chunk::outer_size (line 35) ... ok
[INFO] [stdout] test src/chunk.rs - chunk::Chunk::inner_size (line 58) ... ok
[INFO] [stdout] test src/chunk.rs - chunk::Chunk::inner_size (line 68) ... ok
[INFO] [stdout] 
[INFO] [stdout] failures:
[INFO] [stdout] 
[INFO] [stdout] ---- src/riff.rs - riff::RiffFile::chunks (line 86) stdout ----
[INFO] [stdout] error[E0596]: cannot borrow `file` as mutable, as it is not declared as mutable
[INFO] [stdout]  --> src/riff.rs:90:14
[INFO] [stdout]   |
[INFO] [stdout] 7 | for chunk in file.chunks() {
[INFO] [stdout]   |              ^^^^ cannot borrow as mutable
[INFO] [stdout]   |
[INFO] [stdout] help: consider changing this to be mutable
[INFO] [stdout]   |
[INFO] [stdout] 6 | let mut file = RiffFile::open("MyFile.wav").unwrap();
[INFO] [stdout]   |     +++
[INFO] [stdout] 
[INFO] [stdout] error: aborting due to 1 previous error
[INFO] [stdout] 
[INFO] [stdout] For more information about this error, try `rustc --explain E0596`.
[INFO] [stdout] Couldn't compile the test.
[INFO] [stdout] ---- src/riff.rs - riff::RiffStream<R>::chunks (line 121) stdout ----
[INFO] [stdout] error: expected `;`, found `}`
[INFO] [stdout]   --> src/riff.rs:127:2
[INFO] [stdout]    |
[INFO] [stdout] 9  | }
[INFO] [stdout]    |  ^ help: add `;` here
[INFO] [stdout] 10 | } _doctest_main_src_riff_rs_121_0() }
[INFO] [stdout]    | - unexpected token
[INFO] [stdout] 
[INFO] [stdout] error[E0425]: cannot find value `stream` in this scope
[INFO] [stdout]  --> src/riff.rs:125:14
[INFO] [stdout]   |
[INFO] [stdout] 7 | for chunk in stream.chunks() {
[INFO] [stdout]   |              ^^^^^^ not found in this scope
[INFO] [stdout] 
[INFO] [stdout] error: aborting due to 2 previous errors
[INFO] [stdout] 
[INFO] [stdout] For more information about this error, try `rustc --explain E0425`.
[INFO] [stdout] Couldn't compile the test.
[INFO] [stdout] 
[INFO] [stdout] failures:
[INFO] [stdout]     src/riff.rs - riff::RiffFile::chunks (line 86)
[INFO] [stdout]     src/riff.rs - riff::RiffStream<R>::chunks (line 121)
[INFO] [stdout] 
[INFO] [stdout] test result: FAILED. 4 passed; 2 failed; 0 ignored; 0 measured; 0 filtered out; finished in 0.33s
[INFO] [stdout] 
[INFO] [stderr] error: doctest failed, to rerun pass `--doc`
[INFO] running `Command { std: "docker" "inspect" "1c31c3d6985e1836e9086e2ddc8361511f1f8e18f9f5bc3d466bb086d0de5a2b", kill_on_drop: false }`
[INFO] running `Command { std: "docker" "rm" "-f" "1c31c3d6985e1836e9086e2ddc8361511f1f8e18f9f5bc3d466bb086d0de5a2b", kill_on_drop: false }`
[INFO] [stdout] 1c31c3d6985e1836e9086e2ddc8361511f1f8e18f9f5bc3d466bb086d0de5a2b
