[INFO] fetching crate guidon 0.4.1...
[INFO] testing guidon-0.4.1 against nightly-2024-10-28 for randomize-layout
[INFO] extracting crate guidon 0.4.1 into /workspace/builds/worker-0-tc1/source
[INFO] validating manifest of crates.io crate guidon 0.4.1 on toolchain nightly-2024-10-28
[INFO] running `Command { std: CARGO_HOME="/workspace/cargo-home" RUSTUP_HOME="/workspace/rustup-home" "/workspace/cargo-home/bin/cargo" "+nightly-2024-10-28" "metadata" "--manifest-path" "Cargo.toml" "--no-deps", kill_on_drop: false }`
[INFO] started tweaking crates.io crate guidon 0.4.1
[INFO] finished tweaking crates.io crate guidon 0.4.1
[INFO] tweaked toml for crates.io crate guidon 0.4.1 written to /workspace/builds/worker-0-tc1/source/Cargo.toml
[INFO] running `Command { std: CARGO_HOME="/workspace/cargo-home" RUSTUP_HOME="/workspace/rustup-home" "/workspace/cargo-home/bin/cargo" "+nightly-2024-10-28" "generate-lockfile" "--manifest-path" "Cargo.toml", kill_on_drop: false }`
[INFO] [stderr]     Updating crates.io index
[INFO] [stderr]     Blocking waiting for file lock on package cache
[INFO] [stderr]      Locking 117 packages to latest compatible versions
[INFO] [stderr]       Adding derive_builder v0.9.0 (available: v0.20.2)
[INFO] [stderr]       Adding env_logger v0.7.1 (available: v0.11.5)
[INFO] [stderr]       Adding git2 v0.13.25 (available: v0.19.0)
[INFO] [stderr]       Adding handlebars v3.5.5 (available: v6.2.0)
[INFO] [stderr]       Adding pretty_assertions v0.6.1 (available: v1.4.1)
[INFO] [stderr]       Adding subtle v2.4.1 (available: v2.6.1)
[INFO] [stderr]       Adding toml v0.5.11 (available: v0.8.19)
[INFO] running `Command { std: CARGO_HOME="/workspace/cargo-home" RUSTUP_HOME="/workspace/rustup-home" "/workspace/cargo-home/bin/cargo" "+nightly-2024-10-28" "fetch" "--manifest-path" "Cargo.toml", kill_on_drop: false }`
[INFO] [stderr]     Blocking waiting for file lock on package cache
[INFO] [stderr]  Downloading crates ...
[INFO] [stderr]   Downloaded ansible-vault v0.2.1
[INFO] [stderr]   Downloaded pbkdf2 v0.7.5
[INFO] [stderr]   Downloaded aes-ctr v0.6.0
[INFO] [stderr]   Downloaded password-hash v0.1.4
[INFO] [stderr]   Downloaded pretty_assertions v0.6.1
[INFO] running `Command { std: "docker" "create" "-v" "/var/lib/crater-agent-workspace/builds/worker-0-tc1/target:/opt/rustwide/target:rw,Z" "-v" "/var/lib/crater-agent-workspace/builds/worker-0-tc1/source:/opt/rustwide/workdir:ro,Z" "-v" "/var/lib/crater-agent-workspace/cargo-home:/opt/rustwide/cargo-home:ro,Z" "-v" "/var/lib/crater-agent-workspace/rustup-home:/opt/rustwide/rustup-home:ro,Z" "-e" "SOURCE_DIR=/opt/rustwide/workdir" "-e" "CARGO_TARGET_DIR=/opt/rustwide/target" "-e" "CARGO_HOME=/opt/rustwide/cargo-home" "-e" "RUSTUP_HOME=/opt/rustwide/rustup-home" "-w" "/opt/rustwide/workdir" "-m" "1610612736" "--user" "0:0" "--network" "none" "ghcr.io/rust-lang/crates-build-env/linux@sha256:4a844ea9eb2546a2d2c7022eacef16ef2e8229c7fbb2c7d4d55a9ceca922f72d" "/opt/rustwide/cargo-home/bin/cargo" "+nightly-2024-10-28" "metadata" "--no-deps" "--format-version=1", kill_on_drop: false }`
[INFO] [stdout] ab3b9d6acd62625d6518a667f5ffd2e647860643b7b05eae3b0fa308df0f3312
[INFO] running `Command { std: "docker" "start" "-a" "ab3b9d6acd62625d6518a667f5ffd2e647860643b7b05eae3b0fa308df0f3312", kill_on_drop: false }`
[INFO] running `Command { std: "docker" "inspect" "ab3b9d6acd62625d6518a667f5ffd2e647860643b7b05eae3b0fa308df0f3312", kill_on_drop: false }`
[INFO] running `Command { std: "docker" "rm" "-f" "ab3b9d6acd62625d6518a667f5ffd2e647860643b7b05eae3b0fa308df0f3312", kill_on_drop: false }`
[INFO] [stdout] ab3b9d6acd62625d6518a667f5ffd2e647860643b7b05eae3b0fa308df0f3312
[INFO] running `Command { std: "docker" "create" "-v" "/var/lib/crater-agent-workspace/builds/worker-0-tc1/target:/opt/rustwide/target:rw,Z" "-v" "/var/lib/crater-agent-workspace/builds/worker-0-tc1/source:/opt/rustwide/workdir:ro,Z" "-v" "/var/lib/crater-agent-workspace/cargo-home:/opt/rustwide/cargo-home:ro,Z" "-v" "/var/lib/crater-agent-workspace/rustup-home:/opt/rustwide/rustup-home:ro,Z" "-e" "SOURCE_DIR=/opt/rustwide/workdir" "-e" "CARGO_TARGET_DIR=/opt/rustwide/target" "-e" "CARGO_INCREMENTAL=0" "-e" "RUST_BACKTRACE=full" "-e" "RUSTFLAGS=--cap-lints=forbid" "-e" "RUSTDOCFLAGS=--cap-lints=forbid" "-e" "CARGO_HOME=/opt/rustwide/cargo-home" "-e" "RUSTUP_HOME=/opt/rustwide/rustup-home" "-w" "/opt/rustwide/workdir" "-m" "1610612736" "--user" "0:0" "--network" "none" "ghcr.io/rust-lang/crates-build-env/linux@sha256:4a844ea9eb2546a2d2c7022eacef16ef2e8229c7fbb2c7d4d55a9ceca922f72d" "/opt/rustwide/cargo-home/bin/cargo" "+nightly-2024-10-28" "build" "--frozen" "--message-format=json", kill_on_drop: false }`
[INFO] [stdout] 661c85d29906fac4de38bdc77442228657b1a8f626ecb7f48c8aad0e320ea87f
[INFO] running `Command { std: "docker" "start" "-a" "661c85d29906fac4de38bdc77442228657b1a8f626ecb7f48c8aad0e320ea87f", kill_on_drop: false }`
[INFO] [stderr]    Compiling pkg-config v0.3.31
[INFO] [stderr]    Compiling vcpkg v0.2.15
[INFO] [stderr]    Compiling syn v1.0.109
[INFO] [stderr]    Compiling jobserver v0.1.32
[INFO] [stderr]    Compiling ucd-trie v0.1.7
[INFO] [stderr]    Compiling serde v1.0.214
[INFO] [stderr]    Compiling strsim v0.9.3
[INFO] [stderr]    Compiling fnv v1.0.7
[INFO] [stderr]    Compiling cipher v0.2.5
[INFO] [stderr]    Compiling pest v2.7.14
[INFO] [stderr]    Compiling cc v1.1.31
[INFO] [stderr]    Compiling digest v0.9.0
[INFO] [stderr]    Compiling once_cell v1.20.2
[INFO] [stderr]    Compiling subtle v2.4.1
[INFO] [stderr]    Compiling block-buffer v0.9.0
[INFO] [stderr]    Compiling crypto-mac v0.10.1
[INFO] [stderr]    Compiling base64ct v1.6.0
[INFO] [stderr]    Compiling sha2 v0.9.9
[INFO] [stderr]    Compiling hmac v0.10.1
[INFO] [stderr]    Compiling aes-soft v0.6.4
[INFO] [stderr]    Compiling ctr v0.6.0
[INFO] [stderr]    Compiling password-hash v0.1.4
[INFO] [stderr]    Compiling derive_builder v0.9.0
[INFO] [stderr]    Compiling aes-ctr v0.6.0
[INFO] [stderr]    Compiling rand v0.8.5
[INFO] [stderr]    Compiling quick-error v2.0.1
[INFO] [stderr]    Compiling block-padding v0.2.1
[INFO] [stderr]    Compiling pbkdf2 v0.7.5
[INFO] [stderr]    Compiling openssl-sys v0.9.104
[INFO] [stderr]    Compiling libz-sys v1.1.20
[INFO] [stderr]    Compiling libssh2-sys v0.2.23
[INFO] [stderr]    Compiling libgit2-sys v0.12.26+1.3.0
[INFO] [stderr]    Compiling pest_meta v2.7.14
[INFO] [stderr]    Compiling ansible-vault v0.2.1
[INFO] [stderr]    Compiling pest_generator v2.7.14
[INFO] [stderr]    Compiling darling_core v0.10.2
[INFO] [stderr]    Compiling serde_json v1.0.132
[INFO] [stderr]    Compiling toml v0.5.11
[INFO] [stderr]    Compiling pest_derive v2.7.14
[INFO] [stderr]    Compiling handlebars v3.5.5
[INFO] [stderr]    Compiling darling_macro v0.10.2
[INFO] [stderr]    Compiling darling v0.10.2
[INFO] [stderr]    Compiling derive_builder_core v0.9.0
[INFO] [stderr]    Compiling git2 v0.13.25
[INFO] [stderr]    Compiling guidon v0.4.1 (/opt/rustwide/workdir)
[INFO] [stdout] warning: use of deprecated associated function `handlebars::RenderError::with`
[INFO] [stdout]    --> src/helpers.rs:155:58
[INFO] [stdout]     |
[INFO] [stdout] 155 |     let msg = gencrypt(param, None).map_err(RenderError::with)?;
[INFO] [stdout]     |                                                          ^^^^
[INFO] [stdout]     |
[INFO] [stdout]     = note: `#[warn(deprecated)]` on by default
[INFO] [stdout] 
[INFO] [stdout] 
[INFO] [stdout] warning: use of deprecated associated function `handlebars::RenderError::with`
[INFO] [stdout]    --> src/helpers.rs:177:58
[INFO] [stdout]     |
[INFO] [stdout] 177 |     let msg = gdecrypt(param, None).map_err(RenderError::with)?;
[INFO] [stdout]     |                                                          ^^^^
[INFO] [stdout] 
[INFO] [stdout] 
[INFO] [stderr]     Finished `dev` profile [unoptimized + debuginfo] target(s) in 20.47s
[INFO] running `Command { std: "docker" "inspect" "661c85d29906fac4de38bdc77442228657b1a8f626ecb7f48c8aad0e320ea87f", kill_on_drop: false }`
[INFO] running `Command { std: "docker" "rm" "-f" "661c85d29906fac4de38bdc77442228657b1a8f626ecb7f48c8aad0e320ea87f", kill_on_drop: false }`
[INFO] [stdout] 661c85d29906fac4de38bdc77442228657b1a8f626ecb7f48c8aad0e320ea87f
[INFO] running `Command { std: "docker" "create" "-v" "/var/lib/crater-agent-workspace/builds/worker-0-tc1/target:/opt/rustwide/target:rw,Z" "-v" "/var/lib/crater-agent-workspace/builds/worker-0-tc1/source:/opt/rustwide/workdir:ro,Z" "-v" "/var/lib/crater-agent-workspace/cargo-home:/opt/rustwide/cargo-home:ro,Z" "-v" "/var/lib/crater-agent-workspace/rustup-home:/opt/rustwide/rustup-home:ro,Z" "-e" "SOURCE_DIR=/opt/rustwide/workdir" "-e" "CARGO_TARGET_DIR=/opt/rustwide/target" "-e" "CARGO_INCREMENTAL=0" "-e" "RUST_BACKTRACE=full" "-e" "RUSTFLAGS=--cap-lints=forbid" "-e" "RUSTDOCFLAGS=--cap-lints=forbid" "-e" "CARGO_HOME=/opt/rustwide/cargo-home" "-e" "RUSTUP_HOME=/opt/rustwide/rustup-home" "-w" "/opt/rustwide/workdir" "-m" "1610612736" "--user" "0:0" "--network" "none" "ghcr.io/rust-lang/crates-build-env/linux@sha256:4a844ea9eb2546a2d2c7022eacef16ef2e8229c7fbb2c7d4d55a9ceca922f72d" "/opt/rustwide/cargo-home/bin/cargo" "+nightly-2024-10-28" "test" "--frozen" "--no-run" "--message-format=json", kill_on_drop: false }`
[INFO] [stdout] 3f0142f72474c2aa78d7d155ac5598b251683d75bf436efb78e4f24e6e0d52be
[INFO] running `Command { std: "docker" "start" "-a" "3f0142f72474c2aa78d7d155ac5598b251683d75bf436efb78e4f24e6e0d52be", kill_on_drop: false }`
[INFO] [stderr]    Compiling quick-error v1.2.3
[INFO] [stderr]    Compiling difference v2.0.0
[INFO] [stderr]    Compiling ansi_term v0.11.0
[INFO] [stdout] warning: use of deprecated associated function `handlebars::RenderError::with`
[INFO] [stdout]    --> src/helpers.rs:155:58
[INFO] [stdout]     |
[INFO] [stdout] 155 |     let msg = gencrypt(param, None).map_err(RenderError::with)?;
[INFO] [stdout]     |                                                          ^^^^
[INFO] [stdout]     |
[INFO] [stdout]     = note: `#[warn(deprecated)]` on by default
[INFO] [stdout] 
[INFO] [stdout] 
[INFO] [stdout] warning: use of deprecated associated function `handlebars::RenderError::with`
[INFO] [stdout]    --> src/helpers.rs:177:58
[INFO] [stdout]     |
[INFO] [stdout] 177 |     let msg = gdecrypt(param, None).map_err(RenderError::with)?;
[INFO] [stdout]     |                                                          ^^^^
[INFO] [stdout] 
[INFO] [stdout] 
[INFO] [stderr]    Compiling humantime v1.3.0
[INFO] [stderr]    Compiling pretty_assertions v0.6.1
[INFO] [stderr]    Compiling env_logger v0.7.1
[INFO] [stderr]    Compiling guidon v0.4.1 (/opt/rustwide/workdir)
[INFO] [stdout] warning: use of deprecated associated function `handlebars::RenderError::with`
[INFO] [stdout]    --> src/helpers.rs:155:58
[INFO] [stdout]     |
[INFO] [stdout] 155 |     let msg = gencrypt(param, None).map_err(RenderError::with)?;
[INFO] [stdout]     |                                                          ^^^^
[INFO] [stdout]     |
[INFO] [stdout]     = note: `#[warn(deprecated)]` on by default
[INFO] [stdout] 
[INFO] [stdout] 
[INFO] [stdout] warning: use of deprecated associated function `handlebars::RenderError::with`
[INFO] [stdout]    --> src/helpers.rs:177:58
[INFO] [stdout]     |
[INFO] [stdout] 177 |     let msg = gdecrypt(param, None).map_err(RenderError::with)?;
[INFO] [stdout]     |                                                          ^^^^
[INFO] [stdout] 
[INFO] [stdout] 
[INFO] [stderr]     Finished `test` profile [unoptimized + debuginfo] target(s) in 2.13s
[INFO] running `Command { std: "docker" "inspect" "3f0142f72474c2aa78d7d155ac5598b251683d75bf436efb78e4f24e6e0d52be", kill_on_drop: false }`
[INFO] running `Command { std: "docker" "rm" "-f" "3f0142f72474c2aa78d7d155ac5598b251683d75bf436efb78e4f24e6e0d52be", kill_on_drop: false }`
[INFO] [stdout] 3f0142f72474c2aa78d7d155ac5598b251683d75bf436efb78e4f24e6e0d52be
[INFO] running `Command { std: "docker" "create" "-v" "/var/lib/crater-agent-workspace/builds/worker-0-tc1/target:/opt/rustwide/target:rw,Z" "-v" "/var/lib/crater-agent-workspace/builds/worker-0-tc1/source:/opt/rustwide/workdir:ro,Z" "-v" "/var/lib/crater-agent-workspace/cargo-home:/opt/rustwide/cargo-home:ro,Z" "-v" "/var/lib/crater-agent-workspace/rustup-home:/opt/rustwide/rustup-home:ro,Z" "-e" "SOURCE_DIR=/opt/rustwide/workdir" "-e" "CARGO_TARGET_DIR=/opt/rustwide/target" "-e" "CARGO_INCREMENTAL=0" "-e" "RUST_BACKTRACE=full" "-e" "RUSTFLAGS=--cap-lints=forbid" "-e" "RUSTDOCFLAGS=--cap-lints=forbid" "-e" "CARGO_HOME=/opt/rustwide/cargo-home" "-e" "RUSTUP_HOME=/opt/rustwide/rustup-home" "-w" "/opt/rustwide/workdir" "-m" "1610612736" "--user" "0:0" "--network" "none" "ghcr.io/rust-lang/crates-build-env/linux@sha256:4a844ea9eb2546a2d2c7022eacef16ef2e8229c7fbb2c7d4d55a9ceca922f72d" "/opt/rustwide/cargo-home/bin/cargo" "+nightly-2024-10-28" "test" "--frozen", kill_on_drop: false }`
[INFO] [stdout] 4be3604e320fc96a365a7cebb6b7033328dd32dc921d7bf37308b12ddda067dd
[INFO] running `Command { std: "docker" "start" "-a" "4be3604e320fc96a365a7cebb6b7033328dd32dc921d7bf37308b12ddda067dd", kill_on_drop: false }`
[INFO] [stderr] warning: use of deprecated associated function `handlebars::RenderError::with`
[INFO] [stderr]    --> src/helpers.rs:155:58
[INFO] [stderr]     |
[INFO] [stderr] 155 |     let msg = gencrypt(param, None).map_err(RenderError::with)?;
[INFO] [stderr]     |                                                          ^^^^
[INFO] [stderr]     |
[INFO] [stderr]     = note: `#[warn(deprecated)]` on by default
[INFO] [stderr] 
[INFO] [stderr] warning: use of deprecated associated function `handlebars::RenderError::with`
[INFO] [stderr]    --> src/helpers.rs:177:58
[INFO] [stderr]     |
[INFO] [stderr] 177 |     let msg = gdecrypt(param, None).map_err(RenderError::with)?;
[INFO] [stderr]     |                                                          ^^^^
[INFO] [stderr] 
[INFO] [stderr] warning: `guidon` (lib) generated 2 warnings
[INFO] [stderr] warning: `guidon` (lib test) generated 2 warnings (2 duplicates)
[INFO] [stderr]     Finished `test` profile [unoptimized + debuginfo] target(s) in 0.10s
[INFO] [stderr]      Running unittests src/lib.rs (/opt/rustwide/target/debug/deps/guidon-9f3f27473b322687)
[INFO] [stdout] 
[INFO] [stdout] running 11 tests
[INFO] [stdout] test guidon::tests::test_variables_callback ... ok
[INFO] [stdout] test guidon::tests::should_convert_file_name2 ... ok
[INFO] [stdout] test helpers::tests::should_append ... ok
[INFO] [stdout] test guidon::tests::should_parse_toml ... ok
[INFO] [stdout] test helpers::tests::should_lowercase ... ok
[INFO] [stdout] test helpers::tests::should_uppercase ... ok
[INFO] [stdout] test helpers::tests::should_replace ... ok
[INFO] [stdout] test helpers::tests::should_prepend ... ok
[INFO] [stdout] test helpers::tests::should_default ... ok
[INFO] [stdout] test helpers::tests::should_decrypt ... ok
[INFO] [stdout] test crypto::tests::should_gencrypt_gdecrypt ... ok
[INFO] [stdout] 
[INFO] [stdout] test result: ok. 11 passed; 0 failed; 0 ignored; 0 measured; 0 filtered out; finished in 0.92s
[INFO] [stdout] 
[INFO] [stderr]      Running tests/guidon_tests.rs (/opt/rustwide/target/debug/deps/guidon_tests-eeb7fb4a44a8ceb3)
[INFO] [stdout] 
[INFO] [stdout] running 2 tests
[INFO] [stdout] test test_missing_failure_strict - should panic ... ok
[INFO] [stdout] test run_tests ... FAILED
[INFO] [stdout] 
[INFO] [stdout] failures:
[INFO] [stdout] 
[INFO] [stdout] ---- run_tests stdout ----
[INFO] [stdout] [2024-11-01T09:55:46Z INFO  guidon_tests] Running test_template
[INFO] [stdout] The current directory is /opt/rustwide/workdir
[INFO] [stdout] [2024-11-01T09:55:46Z INFO  guidon::guidon] Applying template for tests/template with file tests/template.toml
[INFO] [stdout] [2024-11-01T09:55:46Z DEBUG guidon::guidon] Parsing dir /opt/rustwide/workdir/tests/template
[INFO] [stdout] [2024-11-01T09:55:46Z DEBUG guidon::guidon] Parsing entry /opt/rustwide/workdir/tests/template/{{dirs}}
[INFO] [stdout] [2024-11-01T09:55:46Z DEBUG handlebars::render] Rendering value: Path(Relative(([Named("dirs")], "dirs")))
[INFO] [stdout] [2024-11-01T09:55:46Z DEBUG handlebars::context] Accessing context value: AbsolutePath(["dirs"])
[INFO] [stdout] [2024-11-01T09:55:46Z DEBUG guidon::guidon] Creating folder /tmp/guidon-cli-tst/tst/tplt/data
[INFO] [stdout] [2024-11-01T09:55:46Z DEBUG guidon::guidon] Parsing dir /opt/rustwide/workdir/tests/template/{{dirs}}
[INFO] [stdout] [2024-11-01T09:55:46Z DEBUG guidon::guidon] Parsing entry /opt/rustwide/workdir/tests/template/{{dirs}}/{{subdirs}}
[INFO] [stdout] [2024-11-01T09:55:46Z DEBUG handlebars::render] Rendering value: Path(Relative(([Named("subdirs")], "subdirs")))
[INFO] [stdout] [2024-11-01T09:55:46Z DEBUG handlebars::context] Accessing context value: AbsolutePath(["subdirs"])
[INFO] [stdout] [2024-11-01T09:55:46Z DEBUG guidon::guidon] Creating folder /tmp/guidon-cli-tst/tst/tplt/data/sub
[INFO] [stdout] [2024-11-01T09:55:46Z DEBUG guidon::guidon] Parsing dir /opt/rustwide/workdir/tests/template/{{dirs}}/{{subdirs}}
[INFO] [stdout] [2024-11-01T09:55:46Z DEBUG guidon::guidon] Parsing entry /opt/rustwide/workdir/tests/template/{{dirs}}/{{subdirs}}/file4.txt.hbs
[INFO] [stdout] [2024-11-01T09:55:46Z DEBUG guidon::guidon] Entry is a file
[INFO] [stdout] [2024-11-01T09:55:46Z DEBUG guidon::guidon] Entry is a template source
[INFO] [stdout] [2024-11-01T09:55:46Z DEBUG guidon::guidon] Copying entry to /tmp/guidon-cli-tst/tst/tplt/data/sub/file4.txt
[INFO] [stdout] [2024-11-01T09:55:46Z DEBUG handlebars::render] Rendering value: Path(Relative(([Named("test7")], "test7")))
[INFO] [stdout] [2024-11-01T09:55:46Z DEBUG handlebars::context] Accessing context value: AbsolutePath(["test7"])
[INFO] [stdout] [2024-11-01T09:55:46Z DEBUG handlebars::render] Rendering value: Path(Relative(([Named("test8")], "test8")))
[INFO] [stdout] [2024-11-01T09:55:46Z DEBUG handlebars::context] Accessing context value: AbsolutePath(["test8"])
[INFO] [stdout] [2024-11-01T09:55:46Z DEBUG guidon::guidon] Parsing entry /opt/rustwide/workdir/tests/template/{{dirs}}/{{subdirs}}/my-{{plop}}-file
[INFO] [stdout] [2024-11-01T09:55:46Z DEBUG handlebars::render] Rendering value: Path(Relative(([Named("plop")], "plop")))
[INFO] [stdout] [2024-11-01T09:55:46Z DEBUG handlebars::context] Accessing context value: AbsolutePath(["plop"])
[INFO] [stdout] [2024-11-01T09:55:46Z DEBUG guidon::guidon] Entry is a file
[INFO] [stdout] [2024-11-01T09:55:46Z DEBUG guidon::guidon] Copying entry to /tmp/guidon-cli-tst/tst/tplt/data/sub/my-beautiful-file
[INFO] [stdout] [2024-11-01T09:55:46Z DEBUG guidon::guidon] Parsing entry /opt/rustwide/workdir/tests/template/{{dirs}}/file3.txt.hbs
[INFO] [stdout] [2024-11-01T09:55:46Z DEBUG guidon::guidon] Entry is a file
[INFO] [stdout] [2024-11-01T09:55:46Z DEBUG guidon::guidon] Entry is a template source
[INFO] [stdout] [2024-11-01T09:55:46Z DEBUG guidon::guidon] Copying entry to /tmp/guidon-cli-tst/tst/tplt/data/file3.txt
[INFO] [stdout] [2024-11-01T09:55:46Z DEBUG guidon::guidon] Parsing entry /opt/rustwide/workdir/tests/template/{{dirs}}/nada
[INFO] [stdout] [2024-11-01T09:55:46Z DEBUG guidon::guidon] Entry is a file
[INFO] [stdout] [2024-11-01T09:55:46Z DEBUG guidon::guidon] Copying entry to /tmp/guidon-cli-tst/tst/tplt/data/nada
[INFO] [stdout] [2024-11-01T09:55:46Z DEBUG guidon::guidon] Parsing entry /opt/rustwide/workdir/tests/template/test_crypt.hbs
[INFO] [stdout] [2024-11-01T09:55:46Z DEBUG guidon::guidon] Entry is a file
[INFO] [stdout] [2024-11-01T09:55:46Z DEBUG guidon::guidon] Entry is a template source
[INFO] [stdout] [2024-11-01T09:55:46Z DEBUG guidon::guidon] Copying entry to /tmp/guidon-cli-tst/test_crypt
[INFO] [stdout] [2024-11-01T09:55:46Z DEBUG handlebars::context] Accessing context value: AbsolutePath(["hello_world"])
[INFO] [stdout] [2024-11-01T09:55:46Z DEBUG handlebars::render] Rendering helper: "decrypt", params: [PathAndJson { relative_path: Some("hello_world"), value: Context(String("336636376137663234393439323037353638326639316266613463656261356261303138633732343863383038346663636239353963366635386332383061380a393032636562323461343033343434393731663961656130363836323337333637366630333261666364333938326561373038626531653434643664313362320a3531653262383631653134343936646265346262396430383062353834323236"), ["hello_world"]) }], hash: {}
[INFO] [stdout] [2024-11-01T09:55:46Z DEBUG guidon::guidon] Parsing entry /opt/rustwide/workdir/tests/template/file1.txt.hbs
[INFO] [stdout] [2024-11-01T09:55:46Z DEBUG guidon::guidon] Entry is a file
[INFO] [stdout] [2024-11-01T09:55:46Z DEBUG guidon::guidon] Entry is a template source
[INFO] [stdout] [2024-11-01T09:55:46Z DEBUG guidon::guidon] Copying entry to /tmp/guidon-cli-tst/file1.txt
[INFO] [stdout] [2024-11-01T09:55:46Z DEBUG handlebars::render] Rendering value: Path(Relative(([Named("test1")], "test1")))
[INFO] [stdout] [2024-11-01T09:55:46Z DEBUG handlebars::context] Accessing context value: AbsolutePath(["test1"])
[INFO] [stdout] [2024-11-01T09:55:46Z DEBUG handlebars::render] Rendering value: Path(Relative(([Named("test2")], "test2")))
[INFO] [stdout] [2024-11-01T09:55:46Z DEBUG handlebars::context] Accessing context value: AbsolutePath(["test2"])
[INFO] [stdout] [2024-11-01T09:55:46Z DEBUG guidon::guidon] Parsing entry /opt/rustwide/workdir/tests/template/dir1
[INFO] [stdout] [2024-11-01T09:55:46Z DEBUG guidon::guidon] Creating folder /tmp/guidon-cli-tst/dir1
[INFO] [stdout] [2024-11-01T09:55:46Z DEBUG guidon::guidon] Parsing dir /opt/rustwide/workdir/tests/template/dir1
[INFO] [stdout] [2024-11-01T09:55:46Z DEBUG guidon::guidon] Parsing entry /opt/rustwide/workdir/tests/template/dir1/file2.txt.hbs
[INFO] [stdout] [2024-11-01T09:55:46Z DEBUG guidon::guidon] Entry is a file
[INFO] [stdout] [2024-11-01T09:55:46Z DEBUG guidon::guidon] Entry is a template source
[INFO] [stdout] [2024-11-01T09:55:46Z DEBUG guidon::guidon] Copying entry to /tmp/guidon-cli-tst/dir1/file2.txt
[INFO] [stdout] [2024-11-01T09:55:46Z DEBUG handlebars::render] Rendering value: Path(Relative(([Named("test3")], "test3")))
[INFO] [stdout] [2024-11-01T09:55:46Z DEBUG handlebars::context] Accessing context value: AbsolutePath(["test3"])
[INFO] [stdout] [2024-11-01T09:55:46Z DEBUG handlebars::render] Rendering value: Path(Relative(([Named("test4")], "test4")))
[INFO] [stdout] [2024-11-01T09:55:46Z DEBUG handlebars::context] Accessing context value: AbsolutePath(["test4"])
[INFO] [stdout] [2024-11-01T09:55:46Z INFO  guidon::guidon] Template applied.
[INFO] [stdout] [2024-11-01T09:55:46Z INFO  guidon_tests] Running test_git_template
[INFO] [stdout] thread 'run_tests' panicked at tests/guidon_tests.rs:93:43:
[INFO] [stdout] called `Result::unwrap()` on an `Err` value: GuidonError { kind: GitError, message: "failed to resolve address for gitlab.com: Temporary failure in name resolution; class=Net (12)" }
[INFO] [stdout] stack backtrace:
[INFO] [stdout]    0:     0x63f1d3cd495a - std::backtrace_rs::backtrace::libunwind::trace::h207520d6e9873551
[INFO] [stdout]                                at /rustc/df4ca44d3fbc9301ee17f30f4d474e6ae4b05252/library/std/src/../../backtrace/src/backtrace/libunwind.rs:116:5
[INFO] [stdout]    1:     0x63f1d3cd495a - std::backtrace_rs::backtrace::trace_unsynchronized::h2ed7433f370e3eca
[INFO] [stdout]                                at /rustc/df4ca44d3fbc9301ee17f30f4d474e6ae4b05252/library/std/src/../../backtrace/src/backtrace/mod.rs:66:5
[INFO] [stdout]    2:     0x63f1d3cd495a - std::sys::backtrace::_print_fmt::h916fac51166b18d7
[INFO] [stdout]                                at /rustc/df4ca44d3fbc9301ee17f30f4d474e6ae4b05252/library/std/src/sys/backtrace.rs:66:9
[INFO] [stdout]    3:     0x63f1d3cd495a - <std::sys::backtrace::BacktraceLock::print::DisplayBacktrace as core::fmt::Display>::fmt::ha0a4c9b8ce3802e6
[INFO] [stdout]                                at /rustc/df4ca44d3fbc9301ee17f30f4d474e6ae4b05252/library/std/src/sys/backtrace.rs:39:26
[INFO] [stdout]    4:     0x63f1d3cffdb3 - core::fmt::rt::Argument::fmt::h4cfc8587d52b3eb5
[INFO] [stdout]                                at /rustc/df4ca44d3fbc9301ee17f30f4d474e6ae4b05252/library/core/src/fmt/rt.rs:177:76
[INFO] [stdout]    5:     0x63f1d3cffdb3 - core::fmt::write::h522cc39e5b36ae9f
[INFO] [stdout]                                at /rustc/df4ca44d3fbc9301ee17f30f4d474e6ae4b05252/library/core/src/fmt/mod.rs:1190:21
[INFO] [stdout]    6:     0x63f1d3cd1103 - std::io::Write::write_fmt::h7d3c26752da97734
[INFO] [stdout]                                at /rustc/df4ca44d3fbc9301ee17f30f4d474e6ae4b05252/library/std/src/io/mod.rs:1839:15
[INFO] [stdout]    7:     0x63f1d3cd47a2 - std::sys::backtrace::BacktraceLock::print::h4b9e00b29e9c0942
[INFO] [stdout]                                at /rustc/df4ca44d3fbc9301ee17f30f4d474e6ae4b05252/library/std/src/sys/backtrace.rs:42:9
[INFO] [stdout]    8:     0x63f1d3cd5dea - std::panicking::default_hook::{{closure}}::hb59b88280d0324d9
[INFO] [stdout]                                at /rustc/df4ca44d3fbc9301ee17f30f4d474e6ae4b05252/library/std/src/panicking.rs:268:22
[INFO] [stdout]    9:     0x63f1d3cd5bf4 - std::panicking::default_hook::he1dd496665be4a29
[INFO] [stdout]                                at /rustc/df4ca44d3fbc9301ee17f30f4d474e6ae4b05252/library/std/src/panicking.rs:292:9
[INFO] [stdout]   10:     0x63f1d39283f9 - <alloc::boxed::Box<F,A> as core::ops::function::Fn<Args>>::call::h4ff71de18744e1dc
[INFO] [stdout]                                at /rustc/df4ca44d3fbc9301ee17f30f4d474e6ae4b05252/library/alloc/src/boxed.rs:2468:9
[INFO] [stdout]   11:     0x63f1d39283f9 - test::test_main::{{closure}}::hcf7c055ce117aa81
[INFO] [stdout]                                at /rustc/df4ca44d3fbc9301ee17f30f4d474e6ae4b05252/library/test/src/lib.rs:133:21
[INFO] [stdout]   12:     0x63f1d3cd64e8 - <alloc::boxed::Box<F,A> as core::ops::function::Fn<Args>>::call::h1d66c6bbd60c9692
[INFO] [stdout]                                at /rustc/df4ca44d3fbc9301ee17f30f4d474e6ae4b05252/library/alloc/src/boxed.rs:2468:9
[INFO] [stdout]   13:     0x63f1d3cd64e8 - std::panicking::rust_panic_with_hook::h2ff17fe8f26dfcf8
[INFO] [stdout]                                at /rustc/df4ca44d3fbc9301ee17f30f4d474e6ae4b05252/library/std/src/panicking.rs:809:13
[INFO] [stdout]   14:     0x63f1d3cd62aa - std::panicking::begin_panic_handler::{{closure}}::h4fad77951c07e101
[INFO] [stdout]                                at /rustc/df4ca44d3fbc9301ee17f30f4d474e6ae4b05252/library/std/src/panicking.rs:674:13
[INFO] [stdout]   15:     0x63f1d3cd4e39 - std::sys::backtrace::__rust_end_short_backtrace::hb1a25b3da5d0ea08
[INFO] [stdout]                                at /rustc/df4ca44d3fbc9301ee17f30f4d474e6ae4b05252/library/std/src/sys/backtrace.rs:170:18
[INFO] [stdout]   16:     0x63f1d3cd5f3c - rust_begin_unwind
[INFO] [stdout]                                at /rustc/df4ca44d3fbc9301ee17f30f4d474e6ae4b05252/library/std/src/panicking.rs:665:5
[INFO] [stdout]   17:     0x63f1d3cfe2d0 - core::panicking::panic_fmt::ha9db07b529f9b256
[INFO] [stdout]                                at /rustc/df4ca44d3fbc9301ee17f30f4d474e6ae4b05252/library/core/src/panicking.rs:75:14
[INFO] [stdout]   18:     0x63f1d3cfe756 - core::result::unwrap_failed::h5e8218e4d4338b8a
[INFO] [stdout]                                at /rustc/df4ca44d3fbc9301ee17f30f4d474e6ae4b05252/library/core/src/result.rs:1698:5
[INFO] [stdout]   19:     0x63f1d365c130 - core::result::Result<T,E>::unwrap::h8175c52f4cff5785
[INFO] [stdout]                                at /rustc/df4ca44d3fbc9301ee17f30f4d474e6ae4b05252/library/core/src/result.rs:1103:23
[INFO] [stdout]   20:     0x63f1d365c130 - guidon_tests::test_git_template::hd5d53435eaf7ef45
[INFO] [stdout]                                at /opt/rustwide/workdir/tests/guidon_tests.rs:93:22
[INFO] [stdout]   21:     0x63f1d3660bbb - guidon_tests::run_tests::ha0472ba0b6ba616b
[INFO] [stdout]                                at /opt/rustwide/workdir/tests/guidon_tests.rs:31:5
[INFO] [stdout]   22:     0x63f1d3660b97 - guidon_tests::run_tests::{{closure}}::h81c831c76ece31ac
[INFO] [stdout]                                at /opt/rustwide/workdir/tests/guidon_tests.rs:29:15
[INFO] [stdout]   23:     0x63f1d3654516 - core::ops::function::FnOnce::call_once::h6aec0a0e63f9a189
[INFO] [stdout]                                at /rustc/df4ca44d3fbc9301ee17f30f4d474e6ae4b05252/library/core/src/ops/function.rs:250:5
[INFO] [stdout]   24:     0x63f1d392cccb - core::ops::function::FnOnce::call_once::h22c3ba5715e93f05
[INFO] [stdout]                                at /rustc/df4ca44d3fbc9301ee17f30f4d474e6ae4b05252/library/core/src/ops/function.rs:250:5
[INFO] [stdout]   25:     0x63f1d392cccb - test::__rust_begin_short_backtrace::h8e82d8113d0da17f
[INFO] [stdout]                                at /rustc/df4ca44d3fbc9301ee17f30f4d474e6ae4b05252/library/test/src/lib.rs:621:18
[INFO] [stdout]   26:     0x63f1d392c647 - test::run_test_in_process::{{closure}}::h33235f4f20b7b7c7
[INFO] [stdout]                                at /rustc/df4ca44d3fbc9301ee17f30f4d474e6ae4b05252/library/test/src/lib.rs:644:60
[INFO] [stdout]   27:     0x63f1d392c647 - <core::panic::unwind_safe::AssertUnwindSafe<F> as core::ops::function::FnOnce<()>>::call_once::hb5043206310c586f
[INFO] [stdout]                                at /rustc/df4ca44d3fbc9301ee17f30f4d474e6ae4b05252/library/core/src/panic/unwind_safe.rs:272:9
[INFO] [stdout]   28:     0x63f1d392c647 - std::panicking::try::do_call::h9ad4731a60ab23e2
[INFO] [stdout]                                at /rustc/df4ca44d3fbc9301ee17f30f4d474e6ae4b05252/library/std/src/panicking.rs:557:40
[INFO] [stdout]   29:     0x63f1d392c647 - std::panicking::try::h3824d23db772a716
[INFO] [stdout]                                at /rustc/df4ca44d3fbc9301ee17f30f4d474e6ae4b05252/library/std/src/panicking.rs:520:19
[INFO] [stdout]   30:     0x63f1d392c647 - std::panic::catch_unwind::h5afd514605fde46b
[INFO] [stdout]                                at /rustc/df4ca44d3fbc9301ee17f30f4d474e6ae4b05252/library/std/src/panic.rs:358:14
[INFO] [stdout]   31:     0x63f1d392c647 - test::run_test_in_process::h0d5cbfa7067d1720
[INFO] [stdout]                                at /rustc/df4ca44d3fbc9301ee17f30f4d474e6ae4b05252/library/test/src/lib.rs:644:27
[INFO] [stdout]   32:     0x63f1d392c647 - test::run_test::{{closure}}::h708eb8872708115d
[INFO] [stdout]                                at /rustc/df4ca44d3fbc9301ee17f30f4d474e6ae4b05252/library/test/src/lib.rs:565:43
[INFO] [stdout]   33:     0x63f1d38efd64 - test::run_test::{{closure}}::h392c51cee94713ab
[INFO] [stdout]                                at /rustc/df4ca44d3fbc9301ee17f30f4d474e6ae4b05252/library/test/src/lib.rs:595:41
[INFO] [stdout]   34:     0x63f1d38efd64 - std::sys::backtrace::__rust_begin_short_backtrace::h2f40290710935a8b
[INFO] [stdout]                                at /rustc/df4ca44d3fbc9301ee17f30f4d474e6ae4b05252/library/std/src/sys/backtrace.rs:154:18
[INFO] [stdout]   35:     0x63f1d38f350e - std::thread::Builder::spawn_unchecked_::{{closure}}::{{closure}}::h3fd968d89053a903
[INFO] [stdout]                                at /rustc/df4ca44d3fbc9301ee17f30f4d474e6ae4b05252/library/std/src/thread/mod.rs:541:17
[INFO] [stdout]   36:     0x63f1d38f350e - <core::panic::unwind_safe::AssertUnwindSafe<F> as core::ops::function::FnOnce<()>>::call_once::h743f637ba4229880
[INFO] [stdout]                                at /rustc/df4ca44d3fbc9301ee17f30f4d474e6ae4b05252/library/core/src/panic/unwind_safe.rs:272:9
[INFO] [stdout]   37:     0x63f1d38f350e - std::panicking::try::do_call::h07440897322525a6
[INFO] [stdout]                                at /rustc/df4ca44d3fbc9301ee17f30f4d474e6ae4b05252/library/std/src/panicking.rs:557:40
[INFO] [stdout]   38:     0x63f1d38f350e - std::panicking::try::he5a2e00188156637
[INFO] [stdout]                                at /rustc/df4ca44d3fbc9301ee17f30f4d474e6ae4b05252/library/std/src/panicking.rs:520:19
[INFO] [stdout]   39:     0x63f1d38f350e - std::panic::catch_unwind::hbaf3cae49b3c6433
[INFO] [stdout]                                at /rustc/df4ca44d3fbc9301ee17f30f4d474e6ae4b05252/library/std/src/panic.rs:358:14
[INFO] [stdout]   40:     0x63f1d38f350e - std::thread::Builder::spawn_unchecked_::{{closure}}::h8e141ea224820bce
[INFO] [stdout]                                at /rustc/df4ca44d3fbc9301ee17f30f4d474e6ae4b05252/library/std/src/thread/mod.rs:540:30
[INFO] [stdout]   41:     0x63f1d38f350e - core::ops::function::FnOnce::call_once{{vtable.shim}}::h90d312fedd7b8ea8
[INFO] [stdout]                                at /rustc/df4ca44d3fbc9301ee17f30f4d474e6ae4b05252/library/core/src/ops/function.rs:250:5
[INFO] [stdout]   42:     0x63f1d3cdbb6b - <alloc::boxed::Box<F,A> as core::ops::function::FnOnce<Args>>::call_once::h69aa08ddb6adb8b6
[INFO] [stdout]                                at /rustc/df4ca44d3fbc9301ee17f30f4d474e6ae4b05252/library/alloc/src/boxed.rs:2454:9
[INFO] [stdout]   43:     0x63f1d3cdbb6b - <alloc::boxed::Box<F,A> as core::ops::function::FnOnce<Args>>::call_once::h5aa36efdb79c806f
[INFO] [stdout]                                at /rustc/df4ca44d3fbc9301ee17f30f4d474e6ae4b05252/library/alloc/src/boxed.rs:2454:9
[INFO] [stdout]   44:     0x63f1d3cdbb6b - std::sys::pal::unix::thread::Thread::new::thread_start::h6cd80a1b4be5158d
[INFO] [stdout]                                at /rustc/df4ca44d3fbc9301ee17f30f4d474e6ae4b05252/library/std/src/sys/pal/unix/thread.rs:105:17
[INFO] [stdout]   45:     0x7261877feac3 - <unknown>
[INFO] [stdout]   46:     0x72618788fa04 - clone
[INFO] [stdout]   47:                0x0 - <unknown>
[INFO] [stdout] 
[INFO] [stdout] 
[INFO] [stdout] failures:
[INFO] [stdout]     run_tests
[INFO] [stdout] 
[INFO] [stdout] test result: FAILED. 1 passed; 1 failed; 0 ignored; 0 measured; 0 filtered out; finished in 0.57s
[INFO] [stdout] 
[INFO] [stderr] error: test failed, to rerun pass `--test guidon_tests`
[INFO] running `Command { std: "docker" "inspect" "4be3604e320fc96a365a7cebb6b7033328dd32dc921d7bf37308b12ddda067dd", kill_on_drop: false }`
[INFO] running `Command { std: "docker" "rm" "-f" "4be3604e320fc96a365a7cebb6b7033328dd32dc921d7bf37308b12ddda067dd", kill_on_drop: false }`
[INFO] [stdout] 4be3604e320fc96a365a7cebb6b7033328dd32dc921d7bf37308b12ddda067dd
