[INFO] fetching crate guid 0.1.0...
[INFO] testing guid-0.1.0 against nightly-2024-10-28+rustflags=-Zrandomize-layout for randomize-layout
[INFO] extracting crate guid 0.1.0 into /workspace/builds/worker-4-tc2/source
[INFO] validating manifest of crates.io crate guid 0.1.0 on toolchain nightly-2024-10-28
[INFO] running `Command { std: CARGO_HOME="/workspace/cargo-home" RUSTUP_HOME="/workspace/rustup-home" "/workspace/cargo-home/bin/cargo" "+nightly-2024-10-28" "metadata" "--manifest-path" "Cargo.toml" "--no-deps", kill_on_drop: false }`
[INFO] started tweaking crates.io crate guid 0.1.0
[INFO] finished tweaking crates.io crate guid 0.1.0
[INFO] tweaked toml for crates.io crate guid 0.1.0 written to /workspace/builds/worker-4-tc2/source/Cargo.toml
[INFO] running `Command { std: CARGO_HOME="/workspace/cargo-home" RUSTUP_HOME="/workspace/rustup-home" "/workspace/cargo-home/bin/cargo" "+nightly-2024-10-28" "generate-lockfile" "--manifest-path" "Cargo.toml", kill_on_drop: false }`
[INFO] [stderr]     Updating crates.io index
[INFO] [stderr]      Locking 51 packages to latest compatible versions
[INFO] [stderr]       Adding proc-macro-hack v0.4.3 (available: v0.5.20+deprecated)
[INFO] [stderr]       Adding winapi v0.2.8 (available: v0.3.9)
[INFO] running `Command { std: CARGO_HOME="/workspace/cargo-home" RUSTUP_HOME="/workspace/rustup-home" "/workspace/cargo-home/bin/cargo" "+nightly-2024-10-28" "fetch" "--manifest-path" "Cargo.toml", kill_on_drop: false }`
[INFO] [stderr] warning: no edition set: defaulting to the 2015 edition while the latest is 2021
[INFO] running `Command { std: "docker" "create" "-v" "/var/lib/crater-agent-workspace/builds/worker-4-tc2/target:/opt/rustwide/target:rw,Z" "-v" "/var/lib/crater-agent-workspace/builds/worker-4-tc2/source:/opt/rustwide/workdir:ro,Z" "-v" "/var/lib/crater-agent-workspace/cargo-home:/opt/rustwide/cargo-home:ro,Z" "-v" "/var/lib/crater-agent-workspace/rustup-home:/opt/rustwide/rustup-home:ro,Z" "-e" "SOURCE_DIR=/opt/rustwide/workdir" "-e" "CARGO_TARGET_DIR=/opt/rustwide/target" "-e" "CARGO_HOME=/opt/rustwide/cargo-home" "-e" "RUSTUP_HOME=/opt/rustwide/rustup-home" "-w" "/opt/rustwide/workdir" "-m" "1610612736" "--user" "0:0" "--network" "none" "ghcr.io/rust-lang/crates-build-env/linux@sha256:4a844ea9eb2546a2d2c7022eacef16ef2e8229c7fbb2c7d4d55a9ceca922f72d" "/opt/rustwide/cargo-home/bin/cargo" "+nightly-2024-10-28" "metadata" "--no-deps" "--format-version=1", kill_on_drop: false }`
[INFO] [stdout] a012e753fd69b55e38fa70d7a112f0b9caac6182c41ddf249e0747ae959a3e2e
[INFO] running `Command { std: "docker" "start" "-a" "a012e753fd69b55e38fa70d7a112f0b9caac6182c41ddf249e0747ae959a3e2e", kill_on_drop: false }`
[INFO] running `Command { std: "docker" "inspect" "a012e753fd69b55e38fa70d7a112f0b9caac6182c41ddf249e0747ae959a3e2e", kill_on_drop: false }`
[INFO] running `Command { std: "docker" "rm" "-f" "a012e753fd69b55e38fa70d7a112f0b9caac6182c41ddf249e0747ae959a3e2e", kill_on_drop: false }`
[INFO] [stdout] a012e753fd69b55e38fa70d7a112f0b9caac6182c41ddf249e0747ae959a3e2e
[INFO] running `Command { std: "docker" "create" "-v" "/var/lib/crater-agent-workspace/builds/worker-4-tc2/target:/opt/rustwide/target:rw,Z" "-v" "/var/lib/crater-agent-workspace/builds/worker-4-tc2/source:/opt/rustwide/workdir:ro,Z" "-v" "/var/lib/crater-agent-workspace/cargo-home:/opt/rustwide/cargo-home:ro,Z" "-v" "/var/lib/crater-agent-workspace/rustup-home:/opt/rustwide/rustup-home:ro,Z" "-e" "SOURCE_DIR=/opt/rustwide/workdir" "-e" "CARGO_TARGET_DIR=/opt/rustwide/target" "-e" "CARGO_INCREMENTAL=0" "-e" "RUST_BACKTRACE=full" "-e" "RUSTFLAGS=--cap-lints=forbid -Zrandomize-layout" "-e" "RUSTDOCFLAGS=--cap-lints=forbid" "-e" "CARGO_HOME=/opt/rustwide/cargo-home" "-e" "RUSTUP_HOME=/opt/rustwide/rustup-home" "-w" "/opt/rustwide/workdir" "-m" "1610612736" "--user" "0:0" "--network" "none" "ghcr.io/rust-lang/crates-build-env/linux@sha256:4a844ea9eb2546a2d2c7022eacef16ef2e8229c7fbb2c7d4d55a9ceca922f72d" "/opt/rustwide/cargo-home/bin/cargo" "+nightly-2024-10-28" "build" "--frozen" "--message-format=json", kill_on_drop: false }`
[INFO] [stdout] ea48cc6d6a480c2fbaab9da5325bc0f0dab471a350b07689a7b82b90bc439da6
[INFO] running `Command { std: "docker" "start" "-a" "ea48cc6d6a480c2fbaab9da5325bc0f0dab471a350b07689a7b82b90bc439da6", kill_on_drop: false }`
[INFO] [stderr] warning: no edition set: defaulting to the 2015 edition while the latest is 2021
[INFO] [stderr]    Compiling winapi-build v0.1.1
[INFO] [stderr]    Compiling shlex v1.3.0
[INFO] [stderr]    Compiling winapi v0.2.8
[INFO] [stderr]    Compiling syn v1.0.109
[INFO] [stderr]    Compiling debug-builders v0.1.0
[INFO] [stderr]    Compiling debugtrace v0.1.0
[INFO] [stderr]    Compiling cfg-if v0.1.10
[INFO] [stderr]    Compiling custom_derive v0.1.7
[INFO] [stderr]    Compiling failure_derive v0.1.8
[INFO] [stderr]    Compiling memchr v2.7.4
[INFO] [stderr]    Compiling unicode-xid v0.2.6
[INFO] [stderr]    Compiling gimli v0.31.1
[INFO] [stderr]    Compiling adler2 v2.0.0
[INFO] [stderr]    Compiling bitflags v0.7.0
[INFO] [stderr]    Compiling rustc-demangle v0.1.24
[INFO] [stderr]    Compiling either v0.1.7
[INFO] [stderr]    Compiling conv v0.3.3
[INFO] [stderr]    Compiling miniz_oxide v0.8.0
[INFO] [stderr]    Compiling kernel32-sys v0.2.2
[INFO] [stderr]    Compiling dbghelp-sys v0.2.0
[INFO] [stderr]    Compiling cc v1.1.31
[INFO] [stderr]    Compiling object v0.36.5
[INFO] [stderr]    Compiling backtrace-sys v0.1.37
[INFO] [stderr]    Compiling backtrace v0.1.8
[INFO] [stderr]    Compiling addr2line v0.24.2
[INFO] [stderr]    Compiling synstructure v0.12.6
[INFO] [stderr]    Compiling chomp v0.3.1
[INFO] [stderr]    Compiling guid-parser v0.1.0
[INFO] [stderr]    Compiling backtrace v0.3.74
[INFO] [stderr]    Compiling failure v0.1.8
[INFO] [stderr]    Compiling guid v0.1.0 (/opt/rustwide/workdir)
[INFO] [stdout] warning: non-local `impl` definition, `impl` blocks should be written at the same level as their item
[INFO] [stdout]   --> src/lib.rs:66:10
[INFO] [stdout]    |
[INFO] [stdout] 66 | #[derive(Fail, Debug)]
[INFO] [stdout]    |          ^---
[INFO] [stdout]    |          |
[INFO] [stdout]    |          `Fail` is not local
[INFO] [stdout]    |          move the `impl` block outside of this constant `_DERIVE_failure_Fail_FOR_ParseGuidError`
[INFO] [stdout] 67 | #[fail(display = "{}", msg)]
[INFO] [stdout] 68 | pub struct ParseGuidError {
[INFO] [stdout]    |            -------------- `ParseGuidError` is not local
[INFO] [stdout]    |
[INFO] [stdout]    = note: the derive macro `Fail` defines the non-local `impl`, and may need to be changed
[INFO] [stdout]    = note: the derive macro `Fail` may come from an old version of the `failure_derive` crate, try updating your dependency with `cargo update -p failure_derive`
[INFO] [stdout]    = note: an `impl` is never scoped, even when it is nested inside an item, as it may impact type checking outside of that item, which can be the case if neither the trait or the self type are at the same nesting level as the `impl`
[INFO] [stdout]    = note: items in an anonymous const item (`const _: () = { ... }`) are treated as in the same scope as the anonymous const's declaration for the purpose of this lint
[INFO] [stdout]    = note: `#[warn(non_local_definitions)]` on by default
[INFO] [stdout]    = note: this warning originates in the derive macro `Fail` (in Nightly builds, run with -Z macro-backtrace for more info)
[INFO] [stdout] 
[INFO] [stdout] 
[INFO] [stdout] warning: non-local `impl` definition, `impl` blocks should be written at the same level as their item
[INFO] [stdout]   --> src/lib.rs:66:10
[INFO] [stdout]    |
[INFO] [stdout] 66 | #[derive(Fail, Debug)]
[INFO] [stdout]    |          ^---
[INFO] [stdout]    |          |
[INFO] [stdout]    |          `Display` is not local
[INFO] [stdout]    |          move the `impl` block outside of this constant `_DERIVE_failure_core_fmt_Display_FOR_ParseGuidError`
[INFO] [stdout] 67 | #[fail(display = "{}", msg)]
[INFO] [stdout] 68 | pub struct ParseGuidError {
[INFO] [stdout]    |            -------------- `ParseGuidError` is not local
[INFO] [stdout]    |
[INFO] [stdout]    = note: the derive macro `Fail` defines the non-local `impl`, and may need to be changed
[INFO] [stdout]    = note: the derive macro `Fail` may come from an old version of the `failure_derive` crate, try updating your dependency with `cargo update -p failure_derive`
[INFO] [stdout]    = note: an `impl` is never scoped, even when it is nested inside an item, as it may impact type checking outside of that item, which can be the case if neither the trait or the self type are at the same nesting level as the `impl`
[INFO] [stdout]    = note: items in an anonymous const item (`const _: () = { ... }`) are treated as in the same scope as the anonymous const's declaration for the purpose of this lint
[INFO] [stdout]    = note: this warning originates in the derive macro `Fail` (in Nightly builds, run with -Z macro-backtrace for more info)
[INFO] [stdout] 
[INFO] [stdout] 
[INFO] [stderr]     Finished `dev` profile [unoptimized + debuginfo] target(s) in 3.60s
[INFO] [stderr] warning: the following packages contain code that will be rejected by a future version of Rust: bitflags v0.7.0
[INFO] [stderr] note: to see what the problems were, use the option `--future-incompat-report`, or run `cargo report future-incompatibilities --id 1`
[INFO] running `Command { std: "docker" "inspect" "ea48cc6d6a480c2fbaab9da5325bc0f0dab471a350b07689a7b82b90bc439da6", kill_on_drop: false }`
[INFO] running `Command { std: "docker" "rm" "-f" "ea48cc6d6a480c2fbaab9da5325bc0f0dab471a350b07689a7b82b90bc439da6", kill_on_drop: false }`
[INFO] [stdout] ea48cc6d6a480c2fbaab9da5325bc0f0dab471a350b07689a7b82b90bc439da6
[INFO] running `Command { std: "docker" "create" "-v" "/var/lib/crater-agent-workspace/builds/worker-4-tc2/target:/opt/rustwide/target:rw,Z" "-v" "/var/lib/crater-agent-workspace/builds/worker-4-tc2/source:/opt/rustwide/workdir:ro,Z" "-v" "/var/lib/crater-agent-workspace/cargo-home:/opt/rustwide/cargo-home:ro,Z" "-v" "/var/lib/crater-agent-workspace/rustup-home:/opt/rustwide/rustup-home:ro,Z" "-e" "SOURCE_DIR=/opt/rustwide/workdir" "-e" "CARGO_TARGET_DIR=/opt/rustwide/target" "-e" "CARGO_INCREMENTAL=0" "-e" "RUST_BACKTRACE=full" "-e" "RUSTFLAGS=--cap-lints=forbid -Zrandomize-layout" "-e" "RUSTDOCFLAGS=--cap-lints=forbid" "-e" "CARGO_HOME=/opt/rustwide/cargo-home" "-e" "RUSTUP_HOME=/opt/rustwide/rustup-home" "-w" "/opt/rustwide/workdir" "-m" "1610612736" "--user" "0:0" "--network" "none" "ghcr.io/rust-lang/crates-build-env/linux@sha256:4a844ea9eb2546a2d2c7022eacef16ef2e8229c7fbb2c7d4d55a9ceca922f72d" "/opt/rustwide/cargo-home/bin/cargo" "+nightly-2024-10-28" "test" "--frozen" "--no-run" "--message-format=json", kill_on_drop: false }`
[INFO] [stdout] a78f099ecaab52316bbf39ff8fc2f876f853c229f43eb399e856d7b37880e450
[INFO] running `Command { std: "docker" "start" "-a" "a78f099ecaab52316bbf39ff8fc2f876f853c229f43eb399e856d7b37880e450", kill_on_drop: false }`
[INFO] [stderr] warning: no edition set: defaulting to the 2015 edition while the latest is 2021
[INFO] [stdout] warning: non-local `impl` definition, `impl` blocks should be written at the same level as their item
[INFO] [stdout]   --> src/lib.rs:66:10
[INFO] [stdout]    |
[INFO] [stdout] 66 | #[derive(Fail, Debug)]
[INFO] [stdout]    |          ^---
[INFO] [stdout]    |          |
[INFO] [stdout]    |          `Fail` is not local
[INFO] [stdout]    |          move the `impl` block outside of this constant `_DERIVE_failure_Fail_FOR_ParseGuidError`
[INFO] [stdout] 67 | #[fail(display = "{}", msg)]
[INFO] [stdout] 68 | pub struct ParseGuidError {
[INFO] [stdout]    |            -------------- `ParseGuidError` is not local
[INFO] [stdout]    |
[INFO] [stdout]    = note: the derive macro `Fail` defines the non-local `impl`, and may need to be changed
[INFO] [stdout]    = note: the derive macro `Fail` may come from an old version of the `failure_derive` crate, try updating your dependency with `cargo update -p failure_derive`
[INFO] [stdout]    = note: an `impl` is never scoped, even when it is nested inside an item, as it may impact type checking outside of that item, which can be the case if neither the trait or the self type are at the same nesting level as the `impl`
[INFO] [stdout]    = note: items in an anonymous const item (`const _: () = { ... }`) are treated as in the same scope as the anonymous const's declaration for the purpose of this lint
[INFO] [stdout]    = note: `#[warn(non_local_definitions)]` on by default
[INFO] [stdout]    = note: this warning originates in the derive macro `Fail` (in Nightly builds, run with -Z macro-backtrace for more info)
[INFO] [stdout] 
[INFO] [stdout] 
[INFO] [stdout] warning: non-local `impl` definition, `impl` blocks should be written at the same level as their item
[INFO] [stdout]   --> src/lib.rs:66:10
[INFO] [stdout]    |
[INFO] [stdout] 66 | #[derive(Fail, Debug)]
[INFO] [stdout]    |          ^---
[INFO] [stdout]    |          |
[INFO] [stdout]    |          `Display` is not local
[INFO] [stdout]    |          move the `impl` block outside of this constant `_DERIVE_failure_core_fmt_Display_FOR_ParseGuidError`
[INFO] [stdout] 67 | #[fail(display = "{}", msg)]
[INFO] [stdout] 68 | pub struct ParseGuidError {
[INFO] [stdout]    |            -------------- `ParseGuidError` is not local
[INFO] [stdout]    |
[INFO] [stdout]    = note: the derive macro `Fail` defines the non-local `impl`, and may need to be changed
[INFO] [stdout]    = note: the derive macro `Fail` may come from an old version of the `failure_derive` crate, try updating your dependency with `cargo update -p failure_derive`
[INFO] [stdout]    = note: an `impl` is never scoped, even when it is nested inside an item, as it may impact type checking outside of that item, which can be the case if neither the trait or the self type are at the same nesting level as the `impl`
[INFO] [stdout]    = note: items in an anonymous const item (`const _: () = { ... }`) are treated as in the same scope as the anonymous const's declaration for the purpose of this lint
[INFO] [stdout]    = note: this warning originates in the derive macro `Fail` (in Nightly builds, run with -Z macro-backtrace for more info)
[INFO] [stdout] 
[INFO] [stdout] 
[INFO] [stderr]    Compiling guid v0.1.0 (/opt/rustwide/workdir)
[INFO] [stdout] warning: non-local `impl` definition, `impl` blocks should be written at the same level as their item
[INFO] [stdout]   --> src/lib.rs:66:10
[INFO] [stdout]    |
[INFO] [stdout] 66 | #[derive(Fail, Debug)]
[INFO] [stdout]    |          ^---
[INFO] [stdout]    |          |
[INFO] [stdout]    |          `Fail` is not local
[INFO] [stdout]    |          move the `impl` block outside of this constant `_DERIVE_failure_Fail_FOR_ParseGuidError`
[INFO] [stdout] 67 | #[fail(display = "{}", msg)]
[INFO] [stdout] 68 | pub struct ParseGuidError {
[INFO] [stdout]    |            -------------- `ParseGuidError` is not local
[INFO] [stdout]    |
[INFO] [stdout]    = note: the derive macro `Fail` defines the non-local `impl`, and may need to be changed
[INFO] [stdout]    = note: the derive macro `Fail` may come from an old version of the `failure_derive` crate, try updating your dependency with `cargo update -p failure_derive`
[INFO] [stdout]    = note: an `impl` is never scoped, even when it is nested inside an item, as it may impact type checking outside of that item, which can be the case if neither the trait or the self type are at the same nesting level as the `impl`
[INFO] [stdout]    = note: items in an anonymous const item (`const _: () = { ... }`) are treated as in the same scope as the anonymous const's declaration for the purpose of this lint
[INFO] [stdout]    = note: `#[warn(non_local_definitions)]` on by default
[INFO] [stdout]    = note: this warning originates in the derive macro `Fail` (in Nightly builds, run with -Z macro-backtrace for more info)
[INFO] [stdout] 
[INFO] [stdout] 
[INFO] [stdout] warning: non-local `impl` definition, `impl` blocks should be written at the same level as their item
[INFO] [stdout]   --> src/lib.rs:66:10
[INFO] [stdout]    |
[INFO] [stdout] 66 | #[derive(Fail, Debug)]
[INFO] [stdout]    |          ^---
[INFO] [stdout]    |          |
[INFO] [stdout]    |          `Display` is not local
[INFO] [stdout]    |          move the `impl` block outside of this constant `_DERIVE_failure_core_fmt_Display_FOR_ParseGuidError`
[INFO] [stdout] 67 | #[fail(display = "{}", msg)]
[INFO] [stdout] 68 | pub struct ParseGuidError {
[INFO] [stdout]    |            -------------- `ParseGuidError` is not local
[INFO] [stdout]    |
[INFO] [stdout]    = note: the derive macro `Fail` defines the non-local `impl`, and may need to be changed
[INFO] [stdout]    = note: the derive macro `Fail` may come from an old version of the `failure_derive` crate, try updating your dependency with `cargo update -p failure_derive`
[INFO] [stdout]    = note: an `impl` is never scoped, even when it is nested inside an item, as it may impact type checking outside of that item, which can be the case if neither the trait or the self type are at the same nesting level as the `impl`
[INFO] [stdout]    = note: items in an anonymous const item (`const _: () = { ... }`) are treated as in the same scope as the anonymous const's declaration for the purpose of this lint
[INFO] [stdout]    = note: this warning originates in the derive macro `Fail` (in Nightly builds, run with -Z macro-backtrace for more info)
[INFO] [stdout] 
[INFO] [stdout] 
[INFO] [stderr]     Finished `test` profile [unoptimized + debuginfo] target(s) in 0.20s
[INFO] [stderr] warning: the following packages contain code that will be rejected by a future version of Rust: bitflags v0.7.0
[INFO] [stderr] note: to see what the problems were, use the option `--future-incompat-report`, or run `cargo report future-incompatibilities --id 1`
[INFO] running `Command { std: "docker" "inspect" "a78f099ecaab52316bbf39ff8fc2f876f853c229f43eb399e856d7b37880e450", kill_on_drop: false }`
[INFO] running `Command { std: "docker" "rm" "-f" "a78f099ecaab52316bbf39ff8fc2f876f853c229f43eb399e856d7b37880e450", kill_on_drop: false }`
[INFO] [stdout] a78f099ecaab52316bbf39ff8fc2f876f853c229f43eb399e856d7b37880e450
[INFO] running `Command { std: "docker" "create" "-v" "/var/lib/crater-agent-workspace/builds/worker-4-tc2/target:/opt/rustwide/target:rw,Z" "-v" "/var/lib/crater-agent-workspace/builds/worker-4-tc2/source:/opt/rustwide/workdir:ro,Z" "-v" "/var/lib/crater-agent-workspace/cargo-home:/opt/rustwide/cargo-home:ro,Z" "-v" "/var/lib/crater-agent-workspace/rustup-home:/opt/rustwide/rustup-home:ro,Z" "-e" "SOURCE_DIR=/opt/rustwide/workdir" "-e" "CARGO_TARGET_DIR=/opt/rustwide/target" "-e" "CARGO_INCREMENTAL=0" "-e" "RUST_BACKTRACE=full" "-e" "RUSTFLAGS=--cap-lints=forbid -Zrandomize-layout" "-e" "RUSTDOCFLAGS=--cap-lints=forbid" "-e" "CARGO_HOME=/opt/rustwide/cargo-home" "-e" "RUSTUP_HOME=/opt/rustwide/rustup-home" "-w" "/opt/rustwide/workdir" "-m" "1610612736" "--user" "0:0" "--network" "none" "ghcr.io/rust-lang/crates-build-env/linux@sha256:4a844ea9eb2546a2d2c7022eacef16ef2e8229c7fbb2c7d4d55a9ceca922f72d" "/opt/rustwide/cargo-home/bin/cargo" "+nightly-2024-10-28" "test" "--frozen", kill_on_drop: false }`
[INFO] [stdout] 287c955f6a122de1ccb48c43a762383f8e934b15973f457854ca4a5638547567
[INFO] running `Command { std: "docker" "start" "-a" "287c955f6a122de1ccb48c43a762383f8e934b15973f457854ca4a5638547567", kill_on_drop: false }`
[INFO] [stderr] warning: no edition set: defaulting to the 2015 edition while the latest is 2021
[INFO] [stderr] warning: non-local `impl` definition, `impl` blocks should be written at the same level as their item
[INFO] [stderr]   --> src/lib.rs:66:10
[INFO] [stderr]    |
[INFO] [stderr] 66 | #[derive(Fail, Debug)]
[INFO] [stderr]    |          ^---
[INFO] [stderr]    |          |
[INFO] [stderr]    |          `Fail` is not local
[INFO] [stderr]    |          move the `impl` block outside of this constant `_DERIVE_failure_Fail_FOR_ParseGuidError`
[INFO] [stderr] 67 | #[fail(display = "{}", msg)]
[INFO] [stderr] 68 | pub struct ParseGuidError {
[INFO] [stderr]    |            -------------- `ParseGuidError` is not local
[INFO] [stderr]    |
[INFO] [stderr]    = note: the derive macro `Fail` defines the non-local `impl`, and may need to be changed
[INFO] [stderr]    = note: the derive macro `Fail` may come from an old version of the `failure_derive` crate, try updating your dependency with `cargo update -p failure_derive`
[INFO] [stderr]    = note: an `impl` is never scoped, even when it is nested inside an item, as it may impact type checking outside of that item, which can be the case if neither the trait or the self type are at the same nesting level as the `impl`
[INFO] [stderr]    = note: items in an anonymous const item (`const _: () = { ... }`) are treated as in the same scope as the anonymous const's declaration for the purpose of this lint
[INFO] [stderr]    = note: `#[warn(non_local_definitions)]` on by default
[INFO] [stderr]    = note: this warning originates in the derive macro `Fail` (in Nightly builds, run with -Z macro-backtrace for more info)
[INFO] [stderr] 
[INFO] [stderr] warning: non-local `impl` definition, `impl` blocks should be written at the same level as their item
[INFO] [stderr]   --> src/lib.rs:66:10
[INFO] [stderr]    |
[INFO] [stderr] 66 | #[derive(Fail, Debug)]
[INFO] [stderr]    |          ^---
[INFO] [stderr]    |          |
[INFO] [stderr]    |          `Display` is not local
[INFO] [stderr]    |          move the `impl` block outside of this constant `_DERIVE_failure_core_fmt_Display_FOR_ParseGuidError`
[INFO] [stderr] 67 | #[fail(display = "{}", msg)]
[INFO] [stderr] 68 | pub struct ParseGuidError {
[INFO] [stderr]    |            -------------- `ParseGuidError` is not local
[INFO] [stderr]    |
[INFO] [stderr]    = note: the derive macro `Fail` defines the non-local `impl`, and may need to be changed
[INFO] [stderr]    = note: the derive macro `Fail` may come from an old version of the `failure_derive` crate, try updating your dependency with `cargo update -p failure_derive`
[INFO] [stderr]    = note: an `impl` is never scoped, even when it is nested inside an item, as it may impact type checking outside of that item, which can be the case if neither the trait or the self type are at the same nesting level as the `impl`
[INFO] [stderr]    = note: items in an anonymous const item (`const _: () = { ... }`) are treated as in the same scope as the anonymous const's declaration for the purpose of this lint
[INFO] [stderr]    = note: this warning originates in the derive macro `Fail` (in Nightly builds, run with -Z macro-backtrace for more info)
[INFO] [stderr] 
[INFO] [stderr] warning: `guid` (lib) generated 2 warnings
[INFO] [stderr] warning: `guid` (lib test) generated 2 warnings (2 duplicates)
[INFO] [stderr]     Finished `test` profile [unoptimized + debuginfo] target(s) in 0.02s
[INFO] [stderr] warning: the following packages contain code that will be rejected by a future version of Rust: bitflags v0.7.0
[INFO] [stderr] note: to see what the problems were, use the option `--future-incompat-report`, or run `cargo report future-incompatibilities --id 1`
[INFO] [stderr]      Running unittests src/lib.rs (/opt/rustwide/target/debug/deps/guid-b8352b8ed9eb2bf4)
[INFO] [stdout] 
[INFO] [stdout] running 1 test
[INFO] [stdout] test tests::test_parser ... ok
[INFO] [stdout] 
[INFO] [stdout] test result: ok. 1 passed; 0 failed; 0 ignored; 0 measured; 0 filtered out; finished in 0.00s
[INFO] [stdout] 
[INFO] [stderr]    Doc-tests guid
[INFO] [stdout] 
[INFO] [stdout] running 2 tests
[INFO] [stdout] test src/lib.rs - (line 13) ... FAILED
[INFO] [stdout] test src/lib.rs - (line 26) ... FAILED
[INFO] [stdout] 
[INFO] [stdout] failures:
[INFO] [stdout] 
[INFO] [stdout] ---- src/lib.rs - (line 13) stdout ----
[INFO] [stdout] error[E0432]: unresolved import `guid::GUID`
[INFO] [stdout]    --> src/lib.rs:16:5
[INFO] [stdout]     |
[INFO] [stdout] 4   | use guid::GUID;
[INFO] [stdout]     |     ^^^^^^^^^^ no `GUID` in the root
[INFO] [stdout]     |
[INFO] [stdout] note: found an item that was configured out
[INFO] [stdout]    --> /opt/rustwide/workdir/src/lib.rs:115:26
[INFO] [stdout]     |
[INFO] [stdout] 115 | pub use winapi::guiddef::GUID;
[INFO] [stdout]     |                          ^^^^
[INFO] [stdout] note: the item is gated here
[INFO] [stdout]    --> /opt/rustwide/workdir/src/lib.rs:113:1
[INFO] [stdout]     |
[INFO] [stdout] 113 | #[cfg(windows)]
[INFO] [stdout]     | ^^^^^^^^^^^^^^^
[INFO] [stdout] 
[INFO] [stdout] error: cannot find macro `guid` in this scope
[INFO] [stdout]  --> src/lib.rs:19:1
[INFO] [stdout]   |
[INFO] [stdout] 7 | guid!{"6B29FC40-CA47-1067-B31D-00DD010662DA"}
[INFO] [stdout]   | ^^^^
[INFO] [stdout]   |
[INFO] [stdout] note: `guid` is imported here, but it is a crate, not a macro
[INFO] [stdout]  --> src/lib.rs:15:1
[INFO] [stdout]   |
[INFO] [stdout] 3 | extern crate guid;
[INFO] [stdout]   | ^^^^^^^^^^^^^^^^^^
[INFO] [stdout] 
[INFO] [stdout] error: aborting due to 2 previous errors
[INFO] [stdout] 
[INFO] [stdout] For more information about this error, try `rustc --explain E0432`.
[INFO] [stdout] Couldn't compile the test.
[INFO] [stdout] ---- src/lib.rs - (line 26) stdout ----
[INFO] [stdout] error[E0432]: unresolved import `guid::GUID`
[INFO] [stdout]    --> src/lib.rs:30:5
[INFO] [stdout]     |
[INFO] [stdout] 5   | use guid::GUID;
[INFO] [stdout]     |     ^^^^^^^^^^ no `GUID` in the root
[INFO] [stdout]     |
[INFO] [stdout] note: found an item that was configured out
[INFO] [stdout]    --> /opt/rustwide/workdir/src/lib.rs:115:26
[INFO] [stdout]     |
[INFO] [stdout] 115 | pub use winapi::guiddef::GUID;
[INFO] [stdout]     |                          ^^^^
[INFO] [stdout] note: the item is gated here
[INFO] [stdout]    --> /opt/rustwide/workdir/src/lib.rs:113:1
[INFO] [stdout]     |
[INFO] [stdout] 113 | #[cfg(windows)]
[INFO] [stdout]     | ^^^^^^^^^^^^^^^
[INFO] [stdout] 
[INFO] [stdout] error: cannot find macro `guid` in this scope
[INFO] [stdout]  --> src/lib.rs:32:23
[INFO] [stdout]   |
[INFO] [stdout] 7 | const MY_GUID: GUID = guid!{"6B29FC40-CA47-1067-B31D-00DD010662DA"};
[INFO] [stdout]   |                       ^^^^
[INFO] [stdout]   |
[INFO] [stdout] note: `guid` is imported here, but it is a crate, not a macro
[INFO] [stdout]  --> src/lib.rs:28:1
[INFO] [stdout]   |
[INFO] [stdout] 3 | extern crate guid;
[INFO] [stdout]   | ^^^^^^^^^^^^^^^^^^
[INFO] [stdout] 
[INFO] [stdout] error: aborting due to 2 previous errors
[INFO] [stdout] 
[INFO] [stdout] For more information about this error, try `rustc --explain E0432`.
[INFO] [stdout] Couldn't compile the test.
[INFO] [stdout] 
[INFO] [stdout] failures:
[INFO] [stdout]     src/lib.rs - (line 13)
[INFO] [stdout]     src/lib.rs - (line 26)
[INFO] [stdout] 
[INFO] [stdout] test result: FAILED. 0 passed; 2 failed; 0 ignored; 0 measured; 0 filtered out; finished in 0.05s
[INFO] [stdout] 
[INFO] [stderr] error: doctest failed, to rerun pass `--doc`
[INFO] running `Command { std: "docker" "inspect" "287c955f6a122de1ccb48c43a762383f8e934b15973f457854ca4a5638547567", kill_on_drop: false }`
[INFO] running `Command { std: "docker" "rm" "-f" "287c955f6a122de1ccb48c43a762383f8e934b15973f457854ca4a5638547567", kill_on_drop: false }`
[INFO] [stdout] 287c955f6a122de1ccb48c43a762383f8e934b15973f457854ca4a5638547567
