[INFO] fetching crate gtk_widget_macro 0.1.1...
[INFO] testing gtk_widget_macro-0.1.1 against nightly-2024-10-28+rustflags=-Zrandomize-layout for randomize-layout
[INFO] extracting crate gtk_widget_macro 0.1.1 into /workspace/builds/worker-6-tc2/source
[INFO] validating manifest of crates.io crate gtk_widget_macro 0.1.1 on toolchain nightly-2024-10-28
[INFO] running `Command { std: CARGO_HOME="/workspace/cargo-home" RUSTUP_HOME="/workspace/rustup-home" "/workspace/cargo-home/bin/cargo" "+nightly-2024-10-28" "metadata" "--manifest-path" "Cargo.toml" "--no-deps", kill_on_drop: false }`
[INFO] started tweaking crates.io crate gtk_widget_macro 0.1.1
[INFO] finished tweaking crates.io crate gtk_widget_macro 0.1.1
[INFO] tweaked toml for crates.io crate gtk_widget_macro 0.1.1 written to /workspace/builds/worker-6-tc2/source/Cargo.toml
[INFO] running `Command { std: CARGO_HOME="/workspace/cargo-home" RUSTUP_HOME="/workspace/rustup-home" "/workspace/cargo-home/bin/cargo" "+nightly-2024-10-28" "generate-lockfile" "--manifest-path" "Cargo.toml", kill_on_drop: false }`
[INFO] [stderr]     Updating crates.io index
[INFO] [stderr]      Locking 5 packages to latest compatible versions
[INFO] running `Command { std: CARGO_HOME="/workspace/cargo-home" RUSTUP_HOME="/workspace/rustup-home" "/workspace/cargo-home/bin/cargo" "+nightly-2024-10-28" "fetch" "--manifest-path" "Cargo.toml", kill_on_drop: false }`
[INFO] running `Command { std: "docker" "create" "-v" "/var/lib/crater-agent-workspace/builds/worker-6-tc2/target:/opt/rustwide/target:rw,Z" "-v" "/var/lib/crater-agent-workspace/builds/worker-6-tc2/source:/opt/rustwide/workdir:ro,Z" "-v" "/var/lib/crater-agent-workspace/cargo-home:/opt/rustwide/cargo-home:ro,Z" "-v" "/var/lib/crater-agent-workspace/rustup-home:/opt/rustwide/rustup-home:ro,Z" "-e" "SOURCE_DIR=/opt/rustwide/workdir" "-e" "CARGO_TARGET_DIR=/opt/rustwide/target" "-e" "CARGO_HOME=/opt/rustwide/cargo-home" "-e" "RUSTUP_HOME=/opt/rustwide/rustup-home" "-w" "/opt/rustwide/workdir" "-m" "1610612736" "--user" "0:0" "--network" "none" "ghcr.io/rust-lang/crates-build-env/linux@sha256:4a844ea9eb2546a2d2c7022eacef16ef2e8229c7fbb2c7d4d55a9ceca922f72d" "/opt/rustwide/cargo-home/bin/cargo" "+nightly-2024-10-28" "metadata" "--no-deps" "--format-version=1", kill_on_drop: false }`
[INFO] [stdout] f4782c397fd1a5b508e4822a9db370d2ffd4e080e55bdd92b04a564d3d9fe78e
[INFO] running `Command { std: "docker" "start" "-a" "f4782c397fd1a5b508e4822a9db370d2ffd4e080e55bdd92b04a564d3d9fe78e", kill_on_drop: false }`
[INFO] running `Command { std: "docker" "inspect" "f4782c397fd1a5b508e4822a9db370d2ffd4e080e55bdd92b04a564d3d9fe78e", kill_on_drop: false }`
[INFO] running `Command { std: "docker" "rm" "-f" "f4782c397fd1a5b508e4822a9db370d2ffd4e080e55bdd92b04a564d3d9fe78e", kill_on_drop: false }`
[INFO] [stdout] f4782c397fd1a5b508e4822a9db370d2ffd4e080e55bdd92b04a564d3d9fe78e
[INFO] running `Command { std: "docker" "create" "-v" "/var/lib/crater-agent-workspace/builds/worker-6-tc2/target:/opt/rustwide/target:rw,Z" "-v" "/var/lib/crater-agent-workspace/builds/worker-6-tc2/source:/opt/rustwide/workdir:ro,Z" "-v" "/var/lib/crater-agent-workspace/cargo-home:/opt/rustwide/cargo-home:ro,Z" "-v" "/var/lib/crater-agent-workspace/rustup-home:/opt/rustwide/rustup-home:ro,Z" "-e" "SOURCE_DIR=/opt/rustwide/workdir" "-e" "CARGO_TARGET_DIR=/opt/rustwide/target" "-e" "CARGO_INCREMENTAL=0" "-e" "RUST_BACKTRACE=full" "-e" "RUSTFLAGS=--cap-lints=forbid -Zrandomize-layout" "-e" "RUSTDOCFLAGS=--cap-lints=forbid" "-e" "CARGO_HOME=/opt/rustwide/cargo-home" "-e" "RUSTUP_HOME=/opt/rustwide/rustup-home" "-w" "/opt/rustwide/workdir" "-m" "1610612736" "--user" "0:0" "--network" "none" "ghcr.io/rust-lang/crates-build-env/linux@sha256:4a844ea9eb2546a2d2c7022eacef16ef2e8229c7fbb2c7d4d55a9ceca922f72d" "/opt/rustwide/cargo-home/bin/cargo" "+nightly-2024-10-28" "build" "--frozen" "--message-format=json", kill_on_drop: false }`
[INFO] [stdout] 9617c43f539608260f42ffa01f6c32c771025613afb13be6c9b7d59e5413e32e
[INFO] running `Command { std: "docker" "start" "-a" "9617c43f539608260f42ffa01f6c32c771025613afb13be6c9b7d59e5413e32e", kill_on_drop: false }`
[INFO] [stderr]    Compiling proc-macro2 v1.0.89
[INFO] [stderr]    Compiling quote v1.0.37
[INFO] [stderr]    Compiling syn v2.0.86
[INFO] [stderr]    Compiling gtk_widget_macro_derive v0.1.1
[INFO] [stderr]    Compiling gtk_widget_macro v0.1.1 (/opt/rustwide/workdir)
[INFO] [stderr]     Finished `dev` profile [unoptimized + debuginfo] target(s) in 3.57s
[INFO] running `Command { std: "docker" "inspect" "9617c43f539608260f42ffa01f6c32c771025613afb13be6c9b7d59e5413e32e", kill_on_drop: false }`
[INFO] running `Command { std: "docker" "rm" "-f" "9617c43f539608260f42ffa01f6c32c771025613afb13be6c9b7d59e5413e32e", kill_on_drop: false }`
[INFO] [stdout] 9617c43f539608260f42ffa01f6c32c771025613afb13be6c9b7d59e5413e32e
[INFO] running `Command { std: "docker" "create" "-v" "/var/lib/crater-agent-workspace/builds/worker-6-tc2/target:/opt/rustwide/target:rw,Z" "-v" "/var/lib/crater-agent-workspace/builds/worker-6-tc2/source:/opt/rustwide/workdir:ro,Z" "-v" "/var/lib/crater-agent-workspace/cargo-home:/opt/rustwide/cargo-home:ro,Z" "-v" "/var/lib/crater-agent-workspace/rustup-home:/opt/rustwide/rustup-home:ro,Z" "-e" "SOURCE_DIR=/opt/rustwide/workdir" "-e" "CARGO_TARGET_DIR=/opt/rustwide/target" "-e" "CARGO_INCREMENTAL=0" "-e" "RUST_BACKTRACE=full" "-e" "RUSTFLAGS=--cap-lints=forbid -Zrandomize-layout" "-e" "RUSTDOCFLAGS=--cap-lints=forbid" "-e" "CARGO_HOME=/opt/rustwide/cargo-home" "-e" "RUSTUP_HOME=/opt/rustwide/rustup-home" "-w" "/opt/rustwide/workdir" "-m" "1610612736" "--user" "0:0" "--network" "none" "ghcr.io/rust-lang/crates-build-env/linux@sha256:4a844ea9eb2546a2d2c7022eacef16ef2e8229c7fbb2c7d4d55a9ceca922f72d" "/opt/rustwide/cargo-home/bin/cargo" "+nightly-2024-10-28" "test" "--frozen" "--no-run" "--message-format=json", kill_on_drop: false }`
[INFO] [stdout] ffc6dff94eff3fc7276680d356797087a97b45b7e3294056a27e3068eea5005e
[INFO] running `Command { std: "docker" "start" "-a" "ffc6dff94eff3fc7276680d356797087a97b45b7e3294056a27e3068eea5005e", kill_on_drop: false }`
[INFO] [stderr]    Compiling gtk_widget_macro v0.1.1 (/opt/rustwide/workdir)
[INFO] [stderr]     Finished `test` profile [unoptimized + debuginfo] target(s) in 0.18s
[INFO] running `Command { std: "docker" "inspect" "ffc6dff94eff3fc7276680d356797087a97b45b7e3294056a27e3068eea5005e", kill_on_drop: false }`
[INFO] running `Command { std: "docker" "rm" "-f" "ffc6dff94eff3fc7276680d356797087a97b45b7e3294056a27e3068eea5005e", kill_on_drop: false }`
[INFO] [stdout] ffc6dff94eff3fc7276680d356797087a97b45b7e3294056a27e3068eea5005e
[INFO] running `Command { std: "docker" "create" "-v" "/var/lib/crater-agent-workspace/builds/worker-6-tc2/target:/opt/rustwide/target:rw,Z" "-v" "/var/lib/crater-agent-workspace/builds/worker-6-tc2/source:/opt/rustwide/workdir:ro,Z" "-v" "/var/lib/crater-agent-workspace/cargo-home:/opt/rustwide/cargo-home:ro,Z" "-v" "/var/lib/crater-agent-workspace/rustup-home:/opt/rustwide/rustup-home:ro,Z" "-e" "SOURCE_DIR=/opt/rustwide/workdir" "-e" "CARGO_TARGET_DIR=/opt/rustwide/target" "-e" "CARGO_INCREMENTAL=0" "-e" "RUST_BACKTRACE=full" "-e" "RUSTFLAGS=--cap-lints=forbid -Zrandomize-layout" "-e" "RUSTDOCFLAGS=--cap-lints=forbid" "-e" "CARGO_HOME=/opt/rustwide/cargo-home" "-e" "RUSTUP_HOME=/opt/rustwide/rustup-home" "-w" "/opt/rustwide/workdir" "-m" "1610612736" "--user" "0:0" "--network" "none" "ghcr.io/rust-lang/crates-build-env/linux@sha256:4a844ea9eb2546a2d2c7022eacef16ef2e8229c7fbb2c7d4d55a9ceca922f72d" "/opt/rustwide/cargo-home/bin/cargo" "+nightly-2024-10-28" "test" "--frozen", kill_on_drop: false }`
[INFO] [stdout] 50eafd394deed12360bc529dbca3b8d99a4d27b42aa42df595cb39ce8761ed92
[INFO] running `Command { std: "docker" "start" "-a" "50eafd394deed12360bc529dbca3b8d99a4d27b42aa42df595cb39ce8761ed92", kill_on_drop: false }`
[INFO] [stderr]     Finished `test` profile [unoptimized + debuginfo] target(s) in 0.02s
[INFO] [stderr]      Running unittests src/lib.rs (/opt/rustwide/target/debug/deps/gtk_widget_macro-506e6ec6e3897636)
[INFO] [stdout] 
[INFO] [stdout] running 0 tests
[INFO] [stdout] 
[INFO] [stdout] test result: ok. 0 passed; 0 failed; 0 ignored; 0 measured; 0 filtered out; finished in 0.00s
[INFO] [stdout] 
[INFO] [stderr]    Doc-tests gtk_widget_macro
[INFO] [stdout] 
[INFO] [stdout] running 1 test
[INFO] [stdout] test src/../README.md - (line 25) ... FAILED
[INFO] [stdout] 
[INFO] [stdout] failures:
[INFO] [stdout] 
[INFO] [stdout] ---- src/../README.md - (line 25) stdout ----
[INFO] [stdout] error: couldn't read `src/../main.ui`: No such file or directory (os error 2)
[INFO] [stdout]   --> src/../README.md:39:40
[INFO] [stdout]    |
[INFO] [stdout] 16 |     let builder = Builder::from_string(include_str!("main.ui"));
[INFO] [stdout]    |                                        ^^^^^^^^^^^^^^^^^^^^^^^
[INFO] [stdout]    |
[INFO] [stdout]    = note: this error originates in the macro `include_str` (in Nightly builds, run with -Z macro-backtrace for more info)
[INFO] [stdout] 
[INFO] [stdout] error[E0433]: failed to resolve: use of undeclared crate or module `gtk`
[INFO] [stdout]  --> src/../README.md:27:5
[INFO] [stdout]   |
[INFO] [stdout] 4 | use gtk::{prelude::*, Application, ApplicationWindow, Builder, Button};
[INFO] [stdout]   |     ^^^ use of undeclared crate or module `gtk`
[INFO] [stdout] 
[INFO] [stdout] error[E0432]: unresolved import `gtk`
[INFO] [stdout]  --> src/../README.md:27:5
[INFO] [stdout]   |
[INFO] [stdout] 4 | use gtk::{prelude::*, Application, ApplicationWindow, Builder, Button};
[INFO] [stdout]   |     ^^^ use of undeclared crate or module `gtk`
[INFO] [stdout] 
[INFO] [stdout] error: aborting due to 3 previous errors
[INFO] [stdout] 
[INFO] [stdout] Some errors have detailed explanations: E0432, E0433.
[INFO] [stdout] For more information about an error, try `rustc --explain E0432`.
[INFO] [stdout] Couldn't compile the test.
[INFO] [stdout] 
[INFO] [stdout] failures:
[INFO] [stdout]     src/../README.md - (line 25)
[INFO] [stdout] 
[INFO] [stdout] test result: FAILED. 0 passed; 1 failed; 0 ignored; 0 measured; 0 filtered out; finished in 0.06s
[INFO] [stdout] 
[INFO] [stderr] error: doctest failed, to rerun pass `--doc`
[INFO] running `Command { std: "docker" "inspect" "50eafd394deed12360bc529dbca3b8d99a4d27b42aa42df595cb39ce8761ed92", kill_on_drop: false }`
[INFO] running `Command { std: "docker" "rm" "-f" "50eafd394deed12360bc529dbca3b8d99a4d27b42aa42df595cb39ce8761ed92", kill_on_drop: false }`
[INFO] [stdout] 50eafd394deed12360bc529dbca3b8d99a4d27b42aa42df595cb39ce8761ed92
