[INFO] fetching crate gtk4-sys 0.9.2...
[INFO] testing gtk4-sys-0.9.2 against nightly-2024-10-28 for randomize-layout
[INFO] extracting crate gtk4-sys 0.9.2 into /workspace/builds/worker-1-tc1/source
[INFO] validating manifest of crates.io crate gtk4-sys 0.9.2 on toolchain nightly-2024-10-28
[INFO] running `Command { std: CARGO_HOME="/workspace/cargo-home" RUSTUP_HOME="/workspace/rustup-home" "/workspace/cargo-home/bin/cargo" "+nightly-2024-10-28" "metadata" "--manifest-path" "Cargo.toml" "--no-deps", kill_on_drop: false }`
[INFO] started tweaking crates.io crate gtk4-sys 0.9.2
[INFO] removed 0 missing tests
[INFO] finished tweaking crates.io crate gtk4-sys 0.9.2
[INFO] tweaked toml for crates.io crate gtk4-sys 0.9.2 written to /workspace/builds/worker-1-tc1/source/Cargo.toml
[INFO] running `Command { std: CARGO_HOME="/workspace/cargo-home" RUSTUP_HOME="/workspace/rustup-home" "/workspace/cargo-home/bin/cargo" "+nightly-2024-10-28" "generate-lockfile" "--manifest-path" "Cargo.toml", kill_on_drop: false }`
[INFO] [stderr]     Updating crates.io index
[INFO] [stderr]      Locking 52 packages to latest compatible versions
[INFO] running `Command { std: CARGO_HOME="/workspace/cargo-home" RUSTUP_HOME="/workspace/rustup-home" "/workspace/cargo-home/bin/cargo" "+nightly-2024-10-28" "fetch" "--manifest-path" "Cargo.toml", kill_on_drop: false }`
[INFO] running `Command { std: "docker" "create" "-v" "/var/lib/crater-agent-workspace/builds/worker-1-tc1/target:/opt/rustwide/target:rw,Z" "-v" "/var/lib/crater-agent-workspace/builds/worker-1-tc1/source:/opt/rustwide/workdir:ro,Z" "-v" "/var/lib/crater-agent-workspace/cargo-home:/opt/rustwide/cargo-home:ro,Z" "-v" "/var/lib/crater-agent-workspace/rustup-home:/opt/rustwide/rustup-home:ro,Z" "-e" "SOURCE_DIR=/opt/rustwide/workdir" "-e" "CARGO_TARGET_DIR=/opt/rustwide/target" "-e" "CARGO_HOME=/opt/rustwide/cargo-home" "-e" "RUSTUP_HOME=/opt/rustwide/rustup-home" "-w" "/opt/rustwide/workdir" "-m" "1610612736" "--user" "0:0" "--network" "none" "ghcr.io/rust-lang/crates-build-env/linux@sha256:4a844ea9eb2546a2d2c7022eacef16ef2e8229c7fbb2c7d4d55a9ceca922f72d" "/opt/rustwide/cargo-home/bin/cargo" "+nightly-2024-10-28" "metadata" "--no-deps" "--format-version=1", kill_on_drop: false }`
[INFO] [stdout] e14aed728f9e983ee8dd3b19e7b7027378808036e423a5597bc16490fdba2d28
[INFO] running `Command { std: "docker" "start" "-a" "e14aed728f9e983ee8dd3b19e7b7027378808036e423a5597bc16490fdba2d28", kill_on_drop: false }`
[INFO] running `Command { std: "docker" "inspect" "e14aed728f9e983ee8dd3b19e7b7027378808036e423a5597bc16490fdba2d28", kill_on_drop: false }`
[INFO] running `Command { std: "docker" "rm" "-f" "e14aed728f9e983ee8dd3b19e7b7027378808036e423a5597bc16490fdba2d28", kill_on_drop: false }`
[INFO] [stdout] e14aed728f9e983ee8dd3b19e7b7027378808036e423a5597bc16490fdba2d28
[INFO] running `Command { std: "docker" "create" "-v" "/var/lib/crater-agent-workspace/builds/worker-1-tc1/target:/opt/rustwide/target:rw,Z" "-v" "/var/lib/crater-agent-workspace/builds/worker-1-tc1/source:/opt/rustwide/workdir:ro,Z" "-v" "/var/lib/crater-agent-workspace/cargo-home:/opt/rustwide/cargo-home:ro,Z" "-v" "/var/lib/crater-agent-workspace/rustup-home:/opt/rustwide/rustup-home:ro,Z" "-e" "SOURCE_DIR=/opt/rustwide/workdir" "-e" "CARGO_TARGET_DIR=/opt/rustwide/target" "-e" "CARGO_INCREMENTAL=0" "-e" "RUST_BACKTRACE=full" "-e" "RUSTFLAGS=--cap-lints=forbid" "-e" "RUSTDOCFLAGS=--cap-lints=forbid" "-e" "CARGO_HOME=/opt/rustwide/cargo-home" "-e" "RUSTUP_HOME=/opt/rustwide/rustup-home" "-w" "/opt/rustwide/workdir" "-m" "1610612736" "--user" "0:0" "--network" "none" "ghcr.io/rust-lang/crates-build-env/linux@sha256:4a844ea9eb2546a2d2c7022eacef16ef2e8229c7fbb2c7d4d55a9ceca922f72d" "/opt/rustwide/cargo-home/bin/cargo" "+nightly-2024-10-28" "build" "--frozen" "--message-format=json", kill_on_drop: false }`
[INFO] [stdout] 1618ee7585b3554d783ec809b6a55dbc1882ee51d3db450029632ff39704feaf
[INFO] running `Command { std: "docker" "start" "-a" "1618ee7585b3554d783ec809b6a55dbc1882ee51d3db450029632ff39704feaf", kill_on_drop: false }`
[INFO] [stderr]    Compiling glib-sys v0.20.5
[INFO] [stderr]    Compiling gobject-sys v0.20.4
[INFO] [stderr]    Compiling gio-sys v0.20.5
[INFO] [stderr]    Compiling gdk-pixbuf-sys v0.20.4
[INFO] [stderr]    Compiling pango-sys v0.20.4
[INFO] [stderr]    Compiling cairo-sys-rs v0.20.0
[INFO] [stderr]    Compiling graphene-sys v0.20.4
[INFO] [stderr]    Compiling gdk4-sys v0.9.3
[INFO] [stderr]    Compiling gsk4-sys v0.9.3
[INFO] [stderr]    Compiling gtk4-sys v0.9.2 (/opt/rustwide/workdir)
[INFO] [stderr]     Finished `dev` profile [unoptimized + debuginfo] target(s) in 2.90s
[INFO] running `Command { std: "docker" "inspect" "1618ee7585b3554d783ec809b6a55dbc1882ee51d3db450029632ff39704feaf", kill_on_drop: false }`
[INFO] running `Command { std: "docker" "rm" "-f" "1618ee7585b3554d783ec809b6a55dbc1882ee51d3db450029632ff39704feaf", kill_on_drop: false }`
[INFO] [stdout] 1618ee7585b3554d783ec809b6a55dbc1882ee51d3db450029632ff39704feaf
[INFO] running `Command { std: "docker" "create" "-v" "/var/lib/crater-agent-workspace/builds/worker-1-tc1/target:/opt/rustwide/target:rw,Z" "-v" "/var/lib/crater-agent-workspace/builds/worker-1-tc1/source:/opt/rustwide/workdir:ro,Z" "-v" "/var/lib/crater-agent-workspace/cargo-home:/opt/rustwide/cargo-home:ro,Z" "-v" "/var/lib/crater-agent-workspace/rustup-home:/opt/rustwide/rustup-home:ro,Z" "-e" "SOURCE_DIR=/opt/rustwide/workdir" "-e" "CARGO_TARGET_DIR=/opt/rustwide/target" "-e" "CARGO_INCREMENTAL=0" "-e" "RUST_BACKTRACE=full" "-e" "RUSTFLAGS=--cap-lints=forbid" "-e" "RUSTDOCFLAGS=--cap-lints=forbid" "-e" "CARGO_HOME=/opt/rustwide/cargo-home" "-e" "RUSTUP_HOME=/opt/rustwide/rustup-home" "-w" "/opt/rustwide/workdir" "-m" "1610612736" "--user" "0:0" "--network" "none" "ghcr.io/rust-lang/crates-build-env/linux@sha256:4a844ea9eb2546a2d2c7022eacef16ef2e8229c7fbb2c7d4d55a9ceca922f72d" "/opt/rustwide/cargo-home/bin/cargo" "+nightly-2024-10-28" "test" "--frozen" "--no-run" "--message-format=json", kill_on_drop: false }`
[INFO] [stdout] 98b089ac7ad0cd7f12cf426448c49dccd3047c1c08d8639ae999f771716c1132
[INFO] running `Command { std: "docker" "start" "-a" "98b089ac7ad0cd7f12cf426448c49dccd3047c1c08d8639ae999f771716c1132", kill_on_drop: false }`
[INFO] [stderr]    Compiling rustix v0.38.38
[INFO] [stderr]    Compiling linux-raw-sys v0.4.14
[INFO] [stderr]    Compiling bitflags v2.6.0
[INFO] [stderr]    Compiling once_cell v1.20.2
[INFO] [stderr]    Compiling fastrand v2.1.1
[INFO] [stderr]    Compiling shell-words v1.1.0
[INFO] [stderr]    Compiling tempfile v3.13.0
[INFO] [stderr]    Compiling gtk4-sys v0.9.2 (/opt/rustwide/workdir)
[INFO] [stderr]     Finished `test` profile [unoptimized + debuginfo] target(s) in 2.49s
[INFO] running `Command { std: "docker" "inspect" "98b089ac7ad0cd7f12cf426448c49dccd3047c1c08d8639ae999f771716c1132", kill_on_drop: false }`
[INFO] running `Command { std: "docker" "rm" "-f" "98b089ac7ad0cd7f12cf426448c49dccd3047c1c08d8639ae999f771716c1132", kill_on_drop: false }`
[INFO] [stdout] 98b089ac7ad0cd7f12cf426448c49dccd3047c1c08d8639ae999f771716c1132
[INFO] running `Command { std: "docker" "create" "-v" "/var/lib/crater-agent-workspace/builds/worker-1-tc1/target:/opt/rustwide/target:rw,Z" "-v" "/var/lib/crater-agent-workspace/builds/worker-1-tc1/source:/opt/rustwide/workdir:ro,Z" "-v" "/var/lib/crater-agent-workspace/cargo-home:/opt/rustwide/cargo-home:ro,Z" "-v" "/var/lib/crater-agent-workspace/rustup-home:/opt/rustwide/rustup-home:ro,Z" "-e" "SOURCE_DIR=/opt/rustwide/workdir" "-e" "CARGO_TARGET_DIR=/opt/rustwide/target" "-e" "CARGO_INCREMENTAL=0" "-e" "RUST_BACKTRACE=full" "-e" "RUSTFLAGS=--cap-lints=forbid" "-e" "RUSTDOCFLAGS=--cap-lints=forbid" "-e" "CARGO_HOME=/opt/rustwide/cargo-home" "-e" "RUSTUP_HOME=/opt/rustwide/rustup-home" "-w" "/opt/rustwide/workdir" "-m" "1610612736" "--user" "0:0" "--network" "none" "ghcr.io/rust-lang/crates-build-env/linux@sha256:4a844ea9eb2546a2d2c7022eacef16ef2e8229c7fbb2c7d4d55a9ceca922f72d" "/opt/rustwide/cargo-home/bin/cargo" "+nightly-2024-10-28" "test" "--frozen", kill_on_drop: false }`
[INFO] [stdout] 1785a60cc51058f15f06f28fac915d939d6504769bcdbb2f4b55a99af4f8cc86
[INFO] running `Command { std: "docker" "start" "-a" "1785a60cc51058f15f06f28fac915d939d6504769bcdbb2f4b55a99af4f8cc86", kill_on_drop: false }`
[INFO] [stderr]     Finished `test` profile [unoptimized + debuginfo] target(s) in 0.04s
[INFO] [stderr]      Running unittests src/lib.rs (/opt/rustwide/target/debug/deps/gtk4_sys-c41902043d49ce59)
[INFO] [stdout] 
[INFO] [stdout] running 0 tests
[INFO] [stdout] 
[INFO] [stdout] test result: ok. 0 passed; 0 failed; 0 ignored; 0 measured; 0 filtered out; finished in 0.00s
[INFO] [stdout] 
[INFO] [stderr]      Running tests/abi.rs (/opt/rustwide/target/debug/deps/abi-c61ec0e2f3353fc4)
[INFO] [stdout] 
[INFO] [stdout] running 2 tests
[INFO] [stderr] tests/layout.c: In function 'main':
[INFO] [stderr] tests/layout.c:10:72: error: 'GtkAccessibleAnnouncementPriority' undeclared (first use in this function)
[INFO] [stderr]    10 |     printf("%s;%zu;%zu\n", "GtkAccessibleAnnouncementPriority", sizeof(GtkAccessibleAnnouncementPriority), alignof(GtkAccessibleAnnouncementPriority));
[INFO] [stderr]       |                                                                        ^~~~~~~~~~~~~~~~~~~~~~~~~~~~~~~~~
[INFO] [stderr] tests/layout.c:10:72: note: each undeclared identifier is reported only once for each function it appears in
[INFO] [stderr] tests/layout.c:12:61: error: invalid application of 'sizeof' to incomplete type 'GtkAccessibleInterface' {aka 'struct _GtkAccessibleInterface'}
[INFO] [stderr]    12 |     printf("%s;%zu;%zu\n", "GtkAccessibleInterface", sizeof(GtkAccessibleInterface), alignof(GtkAccessibleInterface));
[INFO] [stderr]       |                                                             ^~~~~~~~~~~~~~~~~~~~~~
[INFO] [stderr] tests/layout.c:12:94: error: invalid application of '__alignof__' to incomplete type 'GtkAccessibleInterface' {aka 'struct _GtkAccessibleInterface'}
[INFO] [stderr]    12 |     printf("%s;%zu;%zu\n", "GtkAccessibleInterface", sizeof(GtkAccessibleInterface), alignof(GtkAccessibleInterface));
[INFO] [stderr]       |                                                                                              ^~~~~~~~~~~~~~~~~~~~~~
[INFO] [stderr] tests/constant.c: In function 'main':
[INFO] [stderr] tests/constant.c:31:27: error: 'GTK_ACCESSIBLE_ANNOUNCEMENT_PRIORITY_HIGH' undeclared (first use in this function)
[INFO] [stderr]    31 |     PRINT_CONSTANT((gint) GTK_ACCESSIBLE_ANNOUNCEMENT_PRIORITY_HIGH);
[INFO] [stderr]       |                           ^~~~~~~~~~~~~~~~~~~~~~~~~~~~~~~~~~~~~~~~~
[INFO] [stderr] tests/constant.c:10:22: note: in definition of macro 'PRINT_CONSTANT'
[INFO] [stderr]    10 |     printf(_Generic((CONSTANT_NAME), \
[INFO] [stderr]       |                      ^~~~~~~~~~~~~
[INFO] [stderr] tests/constant.c:31:27: note: each undeclared identifier is reported only once for each function it appears in
[INFO] [stderr]    31 |     PRINT_CONSTANT((gint) GTK_ACCESSIBLE_ANNOUNCEMENT_PRIORITY_HIGH);
[INFO] [stderr]       |                           ^~~~~~~~~~~~~~~~~~~~~~~~~~~~~~~~~~~~~~~~~
[INFO] [stderr] tests/constant.c:10:22: note: in definition of macro 'PRINT_CONSTANT'
[INFO] [stderr]    10 |     printf(_Generic((CONSTANT_NAME), \
[INFO] [stderr]       |                      ^~~~~~~~~~~~~
[INFO] [stderr] tests/layout.c:14:65: error: 'GtkAccessiblePlatformState' undeclared (first use in this function); did you mean 'GtkAccessibleTristate'?
[INFO] [stderr]    14 |     printf("%s;%zu;%zu\n", "GtkAccessiblePlatformState", sizeof(GtkAccessiblePlatformState), alignof(GtkAccessiblePlatformState));
[INFO] [stderr]       |                                                                 ^~~~~~~~~~~~~~~~~~~~~~~~~~
[INFO] [stderr]       |                                                                 GtkAccessibleTristate
[INFO] [stderr] tests/layout.c:16:66: error: 'GtkAccessibleRangeInterface' undeclared (first use in this function); did you mean 'GtkAccessibleInterface'?
[INFO] [stderr]    16 |     printf("%s;%zu;%zu\n", "GtkAccessibleRangeInterface", sizeof(GtkAccessibleRangeInterface), alignof(GtkAccessibleRangeInterface));
[INFO] [stderr]       |                                                                  ^~~~~~~~~~~~~~~~~~~~~~~~~~~
[INFO] [stderr]       |                                                                  GtkAccessibleInterface
[INFO] [stderr] tests/constant.c:32:27: error: 'GTK_ACCESSIBLE_ANNOUNCEMENT_PRIORITY_LOW' undeclared (first use in this function)
[INFO] [stderr]    32 |     PRINT_CONSTANT((gint) GTK_ACCESSIBLE_ANNOUNCEMENT_PRIORITY_LOW);
[INFO] [stderr]       |                           ^~~~~~~~~~~~~~~~~~~~~~~~~~~~~~~~~~~~~~~~
[INFO] [stderr] tests/constant.c:10:22: note: in definition of macro 'PRINT_CONSTANT'
[INFO] [stderr]    10 |     printf(_Generic((CONSTANT_NAME), \
[INFO] [stderr]       |                      ^~~~~~~~~~~~~
[INFO] [stderr] tests/layout.c:21:69: error: 'GtkAccessibleTextContentChange' undeclared (first use in this function)
[INFO] [stderr]    21 |     printf("%s;%zu;%zu\n", "GtkAccessibleTextContentChange", sizeof(GtkAccessibleTextContentChange), alignof(GtkAccessibleTextContentChange));
[INFO] [stderr]       |                                                                     ^~~~~~~~~~~~~~~~~~~~~~~~~~~~~~
[INFO] [stderr] tests/constant.c:33:27: error: 'GTK_ACCESSIBLE_ANNOUNCEMENT_PRIORITY_MEDIUM' undeclared (first use in this function)
[INFO] [stderr]    33 |     PRINT_CONSTANT((gint) GTK_ACCESSIBLE_ANNOUNCEMENT_PRIORITY_MEDIUM);
[INFO] [stderr]       |                           ^~~~~~~~~~~~~~~~~~~~~~~~~~~~~~~~~~~~~~~~~~~
[INFO] [stderr] tests/constant.c:10:22: note: in definition of macro 'PRINT_CONSTANT'
[INFO] [stderr]    10 |     printf(_Generic((CONSTANT_NAME), \
[INFO] [stderr]       |                      ^~~~~~~~~~~~~
[INFO] [stderr] tests/layout.c:22:67: error: 'GtkAccessibleTextGranularity' undeclared (first use in this function)
[INFO] [stderr]    22 |     printf("%s;%zu;%zu\n", "GtkAccessibleTextGranularity", sizeof(GtkAccessibleTextGranularity), alignof(GtkAccessibleTextGranularity));
[INFO] [stderr]       |                                                                   ^~~~~~~~~~~~~~~~~~~~~~~~~~~~
[INFO] [stderr] tests/layout.c:23:65: error: 'GtkAccessibleTextInterface' undeclared (first use in this function); did you mean 'GtkAccessibleInterface'?
[INFO] [stderr]    23 |     printf("%s;%zu;%zu\n", "GtkAccessibleTextInterface", sizeof(GtkAccessibleTextInterface), alignof(GtkAccessibleTextInterface));
[INFO] [stderr]       |                                                                 ^~~~~~~~~~~~~~~~~~~~~~~~~~
[INFO] [stderr]       |                                                                 GtkAccessibleInterface
[INFO] [stderr] tests/constant.c:34:20: error: 'GTK_ACCESSIBLE_ATTRIBUTE_BACKGROUND' undeclared (first use in this function)
[INFO] [stderr]    34 |     PRINT_CONSTANT(GTK_ACCESSIBLE_ATTRIBUTE_BACKGROUND);
[INFO] [stderr]       |                    ^~~~~~~~~~~~~~~~~~~~~~~~~~~~~~~~~~~
[INFO] [stderr] tests/constant.c:10:22: note: in definition of macro 'PRINT_CONSTANT'
[INFO] [stderr]    10 |     printf(_Generic((CONSTANT_NAME), \
[INFO] [stderr]       |                      ^~~~~~~~~~~~~
[INFO] [stderr] tests/layout.c:24:61: error: 'GtkAccessibleTextRange' undeclared (first use in this function); did you mean 'GtkAccessibleTristate'?
[INFO] [stderr]    24 |     printf("%s;%zu;%zu\n", "GtkAccessibleTextRange", sizeof(GtkAccessibleTextRange), alignof(GtkAccessibleTextRange));
[INFO] [stderr]       |                                                             ^~~~~~~~~~~~~~~~~~~~~~
[INFO] [stderr]       |                                                             GtkAccessibleTristate
[INFO] [stderr] tests/layout.c:29:58: error: 'GtkAlertDialogClass' undeclared (first use in this function); did you mean 'GtkDialogClass'?
[INFO] [stderr]    29 |     printf("%s;%zu;%zu\n", "GtkAlertDialogClass", sizeof(GtkAlertDialogClass), alignof(GtkAlertDialogClass));
[INFO] [stderr]       |                                                          ^~~~~~~~~~~~~~~~~~~
[INFO] [stderr]       |                                                          GtkDialogClass
[INFO] [stderr] tests/layout.c:75:51: error: 'GtkCollation' undeclared (first use in this function); did you mean 'GtkAllocation'?
[INFO] [stderr]    75 |     printf("%s;%zu;%zu\n", "GtkCollation", sizeof(GtkCollation), alignof(GtkCollation));
[INFO] [stderr]       |                                                   ^~~~~~~~~~~~
[INFO] [stderr]       |                                                   GtkAllocation
[INFO] [stderr] tests/constant.c:35:20: error: 'GTK_ACCESSIBLE_ATTRIBUTE_FAMILY' undeclared (first use in this function); did you mean 'GTK_ACCESSIBLE_TRISTATE_FALSE'?
[INFO] [stderr]    35 |     PRINT_CONSTANT(GTK_ACCESSIBLE_ATTRIBUTE_FAMILY);
[INFO] [stderr]       |                    ^~~~~~~~~~~~~~~~~~~~~~~~~~~~~~~
[INFO] [stderr] tests/constant.c:10:22: note: in definition of macro 'PRINT_CONSTANT'
[INFO] [stderr]    10 |     printf(_Generic((CONSTANT_NAME), \
[INFO] [stderr]       |                      ^~~~~~~~~~~~~
[INFO] [stderr] tests/layout.c:77:64: error: 'GtkColorDialogButtonClass' undeclared (first use in this function); did you mean 'GtkScaleButtonClass'?
[INFO] [stderr]    77 |     printf("%s;%zu;%zu\n", "GtkColorDialogButtonClass", sizeof(GtkColorDialogButtonClass), alignof(GtkColorDialogButtonClass));
[INFO] [stderr]       |                                                                ^~~~~~~~~~~~~~~~~~~~~~~~~
[INFO] [stderr]       |                                                                GtkScaleButtonClass
[INFO] [stderr] tests/layout.c:78:58: error: 'GtkColorDialogClass' undeclared (first use in this function); did you mean 'GtkDialogClass'?
[INFO] [stderr]    78 |     printf("%s;%zu;%zu\n", "GtkColorDialogClass", sizeof(GtkColorDialogClass), alignof(GtkColorDialogClass));
[INFO] [stderr]       |                                                          ^~~~~~~~~~~~~~~~~~~
[INFO] [stderr]       |                                                          GtkDialogClass
[INFO] [stderr] tests/constant.c:36:20: error: 'GTK_ACCESSIBLE_ATTRIBUTE_FOREGROUND' undeclared (first use in this function); did you mean 'GTK_ACCESSIBLE_ROLE_ROW_GROUP'?
[INFO] [stderr]    36 |     PRINT_CONSTANT(GTK_ACCESSIBLE_ATTRIBUTE_FOREGROUND);
[INFO] [stderr]       |                    ^~~~~~~~~~~~~~~~~~~~~~~~~~~~~~~~~~~
[INFO] [stderr] tests/constant.c:10:22: note: in definition of macro 'PRINT_CONSTANT'
[INFO] [stderr]    10 |     printf(_Generic((CONSTANT_NAME), \
[INFO] [stderr]       |                      ^~~~~~~~~~~~~
[INFO] [stderr] tests/layout.c:79:63: error: 'GtkColumnViewSorterClass' undeclared (first use in this function); did you mean 'GtkColumnViewColumnClass'?
[INFO] [stderr]    79 |     printf("%s;%zu;%zu\n", "GtkColumnViewSorterClass", sizeof(GtkColumnViewSorterClass), alignof(GtkColumnViewSorterClass));
[INFO] [stderr]       |                                                               ^~~~~~~~~~~~~~~~~~~~~~~~
[INFO] [stderr]       |                                                               GtkColumnViewColumnClass
[INFO] [stderr] tests/layout.c:90:52: error: 'GtkContentFit' undeclared (first use in this function)
[INFO] [stderr]    90 |     printf("%s;%zu;%zu\n", "GtkContentFit", sizeof(GtkContentFit), alignof(GtkContentFit));
[INFO] [stderr]       |                                                    ^~~~~~~~~~~~~
[INFO] [stderr] tests/layout.c:103:53: error: 'GtkDialogError' undeclared (first use in this function)
[INFO] [stderr]   103 |     printf("%s;%zu;%zu\n", "GtkDialogError", sizeof(GtkDialogError), alignof(GtkDialogError));
[INFO] [stderr]       |                                                     ^~~~~~~~~~~~~~
[INFO] [stderr] tests/constant.c:37:20: error: 'GTK_ACCESSIBLE_ATTRIBUTE_OVERLINE' undeclared (first use in this function); did you mean 'GTK_ACCESSIBLE_TRISTATE_TRUE'?
[INFO] [stderr]    37 |     PRINT_CONSTANT(GTK_ACCESSIBLE_ATTRIBUTE_OVERLINE);
[INFO] [stderr]       |                    ^~~~~~~~~~~~~~~~~~~~~~~~~~~~~~~~~
[INFO] [stderr] tests/constant.c:10:22: note: in definition of macro 'PRINT_CONSTANT'
[INFO] [stderr]    10 |     printf(_Generic((CONSTANT_NAME), \
[INFO] [stderr]       |                      ^~~~~~~~~~~~~
[INFO] [stderr] tests/layout.c:124:57: error: 'GtkFileDialogClass' undeclared (first use in this function); did you mean 'GtkNativeDialogClass'?
[INFO] [stderr]   124 |     printf("%s;%zu;%zu\n", "GtkFileDialogClass", sizeof(GtkFileDialogClass), alignof(GtkFileDialogClass));
[INFO] [stderr]       |                                                         ^~~~~~~~~~~~~~~~~~
[INFO] [stderr]       |                                                         GtkNativeDialogClass
[INFO] [stderr] tests/layout.c:125:59: error: 'GtkFileLauncherClass' undeclared (first use in this function); did you mean 'GtkFilterClass'?
[INFO] [stderr]   125 |     printf("%s;%zu;%zu\n", "GtkFileLauncherClass", sizeof(GtkFileLauncherClass), alignof(GtkFileLauncherClass));
[INFO] [stderr]       |                                                           ^~~~~~~~~~~~~~~~~~~~
[INFO] [stderr]       |                                                           GtkFilterClass
[INFO] [stderr] tests/constant.c:38:20: error: 'GTK_ACCESSIBLE_ATTRIBUTE_OVERLINE_NONE' undeclared (first use in this function); did you mean 'GTK_ACCESSIBLE_AUTOCOMPLETE_NONE'?
[INFO] [stderr]    38 |     PRINT_CONSTANT(GTK_ACCESSIBLE_ATTRIBUTE_OVERLINE_NONE);
[INFO] [stderr]       |                    ^~~~~~~~~~~~~~~~~~~~~~~~~~~~~~~~~~~~~~
[INFO] [stderr] tests/constant.c:10:22: note: in definition of macro 'PRINT_CONSTANT'
[INFO] [stderr]    10 |     printf(_Generic((CONSTANT_NAME), \
[INFO] [stderr]       |                      ^~~~~~~~~~~~~
[INFO] [stderr] tests/layout.c:140:63: error: 'GtkFontDialogButtonClass' undeclared (first use in this function); did you mean 'GtkScaleButtonClass'?
[INFO] [stderr]   140 |     printf("%s;%zu;%zu\n", "GtkFontDialogButtonClass", sizeof(GtkFontDialogButtonClass), alignof(GtkFontDialogButtonClass));
[INFO] [stderr]       |                                                               ^~~~~~~~~~~~~~~~~~~~~~~~
[INFO] [stderr]       |                                                               GtkScaleButtonClass
[INFO] [stderr] tests/layout.c:141:57: error: 'GtkFontDialogClass' undeclared (first use in this function); did you mean 'GtkDialogClass'?
[INFO] [stderr]   141 |     printf("%s;%zu;%zu\n", "GtkFontDialogClass", sizeof(GtkFontDialogClass), alignof(GtkFontDialogClass));
[INFO] [stderr]       |                                                         ^~~~~~~~~~~~~~~~~~
[INFO] [stderr]       |                                                         GtkDialogClass
[INFO] [stderr] tests/layout.c:142:51: error: 'GtkFontLevel' undeclared (first use in this function)
[INFO] [stderr]   142 |     printf("%s;%zu;%zu\n", "GtkFontLevel", sizeof(GtkFontLevel), alignof(GtkFontLevel));
[INFO] [stderr]       |                                                   ^~~~~~~~~~~~
[INFO] [stderr] tests/layout.c:143:55: error: 'GtkFontRendering' undeclared (first use in this function); did you mean 'GtkOrdering'?
[INFO] [stderr]   143 |     printf("%s;%zu;%zu\n", "GtkFontRendering", sizeof(GtkFontRendering), alignof(GtkFontRendering));
[INFO] [stderr]       |                                                       ^~~~~~~~~~~~~~~~
[INFO] [stderr]       |                                                       GtkOrdering
[INFO] [stderr] tests/constant.c:39:20: error: 'GTK_ACCESSIBLE_ATTRIBUTE_OVERLINE_SINGLE' undeclared (first use in this function)
[INFO] [stderr]    39 |     PRINT_CONSTANT(GTK_ACCESSIBLE_ATTRIBUTE_OVERLINE_SINGLE);
[INFO] [stderr]       |                    ^~~~~~~~~~~~~~~~~~~~~~~~~~~~~~~~~~~~~~~~
[INFO] [stderr] tests/constant.c:10:22: note: in definition of macro 'PRINT_CONSTANT'
[INFO] [stderr]    10 |     printf(_Generic((CONSTANT_NAME), \
[INFO] [stderr]       |                      ^~~~~~~~~~~~~
[INFO] [stderr] tests/layout.c:148:62: error: 'GtkGraphicsOffloadClass' undeclared (first use in this function)
[INFO] [stderr]   148 |     printf("%s;%zu;%zu\n", "GtkGraphicsOffloadClass", sizeof(GtkGraphicsOffloadClass), alignof(GtkGraphicsOffloadClass));
[INFO] [stderr]       |                                                              ^~~~~~~~~~~~~~~~~~~~~~~
[INFO] [stderr] tests/constant.c:40:20: error: 'GTK_ACCESSIBLE_ATTRIBUTE_SIZE' undeclared (first use in this function); did you mean 'GTK_ACCESSIBLE_TRISTATE_MIXED'?
[INFO] [stderr]    40 |     PRINT_CONSTANT(GTK_ACCESSIBLE_ATTRIBUTE_SIZE);
[INFO] [stderr]       |                    ^~~~~~~~~~~~~~~~~~~~~~~~~~~~~
[INFO] [stderr] tests/constant.c:10:22: note: in definition of macro 'PRINT_CONSTANT'
[INFO] [stderr]    10 |     printf(_Generic((CONSTANT_NAME), \
[INFO] [stderr]       |                      ^~~~~~~~~~~~~
[INFO] [stderr] tests/layout.c:149:64: error: 'GtkGraphicsOffloadEnabled' undeclared (first use in this function)
[INFO] [stderr]   149 |     printf("%s;%zu;%zu\n", "GtkGraphicsOffloadEnabled", sizeof(GtkGraphicsOffloadEnabled), alignof(GtkGraphicsOffloadEnabled));
[INFO] [stderr]       |                                                                ^~~~~~~~~~~~~~~~~~~~~~~~~
[INFO] [stderr] tests/layout.c:167:58: error: 'GtkInscriptionClass' undeclared (first use in this function)
[INFO] [stderr]   167 |     printf("%s;%zu;%zu\n", "GtkInscriptionClass", sizeof(GtkInscriptionClass), alignof(GtkInscriptionClass));
[INFO] [stderr]       |                                                          ^~~~~~~~~~~~~~~~~~~
[INFO] [stderr] tests/constant.c:41:20: error: 'GTK_ACCESSIBLE_ATTRIBUTE_STRETCH' undeclared (first use in this function); did you mean 'GTK_ACCESSIBLE_TRISTATE_TRUE'?
[INFO] [stderr]    41 |     PRINT_CONSTANT(GTK_ACCESSIBLE_ATTRIBUTE_STRETCH);
[INFO] [stderr]       |                    ^~~~~~~~~~~~~~~~~~~~~~~~~~~~~~~~
[INFO] [stderr] tests/constant.c:10:22: note: in definition of macro 'PRINT_CONSTANT'
[INFO] [stderr]    10 |     printf(_Generic((CONSTANT_NAME), \
[INFO] [stderr]       |                      ^~~~~~~~~~~~~
[INFO] [stderr] tests/layout.c:168:61: error: 'GtkInscriptionOverflow' undeclared (first use in this function)
[INFO] [stderr]   168 |     printf("%s;%zu;%zu\n", "GtkInscriptionOverflow", sizeof(GtkInscriptionOverflow), alignof(GtkInscriptionOverflow));
[INFO] [stderr]       |                                                             ^~~~~~~~~~~~~~~~~~~~~~
[INFO] [stderr] tests/layout.c:178:57: error: 'GtkListScrollFlags' undeclared (first use in this function); did you mean 'GtkListStoreClass'?
[INFO] [stderr]   178 |     printf("%s;%zu;%zu\n", "GtkListScrollFlags", sizeof(GtkListScrollFlags), alignof(GtkListScrollFlags));
[INFO] [stderr]       |                                                         ^~~~~~~~~~~~~~~~~~
[INFO] [stderr]       |                                                         GtkListStoreClass
[INFO] [stderr] tests/constant.c:42:20: error: 'GTK_ACCESSIBLE_ATTRIBUTE_STRETCH_CONDENSED' undeclared (first use in this function)
[INFO] [stderr]    42 |     PRINT_CONSTANT(GTK_ACCESSIBLE_ATTRIBUTE_STRETCH_CONDENSED);
[INFO] [stderr]       |                    ^~~~~~~~~~~~~~~~~~~~~~~~~~~~~~~~~~~~~~~~~~
[INFO] [stderr] tests/constant.c:10:22: note: in definition of macro 'PRINT_CONSTANT'
[INFO] [stderr]    10 |     printf(_Generic((CONSTANT_NAME), \
[INFO] [stderr]       |                      ^~~~~~~~~~~~~
[INFO] [stderr] tests/layout.c:181:57: error: 'GtkListTabBehavior' undeclared (first use in this function)
[INFO] [stderr]   181 |     printf("%s;%zu;%zu\n", "GtkListTabBehavior", sizeof(GtkListTabBehavior), alignof(GtkListTabBehavior));
[INFO] [stderr]       |                                                         ^~~~~~~~~~~~~~~~~~
[INFO] [stderr] tests/layout.c:224:59: error: 'GtkPrintCapabilities' undeclared (first use in this function); did you mean 'GdkSeatCapabilities'?
[INFO] [stderr]   224 |     printf("%s;%zu;%zu\n", "GtkPrintCapabilities", sizeof(GtkPrintCapabilities), alignof(GtkPrintCapabilities));
[INFO] [stderr]       |                                                           ^~~~~~~~~~~~~~~~~~~~
[INFO] [stderr]       |                                                           GdkSeatCapabilities
[INFO] [stderr] tests/layout.c:225:58: error: 'GtkPrintDialogClass' undeclared (first use in this function); did you mean 'GtkNativeDialogClass'?
[INFO] [stderr]   225 |     printf("%s;%zu;%zu\n", "GtkPrintDialogClass", sizeof(GtkPrintDialogClass), alignof(GtkPrintDialogClass));
[INFO] [stderr]       |                                                          ^~~~~~~~~~~~~~~~~~~
[INFO] [stderr]       |                                                          GtkNativeDialogClass
[INFO] [stderr] tests/constant.c:43:20: error: 'GTK_ACCESSIBLE_ATTRIBUTE_STRETCH_EXPANDED' undeclared (first use in this function); did you mean 'GTK_ACCESSIBLE_STATE_EXPANDED'?
[INFO] [stderr]    43 |     PRINT_CONSTANT(GTK_ACCESSIBLE_ATTRIBUTE_STRETCH_EXPANDED);
[INFO] [stderr]       |                    ^~~~~~~~~~~~~~~~~~~~~~~~~~~~~~~~~~~~~~~~~
[INFO] [stderr] tests/constant.c:10:22: note: in definition of macro 'PRINT_CONSTANT'
[INFO] [stderr]    10 |     printf(_Generic((CONSTANT_NAME), \
[INFO] [stderr]       |                      ^~~~~~~~~~~~~
[INFO] [stderr] tests/layout.c:256:63: error: 'GtkSectionModelInterface' undeclared (first use in this function); did you mean 'GtkSelectionModelInterface'?
[INFO] [stderr]   256 |     printf("%s;%zu;%zu\n", "GtkSectionModelInterface", sizeof(GtkSectionModelInterface), alignof(GtkSectionModelInterface));
[INFO] [stderr]       |                                                               ^~~~~~~~~~~~~~~~~~~~~~~~
[INFO] [stderr]       |                                                               GtkSelectionModelInterface
[INFO] [stderr] tests/layout.c:333:58: error: 'GtkUriLauncherClass' undeclared (first use in this function)
[INFO] [stderr]   333 |     printf("%s;%zu;%zu\n", "GtkUriLauncherClass", sizeof(GtkUriLauncherClass), alignof(GtkUriLauncherClass));
[INFO] [stderr]       |                                                          ^~~~~~~~~~~~~~~~~~~
[INFO] [stdout] test cross_validate_layout_with_c ... FAILED
[INFO] [stderr] tests/constant.c:44:20: error: 'GTK_ACCESSIBLE_ATTRIBUTE_STRETCH_EXTRA_CONDENSED' undeclared (first use in this function)
[INFO] [stderr]    44 |     PRINT_CONSTANT(GTK_ACCESSIBLE_ATTRIBUTE_STRETCH_EXTRA_CONDENSED);
[INFO] [stderr]       |                    ^~~~~~~~~~~~~~~~~~~~~~~~~~~~~~~~~~~~~~~~~~~~~~~~
[INFO] [stderr] tests/constant.c:10:22: note: in definition of macro 'PRINT_CONSTANT'
[INFO] [stderr]    10 |     printf(_Generic((CONSTANT_NAME), \
[INFO] [stderr]       |                      ^~~~~~~~~~~~~
[INFO] [stderr] tests/constant.c:45:20: error: 'GTK_ACCESSIBLE_ATTRIBUTE_STRETCH_EXTRA_EXPANDED' undeclared (first use in this function)
[INFO] [stderr]    45 |     PRINT_CONSTANT(GTK_ACCESSIBLE_ATTRIBUTE_STRETCH_EXTRA_EXPANDED);
[INFO] [stderr]       |                    ^~~~~~~~~~~~~~~~~~~~~~~~~~~~~~~~~~~~~~~~~~~~~~~
[INFO] [stderr] tests/constant.c:10:22: note: in definition of macro 'PRINT_CONSTANT'
[INFO] [stderr]    10 |     printf(_Generic((CONSTANT_NAME), \
[INFO] [stderr]       |                      ^~~~~~~~~~~~~
[INFO] [stderr] tests/constant.c:46:20: error: 'GTK_ACCESSIBLE_ATTRIBUTE_STRETCH_NORMAL' undeclared (first use in this function)
[INFO] [stderr]    46 |     PRINT_CONSTANT(GTK_ACCESSIBLE_ATTRIBUTE_STRETCH_NORMAL);
[INFO] [stderr]       |                    ^~~~~~~~~~~~~~~~~~~~~~~~~~~~~~~~~~~~~~~
[INFO] [stderr] tests/constant.c:10:22: note: in definition of macro 'PRINT_CONSTANT'
[INFO] [stderr]    10 |     printf(_Generic((CONSTANT_NAME), \
[INFO] [stderr]       |                      ^~~~~~~~~~~~~
[INFO] [stderr] tests/constant.c:47:20: error: 'GTK_ACCESSIBLE_ATTRIBUTE_STRETCH_SEMI_CONDENSED' undeclared (first use in this function)
[INFO] [stderr]    47 |     PRINT_CONSTANT(GTK_ACCESSIBLE_ATTRIBUTE_STRETCH_SEMI_CONDENSED);
[INFO] [stderr]       |                    ^~~~~~~~~~~~~~~~~~~~~~~~~~~~~~~~~~~~~~~~~~~~~~~
[INFO] [stderr] tests/constant.c:10:22: note: in definition of macro 'PRINT_CONSTANT'
[INFO] [stderr]    10 |     printf(_Generic((CONSTANT_NAME), \
[INFO] [stderr]       |                      ^~~~~~~~~~~~~
[INFO] [stderr] tests/constant.c:48:20: error: 'GTK_ACCESSIBLE_ATTRIBUTE_STRETCH_SEMI_EXPANDED' undeclared (first use in this function)
[INFO] [stderr]    48 |     PRINT_CONSTANT(GTK_ACCESSIBLE_ATTRIBUTE_STRETCH_SEMI_EXPANDED);
[INFO] [stderr]       |                    ^~~~~~~~~~~~~~~~~~~~~~~~~~~~~~~~~~~~~~~~~~~~~~
[INFO] [stderr] tests/constant.c:10:22: note: in definition of macro 'PRINT_CONSTANT'
[INFO] [stderr]    10 |     printf(_Generic((CONSTANT_NAME), \
[INFO] [stderr]       |                      ^~~~~~~~~~~~~
[INFO] [stderr] tests/constant.c:49:20: error: 'GTK_ACCESSIBLE_ATTRIBUTE_STRETCH_ULTRA_CONDENSED' undeclared (first use in this function)
[INFO] [stderr]    49 |     PRINT_CONSTANT(GTK_ACCESSIBLE_ATTRIBUTE_STRETCH_ULTRA_CONDENSED);
[INFO] [stderr]       |                    ^~~~~~~~~~~~~~~~~~~~~~~~~~~~~~~~~~~~~~~~~~~~~~~~
[INFO] [stderr] tests/constant.c:10:22: note: in definition of macro 'PRINT_CONSTANT'
[INFO] [stderr]    10 |     printf(_Generic((CONSTANT_NAME), \
[INFO] [stderr]       |                      ^~~~~~~~~~~~~
[INFO] [stderr] tests/constant.c:50:20: error: 'GTK_ACCESSIBLE_ATTRIBUTE_STRETCH_ULTRA_EXPANDED' undeclared (first use in this function)
[INFO] [stderr]    50 |     PRINT_CONSTANT(GTK_ACCESSIBLE_ATTRIBUTE_STRETCH_ULTRA_EXPANDED);
[INFO] [stderr]       |                    ^~~~~~~~~~~~~~~~~~~~~~~~~~~~~~~~~~~~~~~~~~~~~~~
[INFO] [stderr] tests/constant.c:10:22: note: in definition of macro 'PRINT_CONSTANT'
[INFO] [stderr]    10 |     printf(_Generic((CONSTANT_NAME), \
[INFO] [stderr]       |                      ^~~~~~~~~~~~~
[INFO] [stderr] tests/constant.c:51:20: error: 'GTK_ACCESSIBLE_ATTRIBUTE_STRIKETHROUGH' undeclared (first use in this function)
[INFO] [stderr]    51 |     PRINT_CONSTANT(GTK_ACCESSIBLE_ATTRIBUTE_STRIKETHROUGH);
[INFO] [stderr]       |                    ^~~~~~~~~~~~~~~~~~~~~~~~~~~~~~~~~~~~~~
[INFO] [stderr] tests/constant.c:10:22: note: in definition of macro 'PRINT_CONSTANT'
[INFO] [stderr]    10 |     printf(_Generic((CONSTANT_NAME), \
[INFO] [stderr]       |                      ^~~~~~~~~~~~~
[INFO] [stderr] tests/constant.c:52:20: error: 'GTK_ACCESSIBLE_ATTRIBUTE_STYLE' undeclared (first use in this function); did you mean 'GTK_ACCESSIBLE_TRISTATE_TRUE'?
[INFO] [stderr]    52 |     PRINT_CONSTANT(GTK_ACCESSIBLE_ATTRIBUTE_STYLE);
[INFO] [stderr]       |                    ^~~~~~~~~~~~~~~~~~~~~~~~~~~~~~
[INFO] [stderr] tests/constant.c:10:22: note: in definition of macro 'PRINT_CONSTANT'
[INFO] [stderr]    10 |     printf(_Generic((CONSTANT_NAME), \
[INFO] [stderr]       |                      ^~~~~~~~~~~~~
[INFO] [stderr] tests/constant.c:53:20: error: 'GTK_ACCESSIBLE_ATTRIBUTE_STYLE_ITALIC' undeclared (first use in this function); did you mean 'GTK_ACCESSIBLE_TRISTATE_FALSE'?
[INFO] [stderr]    53 |     PRINT_CONSTANT(GTK_ACCESSIBLE_ATTRIBUTE_STYLE_ITALIC);
[INFO] [stderr]       |                    ^~~~~~~~~~~~~~~~~~~~~~~~~~~~~~~~~~~~~
[INFO] [stderr] tests/constant.c:10:22: note: in definition of macro 'PRINT_CONSTANT'
[INFO] [stderr]    10 |     printf(_Generic((CONSTANT_NAME), \
[INFO] [stderr]       |                      ^~~~~~~~~~~~~
[INFO] [stderr] tests/constant.c:54:20: error: 'GTK_ACCESSIBLE_ATTRIBUTE_STYLE_NORMAL' undeclared (first use in this function)
[INFO] [stderr]    54 |     PRINT_CONSTANT(GTK_ACCESSIBLE_ATTRIBUTE_STYLE_NORMAL);
[INFO] [stderr]       |                    ^~~~~~~~~~~~~~~~~~~~~~~~~~~~~~~~~~~~~
[INFO] [stderr] tests/constant.c:10:22: note: in definition of macro 'PRINT_CONSTANT'
[INFO] [stderr]    10 |     printf(_Generic((CONSTANT_NAME), \
[INFO] [stderr]       |                      ^~~~~~~~~~~~~
[INFO] [stderr] tests/constant.c:55:20: error: 'GTK_ACCESSIBLE_ATTRIBUTE_STYLE_OBLIQUE' undeclared (first use in this function)
[INFO] [stderr]    55 |     PRINT_CONSTANT(GTK_ACCESSIBLE_ATTRIBUTE_STYLE_OBLIQUE);
[INFO] [stderr]       |                    ^~~~~~~~~~~~~~~~~~~~~~~~~~~~~~~~~~~~~~
[INFO] [stderr] tests/constant.c:10:22: note: in definition of macro 'PRINT_CONSTANT'
[INFO] [stderr]    10 |     printf(_Generic((CONSTANT_NAME), \
[INFO] [stderr]       |                      ^~~~~~~~~~~~~
[INFO] [stderr] tests/constant.c:56:20: error: 'GTK_ACCESSIBLE_ATTRIBUTE_UNDERLINE' undeclared (first use in this function); did you mean 'GTK_ACCESSIBLE_VALUE_UNDEFINED'?
[INFO] [stderr]    56 |     PRINT_CONSTANT(GTK_ACCESSIBLE_ATTRIBUTE_UNDERLINE);
[INFO] [stderr]       |                    ^~~~~~~~~~~~~~~~~~~~~~~~~~~~~~~~~~
[INFO] [stderr] tests/constant.c:10:22: note: in definition of macro 'PRINT_CONSTANT'
[INFO] [stderr]    10 |     printf(_Generic((CONSTANT_NAME), \
[INFO] [stderr]       |                      ^~~~~~~~~~~~~
[INFO] [stderr] tests/constant.c:57:20: error: 'GTK_ACCESSIBLE_ATTRIBUTE_UNDERLINE_DOUBLE' undeclared (first use in this function)
[INFO] [stderr]    57 |     PRINT_CONSTANT(GTK_ACCESSIBLE_ATTRIBUTE_UNDERLINE_DOUBLE);
[INFO] [stderr]       |                    ^~~~~~~~~~~~~~~~~~~~~~~~~~~~~~~~~~~~~~~~~
[INFO] [stderr] tests/constant.c:10:22: note: in definition of macro 'PRINT_CONSTANT'
[INFO] [stderr]    10 |     printf(_Generic((CONSTANT_NAME), \
[INFO] [stderr]       |                      ^~~~~~~~~~~~~
[INFO] [stderr] tests/constant.c:58:20: error: 'GTK_ACCESSIBLE_ATTRIBUTE_UNDERLINE_ERROR' undeclared (first use in this function)
[INFO] [stderr]    58 |     PRINT_CONSTANT(GTK_ACCESSIBLE_ATTRIBUTE_UNDERLINE_ERROR);
[INFO] [stderr]       |                    ^~~~~~~~~~~~~~~~~~~~~~~~~~~~~~~~~~~~~~~~
[INFO] [stderr] tests/constant.c:10:22: note: in definition of macro 'PRINT_CONSTANT'
[INFO] [stderr]    10 |     printf(_Generic((CONSTANT_NAME), \
[INFO] [stderr]       |                      ^~~~~~~~~~~~~
[INFO] [stderr] tests/constant.c:59:20: error: 'GTK_ACCESSIBLE_ATTRIBUTE_UNDERLINE_NONE' undeclared (first use in this function)
[INFO] [stderr]    59 |     PRINT_CONSTANT(GTK_ACCESSIBLE_ATTRIBUTE_UNDERLINE_NONE);
[INFO] [stderr]       |                    ^~~~~~~~~~~~~~~~~~~~~~~~~~~~~~~~~~~~~~~
[INFO] [stderr] tests/constant.c:10:22: note: in definition of macro 'PRINT_CONSTANT'
[INFO] [stderr]    10 |     printf(_Generic((CONSTANT_NAME), \
[INFO] [stderr]       |                      ^~~~~~~~~~~~~
[INFO] [stderr] tests/constant.c:60:20: error: 'GTK_ACCESSIBLE_ATTRIBUTE_UNDERLINE_SINGLE' undeclared (first use in this function)
[INFO] [stderr]    60 |     PRINT_CONSTANT(GTK_ACCESSIBLE_ATTRIBUTE_UNDERLINE_SINGLE);
[INFO] [stderr]       |                    ^~~~~~~~~~~~~~~~~~~~~~~~~~~~~~~~~~~~~~~~~
[INFO] [stderr] tests/constant.c:10:22: note: in definition of macro 'PRINT_CONSTANT'
[INFO] [stderr]    10 |     printf(_Generic((CONSTANT_NAME), \
[INFO] [stderr]       |                      ^~~~~~~~~~~~~
[INFO] [stderr] tests/constant.c:61:20: error: 'GTK_ACCESSIBLE_ATTRIBUTE_VARIANT' undeclared (first use in this function); did you mean 'GTK_ACCESSIBLE_TRISTATE_MIXED'?
[INFO] [stderr]    61 |     PRINT_CONSTANT(GTK_ACCESSIBLE_ATTRIBUTE_VARIANT);
[INFO] [stderr]       |                    ^~~~~~~~~~~~~~~~~~~~~~~~~~~~~~~~
[INFO] [stderr] tests/constant.c:10:22: note: in definition of macro 'PRINT_CONSTANT'
[INFO] [stderr]    10 |     printf(_Generic((CONSTANT_NAME), \
[INFO] [stderr]       |                      ^~~~~~~~~~~~~
[INFO] [stderr] tests/constant.c:62:20: error: 'GTK_ACCESSIBLE_ATTRIBUTE_VARIANT_ALL_PETITE_CAPS' undeclared (first use in this function)
[INFO] [stderr]    62 |     PRINT_CONSTANT(GTK_ACCESSIBLE_ATTRIBUTE_VARIANT_ALL_PETITE_CAPS);
[INFO] [stderr]       |                    ^~~~~~~~~~~~~~~~~~~~~~~~~~~~~~~~~~~~~~~~~~~~~~~~
[INFO] [stderr] tests/constant.c:10:22: note: in definition of macro 'PRINT_CONSTANT'
[INFO] [stderr]    10 |     printf(_Generic((CONSTANT_NAME), \
[INFO] [stderr]       |                      ^~~~~~~~~~~~~
[INFO] [stderr] tests/constant.c:63:20: error: 'GTK_ACCESSIBLE_ATTRIBUTE_VARIANT_ALL_SMALL_CAPS' undeclared (first use in this function)
[INFO] [stderr]    63 |     PRINT_CONSTANT(GTK_ACCESSIBLE_ATTRIBUTE_VARIANT_ALL_SMALL_CAPS);
[INFO] [stderr]       |                    ^~~~~~~~~~~~~~~~~~~~~~~~~~~~~~~~~~~~~~~~~~~~~~~
[INFO] [stderr] tests/constant.c:10:22: note: in definition of macro 'PRINT_CONSTANT'
[INFO] [stderr]    10 |     printf(_Generic((CONSTANT_NAME), \
[INFO] [stderr]       |                      ^~~~~~~~~~~~~
[INFO] [stderr] tests/constant.c:64:20: error: 'GTK_ACCESSIBLE_ATTRIBUTE_VARIANT_PETITE_CAPS' undeclared (first use in this function)
[INFO] [stderr]    64 |     PRINT_CONSTANT(GTK_ACCESSIBLE_ATTRIBUTE_VARIANT_PETITE_CAPS);
[INFO] [stderr]       |                    ^~~~~~~~~~~~~~~~~~~~~~~~~~~~~~~~~~~~~~~~~~~~
[INFO] [stderr] tests/constant.c:10:22: note: in definition of macro 'PRINT_CONSTANT'
[INFO] [stderr]    10 |     printf(_Generic((CONSTANT_NAME), \
[INFO] [stderr]       |                      ^~~~~~~~~~~~~
[INFO] [stderr] tests/constant.c:65:20: error: 'GTK_ACCESSIBLE_ATTRIBUTE_VARIANT_SMALL_CAPS' undeclared (first use in this function)
[INFO] [stderr]    65 |     PRINT_CONSTANT(GTK_ACCESSIBLE_ATTRIBUTE_VARIANT_SMALL_CAPS);
[INFO] [stderr]       |                    ^~~~~~~~~~~~~~~~~~~~~~~~~~~~~~~~~~~~~~~~~~~
[INFO] [stderr] tests/constant.c:10:22: note: in definition of macro 'PRINT_CONSTANT'
[INFO] [stderr]    10 |     printf(_Generic((CONSTANT_NAME), \
[INFO] [stderr]       |                      ^~~~~~~~~~~~~
[INFO] [stderr] tests/constant.c:66:20: error: 'GTK_ACCESSIBLE_ATTRIBUTE_VARIANT_TITLE_CAPS' undeclared (first use in this function)
[INFO] [stderr]    66 |     PRINT_CONSTANT(GTK_ACCESSIBLE_ATTRIBUTE_VARIANT_TITLE_CAPS);
[INFO] [stderr]       |                    ^~~~~~~~~~~~~~~~~~~~~~~~~~~~~~~~~~~~~~~~~~~
[INFO] [stderr] tests/constant.c:10:22: note: in definition of macro 'PRINT_CONSTANT'
[INFO] [stderr]    10 |     printf(_Generic((CONSTANT_NAME), \
[INFO] [stderr]       |                      ^~~~~~~~~~~~~
[INFO] [stderr] tests/constant.c:67:20: error: 'GTK_ACCESSIBLE_ATTRIBUTE_VARIANT_UNICASE' undeclared (first use in this function)
[INFO] [stderr]    67 |     PRINT_CONSTANT(GTK_ACCESSIBLE_ATTRIBUTE_VARIANT_UNICASE);
[INFO] [stderr]       |                    ^~~~~~~~~~~~~~~~~~~~~~~~~~~~~~~~~~~~~~~~
[INFO] [stderr] tests/constant.c:10:22: note: in definition of macro 'PRINT_CONSTANT'
[INFO] [stderr]    10 |     printf(_Generic((CONSTANT_NAME), \
[INFO] [stderr]       |                      ^~~~~~~~~~~~~
[INFO] [stderr] tests/constant.c:68:20: error: 'GTK_ACCESSIBLE_ATTRIBUTE_WEIGHT' undeclared (first use in this function); did you mean 'GTK_ACCESSIBLE_TRISTATE_MIXED'?
[INFO] [stderr]    68 |     PRINT_CONSTANT(GTK_ACCESSIBLE_ATTRIBUTE_WEIGHT);
[INFO] [stderr]       |                    ^~~~~~~~~~~~~~~~~~~~~~~~~~~~~~~
[INFO] [stderr] tests/constant.c:10:22: note: in definition of macro 'PRINT_CONSTANT'
[INFO] [stderr]    10 |     printf(_Generic((CONSTANT_NAME), \
[INFO] [stderr]       |                      ^~~~~~~~~~~~~
[INFO] [stderr] tests/constant.c:77:27: error: 'GTK_ACCESSIBLE_PLATFORM_STATE_ACTIVE' undeclared (first use in this function); did you mean 'GTK_ACCESSIBLE_TRISTATE_TRUE'?
[INFO] [stderr]    77 |     PRINT_CONSTANT((gint) GTK_ACCESSIBLE_PLATFORM_STATE_ACTIVE);
[INFO] [stderr]       |                           ^~~~~~~~~~~~~~~~~~~~~~~~~~~~~~~~~~~~
[INFO] [stderr] tests/constant.c:10:22: note: in definition of macro 'PRINT_CONSTANT'
[INFO] [stderr]    10 |     printf(_Generic((CONSTANT_NAME), \
[INFO] [stderr]       |                      ^~~~~~~~~~~~~
[INFO] [stderr] tests/constant.c:78:27: error: 'GTK_ACCESSIBLE_PLATFORM_STATE_FOCUSABLE' undeclared (first use in this function); did you mean 'GTK_ACCESSIBLE_TRISTATE_FALSE'?
[INFO] [stderr]    78 |     PRINT_CONSTANT((gint) GTK_ACCESSIBLE_PLATFORM_STATE_FOCUSABLE);
[INFO] [stderr]       |                           ^~~~~~~~~~~~~~~~~~~~~~~~~~~~~~~~~~~~~~~
[INFO] [stderr] tests/constant.c:10:22: note: in definition of macro 'PRINT_CONSTANT'
[INFO] [stderr]    10 |     printf(_Generic((CONSTANT_NAME), \
[INFO] [stderr]       |                      ^~~~~~~~~~~~~
[INFO] [stderr] tests/constant.c:79:27: error: 'GTK_ACCESSIBLE_PLATFORM_STATE_FOCUSED' undeclared (first use in this function); did you mean 'GTK_ACCESSIBLE_TRISTATE_FALSE'?
[INFO] [stderr]    79 |     PRINT_CONSTANT((gint) GTK_ACCESSIBLE_PLATFORM_STATE_FOCUSED);
[INFO] [stderr]       |                           ^~~~~~~~~~~~~~~~~~~~~~~~~~~~~~~~~~~~~
[INFO] [stderr] tests/constant.c:10:22: note: in definition of macro 'PRINT_CONSTANT'
[INFO] [stderr]    10 |     printf(_Generic((CONSTANT_NAME), \
[INFO] [stderr]       |                      ^~~~~~~~~~~~~
[INFO] [stderr] tests/constant.c:83:27: error: 'GTK_ACCESSIBLE_PROPERTY_HELP_TEXT' undeclared (first use in this function); did you mean 'GTK_ACCESSIBLE_PROPERTY_VALUE_TEXT'?
[INFO] [stderr]    83 |     PRINT_CONSTANT((gint) GTK_ACCESSIBLE_PROPERTY_HELP_TEXT);
[INFO] [stderr]       |                           ^~~~~~~~~~~~~~~~~~~~~~~~~~~~~~~~~
[INFO] [stderr] tests/constant.c:10:22: note: in definition of macro 'PRINT_CONSTANT'
[INFO] [stderr]    10 |     printf(_Generic((CONSTANT_NAME), \
[INFO] [stderr]       |                      ^~~~~~~~~~~~~
[INFO] [stderr] tests/constant.c:120:27: error: 'GTK_ACCESSIBLE_ROLE_APPLICATION' undeclared (first use in this function); did you mean 'GTK_ACCESSIBLE_ROLE_NAVIGATION'?
[INFO] [stderr]   120 |     PRINT_CONSTANT((gint) GTK_ACCESSIBLE_ROLE_APPLICATION);
[INFO] [stderr]       |                           ^~~~~~~~~~~~~~~~~~~~~~~~~~~~~~~
[INFO] [stderr] tests/constant.c:10:22: note: in definition of macro 'PRINT_CONSTANT'
[INFO] [stderr]    10 |     printf(_Generic((CONSTANT_NAME), \
[INFO] [stderr]       |                      ^~~~~~~~~~~~~
[INFO] [stderr] tests/constant.c:121:27: error: 'GTK_ACCESSIBLE_ROLE_ARTICLE' undeclared (first use in this function); did you mean 'GTK_ACCESSIBLE_ROLE_TIME'?
[INFO] [stderr]   121 |     PRINT_CONSTANT((gint) GTK_ACCESSIBLE_ROLE_ARTICLE);
[INFO] [stderr]       |                           ^~~~~~~~~~~~~~~~~~~~~~~~~~~
[INFO] [stderr] tests/constant.c:10:22: note: in definition of macro 'PRINT_CONSTANT'
[INFO] [stderr]    10 |     printf(_Generic((CONSTANT_NAME), \
[INFO] [stderr]       |                      ^~~~~~~~~~~~~
[INFO] [stderr] tests/constant.c:123:27: error: 'GTK_ACCESSIBLE_ROLE_BLOCK_QUOTE' undeclared (first use in this function); did you mean 'GTK_ACCESSIBLE_ROLE_ROW_GROUP'?
[INFO] [stderr]   123 |     PRINT_CONSTANT((gint) GTK_ACCESSIBLE_ROLE_BLOCK_QUOTE);
[INFO] [stderr]       |                           ^~~~~~~~~~~~~~~~~~~~~~~~~~~~~~~
[INFO] [stderr] tests/constant.c:10:22: note: in definition of macro 'PRINT_CONSTANT'
[INFO] [stderr]    10 |     printf(_Generic((CONSTANT_NAME), \
[INFO] [stderr]       |                      ^~~~~~~~~~~~~
[INFO] [stderr] tests/constant.c:131:27: error: 'GTK_ACCESSIBLE_ROLE_COMMENT' undeclared (first use in this function); did you mean 'GTK_ACCESSIBLE_ROLE_COMMAND'?
[INFO] [stderr]   131 |     PRINT_CONSTANT((gint) GTK_ACCESSIBLE_ROLE_COMMENT);
[INFO] [stderr]       |                           ^~~~~~~~~~~~~~~~~~~~~~~~~~~
[INFO] [stderr] tests/constant.c:10:22: note: in definition of macro 'PRINT_CONSTANT'
[INFO] [stderr]    10 |     printf(_Generic((CONSTANT_NAME), \
[INFO] [stderr]       |                      ^~~~~~~~~~~~~
[INFO] [stderr] tests/constant.c:165:27: error: 'GTK_ACCESSIBLE_ROLE_PARAGRAPH' undeclared (first use in this function); did you mean 'GTK_ACCESSIBLE_ROLE_SEARCH'?
[INFO] [stderr]   165 |     PRINT_CONSTANT((gint) GTK_ACCESSIBLE_ROLE_PARAGRAPH);
[INFO] [stderr]       |                           ^~~~~~~~~~~~~~~~~~~~~~~~~~~~~
[INFO] [stderr] tests/constant.c:10:22: note: in definition of macro 'PRINT_CONSTANT'
[INFO] [stderr]    10 |     printf(_Generic((CONSTANT_NAME), \
[INFO] [stderr]       |                      ^~~~~~~~~~~~~
[INFO] [stderr] tests/constant.c:191:27: error: 'GTK_ACCESSIBLE_ROLE_TERMINAL' undeclared (first use in this function); did you mean 'GTK_ACCESSIBLE_ROLE_HEADING'?
[INFO] [stderr]   191 |     PRINT_CONSTANT((gint) GTK_ACCESSIBLE_ROLE_TERMINAL);
[INFO] [stderr]       |                           ^~~~~~~~~~~~~~~~~~~~~~~~~~~~
[INFO] [stderr] tests/constant.c:10:22: note: in definition of macro 'PRINT_CONSTANT'
[INFO] [stderr]    10 |     printf(_Generic((CONSTANT_NAME), \
[INFO] [stderr]       |                      ^~~~~~~~~~~~~
[INFO] [stderr] tests/constant.c:195:27: error: 'GTK_ACCESSIBLE_ROLE_TOGGLE_BUTTON' undeclared (first use in this function); did you mean 'GTK_ACCESSIBLE_ROLE_SPIN_BUTTON'?
[INFO] [stderr]   195 |     PRINT_CONSTANT((gint) GTK_ACCESSIBLE_ROLE_TOGGLE_BUTTON);
[INFO] [stderr]       |                           ^~~~~~~~~~~~~~~~~~~~~~~~~~~~~~~~~
[INFO] [stderr] tests/constant.c:10:22: note: in definition of macro 'PRINT_CONSTANT'
[INFO] [stderr]    10 |     printf(_Generic((CONSTANT_NAME), \
[INFO] [stderr]       |                      ^~~~~~~~~~~~~
[INFO] [stderr] tests/constant.c:215:27: error: 'GTK_ACCESSIBLE_STATE_VISITED' undeclared (first use in this function); did you mean 'GTK_ACCESSIBLE_STATE_DISABLED'?
[INFO] [stderr]   215 |     PRINT_CONSTANT((gint) GTK_ACCESSIBLE_STATE_VISITED);
[INFO] [stderr]       |                           ^~~~~~~~~~~~~~~~~~~~~~~~~~~~
[INFO] [stderr] tests/constant.c:10:22: note: in definition of macro 'PRINT_CONSTANT'
[INFO] [stderr]    10 |     printf(_Generic((CONSTANT_NAME), \
[INFO] [stderr]       |                      ^~~~~~~~~~~~~
[INFO] [stderr] tests/constant.c:216:27: error: 'GTK_ACCESSIBLE_TEXT_CONTENT_CHANGE_INSERT' undeclared (first use in this function)
[INFO] [stderr]   216 |     PRINT_CONSTANT((gint) GTK_ACCESSIBLE_TEXT_CONTENT_CHANGE_INSERT);
[INFO] [stderr]       |                           ^~~~~~~~~~~~~~~~~~~~~~~~~~~~~~~~~~~~~~~~~
[INFO] [stderr] tests/constant.c:10:22: note: in definition of macro 'PRINT_CONSTANT'
[INFO] [stderr]    10 |     printf(_Generic((CONSTANT_NAME), \
[INFO] [stderr]       |                      ^~~~~~~~~~~~~
[INFO] [stderr] tests/constant.c:217:27: error: 'GTK_ACCESSIBLE_TEXT_CONTENT_CHANGE_REMOVE' undeclared (first use in this function)
[INFO] [stderr]   217 |     PRINT_CONSTANT((gint) GTK_ACCESSIBLE_TEXT_CONTENT_CHANGE_REMOVE);
[INFO] [stderr]       |                           ^~~~~~~~~~~~~~~~~~~~~~~~~~~~~~~~~~~~~~~~~
[INFO] [stderr] tests/constant.c:10:22: note: in definition of macro 'PRINT_CONSTANT'
[INFO] [stderr]    10 |     printf(_Generic((CONSTANT_NAME), \
[INFO] [stderr]       |                      ^~~~~~~~~~~~~
[INFO] [stderr] tests/constant.c:218:27: error: 'GTK_ACCESSIBLE_TEXT_GRANULARITY_CHARACTER' undeclared (first use in this function)
[INFO] [stderr]   218 |     PRINT_CONSTANT((gint) GTK_ACCESSIBLE_TEXT_GRANULARITY_CHARACTER);
[INFO] [stderr]       |                           ^~~~~~~~~~~~~~~~~~~~~~~~~~~~~~~~~~~~~~~~~
[INFO] [stderr] tests/constant.c:10:22: note: in definition of macro 'PRINT_CONSTANT'
[INFO] [stderr]    10 |     printf(_Generic((CONSTANT_NAME), \
[INFO] [stderr]       |                      ^~~~~~~~~~~~~
[INFO] [stderr] tests/constant.c:219:27: error: 'GTK_ACCESSIBLE_TEXT_GRANULARITY_LINE' undeclared (first use in this function)
[INFO] [stderr]   219 |     PRINT_CONSTANT((gint) GTK_ACCESSIBLE_TEXT_GRANULARITY_LINE);
[INFO] [stderr]       |                           ^~~~~~~~~~~~~~~~~~~~~~~~~~~~~~~~~~~~
[INFO] [stderr] tests/constant.c:10:22: note: in definition of macro 'PRINT_CONSTANT'
[INFO] [stderr]    10 |     printf(_Generic((CONSTANT_NAME), \
[INFO] [stderr]       |                      ^~~~~~~~~~~~~
[INFO] [stderr] tests/constant.c:220:27: error: 'GTK_ACCESSIBLE_TEXT_GRANULARITY_PARAGRAPH' undeclared (first use in this function)
[INFO] [stderr]   220 |     PRINT_CONSTANT((gint) GTK_ACCESSIBLE_TEXT_GRANULARITY_PARAGRAPH);
[INFO] [stderr]       |                           ^~~~~~~~~~~~~~~~~~~~~~~~~~~~~~~~~~~~~~~~~
[INFO] [stderr] tests/constant.c:10:22: note: in definition of macro 'PRINT_CONSTANT'
[INFO] [stderr]    10 |     printf(_Generic((CONSTANT_NAME), \
[INFO] [stderr]       |                      ^~~~~~~~~~~~~
[INFO] [stderr] tests/constant.c:221:27: error: 'GTK_ACCESSIBLE_TEXT_GRANULARITY_SENTENCE' undeclared (first use in this function)
[INFO] [stderr]   221 |     PRINT_CONSTANT((gint) GTK_ACCESSIBLE_TEXT_GRANULARITY_SENTENCE);
[INFO] [stderr]       |                           ^~~~~~~~~~~~~~~~~~~~~~~~~~~~~~~~~~~~~~~~
[INFO] [stderr] tests/constant.c:10:22: note: in definition of macro 'PRINT_CONSTANT'
[INFO] [stderr]    10 |     printf(_Generic((CONSTANT_NAME), \
[INFO] [stderr]       |                      ^~~~~~~~~~~~~
[INFO] [stderr] tests/constant.c:222:27: error: 'GTK_ACCESSIBLE_TEXT_GRANULARITY_WORD' undeclared (first use in this function)
[INFO] [stderr]   222 |     PRINT_CONSTANT((gint) GTK_ACCESSIBLE_TEXT_GRANULARITY_WORD);
[INFO] [stderr]       |                           ^~~~~~~~~~~~~~~~~~~~~~~~~~~~~~~~~~~~
[INFO] [stderr] tests/constant.c:10:22: note: in definition of macro 'PRINT_CONSTANT'
[INFO] [stderr]    10 |     printf(_Generic((CONSTANT_NAME), \
[INFO] [stderr]       |                      ^~~~~~~~~~~~~
[INFO] [stderr] tests/constant.c:228:27: error: 'GTK_ALIGN_BASELINE_CENTER' undeclared (first use in this function); did you mean 'GTK_ALIGN_BASELINE'?
[INFO] [stderr]   228 |     PRINT_CONSTANT((gint) GTK_ALIGN_BASELINE_CENTER);
[INFO] [stderr]       |                           ^~~~~~~~~~~~~~~~~~~~~~~~~
[INFO] [stderr] tests/constant.c:10:22: note: in definition of macro 'PRINT_CONSTANT'
[INFO] [stderr]    10 |     printf(_Generic((CONSTANT_NAME), \
[INFO] [stderr]       |                      ^~~~~~~~~~~~~
[INFO] [stderr] tests/constant.c:229:27: error: 'GTK_ALIGN_BASELINE_FILL' undeclared (first use in this function); did you mean 'GTK_ALIGN_BASELINE'?
[INFO] [stderr]   229 |     PRINT_CONSTANT((gint) GTK_ALIGN_BASELINE_FILL);
[INFO] [stderr]       |                           ^~~~~~~~~~~~~~~~~~~~~~~
[INFO] [stderr] tests/constant.c:10:22: note: in definition of macro 'PRINT_CONSTANT'
[INFO] [stderr]    10 |     printf(_Generic((CONSTANT_NAME), \
[INFO] [stderr]       |                      ^~~~~~~~~~~~~
[INFO] [stderr] tests/constant.c:296:27: error: 'GTK_COLLATION_FILENAME' undeclared (first use in this function)
[INFO] [stderr]   296 |     PRINT_CONSTANT((gint) GTK_COLLATION_FILENAME);
[INFO] [stderr]       |                           ^~~~~~~~~~~~~~~~~~~~~~
[INFO] [stderr] tests/constant.c:10:22: note: in definition of macro 'PRINT_CONSTANT'
[INFO] [stderr]    10 |     printf(_Generic((CONSTANT_NAME), \
[INFO] [stderr]       |                      ^~~~~~~~~~~~~
[INFO] [stderr] tests/constant.c:297:27: error: 'GTK_COLLATION_NONE' undeclared (first use in this function); did you mean 'GTK_SELECTION_NONE'?
[INFO] [stderr]   297 |     PRINT_CONSTANT((gint) GTK_COLLATION_NONE);
[INFO] [stderr]       |                           ^~~~~~~~~~~~~~~~~~
[INFO] [stderr] tests/constant.c:10:22: note: in definition of macro 'PRINT_CONSTANT'
[INFO] [stderr]    10 |     printf(_Generic((CONSTANT_NAME), \
[INFO] [stderr]       |                      ^~~~~~~~~~~~~
[INFO] [stderr] tests/constant.c:298:27: error: 'GTK_COLLATION_UNICODE' undeclared (first use in this function)
[INFO] [stderr]   298 |     PRINT_CONSTANT((gint) GTK_COLLATION_UNICODE);
[INFO] [stderr]       |                           ^~~~~~~~~~~~~~~~~~~~~
[INFO] [stderr] tests/constant.c:10:22: note: in definition of macro 'PRINT_CONSTANT'
[INFO] [stderr]    10 |     printf(_Generic((CONSTANT_NAME), \
[INFO] [stderr]       |                      ^~~~~~~~~~~~~
[INFO] [stderr] tests/constant.c:324:27: error: 'GTK_CONTENT_FIT_CONTAIN' undeclared (first use in this function)
[INFO] [stderr]   324 |     PRINT_CONSTANT((gint) GTK_CONTENT_FIT_CONTAIN);
[INFO] [stderr]       |                           ^~~~~~~~~~~~~~~~~~~~~~~
[INFO] [stderr] tests/constant.c:10:22: note: in definition of macro 'PRINT_CONSTANT'
[INFO] [stderr]    10 |     printf(_Generic((CONSTANT_NAME), \
[INFO] [stderr]       |                      ^~~~~~~~~~~~~
[INFO] [stderr] tests/constant.c:325:27: error: 'GTK_CONTENT_FIT_COVER' undeclared (first use in this function)
[INFO] [stderr]   325 |     PRINT_CONSTANT((gint) GTK_CONTENT_FIT_COVER);
[INFO] [stderr]       |                           ^~~~~~~~~~~~~~~~~~~~~
[INFO] [stderr] tests/constant.c:10:22: note: in definition of macro 'PRINT_CONSTANT'
[INFO] [stderr]    10 |     printf(_Generic((CONSTANT_NAME), \
[INFO] [stderr]       |                      ^~~~~~~~~~~~~
[INFO] [stderr] tests/constant.c:326:27: error: 'GTK_CONTENT_FIT_FILL' undeclared (first use in this function)
[INFO] [stderr]   326 |     PRINT_CONSTANT((gint) GTK_CONTENT_FIT_FILL);
[INFO] [stderr]       |                           ^~~~~~~~~~~~~~~~~~~~
[INFO] [stderr] tests/constant.c:10:22: note: in definition of macro 'PRINT_CONSTANT'
[INFO] [stderr]    10 |     printf(_Generic((CONSTANT_NAME), \
[INFO] [stderr]       |                      ^~~~~~~~~~~~~
[INFO] [stderr] tests/constant.c:327:27: error: 'GTK_CONTENT_FIT_SCALE_DOWN' undeclared (first use in this function)
[INFO] [stderr]   327 |     PRINT_CONSTANT((gint) GTK_CONTENT_FIT_SCALE_DOWN);
[INFO] [stderr]       |                           ^~~~~~~~~~~~~~~~~~~~~~~~~~
[INFO] [stderr] tests/constant.c:10:22: note: in definition of macro 'PRINT_CONSTANT'
[INFO] [stderr]    10 |     printf(_Generic((CONSTANT_NAME), \
[INFO] [stderr]       |                      ^~~~~~~~~~~~~
[INFO] [stderr] tests/constant.c:345:28: error: 'GTK_DEBUG_CSS' undeclared (first use in this function); did you mean 'GTK_DEBUG_A11Y'?
[INFO] [stderr]   345 |     PRINT_CONSTANT((guint) GTK_DEBUG_CSS);
[INFO] [stderr]       |                            ^~~~~~~~~~~~~
[INFO] [stderr] tests/constant.c:10:22: note: in definition of macro 'PRINT_CONSTANT'
[INFO] [stderr]    10 |     printf(_Generic((CONSTANT_NAME), \
[INFO] [stderr]       |                      ^~~~~~~~~~~~~
[INFO] [stderr] tests/constant.c:350:28: error: 'GTK_DEBUG_INVERT_TEXT_DIR' undeclared (first use in this function)
[INFO] [stderr]   350 |     PRINT_CONSTANT((guint) GTK_DEBUG_INVERT_TEXT_DIR);
[INFO] [stderr]       |                            ^~~~~~~~~~~~~~~~~~~~~~~~~
[INFO] [stderr] tests/constant.c:10:22: note: in definition of macro 'PRINT_CONSTANT'
[INFO] [stderr]    10 |     printf(_Generic((CONSTANT_NAME), \
[INFO] [stderr]       |                      ^~~~~~~~~~~~~
[INFO] [stderr] tests/constant.c:369:27: error: 'GTK_DIALOG_ERROR_CANCELLED' undeclared (first use in this function); did you mean 'G_IO_ERROR_CANCELLED'?
[INFO] [stderr]   369 |     PRINT_CONSTANT((gint) GTK_DIALOG_ERROR_CANCELLED);
[INFO] [stderr]       |                           ^~~~~~~~~~~~~~~~~~~~~~~~~~
[INFO] [stderr] tests/constant.c:10:22: note: in definition of macro 'PRINT_CONSTANT'
[INFO] [stderr]    10 |     printf(_Generic((CONSTANT_NAME), \
[INFO] [stderr]       |                      ^~~~~~~~~~~~~
[INFO] [stderr] tests/constant.c:370:27: error: 'GTK_DIALOG_ERROR_DISMISSED' undeclared (first use in this function)
[INFO] [stderr]   370 |     PRINT_CONSTANT((gint) GTK_DIALOG_ERROR_DISMISSED);
[INFO] [stderr]       |                           ^~~~~~~~~~~~~~~~~~~~~~~~~~
[INFO] [stderr] tests/constant.c:10:22: note: in definition of macro 'PRINT_CONSTANT'
[INFO] [stderr]    10 |     printf(_Generic((CONSTANT_NAME), \
[INFO] [stderr]       |                      ^~~~~~~~~~~~~
[INFO] [stderr] tests/constant.c:371:27: error: 'GTK_DIALOG_ERROR_FAILED' undeclared (first use in this function); did you mean 'GDK_PIXBUF_ERROR_FAILED'?
[INFO] [stderr]   371 |     PRINT_CONSTANT((gint) GTK_DIALOG_ERROR_FAILED);
[INFO] [stderr]       |                           ^~~~~~~~~~~~~~~~~~~~~~~
[INFO] [stderr] tests/constant.c:10:22: note: in definition of macro 'PRINT_CONSTANT'
[INFO] [stderr]    10 |     printf(_Generic((CONSTANT_NAME), \
[INFO] [stderr]       |                      ^~~~~~~~~~~~~
[INFO] [stderr] tests/constant.c:418:27: error: 'GTK_FONT_LEVEL_FACE' undeclared (first use in this function)
[INFO] [stderr]   418 |     PRINT_CONSTANT((gint) GTK_FONT_LEVEL_FACE);
[INFO] [stderr]       |                           ^~~~~~~~~~~~~~~~~~~
[INFO] [stderr] tests/constant.c:10:22: note: in definition of macro 'PRINT_CONSTANT'
[INFO] [stderr]    10 |     printf(_Generic((CONSTANT_NAME), \
[INFO] [stderr]       |                      ^~~~~~~~~~~~~
[INFO] [stderr] tests/constant.c:419:27: error: 'GTK_FONT_LEVEL_FAMILY' undeclared (first use in this function); did you mean 'GTK_FONT_CHOOSER_LEVEL_FAMILY'?
[INFO] [stderr]   419 |     PRINT_CONSTANT((gint) GTK_FONT_LEVEL_FAMILY);
[INFO] [stderr]       |                           ^~~~~~~~~~~~~~~~~~~~~
[INFO] [stderr] tests/constant.c:10:22: note: in definition of macro 'PRINT_CONSTANT'
[INFO] [stderr]    10 |     printf(_Generic((CONSTANT_NAME), \
[INFO] [stderr]       |                      ^~~~~~~~~~~~~
[INFO] [stderr] tests/constant.c:420:27: error: 'GTK_FONT_LEVEL_FEATURES' undeclared (first use in this function); did you mean 'GTK_FONT_CHOOSER_LEVEL_FEATURES'?
[INFO] [stderr]   420 |     PRINT_CONSTANT((gint) GTK_FONT_LEVEL_FEATURES);
[INFO] [stderr]       |                           ^~~~~~~~~~~~~~~~~~~~~~~
[INFO] [stderr] tests/constant.c:10:22: note: in definition of macro 'PRINT_CONSTANT'
[INFO] [stderr]    10 |     printf(_Generic((CONSTANT_NAME), \
[INFO] [stderr]       |                      ^~~~~~~~~~~~~
[INFO] [stderr] tests/constant.c:421:27: error: 'GTK_FONT_LEVEL_FONT' undeclared (first use in this function)
[INFO] [stderr]   421 |     PRINT_CONSTANT((gint) GTK_FONT_LEVEL_FONT);
[INFO] [stderr]       |                           ^~~~~~~~~~~~~~~~~~~
[INFO] [stderr] tests/constant.c:10:22: note: in definition of macro 'PRINT_CONSTANT'
[INFO] [stderr]    10 |     printf(_Generic((CONSTANT_NAME), \
[INFO] [stderr]       |                      ^~~~~~~~~~~~~
[INFO] [stderr] tests/constant.c:422:27: error: 'GTK_FONT_RENDERING_AUTOMATIC' undeclared (first use in this function)
[INFO] [stderr]   422 |     PRINT_CONSTANT((gint) GTK_FONT_RENDERING_AUTOMATIC);
[INFO] [stderr]       |                           ^~~~~~~~~~~~~~~~~~~~~~~~~~~~
[INFO] [stderr] tests/constant.c:10:22: note: in definition of macro 'PRINT_CONSTANT'
[INFO] [stderr]    10 |     printf(_Generic((CONSTANT_NAME), \
[INFO] [stderr]       |                      ^~~~~~~~~~~~~
[INFO] [stderr] tests/constant.c:423:27: error: 'GTK_FONT_RENDERING_MANUAL' undeclared (first use in this function); did you mean 'GTK_ORDERING_EQUAL'?
[INFO] [stderr]   423 |     PRINT_CONSTANT((gint) GTK_FONT_RENDERING_MANUAL);
[INFO] [stderr]       |                           ^~~~~~~~~~~~~~~~~~~~~~~~~
[INFO] [stderr] tests/constant.c:10:22: note: in definition of macro 'PRINT_CONSTANT'
[INFO] [stderr]    10 |     printf(_Generic((CONSTANT_NAME), \
[INFO] [stderr]       |                      ^~~~~~~~~~~~~
[INFO] [stderr] tests/constant.c:424:27: error: 'GTK_GRAPHICS_OFFLOAD_DISABLED' undeclared (first use in this function)
[INFO] [stderr]   424 |     PRINT_CONSTANT((gint) GTK_GRAPHICS_OFFLOAD_DISABLED);
[INFO] [stderr]       |                           ^~~~~~~~~~~~~~~~~~~~~~~~~~~~~
[INFO] [stderr] tests/constant.c:10:22: note: in definition of macro 'PRINT_CONSTANT'
[INFO] [stderr]    10 |     printf(_Generic((CONSTANT_NAME), \
[INFO] [stderr]       |                      ^~~~~~~~~~~~~
[INFO] [stderr] tests/constant.c:425:27: error: 'GTK_GRAPHICS_OFFLOAD_ENABLED' undeclared (first use in this function)
[INFO] [stderr]   425 |     PRINT_CONSTANT((gint) GTK_GRAPHICS_OFFLOAD_ENABLED);
[INFO] [stderr]       |                           ^~~~~~~~~~~~~~~~~~~~~~~~~~~~
[INFO] [stderr] tests/constant.c:10:22: note: in definition of macro 'PRINT_CONSTANT'
[INFO] [stderr]    10 |     printf(_Generic((CONSTANT_NAME), \
[INFO] [stderr]       |                      ^~~~~~~~~~~~~
[INFO] [stderr] tests/constant.c:470:27: error: 'GTK_INSCRIPTION_OVERFLOW_CLIP' undeclared (first use in this function)
[INFO] [stderr]   470 |     PRINT_CONSTANT((gint) GTK_INSCRIPTION_OVERFLOW_CLIP);
[INFO] [stderr]       |                           ^~~~~~~~~~~~~~~~~~~~~~~~~~~~~
[INFO] [stderr] tests/constant.c:10:22: note: in definition of macro 'PRINT_CONSTANT'
[INFO] [stderr]    10 |     printf(_Generic((CONSTANT_NAME), \
[INFO] [stderr]       |                      ^~~~~~~~~~~~~
[INFO] [stderr] tests/constant.c:471:27: error: 'GTK_INSCRIPTION_OVERFLOW_ELLIPSIZE_END' undeclared (first use in this function)
[INFO] [stderr]   471 |     PRINT_CONSTANT((gint) GTK_INSCRIPTION_OVERFLOW_ELLIPSIZE_END);
[INFO] [stderr]       |                           ^~~~~~~~~~~~~~~~~~~~~~~~~~~~~~~~~~~~~~
[INFO] [stderr] tests/constant.c:10:22: note: in definition of macro 'PRINT_CONSTANT'
[INFO] [stderr]    10 |     printf(_Generic((CONSTANT_NAME), \
[INFO] [stderr]       |                      ^~~~~~~~~~~~~
[INFO] [stderr] tests/constant.c:472:27: error: 'GTK_INSCRIPTION_OVERFLOW_ELLIPSIZE_MIDDLE' undeclared (first use in this function)
[INFO] [stderr]   472 |     PRINT_CONSTANT((gint) GTK_INSCRIPTION_OVERFLOW_ELLIPSIZE_MIDDLE);
[INFO] [stderr]       |                           ^~~~~~~~~~~~~~~~~~~~~~~~~~~~~~~~~~~~~~~~~
[INFO] [stderr] tests/constant.c:10:22: note: in definition of macro 'PRINT_CONSTANT'
[INFO] [stderr]    10 |     printf(_Generic((CONSTANT_NAME), \
[INFO] [stderr]       |                      ^~~~~~~~~~~~~
[INFO] [stderr] tests/constant.c:473:27: error: 'GTK_INSCRIPTION_OVERFLOW_ELLIPSIZE_START' undeclared (first use in this function)
[INFO] [stderr]   473 |     PRINT_CONSTANT((gint) GTK_INSCRIPTION_OVERFLOW_ELLIPSIZE_START);
[INFO] [stderr]       |                           ^~~~~~~~~~~~~~~~~~~~~~~~~~~~~~~~~~~~~~~~
[INFO] [stderr] tests/constant.c:10:22: note: in definition of macro 'PRINT_CONSTANT'
[INFO] [stderr]    10 |     printf(_Generic((CONSTANT_NAME), \
[INFO] [stderr]       |                      ^~~~~~~~~~~~~
[INFO] [stderr] tests/constant.c:484:27: error: 'GTK_LICENSE_0BSD' undeclared (first use in this function); did you mean 'GTK_LICENSE_BSD'?
[INFO] [stderr]   484 |     PRINT_CONSTANT((gint) GTK_LICENSE_0BSD);
[INFO] [stderr]       |                           ^~~~~~~~~~~~~~~~
[INFO] [stderr] tests/constant.c:10:22: note: in definition of macro 'PRINT_CONSTANT'
[INFO] [stderr]    10 |     printf(_Generic((CONSTANT_NAME), \
[INFO] [stderr]       |                      ^~~~~~~~~~~~~
[INFO] [stderr] tests/constant.c:505:28: error: 'GTK_LIST_SCROLL_FOCUS' undeclared (first use in this function)
[INFO] [stderr]   505 |     PRINT_CONSTANT((guint) GTK_LIST_SCROLL_FOCUS);
[INFO] [stderr]       |                            ^~~~~~~~~~~~~~~~~~~~~
[INFO] [stderr] tests/constant.c:10:22: note: in definition of macro 'PRINT_CONSTANT'
[INFO] [stderr]    10 |     printf(_Generic((CONSTANT_NAME), \
[INFO] [stderr]       |                      ^~~~~~~~~~~~~
[INFO] [stderr] tests/constant.c:506:28: error: 'GTK_LIST_SCROLL_NONE' undeclared (first use in this function); did you mean 'GTK_SCROLL_NONE'?
[INFO] [stderr]   506 |     PRINT_CONSTANT((guint) GTK_LIST_SCROLL_NONE);
[INFO] [stderr]       |                            ^~~~~~~~~~~~~~~~~~~~
[INFO] [stderr] tests/constant.c:10:22: note: in definition of macro 'PRINT_CONSTANT'
[INFO] [stderr]    10 |     printf(_Generic((CONSTANT_NAME), \
[INFO] [stderr]       |                      ^~~~~~~~~~~~~
[INFO] [stderr] tests/constant.c:507:28: error: 'GTK_LIST_SCROLL_SELECT' undeclared (first use in this function); did you mean 'GTK_IS_SCROLLABLE'?
[INFO] [stderr]   507 |     PRINT_CONSTANT((guint) GTK_LIST_SCROLL_SELECT);
[INFO] [stderr]       |                            ^~~~~~~~~~~~~~~~~~~~~~
[INFO] [stderr] tests/constant.c:10:22: note: in definition of macro 'PRINT_CONSTANT'
[INFO] [stderr]    10 |     printf(_Generic((CONSTANT_NAME), \
[INFO] [stderr]       |                      ^~~~~~~~~~~~~
[INFO] [stderr] tests/constant.c:508:27: error: 'GTK_LIST_TAB_ALL' undeclared (first use in this function); did you mean 'GTK_LIST_BASE'?
[INFO] [stderr]   508 |     PRINT_CONSTANT((gint) GTK_LIST_TAB_ALL);
[INFO] [stderr]       |                           ^~~~~~~~~~~~~~~~
[INFO] [stderr] tests/constant.c:10:22: note: in definition of macro 'PRINT_CONSTANT'
[INFO] [stderr]    10 |     printf(_Generic((CONSTANT_NAME), \
[INFO] [stderr]       |                      ^~~~~~~~~~~~~
[INFO] [stderr] tests/constant.c:509:27: error: 'GTK_LIST_TAB_CELL' undeclared (first use in this function); did you mean 'GTK_LIST_BASE'?
[INFO] [stderr]   509 |     PRINT_CONSTANT((gint) GTK_LIST_TAB_CELL);
[INFO] [stderr]       |                           ^~~~~~~~~~~~~~~~~
[INFO] [stderr] tests/constant.c:10:22: note: in definition of macro 'PRINT_CONSTANT'
[INFO] [stderr]    10 |     printf(_Generic((CONSTANT_NAME), \
[INFO] [stderr]       |                      ^~~~~~~~~~~~~
[INFO] [stderr] tests/constant.c:510:27: error: 'GTK_LIST_TAB_ITEM' undeclared (first use in this function); did you mean 'GTK_LIST_ITEM'?
[INFO] [stderr]   510 |     PRINT_CONSTANT((gint) GTK_LIST_TAB_ITEM);
[INFO] [stderr]       |                           ^~~~~~~~~~~~~~~~~
[INFO] [stderr] tests/constant.c:10:22: note: in definition of macro 'PRINT_CONSTANT'
[INFO] [stderr]    10 |     printf(_Generic((CONSTANT_NAME), \
[INFO] [stderr]       |                      ^~~~~~~~~~~~~
[INFO] [stderr] tests/constant.c:583:28: error: 'GTK_POPOVER_MENU_SLIDING' undeclared (first use in this function); did you mean 'GTK_POPOVER_MENU_NESTED'?
[INFO] [stderr]   583 |     PRINT_CONSTANT((guint) GTK_POPOVER_MENU_SLIDING);
[INFO] [stderr]       |                            ^~~~~~~~~~~~~~~~~~~~~~~~
[INFO] [stderr] tests/constant.c:10:22: note: in definition of macro 'PRINT_CONSTANT'
[INFO] [stderr]    10 |     printf(_Generic((CONSTANT_NAME), \
[INFO] [stderr]       |                      ^~~~~~~~~~~~~
[INFO] [stderr] tests/constant.c:588:28: error: 'GTK_PRINT_CAPABILITY_COLLATE' undeclared (first use in this function); did you mean 'GTK_PRINT_SETTINGS_COLLATE'?
[INFO] [stderr]   588 |     PRINT_CONSTANT((guint) GTK_PRINT_CAPABILITY_COLLATE);
[INFO] [stderr]       |                            ^~~~~~~~~~~~~~~~~~~~~~~~~~~~
[INFO] [stderr] tests/constant.c:10:22: note: in definition of macro 'PRINT_CONSTANT'
[INFO] [stderr]    10 |     printf(_Generic((CONSTANT_NAME), \
[INFO] [stderr]       |                      ^~~~~~~~~~~~~
[INFO] [stderr] tests/constant.c:589:28: error: 'GTK_PRINT_CAPABILITY_COPIES' undeclared (first use in this function); did you mean 'GDK_SEAT_CAPABILITY_NONE'?
[INFO] [stderr]   589 |     PRINT_CONSTANT((guint) GTK_PRINT_CAPABILITY_COPIES);
[INFO] [stderr]       |                            ^~~~~~~~~~~~~~~~~~~~~~~~~~~
[INFO] [stderr] tests/constant.c:10:22: note: in definition of macro 'PRINT_CONSTANT'
[INFO] [stderr]    10 |     printf(_Generic((CONSTANT_NAME), \
[INFO] [stderr]       |                      ^~~~~~~~~~~~~
[INFO] [stderr] tests/constant.c:590:28: error: 'GTK_PRINT_CAPABILITY_GENERATE_PDF' undeclared (first use in this function)
[INFO] [stderr]   590 |     PRINT_CONSTANT((guint) GTK_PRINT_CAPABILITY_GENERATE_PDF);
[INFO] [stderr]       |                            ^~~~~~~~~~~~~~~~~~~~~~~~~~~~~~~~~
[INFO] [stderr] tests/constant.c:10:22: note: in definition of macro 'PRINT_CONSTANT'
[INFO] [stderr]    10 |     printf(_Generic((CONSTANT_NAME), \
[INFO] [stderr]       |                      ^~~~~~~~~~~~~
[INFO] [stderr] tests/constant.c:591:28: error: 'GTK_PRINT_CAPABILITY_GENERATE_PS' undeclared (first use in this function)
[INFO] [stderr]   591 |     PRINT_CONSTANT((guint) GTK_PRINT_CAPABILITY_GENERATE_PS);
[INFO] [stderr]       |                            ^~~~~~~~~~~~~~~~~~~~~~~~~~~~~~~~
[INFO] [stderr] tests/constant.c:10:22: note: in definition of macro 'PRINT_CONSTANT'
[INFO] [stderr]    10 |     printf(_Generic((CONSTANT_NAME), \
[INFO] [stderr]       |                      ^~~~~~~~~~~~~
[INFO] [stderr] tests/constant.c:592:28: error: 'GTK_PRINT_CAPABILITY_NUMBER_UP' undeclared (first use in this function); did you mean 'GTK_PRINT_SETTINGS_NUMBER_UP'?
[INFO] [stderr]   592 |     PRINT_CONSTANT((guint) GTK_PRINT_CAPABILITY_NUMBER_UP);
[INFO] [stderr]       |                            ^~~~~~~~~~~~~~~~~~~~~~~~~~~~~~
[INFO] [stderr] tests/constant.c:10:22: note: in definition of macro 'PRINT_CONSTANT'
[INFO] [stderr]    10 |     printf(_Generic((CONSTANT_NAME), \
[INFO] [stderr]       |                      ^~~~~~~~~~~~~
[INFO] [stderr] tests/constant.c:593:28: error: 'GTK_PRINT_CAPABILITY_NUMBER_UP_LAYOUT' undeclared (first use in this function); did you mean 'GTK_PRINT_SETTINGS_NUMBER_UP_LAYOUT'?
[INFO] [stderr]   593 |     PRINT_CONSTANT((guint) GTK_PRINT_CAPABILITY_NUMBER_UP_LAYOUT);
[INFO] [stderr]       |                            ^~~~~~~~~~~~~~~~~~~~~~~~~~~~~~~~~~~~~
[INFO] [stderr] tests/constant.c:10:22: note: in definition of macro 'PRINT_CONSTANT'
[INFO] [stderr]    10 |     printf(_Generic((CONSTANT_NAME), \
[INFO] [stderr]       |                      ^~~~~~~~~~~~~
[INFO] [stderr] tests/constant.c:594:28: error: 'GTK_PRINT_CAPABILITY_PAGE_SET' undeclared (first use in this function); did you mean 'GTK_PRINT_SETTINGS_PAGE_SET'?
[INFO] [stderr]   594 |     PRINT_CONSTANT((guint) GTK_PRINT_CAPABILITY_PAGE_SET);
[INFO] [stderr]       |                            ^~~~~~~~~~~~~~~~~~~~~~~~~~~~~
[INFO] [stderr] tests/constant.c:10:22: note: in definition of macro 'PRINT_CONSTANT'
[INFO] [stderr]    10 |     printf(_Generic((CONSTANT_NAME), \
[INFO] [stderr]       |                      ^~~~~~~~~~~~~
[INFO] [stderr] tests/constant.c:595:28: error: 'GTK_PRINT_CAPABILITY_PREVIEW' undeclared (first use in this function); did you mean 'GTK_PRINT_OPERATION_PREVIEW'?
[INFO] [stderr]   595 |     PRINT_CONSTANT((guint) GTK_PRINT_CAPABILITY_PREVIEW);
[INFO] [stderr]       |                            ^~~~~~~~~~~~~~~~~~~~~~~~~~~~
[INFO] [stderr] tests/constant.c:10:22: note: in definition of macro 'PRINT_CONSTANT'
[INFO] [stderr]    10 |     printf(_Generic((CONSTANT_NAME), \
[INFO] [stderr]       |                      ^~~~~~~~~~~~~
[INFO] [stderr] tests/constant.c:596:28: error: 'GTK_PRINT_CAPABILITY_REVERSE' undeclared (first use in this function); did you mean 'GTK_PRINT_SETTINGS_REVERSE'?
[INFO] [stderr]   596 |     PRINT_CONSTANT((guint) GTK_PRINT_CAPABILITY_REVERSE);
[INFO] [stderr]       |                            ^~~~~~~~~~~~~~~~~~~~~~~~~~~~
[INFO] [stderr] tests/constant.c:10:22: note: in definition of macro 'PRINT_CONSTANT'
[INFO] [stderr]    10 |     printf(_Generic((CONSTANT_NAME), \
[INFO] [stderr]       |                      ^~~~~~~~~~~~~
[INFO] [stderr] tests/constant.c:597:28: error: 'GTK_PRINT_CAPABILITY_SCALE' undeclared (first use in this function); did you mean 'GDK_SEAT_CAPABILITY_ALL'?
[INFO] [stderr]   597 |     PRINT_CONSTANT((guint) GTK_PRINT_CAPABILITY_SCALE);
[INFO] [stderr]       |                            ^~~~~~~~~~~~~~~~~~~~~~~~~~
[INFO] [stderr] tests/constant.c:10:22: note: in definition of macro 'PRINT_CONSTANT'
[INFO] [stderr]    10 |     printf(_Generic((CONSTANT_NAME), \
[INFO] [stderr]       |                      ^~~~~~~~~~~~~
[INFO] [stdout] test cross_validate_constants_with_c ... FAILED
[INFO] [stdout] 
[INFO] [stdout] failures:
[INFO] [stdout] 
[INFO] [stdout] ---- cross_validate_layout_with_c stdout ----
[INFO] [stdout] thread 'cross_validate_layout_with_c' panicked at tests/abi.rs:154:37:
[INFO] [stdout] called `Result::unwrap()` on an `Err` value: "compilation command \"cc\" \"-Wno-deprecated-declarations\" \"-std=c11\" \"-D__USE_MINGW_ANSI_STDIO\" \"-mfpmath=sse\" \"-msse\" \"-msse2\" \"-pthread\" \"-I/usr/include/gtk-4.0\" \"-I/usr/include/gio-unix-2.0\" \"-I/usr/include/cairo\" \"-I/usr/include/pango-1.0\" \"-I/usr/include/harfbuzz\" \"-I/usr/include/pango-1.0\" \"-I/usr/include/fribidi\" \"-I/usr/include/harfbuzz\" \"-I/usr/include/gdk-pixbuf-2.0\" \"-I/usr/include/x86_64-linux-gnu\" \"-I/usr/include/cairo\" \"-I/usr/include/pixman-1\" \"-I/usr/include/uuid\" \"-I/usr/include/freetype2\" \"-I/usr/include/libpng16\" \"-I/usr/include/graphene-1.0\" \"-I/usr/lib/x86_64-linux-gnu/graphene-1.0/include\" \"-I/usr/include/libmount\" \"-I/usr/include/blkid\" \"-I/usr/include/glib-2.0\" \"-I/usr/lib/x86_64-linux-gnu/glib-2.0/include\" \"tests/layout.c\" \"-o\" \"/tmp/abijIBomU/layout\" failed, exit status: 1"
[INFO] [stdout] stack backtrace:
[INFO] [stdout]    0:     0x58cde99ccd5a - std::backtrace_rs::backtrace::libunwind::trace::h207520d6e9873551
[INFO] [stdout]                                at /rustc/df4ca44d3fbc9301ee17f30f4d474e6ae4b05252/library/std/src/../../backtrace/src/backtrace/libunwind.rs:116:5
[INFO] [stdout]    1:     0x58cde99ccd5a - std::backtrace_rs::backtrace::trace_unsynchronized::h2ed7433f370e3eca
[INFO] [stdout]                                at /rustc/df4ca44d3fbc9301ee17f30f4d474e6ae4b05252/library/std/src/../../backtrace/src/backtrace/mod.rs:66:5
[INFO] [stdout]    2:     0x58cde99ccd5a - std::sys::backtrace::_print_fmt::h916fac51166b18d7
[INFO] [stdout]                                at /rustc/df4ca44d3fbc9301ee17f30f4d474e6ae4b05252/library/std/src/sys/backtrace.rs:66:9
[INFO] [stdout]    3:     0x58cde99ccd5a - <std::sys::backtrace::BacktraceLock::print::DisplayBacktrace as core::fmt::Display>::fmt::ha0a4c9b8ce3802e6
[INFO] [stdout]                                at /rustc/df4ca44d3fbc9301ee17f30f4d474e6ae4b05252/library/std/src/sys/backtrace.rs:39:26
[INFO] [stdout]    4:     0x58cde99f5023 - core::fmt::rt::Argument::fmt::h4cfc8587d52b3eb5
[INFO] [stdout]                                at /rustc/df4ca44d3fbc9301ee17f30f4d474e6ae4b05252/library/core/src/fmt/rt.rs:177:76
[INFO] [stdout]    5:     0x58cde99f5023 - core::fmt::write::h522cc39e5b36ae9f
[INFO] [stdout]                                at /rustc/df4ca44d3fbc9301ee17f30f4d474e6ae4b05252/library/core/src/fmt/mod.rs:1190:21
[INFO] [stdout]    6:     0x58cde99c9473 - std::io::Write::write_fmt::h7d3c26752da97734
[INFO] [stdout]                                at /rustc/df4ca44d3fbc9301ee17f30f4d474e6ae4b05252/library/std/src/io/mod.rs:1839:15
[INFO] [stdout]    7:     0x58cde99ccba2 - std::sys::backtrace::BacktraceLock::print::h4b9e00b29e9c0942
[INFO] [stdout]                                at /rustc/df4ca44d3fbc9301ee17f30f4d474e6ae4b05252/library/std/src/sys/backtrace.rs:42:9
[INFO] [stdout]    8:     0x58cde99ce26a - std::panicking::default_hook::{{closure}}::hb59b88280d0324d9
[INFO] [stdout]                                at /rustc/df4ca44d3fbc9301ee17f30f4d474e6ae4b05252/library/std/src/panicking.rs:268:22
[INFO] [stdout]    9:     0x58cde99ce074 - std::panicking::default_hook::he1dd496665be4a29
[INFO] [stdout]                                at /rustc/df4ca44d3fbc9301ee17f30f4d474e6ae4b05252/library/std/src/panicking.rs:292:9
[INFO] [stdout]   10:     0x58cde998b3d9 - <alloc::boxed::Box<F,A> as core::ops::function::Fn<Args>>::call::h4ff71de18744e1dc
[INFO] [stdout]                                at /rustc/df4ca44d3fbc9301ee17f30f4d474e6ae4b05252/library/alloc/src/boxed.rs:2468:9
[INFO] [stdout]   11:     0x58cde998b3d9 - test::test_main::{{closure}}::hcf7c055ce117aa81
[INFO] [stdout]                                at /rustc/df4ca44d3fbc9301ee17f30f4d474e6ae4b05252/library/test/src/lib.rs:133:21
[INFO] [stdout]   12:     0x58cde99ce968 - <alloc::boxed::Box<F,A> as core::ops::function::Fn<Args>>::call::h1d66c6bbd60c9692
[INFO] [stdout]                                at /rustc/df4ca44d3fbc9301ee17f30f4d474e6ae4b05252/library/alloc/src/boxed.rs:2468:9
[INFO] [stdout]   13:     0x58cde99ce968 - std::panicking::rust_panic_with_hook::h2ff17fe8f26dfcf8
[INFO] [stdout]                                at /rustc/df4ca44d3fbc9301ee17f30f4d474e6ae4b05252/library/std/src/panicking.rs:809:13
[INFO] [stdout]   14:     0x58cde99ce72a - std::panicking::begin_panic_handler::{{closure}}::h4fad77951c07e101
[INFO] [stdout]                                at /rustc/df4ca44d3fbc9301ee17f30f4d474e6ae4b05252/library/std/src/panicking.rs:674:13
[INFO] [stdout]   15:     0x58cde99cd239 - std::sys::backtrace::__rust_end_short_backtrace::hb1a25b3da5d0ea08
[INFO] [stdout]                                at /rustc/df4ca44d3fbc9301ee17f30f4d474e6ae4b05252/library/std/src/sys/backtrace.rs:170:18
[INFO] [stdout]   16:     0x58cde99ce3bc - rust_begin_unwind
[INFO] [stdout]                                at /rustc/df4ca44d3fbc9301ee17f30f4d474e6ae4b05252/library/std/src/panicking.rs:665:5
[INFO] [stdout]   17:     0x58cde99f3770 - core::panicking::panic_fmt::ha9db07b529f9b256
[INFO] [stdout]                                at /rustc/df4ca44d3fbc9301ee17f30f4d474e6ae4b05252/library/core/src/panicking.rs:75:14
[INFO] [stdout]   18:     0x58cde99f3b16 - core::result::unwrap_failed::h5e8218e4d4338b8a
[INFO] [stdout]                                at /rustc/df4ca44d3fbc9301ee17f30f4d474e6ae4b05252/library/core/src/result.rs:1698:5
[INFO] [stdout]   19:     0x58cde9949c19 - core::result::Result<T,E>::unwrap::hfe14614d0c85f91a
[INFO] [stdout]                                at /rustc/df4ca44d3fbc9301ee17f30f4d474e6ae4b05252/library/core/src/result.rs:1103:23
[INFO] [stdout]   20:     0x58cde9949c19 - abi::cross_validate_layout_with_c::h6cf365d3a37eeba5
[INFO] [stdout]                                at /opt/rustwide/workdir/tests/abi.rs:154:14
[INFO] [stdout]   21:     0x58cde9949b17 - abi::cross_validate_layout_with_c::{{closure}}::hc4b113832fa7c3c4
[INFO] [stdout]                                at /opt/rustwide/workdir/tests/abi.rs:151:34
[INFO] [stdout]   22:     0x58cde9942746 - core::ops::function::FnOnce::call_once::h5fa5cb9111c9ea75
[INFO] [stdout]                                at /rustc/df4ca44d3fbc9301ee17f30f4d474e6ae4b05252/library/core/src/ops/function.rs:250:5
[INFO] [stdout]   23:     0x58cde998fcab - core::ops::function::FnOnce::call_once::h22c3ba5715e93f05
[INFO] [stdout]                                at /rustc/df4ca44d3fbc9301ee17f30f4d474e6ae4b05252/library/core/src/ops/function.rs:250:5
[INFO] [stdout]   24:     0x58cde998fcab - test::__rust_begin_short_backtrace::h8e82d8113d0da17f
[INFO] [stdout]                                at /rustc/df4ca44d3fbc9301ee17f30f4d474e6ae4b05252/library/test/src/lib.rs:621:18
[INFO] [stdout]   25:     0x58cde998f627 - test::run_test_in_process::{{closure}}::h33235f4f20b7b7c7
[INFO] [stdout]                                at /rustc/df4ca44d3fbc9301ee17f30f4d474e6ae4b05252/library/test/src/lib.rs:644:60
[INFO] [stdout]   26:     0x58cde998f627 - <core::panic::unwind_safe::AssertUnwindSafe<F> as core::ops::function::FnOnce<()>>::call_once::hb5043206310c586f
[INFO] [stdout]                                at /rustc/df4ca44d3fbc9301ee17f30f4d474e6ae4b05252/library/core/src/panic/unwind_safe.rs:272:9
[INFO] [stdout]   27:     0x58cde998f627 - std::panicking::try::do_call::h9ad4731a60ab23e2
[INFO] [stdout]                                at /rustc/df4ca44d3fbc9301ee17f30f4d474e6ae4b05252/library/std/src/panicking.rs:557:40
[INFO] [stdout]   28:     0x58cde998f627 - std::panicking::try::h3824d23db772a716
[INFO] [stdout]                                at /rustc/df4ca44d3fbc9301ee17f30f4d474e6ae4b05252/library/std/src/panicking.rs:520:19
[INFO] [stdout]   29:     0x58cde998f627 - std::panic::catch_unwind::h5afd514605fde46b
[INFO] [stdout]                                at /rustc/df4ca44d3fbc9301ee17f30f4d474e6ae4b05252/library/std/src/panic.rs:358:14
[INFO] [stdout]   30:     0x58cde998f627 - test::run_test_in_process::h0d5cbfa7067d1720
[INFO] [stdout]                                at /rustc/df4ca44d3fbc9301ee17f30f4d474e6ae4b05252/library/test/src/lib.rs:644:27
[INFO] [stdout]   31:     0x58cde998f627 - test::run_test::{{closure}}::h708eb8872708115d
[INFO] [stdout]                                at /rustc/df4ca44d3fbc9301ee17f30f4d474e6ae4b05252/library/test/src/lib.rs:565:43
[INFO] [stdout]   32:     0x58cde9952d44 - test::run_test::{{closure}}::h392c51cee94713ab
[INFO] [stdout]                                at /rustc/df4ca44d3fbc9301ee17f30f4d474e6ae4b05252/library/test/src/lib.rs:595:41
[INFO] [stdout]   33:     0x58cde9952d44 - std::sys::backtrace::__rust_begin_short_backtrace::h2f40290710935a8b
[INFO] [stdout]                                at /rustc/df4ca44d3fbc9301ee17f30f4d474e6ae4b05252/library/std/src/sys/backtrace.rs:154:18
[INFO] [stdout]   34:     0x58cde99564ee - std::thread::Builder::spawn_unchecked_::{{closure}}::{{closure}}::h3fd968d89053a903
[INFO] [stdout]                                at /rustc/df4ca44d3fbc9301ee17f30f4d474e6ae4b05252/library/std/src/thread/mod.rs:541:17
[INFO] [stdout]   35:     0x58cde99564ee - <core::panic::unwind_safe::AssertUnwindSafe<F> as core::ops::function::FnOnce<()>>::call_once::h743f637ba4229880
[INFO] [stdout]                                at /rustc/df4ca44d3fbc9301ee17f30f4d474e6ae4b05252/library/core/src/panic/unwind_safe.rs:272:9
[INFO] [stdout]   36:     0x58cde99564ee - std::panicking::try::do_call::h07440897322525a6
[INFO] [stdout]                                at /rustc/df4ca44d3fbc9301ee17f30f4d474e6ae4b05252/library/std/src/panicking.rs:557:40
[INFO] [stdout]   37:     0x58cde99564ee - std::panicking::try::he5a2e00188156637
[INFO] [stdout]                                at /rustc/df4ca44d3fbc9301ee17f30f4d474e6ae4b05252/library/std/src/panicking.rs:520:19
[INFO] [stdout]   38:     0x58cde99564ee - std::panic::catch_unwind::hbaf3cae49b3c6433
[INFO] [stdout]                                at /rustc/df4ca44d3fbc9301ee17f30f4d474e6ae4b05252/library/std/src/panic.rs:358:14
[INFO] [stdout]   39:     0x58cde99564ee - std::thread::Builder::spawn_unchecked_::{{closure}}::h8e141ea224820bce
[INFO] [stdout]                                at /rustc/df4ca44d3fbc9301ee17f30f4d474e6ae4b05252/library/std/src/thread/mod.rs:540:30
[INFO] [stdout]   40:     0x58cde99564ee - core::ops::function::FnOnce::call_once{{vtable.shim}}::h90d312fedd7b8ea8
[INFO] [stdout]                                at /rustc/df4ca44d3fbc9301ee17f30f4d474e6ae4b05252/library/core/src/ops/function.rs:250:5
[INFO] [stdout]   41:     0x58cde99d3b4b - <alloc::boxed::Box<F,A> as core::ops::function::FnOnce<Args>>::call_once::h69aa08ddb6adb8b6
[INFO] [stdout]                                at /rustc/df4ca44d3fbc9301ee17f30f4d474e6ae4b05252/library/alloc/src/boxed.rs:2454:9
[INFO] [stdout]   42:     0x58cde99d3b4b - <alloc::boxed::Box<F,A> as core::ops::function::FnOnce<Args>>::call_once::h5aa36efdb79c806f
[INFO] [stdout]                                at /rustc/df4ca44d3fbc9301ee17f30f4d474e6ae4b05252/library/alloc/src/boxed.rs:2454:9
[INFO] [stdout]   43:     0x58cde99d3b4b - std::sys::pal::unix::thread::Thread::new::thread_start::h6cd80a1b4be5158d
[INFO] [stdout]                                at /rustc/df4ca44d3fbc9301ee17f30f4d474e6ae4b05252/library/std/src/sys/pal/unix/thread.rs:105:17
[INFO] [stdout]   44:     0x7821b77ccac3 - <unknown>
[INFO] [stdout]   45:     0x7821b785da04 - clone
[INFO] [stdout]   46:                0x0 - <unknown>
[INFO] [stdout] 
[INFO] [stdout] ---- cross_validate_constants_with_c stdout ----
[INFO] [stdout] thread 'cross_validate_constants_with_c' panicked at tests/abi.rs:120:39:
[INFO] [stdout] called `Result::unwrap()` on an `Err` value: "compilation command \"cc\" \"-Wno-deprecated-declarations\" \"-std=c11\" \"-D__USE_MINGW_ANSI_STDIO\" \"-mfpmath=sse\" \"-msse\" \"-msse2\" \"-pthread\" \"-I/usr/include/gtk-4.0\" \"-I/usr/include/gio-unix-2.0\" \"-I/usr/include/cairo\" \"-I/usr/include/pango-1.0\" \"-I/usr/include/harfbuzz\" \"-I/usr/include/pango-1.0\" \"-I/usr/include/fribidi\" \"-I/usr/include/harfbuzz\" \"-I/usr/include/gdk-pixbuf-2.0\" \"-I/usr/include/x86_64-linux-gnu\" \"-I/usr/include/cairo\" \"-I/usr/include/pixman-1\" \"-I/usr/include/uuid\" \"-I/usr/include/freetype2\" \"-I/usr/include/libpng16\" \"-I/usr/include/graphene-1.0\" \"-I/usr/lib/x86_64-linux-gnu/graphene-1.0/include\" \"-I/usr/include/libmount\" \"-I/usr/include/blkid\" \"-I/usr/include/glib-2.0\" \"-I/usr/lib/x86_64-linux-gnu/glib-2.0/include\" \"tests/constant.c\" \"-o\" \"/tmp/abiCpNGnb/constant\" failed, exit status: 1"
[INFO] [stdout] stack backtrace:
[INFO] [stdout]    0:     0x58cde99ccd5a - std::backtrace_rs::backtrace::libunwind::trace::h207520d6e9873551
[INFO] [stdout]                                at /rustc/df4ca44d3fbc9301ee17f30f4d474e6ae4b05252/library/std/src/../../backtrace/src/backtrace/libunwind.rs:116:5
[INFO] [stdout]    1:     0x58cde99ccd5a - std::backtrace_rs::backtrace::trace_unsynchronized::h2ed7433f370e3eca
[INFO] [stdout]                                at /rustc/df4ca44d3fbc9301ee17f30f4d474e6ae4b05252/library/std/src/../../backtrace/src/backtrace/mod.rs:66:5
[INFO] [stdout]    2:     0x58cde99ccd5a - std::sys::backtrace::_print_fmt::h916fac51166b18d7
[INFO] [stdout]                                at /rustc/df4ca44d3fbc9301ee17f30f4d474e6ae4b05252/library/std/src/sys/backtrace.rs:66:9
[INFO] [stdout]    3:     0x58cde99ccd5a - <std::sys::backtrace::BacktraceLock::print::DisplayBacktrace as core::fmt::Display>::fmt::ha0a4c9b8ce3802e6
[INFO] [stdout]                                at /rustc/df4ca44d3fbc9301ee17f30f4d474e6ae4b05252/library/std/src/sys/backtrace.rs:39:26
[INFO] [stdout]    4:     0x58cde99f5023 - core::fmt::rt::Argument::fmt::h4cfc8587d52b3eb5
[INFO] [stdout]                                at /rustc/df4ca44d3fbc9301ee17f30f4d474e6ae4b05252/library/core/src/fmt/rt.rs:177:76
[INFO] [stdout]    5:     0x58cde99f5023 - core::fmt::write::h522cc39e5b36ae9f
[INFO] [stdout]                                at /rustc/df4ca44d3fbc9301ee17f30f4d474e6ae4b05252/library/core/src/fmt/mod.rs:1190:21
[INFO] [stdout]    6:     0x58cde99c9473 - std::io::Write::write_fmt::h7d3c26752da97734
[INFO] [stdout]                                at /rustc/df4ca44d3fbc9301ee17f30f4d474e6ae4b05252/library/std/src/io/mod.rs:1839:15
[INFO] [stdout]    7:     0x58cde99ccba2 - std::sys::backtrace::BacktraceLock::print::h4b9e00b29e9c0942
[INFO] [stdout]                                at /rustc/df4ca44d3fbc9301ee17f30f4d474e6ae4b05252/library/std/src/sys/backtrace.rs:42:9
[INFO] [stdout]    8:     0x58cde99ce26a - std::panicking::default_hook::{{closure}}::hb59b88280d0324d9
[INFO] [stdout]                                at /rustc/df4ca44d3fbc9301ee17f30f4d474e6ae4b05252/library/std/src/panicking.rs:268:22
[INFO] [stdout]    9:     0x58cde99ce074 - std::panicking::default_hook::he1dd496665be4a29
[INFO] [stdout]                                at /rustc/df4ca44d3fbc9301ee17f30f4d474e6ae4b05252/library/std/src/panicking.rs:292:9
[INFO] [stdout]   10:     0x58cde998b3d9 - <alloc::boxed::Box<F,A> as core::ops::function::Fn<Args>>::call::h4ff71de18744e1dc
[INFO] [stdout]                                at /rustc/df4ca44d3fbc9301ee17f30f4d474e6ae4b05252/library/alloc/src/boxed.rs:2468:9
[INFO] [stdout]   11:     0x58cde998b3d9 - test::test_main::{{closure}}::hcf7c055ce117aa81
[INFO] [stdout]                                at /rustc/df4ca44d3fbc9301ee17f30f4d474e6ae4b05252/library/test/src/lib.rs:133:21
[INFO] [stdout]   12:     0x58cde99ce968 - <alloc::boxed::Box<F,A> as core::ops::function::Fn<Args>>::call::h1d66c6bbd60c9692
[INFO] [stdout]                                at /rustc/df4ca44d3fbc9301ee17f30f4d474e6ae4b05252/library/alloc/src/boxed.rs:2468:9
[INFO] [stdout]   13:     0x58cde99ce968 - std::panicking::rust_panic_with_hook::h2ff17fe8f26dfcf8
[INFO] [stdout]                                at /rustc/df4ca44d3fbc9301ee17f30f4d474e6ae4b05252/library/std/src/panicking.rs:809:13
[INFO] [stdout]   14:     0x58cde99ce72a - std::panicking::begin_panic_handler::{{closure}}::h4fad77951c07e101
[INFO] [stdout]                                at /rustc/df4ca44d3fbc9301ee17f30f4d474e6ae4b05252/library/std/src/panicking.rs:674:13
[INFO] [stdout]   15:     0x58cde99cd239 - std::sys::backtrace::__rust_end_short_backtrace::hb1a25b3da5d0ea08
[INFO] [stdout]                                at /rustc/df4ca44d3fbc9301ee17f30f4d474e6ae4b05252/library/std/src/sys/backtrace.rs:170:18
[INFO] [stdout]   16:     0x58cde99ce3bc - rust_begin_unwind
[INFO] [stdout]                                at /rustc/df4ca44d3fbc9301ee17f30f4d474e6ae4b05252/library/std/src/panicking.rs:665:5
[INFO] [stdout]   17:     0x58cde99f3770 - core::panicking::panic_fmt::ha9db07b529f9b256
[INFO] [stdout]                                at /rustc/df4ca44d3fbc9301ee17f30f4d474e6ae4b05252/library/core/src/panicking.rs:75:14
[INFO] [stdout]   18:     0x58cde99f3b16 - core::result::unwrap_failed::h5e8218e4d4338b8a
[INFO] [stdout]                                at /rustc/df4ca44d3fbc9301ee17f30f4d474e6ae4b05252/library/core/src/result.rs:1698:5
[INFO] [stdout]   19:     0x58cde99492f9 - core::result::Result<T,E>::unwrap::hfe14614d0c85f91a
[INFO] [stdout]                                at /rustc/df4ca44d3fbc9301ee17f30f4d474e6ae4b05252/library/core/src/result.rs:1103:23
[INFO] [stdout]   20:     0x58cde99492f9 - abi::cross_validate_constants_with_c::h541d6edd43381a79
[INFO] [stdout]                                at /opt/rustwide/workdir/tests/abi.rs:120:14
[INFO] [stdout]   21:     0x58cde99491f7 - abi::cross_validate_constants_with_c::{{closure}}::h190331fc5cfbe04d
[INFO] [stdout]                                at /opt/rustwide/workdir/tests/abi.rs:117:37
[INFO] [stdout]   22:     0x58cde9942786 - core::ops::function::FnOnce::call_once::he0b90ac333756956
[INFO] [stdout]                                at /rustc/df4ca44d3fbc9301ee17f30f4d474e6ae4b05252/library/core/src/ops/function.rs:250:5
[INFO] [stdout]   23:     0x58cde998fcab - core::ops::function::FnOnce::call_once::h22c3ba5715e93f05
[INFO] [stdout]                                at /rustc/df4ca44d3fbc9301ee17f30f4d474e6ae4b05252/library/core/src/ops/function.rs:250:5
[INFO] [stdout]   24:     0x58cde998fcab - test::__rust_begin_short_backtrace::h8e82d8113d0da17f
[INFO] [stdout]                                at /rustc/df4ca44d3fbc9301ee17f30f4d474e6ae4b05252/library/test/src/lib.rs:621:18
[INFO] [stdout]   25:     0x58cde998f627 - test::run_test_in_process::{{closure}}::h33235f4f20b7b7c7
[INFO] [stdout]                                at /rustc/df4ca44d3fbc9301ee17f30f4d474e6ae4b05252/library/test/src/lib.rs:644:60
[INFO] [stdout]   26:     0x58cde998f627 - <core::panic::unwind_safe::AssertUnwindSafe<F> as core::ops::function::FnOnce<()>>::call_once::hb5043206310c586f
[INFO] [stdout]                                at /rustc/df4ca44d3fbc9301ee17f30f4d474e6ae4b05252/library/core/src/panic/unwind_safe.rs:272:9
[INFO] [stdout]   27:     0x58cde998f627 - std::panicking::try::do_call::h9ad4731a60ab23e2
[INFO] [stdout]                                at /rustc/df4ca44d3fbc9301ee17f30f4d474e6ae4b05252/library/std/src/panicking.rs:557:40
[INFO] [stdout]   28:     0x58cde998f627 - std::panicking::try::h3824d23db772a716
[INFO] [stdout]                                at /rustc/df4ca44d3fbc9301ee17f30f4d474e6ae4b05252/library/std/src/panicking.rs:520:19
[INFO] [stdout]   29:     0x58cde998f627 - std::panic::catch_unwind::h5afd514605fde46b
[INFO] [stdout]                                at /rustc/df4ca44d3fbc9301ee17f30f4d474e6ae4b05252/library/std/src/panic.rs:358:14
[INFO] [stdout]   30:     0x58cde998f627 - test::run_test_in_process::h0d5cbfa7067d1720
[INFO] [stdout]                                at /rustc/df4ca44d3fbc9301ee17f30f4d474e6ae4b05252/library/test/src/lib.rs:644:27
[INFO] [stdout]   31:     0x58cde998f627 - test::run_test::{{closure}}::h708eb8872708115d
[INFO] [stdout]                                at /rustc/df4ca44d3fbc9301ee17f30f4d474e6ae4b05252/library/test/src/lib.rs:565:43
[INFO] [stdout]   32:     0x58cde9952d44 - test::run_test::{{closure}}::h392c51cee94713ab
[INFO] [stdout]                                at /rustc/df4ca44d3fbc9301ee17f30f4d474e6ae4b05252/library/test/src/lib.rs:595:41
[INFO] [stdout]   33:     0x58cde9952d44 - std::sys::backtrace::__rust_begin_short_backtrace::h2f40290710935a8b
[INFO] [stdout]                                at /rustc/df4ca44d3fbc9301ee17f30f4d474e6ae4b05252/library/std/src/sys/backtrace.rs:154:18
[INFO] [stdout]   34:     0x58cde99564ee - std::thread::Builder::spawn_unchecked_::{{closure}}::{{closure}}::h3fd968d89053a903
[INFO] [stdout]                                at /rustc/df4ca44d3fbc9301ee17f30f4d474e6ae4b05252/library/std/src/thread/mod.rs:541:17
[INFO] [stdout]   35:     0x58cde99564ee - <core::panic::unwind_safe::AssertUnwindSafe<F> as core::ops::function::FnOnce<()>>::call_once::h743f637ba4229880
[INFO] [stdout]                                at /rustc/df4ca44d3fbc9301ee17f30f4d474e6ae4b05252/library/core/src/panic/unwind_safe.rs:272:9
[INFO] [stdout]   36:     0x58cde99564ee - std::panicking::try::do_call::h07440897322525a6
[INFO] [stdout]                                at /rustc/df4ca44d3fbc9301ee17f30f4d474e6ae4b05252/library/std/src/panicking.rs:557:40
[INFO] [stdout]   37:     0x58cde99564ee - std::panicking::try::he5a2e00188156637
[INFO] [stdout]                                at /rustc/df4ca44d3fbc9301ee17f30f4d474e6ae4b05252/library/std/src/panicking.rs:520:19
[INFO] [stdout]   38:     0x58cde99564ee - std::panic::catch_unwind::hbaf3cae49b3c6433
[INFO] [stdout]                                at /rustc/df4ca44d3fbc9301ee17f30f4d474e6ae4b05252/library/std/src/panic.rs:358:14
[INFO] [stdout]   39:     0x58cde99564ee - std::thread::Builder::spawn_unchecked_::{{closure}}::h8e141ea224820bce
[INFO] [stdout]                                at /rustc/df4ca44d3fbc9301ee17f30f4d474e6ae4b05252/library/std/src/thread/mod.rs:540:30
[INFO] [stdout]   40:     0x58cde99564ee - core::ops::function::FnOnce::call_once{{vtable.shim}}::h90d312fedd7b8ea8
[INFO] [stdout]                                at /rustc/df4ca44d3fbc9301ee17f30f4d474e6ae4b05252/library/core/src/ops/function.rs:250:5
[INFO] [stdout]   41:     0x58cde99d3b4b - <alloc::boxed::Box<F,A> as core::ops::function::FnOnce<Args>>::call_once::h69aa08ddb6adb8b6
[INFO] [stdout]                                at /rustc/df4ca44d3fbc9301ee17f30f4d474e6ae4b05252/library/alloc/src/boxed.rs:2454:9
[INFO] [stdout]   42:     0x58cde99d3b4b - <alloc::boxed::Box<F,A> as core::ops::function::FnOnce<Args>>::call_once::h5aa36efdb79c806f
[INFO] [stdout]                                at /rustc/df4ca44d3fbc9301ee17f30f4d474e6ae4b05252/library/alloc/src/boxed.rs:2454:9
[INFO] [stdout]   43:     0x58cde99d3b4b - std::sys::pal::unix::thread::Thread::new::thread_start::h6cd80a1b4be5158d
[INFO] [stdout]                                at /rustc/df4ca44d3fbc9301ee17f30f4d474e6ae4b05252/library/std/src/sys/pal/unix/thread.rs:105:17
[INFO] [stdout]   44:     0x7821b77ccac3 - <unknown>
[INFO] [stdout]   45:     0x7821b785da04 - clone
[INFO] [stdout]   46:                0x0 - <unknown>
[INFO] [stdout] 
[INFO] [stdout] 
[INFO] [stdout] failures:
[INFO] [stdout]     cross_validate_constants_with_c
[INFO] [stdout]     cross_validate_layout_with_c
[INFO] [stdout] 
[INFO] [stdout] test result: FAILED. 0 passed; 2 failed; 0 ignored; 0 measured; 0 filtered out; finished in 5.29s
[INFO] [stdout] 
[INFO] [stderr] error: test failed, to rerun pass `--test abi`
[INFO] running `Command { std: "docker" "inspect" "1785a60cc51058f15f06f28fac915d939d6504769bcdbb2f4b55a99af4f8cc86", kill_on_drop: false }`
[INFO] running `Command { std: "docker" "rm" "-f" "1785a60cc51058f15f06f28fac915d939d6504769bcdbb2f4b55a99af4f8cc86", kill_on_drop: false }`
[INFO] [stdout] 1785a60cc51058f15f06f28fac915d939d6504769bcdbb2f4b55a99af4f8cc86
