[INFO] fetching crate gtfs-realtime 0.1.2...
[INFO] testing gtfs-realtime-0.1.2 against nightly-2024-10-28 for randomize-layout
[INFO] extracting crate gtfs-realtime 0.1.2 into /workspace/builds/worker-0-tc1/source
[INFO] validating manifest of crates.io crate gtfs-realtime 0.1.2 on toolchain nightly-2024-10-28
[INFO] running `Command { std: CARGO_HOME="/workspace/cargo-home" RUSTUP_HOME="/workspace/rustup-home" "/workspace/cargo-home/bin/cargo" "+nightly-2024-10-28" "metadata" "--manifest-path" "Cargo.toml" "--no-deps", kill_on_drop: false }`
[INFO] started tweaking crates.io crate gtfs-realtime 0.1.2
[INFO] removed 0 missing examples
[INFO] finished tweaking crates.io crate gtfs-realtime 0.1.2
[INFO] tweaked toml for crates.io crate gtfs-realtime 0.1.2 written to /workspace/builds/worker-0-tc1/source/Cargo.toml
[INFO] crate crates.io crate gtfs-realtime 0.1.2 already has a lockfile, it will not be regenerated
[INFO] running `Command { std: CARGO_HOME="/workspace/cargo-home" RUSTUP_HOME="/workspace/rustup-home" "/workspace/cargo-home/bin/cargo" "+nightly-2024-10-28" "fetch" "--manifest-path" "Cargo.toml", kill_on_drop: false }`
[INFO] [stderr]  Downloading crates ...
[INFO] [stderr]   Downloaded prost-derive v0.13.1
[INFO] [stderr]   Downloaded prost-types v0.13.1
[INFO] [stderr]   Downloaded prost v0.13.1
[INFO] [stderr]   Downloaded prost-build v0.13.1
[INFO] [stderr]   Downloaded syn v2.0.73
[INFO] running `Command { std: "docker" "create" "-v" "/var/lib/crater-agent-workspace/builds/worker-0-tc1/target:/opt/rustwide/target:rw,Z" "-v" "/var/lib/crater-agent-workspace/builds/worker-0-tc1/source:/opt/rustwide/workdir:ro,Z" "-v" "/var/lib/crater-agent-workspace/cargo-home:/opt/rustwide/cargo-home:ro,Z" "-v" "/var/lib/crater-agent-workspace/rustup-home:/opt/rustwide/rustup-home:ro,Z" "-e" "SOURCE_DIR=/opt/rustwide/workdir" "-e" "CARGO_TARGET_DIR=/opt/rustwide/target" "-e" "CARGO_HOME=/opt/rustwide/cargo-home" "-e" "RUSTUP_HOME=/opt/rustwide/rustup-home" "-w" "/opt/rustwide/workdir" "-m" "1610612736" "--user" "0:0" "--network" "none" "ghcr.io/rust-lang/crates-build-env/linux@sha256:4a844ea9eb2546a2d2c7022eacef16ef2e8229c7fbb2c7d4d55a9ceca922f72d" "/opt/rustwide/cargo-home/bin/cargo" "+nightly-2024-10-28" "metadata" "--no-deps" "--format-version=1", kill_on_drop: false }`
[INFO] [stdout] a44697e4447b9042e8f9a4a5f58b7798456d9587fdf5d639e1676bbf65350f0c
[INFO] running `Command { std: "docker" "start" "-a" "a44697e4447b9042e8f9a4a5f58b7798456d9587fdf5d639e1676bbf65350f0c", kill_on_drop: false }`
[INFO] running `Command { std: "docker" "inspect" "a44697e4447b9042e8f9a4a5f58b7798456d9587fdf5d639e1676bbf65350f0c", kill_on_drop: false }`
[INFO] running `Command { std: "docker" "rm" "-f" "a44697e4447b9042e8f9a4a5f58b7798456d9587fdf5d639e1676bbf65350f0c", kill_on_drop: false }`
[INFO] [stdout] a44697e4447b9042e8f9a4a5f58b7798456d9587fdf5d639e1676bbf65350f0c
[INFO] running `Command { std: "docker" "create" "-v" "/var/lib/crater-agent-workspace/builds/worker-0-tc1/target:/opt/rustwide/target:rw,Z" "-v" "/var/lib/crater-agent-workspace/builds/worker-0-tc1/source:/opt/rustwide/workdir:ro,Z" "-v" "/var/lib/crater-agent-workspace/cargo-home:/opt/rustwide/cargo-home:ro,Z" "-v" "/var/lib/crater-agent-workspace/rustup-home:/opt/rustwide/rustup-home:ro,Z" "-e" "SOURCE_DIR=/opt/rustwide/workdir" "-e" "CARGO_TARGET_DIR=/opt/rustwide/target" "-e" "CARGO_INCREMENTAL=0" "-e" "RUST_BACKTRACE=full" "-e" "RUSTFLAGS=--cap-lints=forbid" "-e" "RUSTDOCFLAGS=--cap-lints=forbid" "-e" "CARGO_HOME=/opt/rustwide/cargo-home" "-e" "RUSTUP_HOME=/opt/rustwide/rustup-home" "-w" "/opt/rustwide/workdir" "-m" "1610612736" "--user" "0:0" "--network" "none" "ghcr.io/rust-lang/crates-build-env/linux@sha256:4a844ea9eb2546a2d2c7022eacef16ef2e8229c7fbb2c7d4d55a9ceca922f72d" "/opt/rustwide/cargo-home/bin/cargo" "+nightly-2024-10-28" "build" "--frozen" "--message-format=json", kill_on_drop: false }`
[INFO] [stdout] 52ba16292cbb01304d8cd1d3f1d59abbb2e946fb122bf586f61184ab3b691709
[INFO] running `Command { std: "docker" "start" "-a" "52ba16292cbb01304d8cd1d3f1d59abbb2e946fb122bf586f61184ab3b691709", kill_on_drop: false }`
[INFO] [stderr]    Compiling proc-macro2 v1.0.86
[INFO] [stderr]    Compiling unicode-ident v1.0.12
[INFO] [stderr]    Compiling anyhow v1.0.86
[INFO] [stderr]    Compiling either v1.13.0
[INFO] [stderr]    Compiling rustix v0.38.34
[INFO] [stderr]    Compiling bytes v1.7.1
[INFO] [stderr]    Compiling regex-syntax v0.8.4
[INFO] [stderr]    Compiling prettyplease v0.2.20
[INFO] [stderr]    Compiling hashbrown v0.14.5
[INFO] [stderr]    Compiling bitflags v2.6.0
[INFO] [stderr]    Compiling linux-raw-sys v0.4.14
[INFO] [stderr]    Compiling fixedbitset v0.4.2
[INFO] [stderr]    Compiling cfg-if v1.0.0
[INFO] [stderr]    Compiling fastrand v2.1.0
[INFO] [stderr]    Compiling once_cell v1.19.0
[INFO] [stderr]    Compiling multimap v0.10.0
[INFO] [stderr]    Compiling log v0.4.22
[INFO] [stderr]    Compiling serde v1.0.205
[INFO] [stderr]    Compiling itertools v0.13.0
[INFO] [stderr]    Compiling indexmap v2.3.0
[INFO] [stderr]    Compiling quote v1.0.36
[INFO] [stderr]    Compiling syn v2.0.73
[INFO] [stderr]    Compiling petgraph v0.6.5
[INFO] [stderr]    Compiling regex-automata v0.4.7
[INFO] [stderr]    Compiling tempfile v3.12.0
[INFO] [stderr]    Compiling regex v1.10.6
[INFO] [stderr]    Compiling prost-derive v0.13.1
[INFO] [stderr]    Compiling serde_derive v1.0.205
[INFO] [stderr]    Compiling prost v0.13.1
[INFO] [stderr]    Compiling prost-types v0.13.1
[INFO] [stderr]    Compiling prost-build v0.13.1
[INFO] [stderr]    Compiling gtfs-realtime v0.1.2 (/opt/rustwide/workdir)
[INFO] [stderr]     Finished `dev` profile [unoptimized + debuginfo] target(s) in 9.90s
[INFO] running `Command { std: "docker" "inspect" "52ba16292cbb01304d8cd1d3f1d59abbb2e946fb122bf586f61184ab3b691709", kill_on_drop: false }`
[INFO] running `Command { std: "docker" "rm" "-f" "52ba16292cbb01304d8cd1d3f1d59abbb2e946fb122bf586f61184ab3b691709", kill_on_drop: false }`
[INFO] [stdout] 52ba16292cbb01304d8cd1d3f1d59abbb2e946fb122bf586f61184ab3b691709
[INFO] running `Command { std: "docker" "create" "-v" "/var/lib/crater-agent-workspace/builds/worker-0-tc1/target:/opt/rustwide/target:rw,Z" "-v" "/var/lib/crater-agent-workspace/builds/worker-0-tc1/source:/opt/rustwide/workdir:ro,Z" "-v" "/var/lib/crater-agent-workspace/cargo-home:/opt/rustwide/cargo-home:ro,Z" "-v" "/var/lib/crater-agent-workspace/rustup-home:/opt/rustwide/rustup-home:ro,Z" "-e" "SOURCE_DIR=/opt/rustwide/workdir" "-e" "CARGO_TARGET_DIR=/opt/rustwide/target" "-e" "CARGO_INCREMENTAL=0" "-e" "RUST_BACKTRACE=full" "-e" "RUSTFLAGS=--cap-lints=forbid" "-e" "RUSTDOCFLAGS=--cap-lints=forbid" "-e" "CARGO_HOME=/opt/rustwide/cargo-home" "-e" "RUSTUP_HOME=/opt/rustwide/rustup-home" "-w" "/opt/rustwide/workdir" "-m" "1610612736" "--user" "0:0" "--network" "none" "ghcr.io/rust-lang/crates-build-env/linux@sha256:4a844ea9eb2546a2d2c7022eacef16ef2e8229c7fbb2c7d4d55a9ceca922f72d" "/opt/rustwide/cargo-home/bin/cargo" "+nightly-2024-10-28" "test" "--frozen" "--no-run" "--message-format=json", kill_on_drop: false }`
[INFO] [stdout] 617c7398489779c83bc4bf366d78139fa5e218e17ed1d58a929ea369bdce36ca
[INFO] running `Command { std: "docker" "start" "-a" "617c7398489779c83bc4bf366d78139fa5e218e17ed1d58a929ea369bdce36ca", kill_on_drop: false }`
[INFO] [stderr]    Compiling gtfs-realtime v0.1.2 (/opt/rustwide/workdir)
[INFO] [stderr]     Finished `test` profile [unoptimized + debuginfo] target(s) in 1.13s
[INFO] running `Command { std: "docker" "inspect" "617c7398489779c83bc4bf366d78139fa5e218e17ed1d58a929ea369bdce36ca", kill_on_drop: false }`
[INFO] running `Command { std: "docker" "rm" "-f" "617c7398489779c83bc4bf366d78139fa5e218e17ed1d58a929ea369bdce36ca", kill_on_drop: false }`
[INFO] [stdout] 617c7398489779c83bc4bf366d78139fa5e218e17ed1d58a929ea369bdce36ca
[INFO] running `Command { std: "docker" "create" "-v" "/var/lib/crater-agent-workspace/builds/worker-0-tc1/target:/opt/rustwide/target:rw,Z" "-v" "/var/lib/crater-agent-workspace/builds/worker-0-tc1/source:/opt/rustwide/workdir:ro,Z" "-v" "/var/lib/crater-agent-workspace/cargo-home:/opt/rustwide/cargo-home:ro,Z" "-v" "/var/lib/crater-agent-workspace/rustup-home:/opt/rustwide/rustup-home:ro,Z" "-e" "SOURCE_DIR=/opt/rustwide/workdir" "-e" "CARGO_TARGET_DIR=/opt/rustwide/target" "-e" "CARGO_INCREMENTAL=0" "-e" "RUST_BACKTRACE=full" "-e" "RUSTFLAGS=--cap-lints=forbid" "-e" "RUSTDOCFLAGS=--cap-lints=forbid" "-e" "CARGO_HOME=/opt/rustwide/cargo-home" "-e" "RUSTUP_HOME=/opt/rustwide/rustup-home" "-w" "/opt/rustwide/workdir" "-m" "1610612736" "--user" "0:0" "--network" "none" "ghcr.io/rust-lang/crates-build-env/linux@sha256:4a844ea9eb2546a2d2c7022eacef16ef2e8229c7fbb2c7d4d55a9ceca922f72d" "/opt/rustwide/cargo-home/bin/cargo" "+nightly-2024-10-28" "test" "--frozen", kill_on_drop: false }`
[INFO] [stdout] f2ea39286d287ffaab0cf443a869b6e6c82949a00dcf0b489b6372ae0f663e8f
[INFO] running `Command { std: "docker" "start" "-a" "f2ea39286d287ffaab0cf443a869b6e6c82949a00dcf0b489b6372ae0f663e8f", kill_on_drop: false }`
[INFO] [stderr]     Finished `test` profile [unoptimized + debuginfo] target(s) in 0.03s
[INFO] [stderr]      Running unittests src/lib.rs (/opt/rustwide/target/debug/deps/gtfs_realtime-25ea2294ee631d7d)
[INFO] [stdout] 
[INFO] [stdout] running 0 tests
[INFO] [stdout] 
[INFO] [stdout] test result: ok. 0 passed; 0 failed; 0 ignored; 0 measured; 0 filtered out; finished in 0.00s
[INFO] [stdout] 
[INFO] [stderr]    Doc-tests gtfs_realtime
[INFO] [stdout] 
[INFO] [stdout] running 1 test
[INFO] [stdout] test src/lib.rs - (line 3) ... FAILED
[INFO] [stdout] 
[INFO] [stdout] failures:
[INFO] [stdout] 
[INFO] [stdout] ---- src/lib.rs - (line 3) stdout ----
[INFO] [stdout] error[E0728]: `await` is only allowed inside `async` functions and blocks
[INFO] [stdout]  --> src/lib.rs:8:34
[INFO] [stdout]   |
[INFO] [stdout] 4 | fn main() { #[allow(non_snake_case)] fn _doctest_main_src_lib_rs_3_0() {
[INFO] [stdout]   |                                      --------------------------------- this is not `async`
[INFO] [stdout] ...
[INFO] [stdout] 8 | let response = reqwest::get(url).await.unwrap();
[INFO] [stdout]   |                                  ^^^^^ only allowed inside `async` functions and blocks
[INFO] [stdout] 
[INFO] [stdout] error[E0728]: `await` is only allowed inside `async` functions and blocks
[INFO] [stdout]  --> src/lib.rs:9:30
[INFO] [stdout]   |
[INFO] [stdout] 4 | fn main() { #[allow(non_snake_case)] fn _doctest_main_src_lib_rs_3_0() {
[INFO] [stdout]   |                                      --------------------------------- this is not `async`
[INFO] [stdout] ...
[INFO] [stdout] 9 | let bytes = response.bytes().await.unwrap();
[INFO] [stdout]   |                              ^^^^^ only allowed inside `async` functions and blocks
[INFO] [stdout] 
[INFO] [stdout] error[E0433]: failed to resolve: use of undeclared crate or module `reqwest`
[INFO] [stdout]  --> src/lib.rs:8:16
[INFO] [stdout]   |
[INFO] [stdout] 8 | let response = reqwest::get(url).await.unwrap();
[INFO] [stdout]   |                ^^^^^^^ use of undeclared crate or module `reqwest`
[INFO] [stdout] 
[INFO] [stdout] error: aborting due to 3 previous errors
[INFO] [stdout] 
[INFO] [stdout] Some errors have detailed explanations: E0433, E0728.
[INFO] [stdout] For more information about an error, try `rustc --explain E0433`.
[INFO] [stdout] Couldn't compile the test.
[INFO] [stdout] 
[INFO] [stdout] failures:
[INFO] [stdout]     src/lib.rs - (line 3)
[INFO] [stdout] 
[INFO] [stdout] test result: FAILED. 0 passed; 1 failed; 0 ignored; 0 measured; 0 filtered out; finished in 0.05s
[INFO] [stdout] 
[INFO] [stderr] error: doctest failed, to rerun pass `--doc`
[INFO] running `Command { std: "docker" "inspect" "f2ea39286d287ffaab0cf443a869b6e6c82949a00dcf0b489b6372ae0f663e8f", kill_on_drop: false }`
[INFO] running `Command { std: "docker" "rm" "-f" "f2ea39286d287ffaab0cf443a869b6e6c82949a00dcf0b489b6372ae0f663e8f", kill_on_drop: false }`
[INFO] [stdout] f2ea39286d287ffaab0cf443a869b6e6c82949a00dcf0b489b6372ae0f663e8f
